03-05 10:19:22.659 I/chatty ( 1315): uid=1000(system) Binder:1315_1A expire 11 lines
03-05 10:19:40.584 I/chatty ( 1315): uid=1000(system) Binder:1315_12 expire 16 lines
03-05 10:19:40.603 I/chatty ( 1315): uid=1000(system) Binder:1315_7 expire 5 lines
03-05 10:19:40.868 I/chatty ( 1315): uid=1000(system) android.display expire 12 lines
03-05 10:19:41.349 I/chatty ( 1315): uid=1000(system) InputReader expire 12 lines
03-05 10:19:41.369 I/chatty ( 1315): uid=1000(system) Binder:1315_20 expire 6 lines
03-05 10:19:41.393 I/chatty ( 1315): uid=1000(system) Binder:1315_E expire 6 lines
03-05 10:19:41.403 I/chatty ( 1315): uid=1000(system) Binder:1315_18 expire 6 lines
03-05 10:19:42.393 I/chatty ( 1315): uid=1000(system) Binder:1315_2 expire 4 lines
03-05 10:19:42.393 I/chatty ( 1315): uid=1000(system) Binder:1315_B expire 5 lines
03-05 10:19:42.394 I/chatty ( 1315): uid=1000(system) ConnectivitySer expire 2 lines
03-05 10:19:42.867 I/chatty ( 1315): uid=1000(system) Binder:1315_4 expire 12 lines
03-05 10:19:42.882 I/chatty ( 1315): uid=1000(system) Binder:1315_8 expire 3 lines
03-05 10:19:44.049 I/chatty ( 1315): uid=1000(system) Binder:1315_5 expire 9 lines
03-05 10:19:44.059 I/chatty ( 1315): uid=1000(system) Binder:1315_1D expire 10 lines
03-05 10:20:09.704 I/chatty ( 1315): uid=1000(system) Binder:1315_10 expire 9 lines
03-05 10:20:09.718 I/chatty ( 1315): uid=1000(system) Binder:1315_9 expire 9 lines
03-05 10:20:10.163 I/chatty ( 1315): uid=1000(system) Binder:1315_11 expire 6 lines
03-05 10:20:11.896 I/chatty ( 1315): uid=1000(system) Binder:1315_F expire 8 lines
03-05 10:20:12.943 I/chatty ( 1315): uid=1000(system) Binder:1315_3 expire 8 lines
03-05 10:20:13.308 I/chatty ( 1315): uid=1000(system) Binder:1315_19 expire 6 lines
03-05 10:20:13.319 I/chatty ( 1315): uid=1000(system) Binder:1315_C expire 5 lines
03-05 10:20:58.796 I/chatty ( 1315): uid=1000(system) Binder:1315_A expire 5 lines
03-05 10:21:01.861 I/chatty ( 1315): uid=1000(system) Binder:1315_D expire 10 lines
03-05 10:21:04.461 I/chatty ( 1315): uid=1000(system) Binder:1315_1C expire 11 lines
03-05 10:21:04.874 I/chatty ( 1315): uid=1000(system) Binder:1315_1B expire 3 lines
03-05 10:21:21.521 I/chatty ( 1315): uid=1000(system) Binder:1315_17 expire 3 lines
03-05 10:21:22.740 I/chatty ( 1315): uid=1000(system) Binder:1315_13 expire 1 line
03-05 10:21:29.852 I/chatty ( 1315): uid=1000(system) Binder:1315_15 expire 5 lines
03-05 10:21:30.058 I/chatty ( 1315): uid=1000(system) Binder:1315_1F expire 1 line
03-05 10:21:30.078 I/chatty ( 1315): uid=1000(system) Binder:1315_6 expire 3 lines
03-05 10:21:33.535 W/ContextImpl(16223): Calling a method in the system process without a qualified user: android.app.ContextImpl.startService:1371 android.content.ContextWrapper.startService:616 android.content.ContextWrapper.startService:616 com.android.settings.fuelgauge.BatteryChangeReceiver.tL:-1 com.android.settings.fuelgauge.BatteryChangeReceiver.tO:-1
03-05 10:21:35.978 I/chatty ( 1315): uid=1000(system) android.display expire 1 line
03-05 10:21:36.606 I/chatty ( 1315): uid=1000(system) Binder:1315_1 expire 2 lines
03-05 10:21:37.510 E/ActivityThread(25970): Failed to find provider info for com.tencent.mm.coolassist.debugprovider
03-05 10:21:37.663 I/chatty ( 1315): uid=1000(system) Binder:1315_4 expire 4 lines
03-05 10:21:38.303 I/chatty ( 1315): uid=1000(system) NetworkStatsObs expire 1 line
03-05 10:21:39.975 I/chatty ( 1315): uid=1000(system) Binder:1315_6 expire 6 lines
03-05 10:21:39.993 I/chatty ( 1315): uid=1000(system) Binder:1315_8 expire 8 lines
03-05 10:21:40.279 I/chatty ( 1315): uid=1000(system) android.display expire 7 lines
03-05 10:21:40.906 I/chatty ( 1315): uid=1000(system) InputReader expire 10 lines
03-05 10:21:40.931 I/chatty ( 1315): uid=1000(system) Binder:1315_18 expire 3 lines
03-05 10:21:40.953 I/chatty ( 1315): uid=1000(system) Binder:1315_13 expire 8 lines
03-05 10:21:41.336 I/chatty ( 1315): uid=1000(system) Binder:1315_1D expire 7 lines
03-05 10:21:41.366 I/chatty ( 1315): uid=1000(system) Binder:1315_1E expire 11 lines
03-05 10:21:42.073 I/chatty ( 1315): uid=1000(system) Binder:1315_1 expire 6 lines
03-05 10:21:42.098 I/chatty ( 1315): uid=1000(system) Binder:1315_10 expire 4 lines
03-05 10:21:42.340 I/chatty ( 1315): uid=1000(system) ActivityManager expire 14 lines
03-05 10:21:42.376 I/chatty ( 1315): uid=1000(system) Binder:1315_16 expire 2 lines
03-05 10:21:42.629 I/chatty ( 1315): uid=1000(system) Binder:1315_9 expire 8 lines
03-05 10:21:42.686 I/chatty ( 1315): uid=1000(system) Binder:1315_3 expire 6 lines
03-05 10:21:46.309 I/chatty ( 1315): uid=1000(system) Binder:1315_4 expire 8 lines
03-05 10:21:46.357 I/chatty ( 1315): uid=1000(system) Binder:1315_B expire 6 lines
03-05 10:21:46.380 I/chatty ( 1315): uid=1000(system) Binder:1315_7 expire 9 lines
03-05 10:21:46.415 I/chatty ( 1315): uid=1000(system) Binder:1315_20 expire 10 lines
03-05 10:21:46.429 I/chatty ( 1315): uid=1000(system) Binder:1315_C expire 12 lines
03-05 10:21:46.435 I/chatty ( 1315): uid=1000(system) android.bg expire 9 lines
03-05 10:21:46.898 I/chatty ( 1315): uid=1000(system) Binder:1315_5 expire 5 lines
03-05 10:21:47.430 I/chatty ( 1315): uid=1000(system) Binder:1315_2 expire 11 lines
03-05 10:21:47.749 I/chatty ( 1315): uid=1000(system) Binder:1315_17 expire 8 lines
03-05 10:21:47.757 I/chatty ( 1315): uid=1000(system) Binder:1315_F expire 9 lines
03-05 10:21:49.042 I/chatty ( 1315): uid=1000(system) Binder:1315_1C expire 6 lines
03-05 10:21:50.599 I/PackageParser(26120): com.tencent.x5sdk.res: compat added android.permission.WRITE_EXTERNAL_STORAGE android.permission.READ_PHONE_STATE
03-05 10:21:50.650 I/PackageParser(26120): com.tencent.x5sdk.res: compat added android.permission.WRITE_EXTERNAL_STORAGE android.permission.READ_PHONE_STATE
03-05 10:21:52.463 I/chatty ( 1315): uid=1000(system) Binder:1315_12 expire 6 lines
03-05 10:21:53.374 I/chatty ( 1315): uid=1000(system) android.io expire 2 lines
03-05 10:21:55.111 I/chatty ( 1315): uid=1000(system) Binder:1315_19 expire 6 lines
03-05 10:21:55.112 I/chatty ( 1315): uid=1000(system) ConnectivitySer expire 5 lines
03-05 10:21:55.162 I/chatty ( 1315): uid=1000(system) Binder:1315_E expire 5 lines
03-05 10:21:56.257 I/chatty ( 1315): uid=1000(system) Binder:1315_14 expire 4 lines
03-05 10:21:58.461 I/chatty ( 1315): uid=1000(system) Binder:1315_D expire 5 lines
03-05 10:22:02.495 I/chatty ( 1315): uid=1000(system) Binder:1315_15 expire 4 lines
03-05 10:22:02.527 I/chatty ( 1315): uid=1000(system) Binder:1315_11 expire 2 lines
03-05 10:22:03.120 I/chatty ( 1315): uid=1000(system) Binder:1315_1A expire 4 lines
03-05 10:22:03.562 W/ViewRootImpl[TerminalActivity](19688): Dropping event due to no window focus: KeyEvent { action=ACTION_DOWN, keyCode=KEYCODE_BACK, scanCode=158, metaState=0, flags=0x8, repeatCount=0, eventTime=1055555241, downTime=1055555241, deviceId=3, source=0x101 }
03-05 10:22:03.562 I/chatty ( 1315): uid=1000(system) InputDispatcher expire 4 lines
03-05 10:22:04.162 E/ActivityThread(27220): Failed to find provider info for com.tencent.mm.coolassist.debugprovider
03-05 10:22:04.451 I/chatty ( 1315): uid=1000(system) Binder:1315_1E expire 3 lines
03-05 10:22:05.100 I/chatty ( 1315): uid=1000(system) Binder:1315_A expire 2 lines
03-05 10:22:11.213 I/chatty ( 1315): uid=1000(system) batterystats-sy expire 1 line
03-05 10:22:11.820 W/ContextImpl(27715): Calling a method in the system process without a qualified user: android.app.ContextImpl.startService:1371 android.content.ContextWrapper.startService:616 android.content.ContextWrapper.startService:616 com.android.settings.fuelgauge.BatteryChangeReceiver.tL:-1 com.android.settings.fuelgauge.BatteryChangeReceiver.tO:-1
03-05 10:22:14.481 I/PackageParser(27304): com.tencent.x5sdk.res: compat added android.permission.WRITE_EXTERNAL_STORAGE android.permission.READ_PHONE_STATE
03-05 10:22:14.504 I/PackageParser(27304): com.tencent.x5sdk.res: compat added android.permission.WRITE_EXTERNAL_STORAGE android.permission.READ_PHONE_STATE
03-05 10:22:16.316 I/chatty ( 1315): uid=1000(system) Binder:1315_C expire 4 lines
03-05 10:22:16.658 I/chatty ( 1315): uid=1000(system) Binder:1315_1B expire 2 lines
03-05 10:23:00.030 I/chatty ( 1315): uid=1000(system) AlarmManager expire 1 line
03-05 10:23:12.374 I/chatty ( 1315): uid=1000(system) Binder:1315_20 expire 1 line
03-05 10:23:38.697 I/chatty ( 1315): uid=1000 system_server expire 11 lines
03-05 10:23:39.093 I/chatty ( 1315): uid=1000(system) ActivityManager expire 15 lines
03-05 10:23:39.124 I/chatty ( 1315): uid=1000(system) Binder:1315_B expire 5 lines
03-05 10:23:39.322 I/chatty ( 1315): uid=1000(system) Binder:1315_5 expire 13 lines
03-05 10:23:56.507 I/chatty ( 1315): uid=1000(system) android.bg expire 11 lines
03-05 10:24:02.495 I/chatty ( 1315): uid=1000(system) Binder:1315_1C expire 11 lines
03-05 10:24:03.554 I/chatty ( 1315): uid=1000(system) Binder:1315_10 expire 2 lines
03-05 10:24:09.670 I/chatty ( 1315): uid=1000(system) Binder:1315_1F expire 10 lines
03-05 10:24:09.704 I/chatty ( 1315): uid=1000(system) Binder:1315_13 expire 9 lines
03-05 10:24:09.791 I/chatty ( 1315): uid=1000(system) Binder:1315_8 expire 9 lines
03-05 10:24:10.935 I/chatty ( 1315): uid=1000(system) Binder:1315_20 expire 4 lines
03-05 10:24:13.293 I/chatty ( 1315): uid=1000(system) Binder:1315_19 expire 10 lines
03-05 10:24:13.305 I/chatty ( 1315): uid=1000(system) Binder:1315_1B expire 7 lines
03-05 10:24:13.855 I/chatty ( 1315): uid=1000(system) Binder:1315_A expire 6 lines
03-05 10:24:13.887 I/chatty ( 1315): uid=1000(system) Binder:1315_1D expire 7 lines
03-05 10:24:13.908 I/chatty ( 1315): uid=1000(system) Binder:1315_4 expire 6 lines
03-05 10:24:15.763 I/chatty ( 1315): uid=1000(system) Binder:1315_1 expire 7 lines
03-05 10:24:15.795 I/chatty ( 1315): uid=1000(system) Binder:1315_9 expire 11 lines
03-05 10:24:15.809 I/chatty ( 1315): uid=1000(system) Binder:1315_1A expire 12 lines
03-05 10:24:16.105 E/ActivityThread(28749): Failed to find provider info for com.tencent.mm.coolassist.debugprovider
03-05 10:24:17.078 I/chatty ( 1315): uid=1000(system) Binder:1315_18 expire 14 lines
03-05 10:24:17.538 I/chatty ( 1315): uid=1000(system) Binder:1315_1E expire 5 lines
03-05 10:24:18.970 I/chatty ( 1315): uid=1000(system) Binder:1315_15 expire 5 lines
03-05 10:24:19.679 I/chatty ( 1315): uid=1000(system) PowerManagerSer expire 3 lines
03-05 10:24:20.239 I/chatty ( 1315): uid=1000(system) android.display expire 1 line
03-05 10:24:23.482 I/chatty ( 1315): uid=1000(system) Binder:1315_6 expire 3 lines
03-05 10:24:23.823 I/chatty ( 1315): uid=1000(system) PackageManager expire 1 line
03-05 10:24:25.538 I/chatty ( 1315): uid=1000(system) Binder:1315_2 expire 3 lines
03-05 10:24:27.027 I/chatty ( 1315): uid=1000(system) Binder:1315_17 expire 1 line
03-05 10:24:27.033 I/chatty ( 1315): uid=1000(system) ConnectivitySer expire 4 lines
03-05 10:24:27.050 I/chatty ( 1315): uid=1000(system) Binder:1315_12 expire 5 lines
03-05 10:24:27.071 I/chatty ( 1315): uid=1000(system) Binder:1315_E expire 8 lines
03-05 10:24:39.472 I/chatty ( 1315): uid=1000(system) Binder:1315_16 expire 2 lines
03-05 10:24:44.243 E/ActivityThread(26272): Failed to find provider info for com.tencent.mobileqq.eipcmobileqq
03-05 10:24:44.243 E/ActivityThread(26479): Failed to find provider info for com.tencent.mobileqq.eipcmobileqq
03-05 10:25:18.089 I/chatty ( 1315): uid=1000(system) Binder:1315_3 expire 9 lines
03-05 10:25:22.597 I/chatty ( 1315): uid=1000(system) Binder:1315_11 expire 3 lines
03-05 10:25:43.161 I/chatty ( 1315): uid=1000(system) Binder:1315_C expire 3 lines
03-05 10:25:45.680 I/PackageParser(29384): com.tencent.x5sdk.res: compat added android.permission.WRITE_EXTERNAL_STORAGE android.permission.READ_PHONE_STATE
03-05 10:25:45.702 I/PackageParser(29384): com.tencent.x5sdk.res: compat added android.permission.WRITE_EXTERNAL_STORAGE android.permission.READ_PHONE_STATE
03-05 10:25:47.106 I/chatty ( 1315): uid=1000(system) ActivityManager expire 3 lines
03-05 10:25:48.040 I/PackageParser(29494): com.tencent.x5sdk.res: compat added android.permission.WRITE_EXTERNAL_STORAGE android.permission.READ_PHONE_STATE
03-05 10:25:48.079 I/PackageParser(29494): com.tencent.x5sdk.res: compat added android.permission.WRITE_EXTERNAL_STORAGE android.permission.READ_PHONE_STATE
03-05 10:25:53.130 E/ActivityThread(30082): Failed to find provider info for com.tencent.mm.coolassist.debugprovider
03-05 10:25:54.420 I/chatty ( 1315): uid=1000(system) android.io expire 4 lines
03-05 10:26:01.576 I/chatty ( 1315): uid=1000(system) Binder:1315_D expire 4 lines
03-05 10:26:02.562 I/chatty ( 1315): uid=1000(system) Binder:1315_9 expire 1 line
03-05 10:26:02.627 I/chatty ( 1315): uid=1000(system) Binder:1315_1A expire 1 line
03-05 10:26:02.907 I/chatty ( 1315): uid=1000(system) Binder:1315_1F expire 1 line
03-05 10:26:02.974 I/chatty ( 1315): uid=1000(system) Binder:1315_5 expire 4 lines
03-05 10:26:03.392 I/chatty ( 1315): uid=1000(system) android.bg expire 13 lines
03-05 10:26:03.841 I/chatty ( 1315): uid=1000(system) Binder:1315_12 expire 7 lines
03-05 10:26:03.999 I/chatty ( 1315): uid=1000(system) ActivityManager expire 7 lines
03-05 10:26:04.033 I/chatty ( 1315): uid=1000(system) Binder:1315_3 expire 1 line
03-05 10:26:04.034 I/chatty ( 1315): uid=1000(system) Binder:1315_1F expire 1 line
03-05 10:26:04.055 I/chatty ( 1315): uid=1000(system) Binder:1315_17 expire 1 line
03-05 10:26:04.351 I/chatty ( 1315): uid=1000(system) Binder:1315_2 expire 5 lines
03-05 10:26:04.398 I/chatty ( 1315): uid=1000(system) Binder:1315_E expire 8 lines
03-05 10:26:04.416 I/chatty ( 1315): uid=1000(system) Binder:1315_1B expire 10 lines
03-05 10:26:04.832 I/chatty ( 1315): uid=1000(system) Binder:1315_11 expire 5 lines
03-05 10:26:04.865 I/chatty ( 1315): uid=1000(system) Binder:1315_7 expire 14 lines
03-05 10:26:05.078 I/chatty ( 1315): uid=1000(system) Binder:1315_D expire 10 lines
03-05 10:26:05.089 I/chatty ( 1315): uid=1000(system) Binder:1315_1D expire 10 lines
03-05 10:26:05.186 I/chatty ( 1315): uid=1000(system) Binder:1315_5 expire 13 lines
03-05 10:26:05.186 I/chatty ( 1315): uid=1000(system) Binder:1315_B expire 5 lines
03-05 10:26:05.186 I/chatty ( 1315): uid=1000(system) Binder:1315_A expire 1 line
03-05 10:26:05.187 I/chatty ( 1315): uid=1000(system) ConnectivitySer expire 4 lines
03-05 10:26:05.965 I/chatty ( 1315): uid=1000(system) Binder:1315_19 expire 1 line
03-05 10:26:10.645 I/chatty ( 1315): uid=1000(system) Binder:1315_15 expire 1 line
03-05 10:26:11.639 I/chatty ( 1315): uid=1000(system) Binder:1315_18 expire 2 lines
03-05 10:26:13.634 I/chatty ( 1315): uid=1000(system) Binder:1315_F expire 4 lines
03-05 10:26:13.647 I/chatty ( 1315): uid=1000(system) Binder:1315_16 expire 7 lines
03-05 10:27:18.032 I/chatty ( 1315): uid=1000(system) batterystats-sy expire 2 lines
03-05 10:27:23.665 I/chatty ( 1315): uid=1000 system_server expire 9 lines
03-05 10:27:23.705 I/chatty ( 1315): uid=1000(system) Binder:1315_14 expire 3 lines
03-05 10:27:23.806 I/chatty ( 1315): uid=1000(system) PowerManagerSer expire 2 lines
03-05 10:27:23.823 I/chatty ( 1315): uid=1000(system) android.display expire 41 lines
03-05 10:27:23.973 I/chatty ( 1315): uid=1000(system) Binder:1315_1A expire 5 lines
03-05 10:27:24.321 I/chatty ( 1315): uid=1000(system) Binder:1315_1E expire 4 lines
03-05 10:27:24.414 I/chatty ( 1315): uid=1000(system) Binder:1315_C expire 2 lines
03-05 10:27:24.430 I/chatty ( 1315): uid=1000(system) Binder:1315_10 expire 3 lines
03-05 10:27:24.438 I/chatty ( 1315): uid=1000(system) Binder:1315_6 expire 11 lines
03-05 10:27:24.528 I/chatty ( 1315): uid=1000(system) Binder:1315_20 expire 4 lines
03-05 10:27:24.562 I/chatty ( 1315): uid=1000(system) Binder:1315_1 expire 1 line
03-05 10:27:26.340 I/chatty ( 1315): uid=1000(system) Binder:1315_4 expire 6 lines
03-05 10:27:26.639 I/chatty ( 1315): uid=1000(system) Binder:1315_13 expire 3 lines
03-05 10:27:26.794 W/ContextImpl( 1697): Calling a method in the system process without a qualified user: android.app.ContextImpl.bindService:1435 android.content.ContextWrapper.bindService:639 smartisanos.app.tracker.TrackerServiceConnection.connect:34 smartisanos.app.tracker.Agent.connectService:65 smartisanos.app.tracker.Agent.flush:388
03-05 10:27:27.633 I/chatty ( 1315): uid=1000(system) InputReader expire 4 lines
03-05 10:27:27.857 I/chatty ( 1315): uid=1000(system) InputDispatcher expire 2 lines
03-05 10:27:28.141 I/chatty ( 1315): uid=1000(system) android.ui expire 2 lines
03-05 10:27:29.512 I/chatty ( 1315): uid=1000(system) Binder:1315_1C expire 5 lines
03-05 10:27:29.668 I/chatty ( 1315): uid=1000(system) android.bg expire 4 lines
03-05 10:27:29.894 I/chatty ( 1315): uid=1000(system) Binder:1315_1B expire 2 lines
03-05 10:27:30.995 I/chatty ( 1315): uid=1000(system) android.io expire 4 lines
03-05 10:27:33.436 I/chatty ( 1315): uid=1000(system) Binder:1315_1D expire 3 lines
03-05 10:27:33.547 I/chatty ( 1315): uid=1000(system) Binder:1315_9 expire 4 lines
03-05 10:27:33.629 E/ActivityThread(30563): Failed to find provider info for com.android.partnerbookmarks
03-05 10:27:34.491 I/chatty ( 1315): uid=1000(system) Binder:1315_7 expire 13 lines
03-05 10:27:37.198 I/chatty ( 1315): uid=1000(system) InputReader expire 8 lines
03-05 10:27:39.321 I/chatty ( 1315): uid=1000(system) ActivityManager expire 19 lines
03-05 10:27:41.104 I/chatty ( 1315): uid=1000(system) android.display expire 3 lines
03-05 10:27:42.900 I/chatty ( 1315): uid=1000(system) Binder:1315_13 expire 4 lines
03-05 10:27:46.781 I/chatty ( 1315): uid=1000(system) android.bg expire 11 lines
03-05 10:27:47.562 I/chatty ( 1315): uid=1000(system) Binder:1315_18 expire 5 lines
03-05 10:27:52.060 I/chatty ( 1315): uid=1000(system) Binder:1315_19 expire 12 lines
03-05 10:27:52.074 I/chatty ( 1315): uid=1000(system) Binder:1315_1D expire 6 lines
03-05 10:28:07.392 I/chatty ( 1315): uid=1000(system) Binder:1315_A expire 5 lines
03-05 10:28:09.426 I/chatty ( 1315): uid=1000(system) Binder:1315_1 expire 5 lines
03-05 10:28:09.462 I/chatty ( 1315): uid=1000(system) Binder:1315_15 expire 7 lines
03-05 10:28:12.478 I/chatty ( 1315): uid=1000(system) Binder:1315_1B expire 5 lines
03-05 10:28:13.397 I/chatty ( 1315): uid=1000(system) Binder:1315_1F expire 6 lines
03-05 10:28:13.419 I/chatty ( 1315): uid=1000(system) Binder:1315_20 expire 9 lines
03-05 10:28:14.521 I/chatty ( 1315): uid=1000(system) Binder:1315_4 expire 5 lines
03-05 10:28:14.579 I/chatty ( 1315): uid=1000(system) Binder:1315_2 expire 4 lines
03-05 10:28:14.607 I/chatty ( 1315): uid=1000(system) Binder:1315_12 expire 5 lines
03-05 10:28:14.619 I/chatty ( 1315): uid=1000(system) Binder:1315_1A expire 3 lines
03-05 10:28:15.368 E/ActivityThread(32282): Failed to find provider info for com.tencent.mm.coolassist.debugprovider
03-05 10:28:15.843 I/chatty ( 1315): uid=1000(system) Binder:1315_6 expire 4 lines
03-05 10:28:15.846 I/ActivityThread(30050): Removing dead content provider:android.content.ContentProviderProxy@da7f70
03-05 10:28:15.935 I/chatty ( 1315): uid=1000(system) Binder:1315_8 expire 12 lines
03-05 10:28:16.610 I/chatty ( 1315): uid=1000(system) Binder:1315_11 expire 7 lines
03-05 10:28:16.911 I/chatty ( 1315): uid=1000(system) Binder:1315_D expire 9 lines
03-05 10:28:17.044 I/chatty ( 1315): uid=1000(system) Binder:1315_E expire 5 lines
03-05 10:28:17.232 I/PackageParser(31883): com.tencent.x5sdk.res: compat added android.permission.WRITE_EXTERNAL_STORAGE android.permission.READ_PHONE_STATE
03-05 10:28:17.315 I/PackageParser(31883): com.tencent.x5sdk.res: compat added android.permission.WRITE_EXTERNAL_STORAGE android.permission.READ_PHONE_STATE
03-05 10:28:17.889 I/chatty ( 1315): uid=1000(system) PowerManagerSer expire 6 lines
03-05 10:28:18.116 I/chatty ( 1315): uid=1000 system_server expire 19 lines
03-05 10:28:20.056 I/PackageParser(32028): com.tencent.x5sdk.res: compat added android.permission.WRITE_EXTERNAL_STORAGE android.permission.READ_PHONE_STATE
03-05 10:28:20.112 I/PackageParser(32028): com.tencent.x5sdk.res: compat added android.permission.WRITE_EXTERNAL_STORAGE android.permission.READ_PHONE_STATE
03-05 10:28:21.614 I/chatty ( 1315): uid=1000(system) PackageManager expire 1 line
03-05 10:28:21.865 I/chatty ( 1315): uid=1000(system) android.io expire 6 lines
03-05 10:28:22.808 I/chatty ( 1315): uid=1000(system) Binder:1315_17 expire 6 lines
03-05 10:28:22.812 I/chatty ( 1315): uid=1000(system) Binder:1315_16 expire 8 lines
03-05 10:28:22.826 I/chatty ( 1315): uid=1000(system) NetworkStatsObs expire 1 line
03-05 10:28:24.767 I/chatty ( 1315): uid=1000(system) Binder:1315_5 expire 4 lines
03-05 10:28:24.940 I/chatty ( 1315): uid=1000(system) Binder:1315_3 expire 6 lines
03-05 10:28:29.169 I/chatty ( 1315): uid=1000(system) Binder:1315_B expire 4 lines
03-05 10:28:29.682 I/chatty ( 1315): uid=1000(system) Binder:1315_1C expire 2 lines
03-05 10:28:29.764 I/chatty ( 1315): uid=1000(system) Binder:1315_F expire 2 lines
03-05 10:28:30.067 I/chatty ( 1315): uid=1000(system) Binder:1315_1E expire 2 lines
03-05 10:28:30.323 I/chatty ( 1315): uid=1000(system) Binder:1315_10 expire 3 lines
03-05 10:28:30.337 I/chatty ( 1315): uid=1000(system) ConnectivitySer expire 4 lines
03-05 10:28:31.330 I/chatty ( 1315): uid=1000(system) Binder:1315_14 expire 6 lines
03-05 10:28:32.036 W/ContextImpl( 1697): Calling a method in the system process without a qualified user: android.app.ContextImpl.bindService:1435 android.content.ContextWrapper.bindService:639 smartisanos.app.tracker.TrackerServiceConnection.connect:34 smartisanos.app.tracker.Agent.connectService:65 smartisanos.app.tracker.Agent.flush:388
03-05 10:28:39.886 I/chatty ( 1315): uid=1000(system) Binder:1315_C expire 2 lines
03-05 10:28:41.295 I/chatty ( 1315): uid=1000(system) Binder:1315_9 expire 1 line
03-05 10:29:02.714 I/chatty ( 1315): uid=1000(system) Binder:1315_8 expire 3 lines
03-05 10:29:07.903 I/chatty ( 1315): uid=1000 system_server expire 15 lines
03-05 10:29:07.930 I/chatty ( 1315): uid=1000(system) PowerManagerSer expire 10 lines
03-05 10:29:07.969 I/chatty ( 1315): uid=1000(system) android.bg expire 17 lines
03-05 10:29:08.303 I/chatty ( 1315): uid=1000(system) android.display expire 9 lines
03-05 10:29:11.556 I/chatty ( 1315): uid=1000(system) Binder:1315_B expire 9 lines
03-05 10:29:11.576 I/chatty ( 1315): uid=1000(system) Binder:1315_12 expire 2 lines
03-05 10:29:11.942 I/chatty ( 1315): uid=1000(system) PackageManager expire 5 lines
03-05 10:29:13.632 I/chatty ( 1315): uid=1000(system) Binder:1315_4 expire 2 lines
03-05 10:29:13.655 I/chatty ( 1315): uid=1000(system) Binder:1315_1B expire 3 lines
03-05 10:29:13.655 I/chatty ( 1315): uid=1000(system) NetworkStatsObs expire 1 line
03-05 10:29:13.655 I/chatty ( 1315): uid=1000(system) Binder:1315_16 expire 6 lines
03-05 10:29:34.309 I/chatty ( 1315): uid=1000(system) ActivityManager expire 7 lines
03-05 10:29:34.341 I/chatty ( 1315): uid=1000(system) Binder:1315_15 expire 6 lines
03-05 10:29:38.401 I/chatty ( 1315): uid=1000(system) Binder:1315_1A expire 5 lines
03-05 10:30:30.638 I/chatty ( 1315): uid=1000(system) Binder:1315_7 expire 3 lines
03-05 10:30:30.797 I/chatty ( 1315): uid=1000(system) Binder:1315_5 expire 4 lines
03-05 10:30:31.018 I/chatty ( 1315): uid=1000(system) Binder:1315_13 expire 3 lines
03-05 10:30:31.045 I/chatty ( 1315): uid=1000(system) Binder:1315_A expire 4 lines
03-05 10:30:31.129 I/chatty ( 1315): uid=1000(system) Binder:1315_1E expire 6 lines
03-05 10:30:31.207 I/chatty ( 1315): uid=1000(system) Binder:1315_1C expire 2 lines
03-05 10:30:31.239 I/chatty ( 1315): uid=1000(system) Binder:1315_6 expire 2 lines
03-05 10:30:31.278 I/chatty ( 1315): uid=1000(system) Binder:1315_2 expire 5 lines
03-05 10:30:31.947 I/chatty ( 1315): uid=1000(system) Binder:1315_18 expire 2 lines
03-05 10:30:31.966 I/chatty ( 1315): uid=1000(system) Binder:1315_1F expire 3 lines
03-05 10:30:33.671 W/ContextImpl( 1697): Calling a method in the system process without a qualified user: android.app.ContextImpl.bindService:1435 android.content.ContextWrapper.bindService:639 smartisanos.app.tracker.TrackerServiceConnection.connect:34 smartisanos.app.tracker.Agent.connectService:65 smartisanos.app.tracker.Agent.flush:388
03-05 10:30:38.939 I/chatty ( 1315): uid=1000(system) Binder:1315_1 expire 11 lines
03-05 10:30:38.961 I/chatty ( 1315): uid=1000(system) Binder:1315_17 expire 2 lines
03-05 10:30:47.288 I/chatty ( 1315): uid=1000(system) Binder:1315_14 expire 1 line
03-05 10:30:54.047 I/chatty ( 1315): uid=1000(system) Binder:1315_F expire 5 lines
03-05 10:30:54.058 I/chatty ( 1315): uid=1000(system) ConnectivitySer expire 1 line
03-05 10:30:54.069 I/chatty ( 1315): uid=1000(system) Binder:1315_3 expire 2 lines
03-05 10:31:02.922 I/chatty ( 1315): uid=1000 system_server expire 18 lines
03-05 10:31:34.371 I/chatty ( 1315): uid=1000(system) batterystats-sy expire 5 lines
03-05 10:32:07.877 I/chatty ( 1315): uid=1000(system) InputReader expire 12 lines
03-05 10:32:08.205 W/ContextImpl( 1697): Calling a method in the system process without a qualified user: android.app.ContextImpl.bindService:1435 android.content.ContextWrapper.bindService:639 smartisanos.app.tracker.TrackerServiceConnection.connect:34 smartisanos.app.tracker.Agent.connectService:65 smartisanos.app.tracker.Agent.flush:388
03-05 10:32:20.581 I/chatty ( 1315): uid=1000(system) AlarmManager expire 1 line
03-05 10:32:24.050 I/chatty ( 1315): uid=1000(system) android.bg expire 11 lines
03-05 10:32:39.811 I/chatty ( 1315): uid=1000(system) PowerManagerSer expire 10 lines
03-05 10:32:40.004 I/chatty ( 1315): uid=1000 system_server expire 16 lines
03-05 10:33:44.619 W/ContextImpl( 1697): Calling a method in the system process without a qualified user: android.app.ContextImpl.bindService:1435 android.content.ContextWrapper.bindService:639 smartisanos.app.tracker.TrackerServiceConnection.connect:34 smartisanos.app.tracker.Agent.connectService:65 smartisanos.app.tracker.Agent.flush:388
03-05 10:34:06.717 I/chatty ( 1315): uid=1000(system) Binder:1315_10 expire 1 line
03-05 10:34:10.295 W/ContextImpl(32423): Calling a method in the system process without a qualified user: android.app.ContextImpl.startService:1371 android.content.ContextWrapper.startService:616 android.content.ContextWrapper.startService:616 com.android.settings.fuelgauge.BatteryChangeReceiver.tL:-1 com.android.settings.fuelgauge.BatteryChangeReceiver.tO:-1
03-05 10:34:18.733 I/chatty ( 1315): uid=1000(system) Binder:1315_20 expire 1 line
03-05 10:34:48.668 I/chatty ( 1315): uid=1000 system_server expire 18 lines
03-05 10:35:29.495 I/chatty ( 1315): uid=1000(system) Binder:1315_19 expire 1 line
03-05 10:35:56.941 I/chatty ( 1315): uid=1000(system) InputDispatcher expire 3 lines
03-05 10:35:57.763 I/chatty ( 1315): uid=1000(system) Binder:1315_9 expire 5 lines
03-05 10:35:58.096 I/chatty ( 1315): uid=1000(system) android.display expire 37 lines
03-05 10:35:58.097 I/chatty ( 1315): uid=1000(system) android.bg expire 13 lines
03-05 10:35:58.126 I/chatty ( 1315): uid=1000(system) Binder:1315_B expire 12 lines
03-05 10:35:58.134 I/chatty ( 1315): uid=1000(system) Binder:1315_19 expire 5 lines
03-05 10:35:58.152 I/chatty ( 1315): uid=1000(system) Binder:1315_18 expire 8 lines
03-05 10:35:58.255 I/chatty ( 1315): uid=1000(system) Binder:1315_13 expire 9 lines
03-05 10:35:58.277 I/chatty ( 1315): uid=1000(system) Binder:1315_1B expire 2 lines
03-05 10:35:58.350 I/chatty ( 1315): uid=1000(system) Binder:1315_E expire 3 lines
03-05 10:35:58.425 I/chatty ( 1315): uid=1000(system) Binder:1315_3 expire 7 lines
03-05 10:35:58.426 I/chatty ( 1315): uid=1000(system) Binder:1315_17 expire 10 lines
03-05 10:35:58.582 W/ContextImpl( 1697): Calling a method in the system process without a qualified user: android.app.ContextImpl.bindService:1435 android.content.ContextWrapper.bindService:639 smartisanos.app.tracker.TrackerServiceConnection.connect:34 smartisanos.app.tracker.Agent.connectService:65 smartisanos.app.tracker.Agent.flush:388
03-05 10:35:58.602 I/chatty ( 1315): uid=1000(system) Binder:1315_1E expire 2 lines
03-05 10:35:58.621 I/chatty ( 1315): uid=1000(system) Binder:1315_20 expire 3 lines
03-05 10:36:00.178 I/chatty ( 1315): uid=1000(system) Binder:1315_F expire 2 lines
03-05 10:36:00.329 I/chatty ( 1315): uid=1000(system) Binder:1315_10 expire 4 lines
03-05 10:36:00.374 I/chatty ( 1315): uid=1000(system) Binder:1315_8 expire 1 line
03-05 10:36:01.704 I/chatty ( 1315): uid=1000(system) Binder:1315_1F expire 7 lines
03-05 10:36:02.888 I/chatty ( 1315): uid=1000(system) Binder:1315_15 expire 16 lines
03-05 10:36:02.900 I/chatty ( 1315): uid=1000(system) Binder:1315_1A expire 5 lines
03-05 10:36:03.460 I/chatty ( 1315): uid=1000(system) Binder:1315_11 expire 6 lines
03-05 10:36:03.484 I/chatty ( 1315): uid=1000(system) Binder:1315_D expire 3 lines
03-05 10:36:04.758 I/chatty ( 1315): uid=1000(system) Binder:1315_C expire 8 lines
03-05 10:36:04.979 I/chatty ( 1315): uid=1000(system) Binder:1315_2 expire 12 lines
03-05 10:36:05.421 I/chatty ( 1315): uid=1000(system) Binder:1315_4 expire 9 lines
03-05 10:36:05.764 I/chatty ( 1315): uid=1000(system) InputReader expire 14 lines
03-05 10:36:05.779 I/chatty ( 1315): uid=1000(system) ActivityManager expire 6 lines
03-05 10:36:05.976 I/chatty ( 1315): uid=1000(system) Binder:1315_6 expire 5 lines
03-05 10:36:06.269 I/chatty ( 1315): uid=1000(system) Binder:1315_16 expire 3 lines
03-05 10:36:06.357 I/chatty ( 1315): uid=1000(system) Binder:1315_1C expire 6 lines
03-05 10:36:06.583 E/ActivityThread( 4043): Failed to find provider info for com.tencent.mm.coolassist.debugprovider
03-05 10:36:08.975 I/chatty ( 1315): uid=1000(system) Binder:1315_A expire 1 line
03-05 10:36:17.489 I/chatty ( 1315): uid=1000(system) Binder:1315_5 expire 5 lines
03-05 10:36:19.413 I/chatty ( 1315): uid=1000(system) ConnectivitySer expire 1 line
03-05 10:36:23.831 I/chatty ( 1315): uid=1000(system) Binder:1315_12 expire 5 lines
03-05 10:36:37.612 W/ViewRootImpl[SplashActivity](31560): Cancelling event due to no window focus: KeyEvent { action=ACTION_UP, keyCode=KEYCODE_BACK, scanCode=158, metaState=0, flags=0x28, repeatCount=0, eventTime=1056158855, downTime=1056158834, deviceId=3, source=0x101 }
03-05 10:36:37.612 W/ViewRootImpl[SplashActivity](31560): Cancelling event due to no window focus: KeyEvent { action=ACTION_UP, keyCode=KEYCODE_BACK, scanCode=158, metaState=0, flags=0x28, repeatCount=0, eventTime=1056158855, downTime=1056158834, deviceId=3, source=0x101 }
03-05 10:36:37.612 W/ViewRootImpl[SplashActivity](31560): Cancelling event due to no window focus: KeyEvent { action=ACTION_UP, keyCode=KEYCODE_BACK, scanCode=158, metaState=0, flags=0x28, repeatCount=0, eventTime=1056158855, downTime=1056158834, deviceId=3, source=0x101 }
03-05 10:36:37.648 W/ViewRootImpl[SplashActivity](31560): Cancelling event due to no window focus: KeyEvent { action=ACTION_UP, keyCode=KEYCODE_BACK, scanCode=158, metaState=0, flags=0x28, repeatCount=0, eventTime=1056158855, downTime=1056158834, deviceId=3, source=0x101 }
03-05 10:36:37.648 W/ViewRootImpl[SplashActivity](31560): Cancelling event due to no window focus: KeyEvent { action=ACTION_UP, keyCode=KEYCODE_BACK, scanCode=158, metaState=0, flags=0x28, repeatCount=0, eventTime=1056158855, downTime=1056158834, deviceId=3, source=0x101 }
03-05 10:36:37.648 W/ViewRootImpl[SplashActivity](31560): Cancelling event due to no window focus: KeyEvent { action=ACTION_UP, keyCode=KEYCODE_BACK, scanCode=158, metaState=0, flags=0x28, repeatCount=0, eventTime=1056158855, downTime=1056158834, deviceId=3, source=0x101 }
03-05 10:36:37.648 W/ViewRootImpl[SplashActivity](31560): Cancelling event due to no window focus: KeyEvent { action=ACTION_UP, keyCode=KEYCODE_BACK, scanCode=158, metaState=0, flags=0x28, repeatCount=0, eventTime=1056158855, downTime=1056158834, deviceId=3, source=0x101 }
03-05 10:36:37.649 W/ViewRootImpl[SplashActivity](31560): Cancelling event due to no window focus: KeyEvent { action=ACTION_UP, keyCode=KEYCODE_BACK, scanCode=158, metaState=0, flags=0x28, repeatCount=0, eventTime=1056158855, downTime=1056158834, deviceId=3, source=0x101 }
03-05 10:36:37.649 W/ViewRootImpl[SplashActivity](31560): Cancelling event due to no window focus: KeyEvent { action=ACTION_UP, keyCode=KEYCODE_BACK, scanCode=158, metaState=0, flags=0x28, repeatCount=0, eventTime=1056158855, downTime=1056158834, deviceId=3, source=0x101 }
03-05 10:36:37.816 W/ViewRootImpl[smt_launcher]( 2651): Cancelling event due to no window focus: KeyEvent { action=ACTION_UP, keyCode=KEYCODE_BACK, scanCode=158, metaState=0, flags=0x28, repeatCount=0, eventTime=1056158834, downTime=1056158834, deviceId=3, source=0x101 }
03-05 10:36:37.816 W/ViewRootImpl[smt_launcher]( 2651): Cancelling event due to no window focus: KeyEvent { action=ACTION_UP, keyCode=KEYCODE_BACK, scanCode=158, metaState=0, flags=0x28, repeatCount=0, eventTime=1056158834, downTime=1056158834, deviceId=3, source=0x101 }
03-05 10:36:37.817 W/ViewRootImpl[smt_launcher]( 2651): Cancelling event due to no window focus: KeyEvent { action=ACTION_UP, keyCode=KEYCODE_BACK, scanCode=158, metaState=0, flags=0x28, repeatCount=0, eventTime=1056158834, downTime=1056158834, deviceId=3, source=0x101 }
03-05 10:36:37.817 W/ViewRootImpl[smt_launcher]( 2651): Cancelling event due to no window focus: KeyEvent { action=ACTION_UP, keyCode=KEYCODE_BACK, scanCode=158, metaState=0, flags=0x28, repeatCount=0, eventTime=1056158834, downTime=1056158834, deviceId=3, source=0x101 }
03-05 10:36:37.821 W/ViewRootImpl[smt_launcher]( 2651): Cancelling event due to no window focus: KeyEvent { action=ACTION_UP, keyCode=KEYCODE_BACK, scanCode=158, metaState=0, flags=0x28, repeatCount=0, eventTime=1056158834, downTime=1056158834, deviceId=3, source=0x101 }
03-05 10:36:37.821 W/ViewRootImpl[smt_launcher]( 2651): Cancelling event due to no window focus: KeyEvent { action=ACTION_UP, keyCode=KEYCODE_BACK, scanCode=158, metaState=0, flags=0x28, repeatCount=0, eventTime=1056158834, downTime=1056158834, deviceId=3, source=0x101 }
03-05 10:36:37.859 I/chatty ( 1315): uid=1000(system) android.display expire 2 lines
03-05 10:36:37.932 I/chatty ( 1315): uid=1000(system) Binder:1315_2 expire 3 lines
03-05 10:36:39.368 I/chatty ( 1315): uid=1000(system) Binder:1315_17 expire 5 lines
03-05 10:36:46.249 I/chatty ( 1315): uid=1000(system) Binder:1315_B expire 2 lines
03-05 10:36:46.287 I/chatty ( 1315): uid=1000(system) NetworkStatsObs expire 1 line
03-05 10:37:08.788 I/chatty ( 1315): uid=1000(system) PowerManagerSer expire 3 lines
03-05 10:37:08.865 I/chatty ( 1315): uid=1000 system_server expire 16 lines
03-05 10:37:12.606 I/chatty ( 1315): uid=1000(system) android.bg expire 12 lines
03-05 10:37:12.973 I/chatty ( 1315): uid=1000(system) PackageManager expire 2 lines
03-05 10:37:20.084 I/chatty ( 1315): uid=1000(system) Binder:1315_4 expire 13 lines
03-05 10:37:25.103 I/chatty ( 1315): uid=1000(system) Binder:1315_18 expire 10 lines
03-05 10:37:25.134 I/chatty ( 1315): uid=1000(system) PowerManagerSer expire 7 lines
03-05 10:37:25.149 I/chatty ( 1315): uid=1000(system) ActivityManager expire 8 lines
03-05 10:37:25.151 I/chatty ( 1315): uid=1000(system) android.display expire 4 lines
03-05 10:37:25.155 I/chatty ( 1315): uid=1000(system) Binder:1315_14 expire 9 lines
03-05 10:37:25.345 I/chatty ( 1315): uid=1000(system) Binder:1315_1B expire 7 lines
03-05 10:37:25.359 I/chatty ( 1315): uid=1000(system) Binder:1315_E expire 5 lines
03-05 10:37:25.436 I/chatty ( 1315): uid=1000(system) Binder:1315_1F expire 1 line
03-05 10:37:25.463 I/chatty ( 1315): uid=1000(system) Binder:1315_8 expire 5 lines
03-05 10:37:26.520 I/chatty ( 1315): uid=1000(system) Binder:1315_1C expire 2 lines
03-05 10:37:26.559 I/chatty ( 1315): uid=1000(system) Binder:1315_F expire 7 lines
03-05 10:37:27.143 I/chatty ( 1315): uid=1000(system) Binder:1315_6 expire 19 lines
03-05 10:37:27.185 I/chatty ( 1315): uid=1000(system) Binder:1315_A expire 4 lines
03-05 10:37:28.138 W/ContextImpl( 1697): Calling a method in the system process without a qualified user: android.app.ContextImpl.bindService:1435 android.content.ContextWrapper.bindService:639 smartisanos.app.tracker.TrackerServiceConnection.connect:34 smartisanos.app.tracker.Agent.connectService:65 smartisanos.app.tracker.Agent.flush:388
03-05 10:37:30.149 I/chatty ( 1315): uid=1000(system) Binder:1315_20 expire 5 lines
03-05 10:37:31.272 I/chatty ( 1315): uid=1000(system) Binder:1315_1 expire 1 line
03-05 10:37:31.311 I/chatty ( 1315): uid=1000(system) Binder:1315_1D expire 5 lines
03-05 10:37:31.514 E/ActivityThread( 5129): Failed to find provider info for com.tencent.mm.coolassist.debugprovider
03-05 10:37:33.552 I/chatty ( 1315): uid=1000(system) Binder:1315_17 expire 5 lines
03-05 10:37:33.928 E/ActivityThread( 5217): Failed to find provider info for com.tencent.mm.coolassist.debugprovider
03-05 10:37:33.994 I/chatty ( 1315): uid=1000(system) InputReader expire 12 lines
03-05 10:37:34.069 I/chatty ( 1315): uid=1000(system) Binder:1315_B expire 6 lines
03-05 10:37:35.513 E/ActivityThread( 5305): Failed to find provider info for com.tencent.mm.coolassist.debugprovider
03-05 10:37:35.932 I/chatty ( 1315): uid=1000(system) Binder:1315_1A expire 3 lines
03-05 10:37:38.379 I/chatty ( 1315): uid=1000(system) Binder:1315_15 expire 9 lines
03-05 10:37:45.566 I/chatty ( 1315): uid=1000(system) batterystats-sy expire 1 line
03-05 10:37:45.811 I/chatty ( 1315): uid=1000(system) Binder:1315_C expire 2 lines
03-05 10:37:45.812 I/chatty ( 1315): uid=1000(system) ConnectivitySer expire 4 lines
03-05 10:37:45.851 I/chatty ( 1315): uid=1000(system) Binder:1315_1E expire 6 lines
03-05 10:37:45.976 W/ContextImpl(32423): Calling a method in the system process without a qualified user: android.app.ContextImpl.startService:1371 android.content.ContextWrapper.startService:616 android.content.ContextWrapper.startService:616 com.android.settings.fuelgauge.BatteryChangeReceiver.tL:-1 com.android.settings.fuelgauge.BatteryChangeReceiver.tO:-1
03-05 10:38:07.192 I/chatty ( 1315): uid=1000(system) Binder:1315_19 expire 10 lines
03-05 10:38:13.896 I/chatty ( 1315): uid=1000(system) android.io expire 4 lines
03-05 10:38:15.209 I/chatty ( 1315): uid=1000(system) Binder:1315_2 expire 5 lines
03-05 10:38:15.416 I/chatty ( 1315): uid=1000(system) Binder:1315_3 expire 4 lines
03-05 10:38:42.658 I/chatty ( 1315): uid=1000 system_server expire 24 lines
03-05 10:38:46.678 I/chatty ( 1315): uid=1000(system) Binder:1315_5 expire 1 line
03-05 10:38:46.853 I/chatty ( 1315): uid=1000(system) Binder:1315_7 expire 4 lines
03-05 10:38:46.893 E/ActivityThread( 5794): Failed to find provider info for com.tencent.mm.coolassist.debugprovider
03-05 10:38:47.056 I/chatty ( 1315): uid=1000(system) android.bg expire 2 lines
03-05 10:38:47.241 I/chatty ( 1315): uid=1000(system) Binder:1315_16 expire 5 lines
03-05 10:38:47.495 I/chatty ( 1315): uid=1000(system) Binder:1315_10 expire 7 lines
03-05 10:38:47.847 I/chatty ( 1315): uid=1000(system) NetworkStatsObs expire 1 line
03-05 10:38:47.898 I/chatty ( 1315): uid=1000(system) Binder:1315_12 expire 11 lines
03-05 10:38:51.810 W/ContextImpl( 1697): Calling a method in the system process without a qualified user: android.app.ContextImpl.bindService:1435 android.content.ContextWrapper.bindService:639 smartisanos.app.tracker.TrackerServiceConnection.connect:34 smartisanos.app.tracker.Agent.connectService:65 smartisanos.app.tracker.Agent.flush:388
03-05 10:38:51.831 I/chatty ( 1315): uid=1000(system) Binder:1315_C expire 6 lines
03-05 10:38:51.855 I/chatty ( 1315): uid=1000(system) Binder:1315_14 expire 11 lines
03-05 10:38:52.654 I/chatty ( 1315): uid=1000(system) android.bg expire 9 lines
03-05 10:38:52.701 I/chatty ( 1315): uid=1000(system) Binder:1315_1D expire 11 lines
03-05 10:38:52.757 I/chatty ( 1315): uid=1000(system) Binder:1315_6 expire 9 lines
03-05 10:38:52.778 W/ContextImpl( 1697): Calling a method in the system process without a qualified user: android.app.ContextImpl.bindService:1435 android.content.ContextWrapper.bindService:639 smartisanos.app.tracker.TrackerServiceConnection.connect:34 smartisanos.app.tracker.Agent.connectService:65 smartisanos.app.tracker.Agent.flush:388
03-05 10:38:52.868 I/chatty ( 1315): uid=1000(system) Binder:1315_9 expire 8 lines
03-05 10:38:52.895 I/chatty ( 1315): uid=1000(system) Binder:1315_D expire 2 lines
03-05 10:38:53.720 I/chatty ( 1315): uid=1000(system) ActivityManager expire 10 lines
03-05 10:38:53.914 I/chatty ( 1315): uid=1000(system) Binder:1315_E expire 10 lines
03-05 10:38:53.918 W/ContextImpl( 1697): Calling a method in the system process without a qualified user: android.app.ContextImpl.bindService:1435 android.content.ContextWrapper.bindService:639 smartisanos.app.tracker.TrackerServiceConnection.connect:34 smartisanos.app.tracker.Agent.connectService:65 smartisanos.app.tracker.Agent.flush:388
03-05 10:38:53.971 I/chatty ( 1315): uid=1000(system) Binder:1315_15 expire 10 lines
03-05 10:38:53.998 E/ActivityThread( 5217): Service com.tencent.mm.service.ProcessService$SandBoxProcessService has leaked IntentReceiver com.tencent.mm.sandbox.updater.UpdaterService$a@7bdec that was originally registered here. Are you missing a call to unregisterReceiver()?
03-05 10:38:53.998 E/ActivityThread( 5217): android.app.IntentReceiverLeaked: Service com.tencent.mm.service.ProcessService$SandBoxProcessService has leaked IntentReceiver com.tencent.mm.sandbox.updater.UpdaterService$a@7bdec that was originally registered here. Are you missing a call to unregisterReceiver()?
03-05 10:38:53.998 E/ActivityThread( 5217): at android.app.LoadedApk$ReceiverDispatcher.(LoadedApk.java:1157)
03-05 10:38:53.998 E/ActivityThread( 5217): at android.app.LoadedApk.getReceiverDispatcher(LoadedApk.java:944)
03-05 10:38:53.998 E/ActivityThread( 5217): at android.app.ContextImpl.registerReceiverInternal(ContextImpl.java:1316)
03-05 10:38:53.998 E/ActivityThread( 5217): at android.app.ContextImpl.registerReceiver(ContextImpl.java:1296)
03-05 10:38:53.998 E/ActivityThread( 5217): at android.app.ContextImpl.registerReceiver(ContextImpl.java:1290)
03-05 10:38:53.998 E/ActivityThread( 5217): at android.content.ContextWrapper.registerReceiver(ContextWrapper.java:589)
03-05 10:38:53.998 E/ActivityThread( 5217): at com.tencent.mm.sandbox.updater.UpdaterService.onCreate(SourceFile:4113)
03-05 10:38:53.998 E/ActivityThread( 5217): at com.tencent.mm.service.MMService.r(SourceFile:153)
03-05 10:38:53.998 E/ActivityThread( 5217): at com.tencent.mm.service.CommonProcessService$1$3.run(SourceFile:110)
03-05 10:38:53.998 E/ActivityThread( 5217): at android.os.Handler.handleCallback(Handler.java:751)
03-05 10:38:53.998 E/ActivityThread( 5217): at android.os.Handler.dispatchMessage(Handler.java:95)
03-05 10:38:53.998 E/ActivityThread( 5217): at android.os.Looper.loop(Looper.java:159)
03-05 10:38:53.998 E/ActivityThread( 5217): at android.app.ActivityThread.main(ActivityThread.java:6364)
03-05 10:38:53.998 E/ActivityThread( 5217): at java.lang.reflect.Method.invoke(Native Method)
03-05 10:38:53.998 E/ActivityThread( 5217): at com.android.internal.os.ZygoteInit$MethodAndArgsCaller.run(ZygoteInit.java:1096)
03-05 10:38:53.998 E/ActivityThread( 5217): at com.android.internal.os.ZygoteInit.main(ZygoteInit.java:883)
03-05 10:38:54.804 I/chatty ( 1315): uid=1000(system) Binder:1315_1E expire 9 lines
03-05 10:38:55.019 I/chatty ( 1315): uid=1000(system) Binder:1315_11 expire 5 lines
03-05 10:38:55.086 I/chatty ( 1315): uid=1000(system) Binder:1315_B expire 3 lines
03-05 10:38:56.057 I/chatty ( 1315): uid=1000(system) Binder:1315_8 expire 7 lines
03-05 10:38:56.119 I/chatty ( 1315): uid=1000(system) Binder:1315_16 expire 2 lines
03-05 10:38:56.187 I/chatty ( 1315): uid=1000(system) Binder:1315_2 expire 7 lines
03-05 10:38:56.688 I/chatty ( 1315): uid=1000(system) Binder:1315_18 expire 3 lines
03-05 10:38:57.240 I/chatty ( 1315): uid=1000(system) Binder:1315_1B expire 10 lines
03-05 10:38:57.463 I/chatty ( 1315): uid=1000(system) Binder:1315_7 expire 2 lines
03-05 10:38:57.947 I/chatty ( 1315): uid=1000(system) Binder:1315_1F expire 2 lines
03-05 10:38:59.485 I/chatty ( 1315): uid=1000(system) Binder:1315_17 expire 9 lines
03-05 10:38:59.980 I/chatty ( 1315): uid=1000(system) Binder:1315_4 expire 10 lines
03-05 10:39:00.035 I/chatty ( 1315): uid=1000(system) Binder:1315_1A expire 9 lines
03-05 10:39:01.679 I/chatty ( 1315): uid=1000(system) Binder:1315_A expire 3 lines
03-05 10:39:02.370 I/chatty ( 1315): uid=1000 system_server expire 8 lines
03-05 10:39:03.211 I/chatty ( 1315): uid=1000(system) Binder:1315_10 expire 4 lines
03-05 10:39:03.483 I/chatty ( 1315): uid=1000(system) Binder:1315_3 expire 1 line
03-05 10:39:04.422 D/ActivityThread( 6622): Loading provider com.android.email.provider;com.android.email.notifier: com.android.email.provider.EmailProvider
03-05 10:39:05.017 W/ContextImpl( 1697): Calling a method in the system process without a qualified user: android.app.ContextImpl.bindService:1435 android.content.ContextWrapper.bindService:639 smartisanos.app.tracker.TrackerServiceConnection.connect:34 smartisanos.app.tracker.Agent.connectService:65 smartisanos.app.tracker.Agent.flush:388
03-05 10:39:05.126 I/chatty ( 1315): uid=1000(system) Binder:1315_20 expire 3 lines
03-05 10:39:05.550 I/chatty ( 1315): uid=1000(system) Binder:1315_19 expire 4 lines
03-05 10:39:06.085 I/chatty ( 1315): uid=1000(system) ConnectivitySer expire 2 lines
03-05 10:39:06.296 I/chatty ( 1315): uid=1000(system) ActivityManager expire 1 line
03-05 10:39:06.933 I/chatty ( 1315): uid=1000(system) Binder:1315_1 expire 1 line
03-05 10:39:06.971 I/chatty ( 1315): uid=1000(system) Binder:1315_12 expire 7 lines
03-05 10:39:07.492 I/chatty ( 1315): uid=1000(system) InputReader expire 10 lines
03-05 10:39:07.615 I/chatty ( 1315): uid=1000(system) Binder:1315_F expire 3 lines
03-05 10:39:08.384 E/ActivityThread( 6888): Failed to find provider info for com.tencent.mm.coolassist.debugprovider
03-05 10:39:12.651 I/chatty ( 1315): uid=1000(system) Binder:1315_1C expire 1 line
03-05 10:39:13.511 I/chatty ( 1315): uid=1000(system) Binder:1315_5 expire 7 lines
03-05 10:39:18.107 W/ViewRootImpl[LauncherUI](17393): Cancelling event due to no window focus: KeyEvent { action=ACTION_UP, keyCode=KEYCODE_BACK, scanCode=158, metaState=0, flags=0x28, repeatCount=0, eventTime=1056311012, downTime=1056310717, deviceId=3, source=0x101 }
03-05 10:39:18.107 W/ViewRootImpl[LauncherUI](17393): Cancelling event due to no window focus: KeyEvent { action=ACTION_UP, keyCode=KEYCODE_BACK, scanCode=158, metaState=0, flags=0x28, repeatCount=0, eventTime=1056311012, downTime=1056310717, deviceId=3, source=0x101 }
03-05 10:39:18.107 W/ViewRootImpl[LauncherUI](17393): Cancelling event due to no window focus: KeyEvent { action=ACTION_UP, keyCode=KEYCODE_BACK, scanCode=158, metaState=0, flags=0x28, repeatCount=0, eventTime=1056311012, downTime=1056310717, deviceId=3, source=0x101 }
03-05 10:39:18.145 W/ViewRootImpl[LauncherUI](17393): Cancelling event due to no window focus: KeyEvent { action=ACTION_UP, keyCode=KEYCODE_BACK, scanCode=158, metaState=0, flags=0x28, repeatCount=0, eventTime=1056311012, downTime=1056310717, deviceId=3, source=0x101 }
03-05 10:39:18.145 W/ViewRootImpl[LauncherUI](17393): Cancelling event due to no window focus: KeyEvent { action=ACTION_UP, keyCode=KEYCODE_BACK, scanCode=158, metaState=0, flags=0x28, repeatCount=0, eventTime=1056311012, downTime=1056310717, deviceId=3, source=0x101 }
03-05 10:39:18.145 W/ViewRootImpl[LauncherUI](17393): Cancelling event due to no window focus: KeyEvent { action=ACTION_UP, keyCode=KEYCODE_BACK, scanCode=158, metaState=0, flags=0x28, repeatCount=0, eventTime=1056311012, downTime=1056310717, deviceId=3, source=0x101 }
03-05 10:39:18.152 W/ViewRootImpl[LauncherUI](17393): Cancelling event due to no window focus: KeyEvent { action=ACTION_UP, keyCode=KEYCODE_BACK, scanCode=158, metaState=0, flags=0x28, repeatCount=0, eventTime=1056311012, downTime=1056310717, deviceId=3, source=0x101 }
03-05 10:39:18.152 W/ViewRootImpl[LauncherUI](17393): Cancelling event due to no window focus: KeyEvent { action=ACTION_UP, keyCode=KEYCODE_BACK, scanCode=158, metaState=0, flags=0x28, repeatCount=0, eventTime=1056311012, downTime=1056310717, deviceId=3, source=0x101 }
03-05 10:39:18.152 W/ViewRootImpl[LauncherUI](17393): Cancelling event due to no window focus: KeyEvent { action=ACTION_UP, keyCode=KEYCODE_BACK, scanCode=158, metaState=0, flags=0x28, repeatCount=0, eventTime=1056311012, downTime=1056310717, deviceId=3, source=0x101 }
03-05 10:39:18.169 I/chatty ( 1315): uid=1000(system) InputReader expire 14 lines
03-05 10:39:18.269 W/ViewRootImpl[smt_launcher]( 2651): Cancelling event due to no window focus: KeyEvent { action=ACTION_UP, keyCode=KEYCODE_BACK, scanCode=158, metaState=0, flags=0x28, repeatCount=0, eventTime=1056310717, downTime=1056310717, deviceId=3, source=0x101 }
03-05 10:39:18.269 W/ViewRootImpl[smt_launcher]( 2651): Cancelling event due to no window focus: KeyEvent { action=ACTION_UP, keyCode=KEYCODE_BACK, scanCode=158, metaState=0, flags=0x28, repeatCount=0, eventTime=1056310717, downTime=1056310717, deviceId=3, source=0x101 }
03-05 10:39:18.269 W/ViewRootImpl[smt_launcher]( 2651): Cancelling event due to no window focus: KeyEvent { action=ACTION_UP, keyCode=KEYCODE_BACK, scanCode=158, metaState=0, flags=0x28, repeatCount=0, eventTime=1056310717, downTime=1056310717, deviceId=3, source=0x101 }
03-05 10:39:18.269 W/ViewRootImpl[smt_launcher]( 2651): Cancelling event due to no window focus: KeyEvent { action=ACTION_UP, keyCode=KEYCODE_BACK, scanCode=158, metaState=0, flags=0x28, repeatCount=0, eventTime=1056310717, downTime=1056310717, deviceId=3, source=0x101 }
