03-05 11:28:40.842 I/Telecom ( 1768): CallAudioRouteStateMachine: setSystemAudioState: changing from [AudioState isMuted: false, route: EARPIECE, supportedRouteMask: EARPIECE, SPEAKER] to [AudioState isMuted: false, route: EARPIECE, supportedRouteMask: EARPIECE, SPEAKER]: PCR.oR->CARSM.pM_UPDATE_SYSTEM_AUDIO_ROUTE@Cdg_2
03-05 11:28:40.842 I/Telecom ( 1768): ProximitySensorManager: onSensorChanged(), mValue=5.000305, reason: 2, uncovered has done: false, first value: 6.0, updateStatusBar: false
03-05 11:28:40.842 I/Telecom ( 1768): ProximitySensorManager: onSensorChanged(), mFirstValueAfterActive=5.000305
03-05 11:28:40.842 I/Telecom ( 1768): InCallController: Calling onAudioStateChanged, audioState: [AudioState isMuted: false, route: EARPIECE, supportedRouteMask: EARPIECE, SPEAKER] -> [AudioState isMuted: false, route: EARPIECE, supportedRouteMask: EARPIECE, SPEAKER]: PCR.oR->CARSM.pM_UPDATE_SYSTEM_AUDIO_ROUTE@Cdg_2
03-05 11:28:40.843 I/Telecom ( 1768): TelecomSystem: CallerInfoAsyncQuery.startQuery number=[ac7c817a4bd2fa50e38d726f996ac9c687785a44] cookie=PCR.oR->CILH.sL@Cdg_0_0: PCR.oR->CILH.sL@Cdg_0
03-05 11:28:40.849 I/chatty ( 1315): uid=1000(system) Binder:1315_F expire 5 lines
03-05 11:28:40.911 I/Telecom ( 1768): PowerManagerWrapper: Acquiring proximity wake lock: ICA.tOnPS(InCall package: com.android.incallui)@Cdk
03-05 11:28:40.921 I/Telecom ( 1768): ProximitySensorManager: onWakeLockChanged, acquired:true: ICA.tOnPS(InCall package: com.android.incallui)@Cdk
03-05 11:28:40.921 I/Telecom ( 1768): ProximitySensorManager: regOrUnregSensorListener(), proximity sensor register reason = 0x6, registered = true: ICA.tOnPS(InCall package: com.android.incallui)@Cdk
03-05 11:28:40.922 I/Telecom ( 1768): CallAudioRouteStateMachine: Message received: SWITCH_FOCUS=4001, arg1=2: PCR.oR->CAMSM.pM_2001->CARSM.pM_SWITCH_FOCUS@Cdg_3_2
03-05 11:28:40.922 I/Telecom ( 1768): Event: Call TC@18: AUDIO_ROUTE, Leaving state QuiescentEarpieceRoute: PCR.oR->CAMSM.pM_2001->CARSM.pM_SWITCH_FOCUS@Cdg_3_2
03-05 11:28:40.922 I/Telecom ( 1768): Event: Call TC@18: AUDIO_ROUTE, Entering state ActiveEarpieceRoute: PCR.oR->CAMSM.pM_2001->CARSM.pM_SWITCH_FOCUS@Cdg_3_2
03-05 11:28:40.925 I/Telecom ( 1768): CallAudioRouteStateMachine: turning speaker phone false: PCR.oR->CAMSM.pM_2001->CARSM.pM_SWITCH_FOCUS@Cdg_3_2
03-05 11:28:40.932 I/Telecom ( 1768): CallAudioRouteStateMachine: setNotificationsSuppressed: on=yes; suppressed=no: PCR.oR->CAMSM.pM_2001->CARSM.pM_SWITCH_FOCUS@Cdg_3_2
03-05 11:28:40.935 I/Telecom ( 1768): CallAudioRouteStateMachine: setSystemAudioState: changing from [AudioState isMuted: false, route: EARPIECE, supportedRouteMask: EARPIECE, SPEAKER] to [AudioState isMuted: false, route: EARPIECE, supportedRouteMask: EARPIECE, SPEAKER]: PCR.oR->CAMSM.pM_2001->CARSM.pM_SWITCH_FOCUS@Cdg_3_2
03-05 11:28:40.942 I/chatty ( 1315): uid=1000(system) Binder:1315_7 expire 3 lines
03-05 11:28:41.022 I/Telecom ( 1768): CallerInfoLookupHelper: CI query for handle tel:********* has completed; notifying all listeners.: PCR.oR->CILH.sL->CILH.oQC@Cdg_0_0
03-05 11:28:41.022 I/Telecom ( 1768): Call: CallerInfo received for tel:*********: com.android.internal.telephony.CallerInfo@11e9f0e { name null, phoneNumber non-null }: PCR.oR->CILH.sL->CILH.oQC@Cdg_0_0
03-05 11:28:41.022 I/Telecom ( 1768): CallerInfoLookupHelper: There is no photo for this contact, skipping photo query: PCR.oR->CILH.sL->CILH.oQC@Cdg_0_0
03-05 11:28:41.097 I/chatty ( 1315): uid=1000(system) Binder:1315_5 expire 5 lines
03-05 11:28:41.127 I/Telecom ( 1768): ProximitySensorManager: setNavigationBarEnable due to psensor : true mValue :5.000305 threshold:5.0
03-05 11:28:41.127 I/Telecom ( 1768): CallAudioRoutePeripheralAdapter: onSensorChanged, covered from false to false, isDrivingMode = false
03-05 11:28:41.128 I/Telecom ( 1768): ProximitySensorManager: onSensorChanged(), mValue=5.000305, reason: 6, uncovered has done: false, first value: 5.000305, updateStatusBar: true
03-05 11:28:41.221 I/Telecom ( 1768): NewOutgoingCallBroadcastIntentReceiver: Received new-outgoing-call-broadcast for [TC@18, CONNECTING, null, tel:*********, A, childs(0), has_parent(false), [Capabilities:], [Properties:]] with data [ac7c817a4bd2fa50e38d726f996ac9c687785a44]: NOCBIR.oR@Cdw
03-05 11:28:41.223 I/Telecom ( 1768): CallsManager: Creating a new outgoing call with handle: tel:*********: NOCBIR.oR@Cdw
03-05 11:28:41.237 I/Telecom ( 1768): PhoneAccountRegistrar: SimCallManager queried, returning: null: NOCBIR.oR@Cdw
03-05 11:28:41.240 I/Telecom ( 1768): CreateConnectionProcessor: Trying attempt CallAttemptRecord(ComponentInfo{com.android.phone/com.android.services.telephony.TelephonyConnectionService}, [ac3478d69a3c81fa62e60f5c3696165a4e5e6ac4], UserHandle{0}, 1,ComponentInfo{com.android.phone/com.android.services.telephony.TelephonyConnectionService}, [ac3478d69a3c81fa62e60f5c3696165a4e5e6ac4], UserHandle{0}, 1): NOCBIR.oR@Cdw
03-05 11:28:41.241 I/Telecom ( 1768): Event: Call TC@18: BIND_CS, ComponentInfo{com.android.phone/com.android.services.telephony.TelephonyConnectionService}: NOCBIR.oR@Cdw
03-05 11:28:41.275 I/Telecom ( 1768): ServiceBinderConnection: Service bound ComponentInfo{com.android.phone/com.android.services.telephony.TelephonyConnectionService}: SBC.oSC@Cd0
03-05 11:28:41.275 I/Telecom ( 1768): Event: Call TC@18: CS_BOUND, ComponentInfo{com.android.phone/com.android.services.telephony.TelephonyConnectionService}: SBC.oSC@Cd0
03-05 11:28:41.276 I/Telecom ( 1768): Event: Call TC@18: START_CONNECTION, tel:*********: SBC.oSC@Cd0
03-05 11:28:41.284 I/Telecom ( 1768): PhoneAccountRegistrar: SimCallManager queried, returning: null: CSW.qRCS@Cd4
03-05 11:28:41.351 I/Telecom ( 1768): Event: Call TC@18: CAPABILITY_CHANGE, Current: [[ sup_hld mut !v2a]], Removed [[]], Added [[ sup_hld mut !v2a]]: CSW.hCCC@Cd8
03-05 11:28:41.352 I/Telecom ( 1768): CallAudioModeStateMachine: Message received: FOREGROUND_VOIP_MODE_CHANGE.: CSW.hCCC->CAMSM.pM_4001@Cd8_0
03-05 11:28:41.353 I/Telecom ( 1768): CallsManager: setCallState CONNECTING -> DIALING, call: [TC@18, CONNECTING, com.android.phone/com.android.services.telephony.TelephonyConnectionService, tel:*********, A, childs(0), has_parent(false), [Capabilities: CAPABILITY_SUPPORT_HOLD CAPABILITY_MUTE CAPABILITY_CANNOT_DOWNGRADE_VIDEO_TO_AUDIO], [Properties:]]: CSW.hCCC@Cd8
03-05 11:28:41.353 I/Telecom ( 1768): Event: Call TC@18: SET_DIALING, successful outgoing call: CSW.hCCC@Cd8
03-05 11:28:41.354 I/Telecom ( 1768): TelecomWakeLock: WakeLock already released with id: 26: CSW.hCCC@Cd8
03-05 11:28:41.354 I/Telecom ( 1768): InCallWakeLockController: Releasing full wake lock: CSW.hCCC@Cd8
03-05 11:28:41.354 I/Telecom ( 1768): PowerManagerWrapper: updateWakeState: RINGING/DIALING, request FULL wake lock: CSW.hCCC@Cd8
03-05 11:28:41.375 I/chatty ( 1315): uid=1000(system) ActivityManager expire 23 lines
03-05 11:28:41.375 I/Telecom ( 1768): PhoneStateBroadcaster: Broadcasted state change: 2: CSW.hCCC@Cd8
03-05 11:28:41.377 I/Telecom ( 1768): CallAudioRouteStateMachine: Message received: UPDATE_SYSTEM_AUDIO_ROUTE=1201, arg1=0: CSW.hCCC->CARSM.pM_UPDATE_SYSTEM_AUDIO_ROUTE@Cd8_2
03-05 11:28:41.377 I/Telecom ( 1768): CallsManager: setCallState DIALING -> DIALING, call: [TC@18, DIALING, com.android.phone/com.android.services.telephony.TelephonyConnectionService, tel:*********, A, childs(0), has_parent(false), [Capabilities: CAPABILITY_SUPPORT_HOLD CAPABILITY_MUTE CAPABILITY_CANNOT_DOWNGRADE_VIDEO_TO_AUDIO], [Properties:]]: CSW.hCCC@Cd8
03-05 11:28:41.377 I/Telecom ( 1768): CallAudioModeStateMachine: Message received: NEW_ACTIVE_OR_DIALING_CALL.: CSW.hCCC->CAMSM.pM_2001@Cd8_1
03-05 11:28:41.378 I/Telecom ( 1768): CallAudioRouteStateMachine: setSystemAudioState: changing from [AudioState isMuted: false, route: EARPIECE, supportedRouteMask: EARPIECE, SPEAKER] to [AudioState isMuted: false, route: EARPIECE, supportedRouteMask: EARPIECE, SPEAKER]: CSW.hCCC->CARSM.pM_UPDATE_SYSTEM_AUDIO_ROUTE@Cd8_2
03-05 11:28:41.378 I/Telecom ( 1768): InCallController: Calling onAudioStateChanged, audioState: [AudioState isMuted: false, route: EARPIECE, supportedRouteMask: EARPIECE, SPEAKER] -> [AudioState isMuted: false, route: EARPIECE, supportedRouteMask: EARPIECE, SPEAKER]: CSW.hCCC->CARSM.pM_UPDATE_SYSTEM_AUDIO_ROUTE@Cd8_2
03-05 11:28:41.490 I/chatty ( 1315): uid=1000(system) Binder:1315_18 expire 2 lines
03-05 11:28:41.629 I/chatty ( 1315): uid=1000(system) Binder:1315_1 expire 9 lines
03-05 11:28:43.720 I/chatty ( 1315): uid=1000(system) Binder:1315_C expire 4 lines
03-05 11:28:42.114 I/chatty ( 1315): uid=1000(system) onProviders.ECP expire 2 lines
03-05 11:28:42.155 W/ContextImpl(21341): Calling a method in the system process without a qualified user: android.app.ContextImpl.startService:1371 android.content.ContextWrapper.startService:616 android.content.ContextWrapper.startService:616 com.android.settings.settingitemsprovider.SettingItemsReceiver.onReceive:-1 android.app.ActivityThread.handleReceiver:3241
03-05 11:28:42.631 I/chatty ( 1315): uid=1000(system) ConnectivitySer expire 2 lines
03-05 11:28:42.800 I/chatty ( 1315): uid=1000(system) Binder:1315_20 expire 3 lines
03-05 11:28:42.801 W/ContextImpl(21341): Calling a method in the system process without a qualified user: android.app.ContextImpl.startService:1371 android.content.ContextWrapper.startService:616 android.content.ContextWrapper.startService:616 com.android.settings.settingitemsprovider.SettingItemsReceiver.onReceive:-1 android.app.ActivityThread.handleReceiver:3241
03-05 11:28:42.825 I/chatty ( 1315): uid=1000(system) Binder:1315_6 expire 2 lines
03-05 11:28:42.968 I/chatty ( 1315): uid=1000(system) Binder:1315_15 expire 4 lines
03-05 11:28:43.003 I/chatty ( 1315): uid=1000(system) Binder:1315_12 expire 6 lines
03-05 11:28:43.024 I/chatty ( 1315): uid=1000(system) Binder:1315_1A expire 7 lines
03-05 11:28:43.045 I/chatty ( 1315): uid=1000(system) Binder:1315_A expire 3 lines
03-05 11:28:43.055 I/chatty ( 1315): uid=1000(system) Binder:1315_B expire 4 lines
03-05 11:28:43.065 I/chatty ( 1315): uid=1000(system) Binder:1315_9 expire 1 line
03-05 11:28:43.082 I/chatty ( 1315): uid=1000(system) Binder:1315_1F expire 4 lines
03-05 11:28:43.153 I/chatty ( 1315): uid=1000(system) Binder:1315_3 expire 2 lines
03-05 11:28:44.040 I/chatty ( 1315): uid=1000(system) Binder:1315_1C expire 6 lines
03-05 11:28:44.733 I/chatty ( 1315): uid=1000(system) Binder:1315_13 expire 6 lines
03-05 11:28:47.277 I/Telecom ( 1768): CallsManager: setCallState DIALING -> ACTIVE, call: [TC@18, DIALING, com.android.phone/com.android.services.telephony.TelephonyConnectionService, tel:*********, A, childs(0), has_parent(false), [Capabilities: CAPABILITY_SUPPORT_HOLD CAPABILITY_MUTE CAPABILITY_CANNOT_DOWNGRADE_VIDEO_TO_AUDIO], [Properties:]]: CSW.sA@Ces
03-05 11:28:47.277 I/Telecom ( 1768): Event: Call TC@18: SET_ACTIVE, active set explicitly: CSW.sA@Ces
03-05 11:28:47.278 I/Telecom ( 1768): InCallController: onCanAddCallChanged : true: CSW.sA@Ces
03-05 11:28:47.278 I/Telecom ( 1768): ProximitySensorManager: regOrUnregSensorListener(), proximity sensor register reason = 0x4, registered = true: CSW.sA@Ces
03-05 11:28:47.279 I/Telecom ( 1768): TelecomWakeLock: WakeLock already released with id: 26: CSW.sA@Ces
03-05 11:28:47.279 I/Telecom ( 1768): InCallWakeLockController: Releasing full wake lock: CSW.sA@Ces
03-05 11:28:47.279 I/Telecom ( 1768): BluetoothPhoneService: updateHeadsetWithCallState: Call active: CSW.sA@Ces
03-05 11:28:47.336 I/Telecom ( 1768): BluetoothPhoneService: updateHeadsetWithCallState numActive 1, numHeld 0, callState 6, ringing number [da39a3ee5e6b4b0d3255bfef95601890afd80709], ringing type 128: CSW.sA@Ces
03-05 11:28:47.343 I/Telecom ( 1768): PowerManagerWrapper: updateWakeState: no RINGING/DIALING calls, request SLEEP wake lock: CSW.sA@Ces
03-05 11:28:47.344 I/Telecom ( 1768): ViceNotificationImpl: onCallStateChanged newState = 5: CSW.sA@Ces
03-05 11:28:47.347 I/Telecom ( 1768): MyHandler: MESSAGE_CALL_ENDED
03-05 11:28:47.347 I/Telecom ( 1768): ViceNotificationImpl: processNotification DEP null
03-05 11:28:47.349 I/Telecom ( 1768): CallAudioModeStateMachine: Message received: NEW_ACTIVE_OR_DIALING_CALL.: CSW.sA->CAMSM.pM_2001@Ces_0
03-05 11:28:47.351 I/Telecom ( 1768): Event: Call TC@18: CAPABILITY_CHANGE, Current: [[ hld sup_hld mut !v2a]], Removed [[]], Added [[ hld]]: CSW.sCC@Ce0
03-05 11:28:49.761 I/chatty ( 1315): uid=1000(system) ActivityManager expire 1 line
03-05 11:28:51.775 I/Telecom ( 1768): Call: Send playDtmfTone to connection service for call [TC@18, ACTIVE, com.android.phone/com.android.services.telephony.TelephonyConnectionService, tel:*********, A, childs(0), has_parent(false), [Capabilities: CAPABILITY_HOLD CAPABILITY_SUPPORT_HOLD CAPABILITY_MUTE CAPABILITY_CANNOT_DOWNGRADE_VIDEO_TO_AUDIO], [Properties:]]: ICA.pDT(InCall package: com.android.incallui)@Ce8
03-05 11:28:51.776 I/Telecom ( 1768): Event: Call TC@18: START_DTMF, [356a192b7913b04c54574d18c28d46e6395428ab]: ICA.pDT(InCall package: com.android.incallui)@Ce8
03-05 11:28:51.817 I/Telecom ( 1768): Call: Send stopDtmfTone to connection service for call [TC@18, ACTIVE, com.android.phone/com.android.services.telephony.TelephonyConnectionService, tel:*********, A, childs(0), has_parent(false), [Capabilities: CAPABILITY_HOLD CAPABILITY_SUPPORT_HOLD CAPABILITY_MUTE CAPABILITY_CANNOT_DOWNGRADE_VIDEO_TO_AUDIO], [Properties:]]: ICA.sDT(InCall package: com.android.incallui)@CfA
03-05 11:28:51.817 I/Telecom ( 1768): Event: Call TC@18: STOP_DTMF, null: ICA.sDT(InCall package: com.android.incallui)@CfA
03-05 11:28:54.478 I/Telecom ( 1768): Call: Send playDtmfTone to connection service for call [TC@18, ACTIVE, com.android.phone/com.android.services.telephony.TelephonyConnectionService, tel:*********, A, childs(0), has_parent(false), [Capabilities: CAPABILITY_HOLD CAPABILITY_SUPPORT_HOLD CAPABILITY_MUTE CAPABILITY_CANNOT_DOWNGRADE_VIDEO_TO_AUDIO], [Properties:]]: ICA.pDT(InCall package: com.android.incallui)@CfE
03-05 11:28:54.479 I/Telecom ( 1768): Event: Call TC@18: START_DTMF, [356a192b7913b04c54574d18c28d46e6395428ab]: ICA.pDT(InCall package: com.android.incallui)@CfE
03-05 11:28:54.549 I/Telecom ( 1768): Call: Send stopDtmfTone to connection service for call [TC@18, ACTIVE, com.android.phone/com.android.services.telephony.TelephonyConnectionService, tel:*********, A, childs(0), has_parent(false), [Capabilities: CAPABILITY_HOLD CAPABILITY_SUPPORT_HOLD CAPABILITY_MUTE CAPABILITY_CANNOT_DOWNGRADE_VIDEO_TO_AUDIO], [Properties:]]: ICA.sDT(InCall package: com.android.incallui)@CfI
03-05 11:28:54.549 I/Telecom ( 1768): Event: Call TC@18: STOP_DTMF, null: ICA.sDT(InCall package: com.android.incallui)@CfI
03-05 11:28:56.858 I/Telecom ( 1768): Event: Call TC@18: REQUEST_DISCONNECT, null: ICA.dC(InCall package: com.android.incallui)@CfM
03-05 11:28:56.859 I/Telecom ( 1768): Call: Send disconnect to connection service for call: [TC@18, ACTIVE, com.android.phone/com.android.services.telephony.TelephonyConnectionService, tel:*********, A, childs(0), has_parent(false), [Capabilities: CAPABILITY_HOLD CAPABILITY_SUPPORT_HOLD CAPABILITY_MUTE CAPABILITY_CANNOT_DOWNGRADE_VIDEO_TO_AUDIO], [Properties:]]: ICA.dC(InCall package: com.android.incallui)@CfM
03-05 11:28:56.880 I/Telecom ( 1768): PowerManagerWrapper: Releasing proximity wake lock: ICA.tOffPS(InCall package: com.android.incallui)@CfU
03-05 11:28:56.881 I/Telecom ( 1768): ProximitySensorManager: onWakeLockChanged, acquired:false: ICA.tOffPS(InCall package: com.android.incallui)@CfU
03-05 11:28:56.883 I/Telecom ( 1768): ProximitySensorManager: regOrUnregSensorListener(), proximity sensor register reason = 0x0, registered = false: ICA.tOffPS(InCall package: com.android.incallui)@CfU
03-05 11:28:57.023 I/Telecom ( 1768): CallsManager: setCallState ACTIVE -> DISCONNECTED, call: [TC@18, ACTIVE, com.android.phone/com.android.services.telephony.TelephonyConnectionService, tel:*********, A, childs(0), has_parent(false), [Capabilities: CAPABILITY_HOLD CAPABILITY_SUPPORT_HOLD CAPABILITY_MUTE CAPABILITY_CANNOT_DOWNGRADE_VIDEO_TO_AUDIO], [Properties:]]: CSW.sDc@Cfk
03-05 11:28:57.023 I/Telecom ( 1768): Event: Call TC@18: SET_DISCONNECTED, disconnected set explicitly> DisconnectCause [ Code: (LOCAL) Label: () Description: () Reason: (LOCAL) Tone: (27) ]: CSW.sDc@Cfk
03-05 11:28:57.023 I/Telecom ( 1768): TelecomWakeLock: WakeLock already released with id: 26: CSW.sDc@Cfk
03-05 11:28:57.023 I/Telecom ( 1768): InCallWakeLockController: Releasing full wake lock: CSW.sDc@Cfk
03-05 11:28:57.024 I/Telecom ( 1768): BluetoothPhoneService: updateHeadsetWithCallState numActive 0, numHeld 0, callState 6, ringing number [da39a3ee5e6b4b0d3255bfef95601890afd80709], ringing type 128: CSW.sDc@Cfk
03-05 11:28:57.030 I/Telecom ( 1768): PowerManagerWrapper: updateWakeState: no active or holding calls, poke user activity before request SLEEP wake lock: CSW.sDc@Cfk
03-05 11:28:57.031 I/Telecom ( 1768): PowerManagerWrapper: updateWakeState: no RINGING/DIALING calls, request SLEEP wake lock: CSW.sDc@Cfk
03-05 11:28:57.034 I/chatty ( 1315): uid=1000(system) ActivityManager expire 10 lines
03-05 11:28:57.039 I/Telecom ( 1768): PhoneStateBroadcaster: Broadcasted state change: 0: CSW.sDc@Cfk
03-05 11:28:57.039 I/Telecom ( 1768): ViceNotificationImpl: onCallStateChanged newState = 7: CSW.sDc@Cfk
03-05 11:28:57.048 I/Telecom ( 1768): MyHandler: MESSAGE_CALL_ENDED
03-05 11:28:57.048 I/Telecom ( 1768): ViceNotificationImpl: processNotification DEP null
03-05 11:28:57.048 I/Telecom ( 1768): CallAudioRouteStateMachine: Message received: UPDATE_SYSTEM_AUDIO_ROUTE=1201, arg1=0: CSW.sDc->CARSM.pM_UPDATE_SYSTEM_AUDIO_ROUTE@Cfk_0
03-05 11:28:57.053 I/Telecom ( 1768): CallAudioModeStateMachine: Message received: TONE_STARTED_PLAYING.: CSW.sDc->CAMSM.pM_3001@Cfk_1
03-05 11:28:57.054 I/Telecom ( 1768): CallAudioModeStateMachine: Message received: NO_MORE_ACTIVE_OR_DIALING_CALLS.: CSW.sDc->CAMSM.pM_1001@Cfk_3
03-05 11:28:57.054 I/Telecom ( 1768): CallAudioModeStateMachine: Audio focus entering TONE/HOLDING state: CSW.sDc->CAMSM.pM_1001@Cfk_3
03-05 11:28:57.055 I/Telecom ( 1768): CallAudioRouteStateMachine: setSystemAudioState: changing from [AudioState isMuted: false, route: EARPIECE, supportedRouteMask: EARPIECE, SPEAKER] to [AudioState isMuted: false, route: EARPIECE, supportedRouteMask: EARPIECE, SPEAKER]: CSW.sDc->CARSM.pM_UPDATE_SYSTEM_AUDIO_ROUTE@Cfk_0
03-05 11:28:57.056 I/Telecom ( 1768): InCallController: Calling onAudioStateChanged, audioState: [AudioState isMuted: false, route: EARPIECE, supportedRouteMask: EARPIECE, SPEAKER] -> [AudioState isMuted: false, route: EARPIECE, supportedRouteMask: EARPIECE, SPEAKER]: CSW.sDc->CARSM.pM_UPDATE_SYSTEM_AUDIO_ROUTE@Cfk_0
03-05 11:28:57.056 I/Telecom ( 1768): ConnectionServiceWrapper: Service unbound ComponentInfo{com.android.phone/com.android.services.telephony.TelephonyConnectionService}, from unbind.: CSW.rC@Cfw
03-05 11:28:57.062 I/Telecom ( 1768): Event: Call TC@18: DESTROYED, null: CSW.rC@Cfw
03-05 11:28:57.062 I/Telecom ( 1768): ProximitySensorManager: all calls removed. unregister Psensor listener: CSW.rC@Cfw
03-05 11:28:57.062 I/Telecom ( 1768): ProximitySensorManager: regOrUnregSensorListener(), proximity sensor register reason = 0x0, registered = false: CSW.rC@Cfw
03-05 11:28:57.065 I/Telecom ( 1768): TelecomWakeLock: WakeLock already released with id: 26: CSW.rC@Cfw
03-05 11:28:57.065 I/Telecom ( 1768): InCallWakeLockController: Releasing full wake lock: CSW.rC@Cfw
03-05 11:28:57.068 I/Telecom ( 1768): PowerManagerWrapper: updateWakeState: all calls removed. reset wake lock state: CSW.rC@Cfw
03-05 11:28:57.068 I/Telecom ( 1768): InCallController: onCallRemoved: [TC@18, DISCONNECTED, null, tel:*********, A, childs(0), has_parent(false), [Capabilities: CAPABILITY_HOLD CAPABILITY_SUPPORT_HOLD CAPABILITY_MUTE CAPABILITY_CANNOT_DOWNGRADE_VIDEO_TO_AUDIO], [Properties:]]: CSW.rC@Cfw
03-05 11:28:57.084 I/Telecom ( 1768): CallAudioRouteStateMachine: Message received: SWITCH_FOCUS=4001, arg1=2: CSW.sDc->CAMSM.pM_1001->CARSM.pM_SWITCH_FOCUS@Cfk_3_2
03-05 11:28:57.084 I/Telecom ( 1768): CallAudioRouteStateMachine: setNotificationsSuppressed: on=yes; suppressed=no: CSW.sDc->CAMSM.pM_1001->CARSM.pM_SWITCH_FOCUS@Cfk_3_2
03-05 11:28:57.270 I/chatty ( 1315): uid=1000(system) Binder:1315_2 expire 1 line
03-05 11:28:57.282 I/chatty ( 1315): uid=1000(system) android.bg expire 10 lines
03-05 11:28:57.548 I/Telecom ( 1768): CallAudioModeStateMachine: Message received: TONE_STOPPED_PLAYING.: CSW.sDc->ICTP.r->ICTP.cUTP->CAMSM.pM_3002@Cfk_2_0_0
03-05 11:28:57.549 I/Telecom ( 1768): CallAudioModeStateMachine: Abandoning audio focus: now UNFOCUSED: CSW.sDc->ICTP.r->ICTP.cUTP->CAMSM.pM_3002@Cfk_2_0_0
03-05 11:28:57.797 I/Telecom ( 1768): CallAudioRouteStateMachine: Message received: SWITCH_FOCUS=4001, arg1=1: CSW.sDc->ICTP.r->ICTP.cUTP->CAMSM.pM_3002->CARSM.pM_SWITCH_FOCUS@Cfk_2_0_0_2
03-05 11:28:57.801 I/Telecom ( 1768): Telecom: Non-call EVENT: UNMUTE, null: CSW.sDc->ICTP.r->ICTP.cUTP->CAMSM.pM_3002->CARSM.pM_SWITCH_FOCUS@Cfk_2_0_0_2
03-05 11:28:57.801 I/Telecom ( 1768): Telecom: Non-call EVENT: AUDIO_ROUTE, Leaving state ActiveEarpieceRoute: CSW.sDc->ICTP.r->ICTP.cUTP->CAMSM.pM_3002->CARSM.pM_SWITCH_FOCUS@Cfk_2_0_0_2
03-05 11:28:57.802 I/Telecom ( 1768): CallAudioRouteStateMachine: setNotificationsSuppressed: on=no; suppressed=yes: CSW.sDc->ICTP.r->ICTP.cUTP->CAMSM.pM_3002->CARSM.pM_SWITCH_FOCUS@Cfk_2_0_0_2
03-05 11:28:57.805 I/Telecom ( 1768): Telecom: Non-call EVENT: AUDIO_ROUTE, Entering state QuiescentEarpieceRoute: CSW.sDc->ICTP.r->ICTP.cUTP->CAMSM.pM_3002->CARSM.pM_SWITCH_FOCUS@Cfk_2_0_0_2
03-05 11:28:58.106 W/ContextImpl(21341): Calling a method in the system process without a qualified user: android.app.ContextImpl.startService:1371 android.content.ContextWrapper.startService:616 android.content.ContextWrapper.startService:616 com.android.settings.settingitemsprovider.SettingItemsReceiver.onReceive:-1 android.app.ActivityThread.handleReceiver:3241
03-05 11:28:58.227 W/ContextImpl(21341): Calling a method in the system process without a qualified user: android.app.ContextImpl.startService:1371 android.content.ContextWrapper.startService:616 android.content.ContextWrapper.startService:616 com.android.settings.settingitemsprovider.SettingItemsReceiver.onReceive:-1 android.app.ActivityThread.handleReceiver:3241
03-05 11:28:58.748 I/chatty ( 1315): uid=1000(system) InputReader expire 6 lines
03-05 11:28:59.091 W/ViewRootImpl[smt_launcher]( 2651): Dropping event due to no window focus: KeyEvent { action=ACTION_DOWN, keyCode=KEYCODE_BACK, scanCode=158, metaState=0, flags=0x8, repeatCount=0, eventTime=1058838355, downTime=1058838355, deviceId=3, source=0x101 }
03-05 11:29:04.599 I/chatty ( 1315): uid=1000(system) Binder:1315_14 expire 2 lines
03-05 11:29:32.143 I/chatty ( 1315): uid=1000(system) Binder:1315_D expire 1 line
03-05 11:29:32.529 I/chatty ( 1315): uid=1000(system) PackageManager expire 1 line
03-05 11:29:45.087 W/ContextImpl( 1697): Calling a method in the system process without a qualified user: android.app.ContextImpl.bindService:1435 android.content.ContextWrapper.bindService:639 smartisanos.app.tracker.TrackerServiceConnection.connect:34 smartisanos.app.tracker.Agent.connectService:65 smartisanos.app.tracker.Agent.flush:388
03-05 11:29:45.634 I/chatty ( 1315): uid=1000(system) Binder:1315_17 expire 2 lines
03-05 11:29:45.965 E/ActivityThread(31843): Failed to find provider info for com.tencent.mm.coolassist.debugprovider
03-05 11:29:47.616 I/chatty ( 1315): uid=1000(system) Binder:1315_4 expire 5 lines
03-05 11:29:48.413 E/ActivityThread(31937): Failed to find provider info for com.tencent.mm.coolassist.debugprovider
03-05 11:29:49.668 I/chatty ( 1315): uid=1000(system) android.bg expire 1 line
03-05 11:29:51.108 I/chatty ( 1315): uid=1000(system) android.io expire 2 lines
03-05 11:29:51.673 I/chatty ( 1315): uid=1000(system) ActivityManager expire 10 lines
03-05 11:29:55.254 I/chatty ( 1315): uid=1000(system) Binder:1315_1B expire 6 lines
03-05 11:29:55.317 I/chatty ( 1315): uid=1000(system) Binder:1315_1C expire 6 lines
03-05 11:29:57.847 I/chatty ( 1315): uid=1000(system) Binder:1315_17 expire 3 lines
03-05 11:29:57.980 I/chatty ( 1315): uid=1000(system) Binder:1315_B expire 7 lines
03-05 11:29:59.424 I/chatty ( 1315): uid=1000(system) InputReader expire 10 lines
03-05 11:29:59.722 I/chatty ( 1315): uid=1000(system) Binder:1315_16 expire 7 lines
03-05 11:30:02.974 I/chatty ( 1315): uid=1000(system) Binder:1315_10 expire 3 lines
03-05 11:30:02.975 I/chatty ( 1315): uid=1000(system) Binder:1315_14 expire 5 lines
03-05 11:30:02.976 I/chatty ( 1315): uid=1000(system) ConnectivitySer expire 2 lines
03-05 11:30:03.242 I/chatty ( 1315): uid=1000(system) Binder:1315_18 expire 13 lines
03-05 11:30:03.536 I/chatty ( 1315): uid=1000(system) android.display expire 22 lines
03-05 11:30:04.000 I/chatty ( 1315): uid=1000(system) Binder:1315_20 expire 8 lines
03-05 11:30:07.429 I/chatty ( 1315): uid=1000(system) Binder:1315_19 expire 2 lines
03-05 11:30:09.676 I/chatty ( 1315): uid=1000(system) android.bg expire 20 lines
03-05 11:30:19.132 I/chatty ( 1315): uid=1000(system) batterystats-sy expire 2 lines
03-05 11:30:26.375 W/ViewRootImpl[LauncherUI](17393): Cancelling event due to no window focus: KeyEvent { action=ACTION_UP, keyCode=KEYCODE_BACK, scanCode=158, metaState=0, flags=0x28, repeatCount=0, eventTime=1058925727, downTime=1058925709, deviceId=3, source=0x101 }
03-05 11:30:26.375 W/ViewRootImpl[LauncherUI](17393): Cancelling event due to no window focus: KeyEvent { action=ACTION_UP, keyCode=KEYCODE_BACK, scanCode=158, metaState=0, flags=0x28, repeatCount=0, eventTime=1058925727, downTime=1058925709, deviceId=3, source=0x101 }
03-05 11:30:26.375 W/ViewRootImpl[LauncherUI](17393): Cancelling event due to no window focus: KeyEvent { action=ACTION_UP, keyCode=KEYCODE_BACK, scanCode=158, metaState=0, flags=0x28, repeatCount=0, eventTime=1058925727, downTime=1058925709, deviceId=3, source=0x101 }
03-05 11:30:26.397 W/ViewRootImpl[LauncherUI](17393): Cancelling event due to no window focus: KeyEvent { action=ACTION_UP, keyCode=KEYCODE_BACK, scanCode=158, metaState=0, flags=0x28, repeatCount=0, eventTime=1058925727, downTime=1058925709, deviceId=3, source=0x101 }
03-05 11:30:26.397 W/ViewRootImpl[LauncherUI](17393): Cancelling event due to no window focus: KeyEvent { action=ACTION_UP, keyCode=KEYCODE_BACK, scanCode=158, metaState=0, flags=0x28, repeatCount=0, eventTime=1058925727, downTime=1058925709, deviceId=3, source=0x101 }
03-05 11:30:26.397 W/ViewRootImpl[LauncherUI](17393): Cancelling event due to no window focus: KeyEvent { action=ACTION_UP, keyCode=KEYCODE_BACK, scanCode=158, metaState=0, flags=0x28, repeatCount=0, eventTime=1058925727, downTime=1058925709, deviceId=3, source=0x101 }
03-05 11:30:26.401 W/ViewRootImpl[LauncherUI](17393): Cancelling event due to no window focus: KeyEvent { action=ACTION_UP, keyCode=KEYCODE_BACK, scanCode=158, metaState=0, flags=0x28, repeatCount=0, eventTime=1058925727, downTime=1058925709, deviceId=3, source=0x101 }
03-05 11:30:26.402 W/ViewRootImpl[LauncherUI](17393): Cancelling event due to no window focus: KeyEvent { action=ACTION_UP, keyCode=KEYCODE_BACK, scanCode=158, metaState=0, flags=0x28, repeatCount=0, eventTime=1058925727, downTime=1058925709, deviceId=3, source=0x101 }
03-05 11:30:26.402 W/ViewRootImpl[LauncherUI](17393): Cancelling event due to no window focus: KeyEvent { action=ACTION_UP, keyCode=KEYCODE_BACK, scanCode=158, metaState=0, flags=0x28, repeatCount=0, eventTime=1058925727, downTime=1058925709, deviceId=3, source=0x101 }
03-05 11:30:26.439 W/ViewRootImpl[smt_launcher]( 2651): Cancelling event due to no window focus: KeyEvent { action=ACTION_UP, keyCode=KEYCODE_BACK, scanCode=158, metaState=0, flags=0x28, repeatCount=0, eventTime=1058925709, downTime=1058925709, deviceId=3, source=0x101 }
03-05 11:30:26.439 W/ViewRootImpl[smt_launcher]( 2651): Cancelling event due to no window focus: KeyEvent { action=ACTION_UP, keyCode=KEYCODE_BACK, scanCode=158, metaState=0, flags=0x28, repeatCount=0, eventTime=1058925709, downTime=1058925709, deviceId=3, source=0x101 }
03-05 11:30:26.439 W/ViewRootImpl[smt_launcher]( 2651): Cancelling event due to no window focus: KeyEvent { action=ACTION_UP, keyCode=KEYCODE_BACK, scanCode=158, metaState=0, flags=0x28, repeatCount=0, eventTime=1058925709, downTime=1058925709, deviceId=3, source=0x101 }
03-05 11:30:26.439 W/ViewRootImpl[smt_launcher]( 2651): Cancelling event due to no window focus: KeyEvent { action=ACTION_UP, keyCode=KEYCODE_BACK, scanCode=158, metaState=0, flags=0x28, repeatCount=0, eventTime=1058925709, downTime=1058925709, deviceId=3, source=0x101 }
03-05 11:30:26.439 W/ViewRootImpl[smt_launcher]( 2651): Cancelling event due to no window focus: KeyEvent { action=ACTION_UP, keyCode=KEYCODE_BACK, scanCode=158, metaState=0, flags=0x28, repeatCount=0, eventTime=1058925709, downTime=1058925709, deviceId=3, source=0x101 }
03-05 11:30:26.439 W/ViewRootImpl[smt_launcher]( 2651): Cancelling event due to no window focus: KeyEvent { action=ACTION_UP, keyCode=KEYCODE_BACK, scanCode=158, metaState=0, flags=0x28, repeatCount=0, eventTime=1058925709, downTime=1058925709, deviceId=3, source=0x101 }
03-05 11:30:26.492 I/chatty ( 1315): uid=1000(system) Binder:1315_C expire 15 lines
03-05 11:30:28.529 I/chatty ( 1315): uid=1000(system) Binder:1315_13 expire 10 lines
03-05 11:30:28.580 I/chatty ( 1315): uid=1000(system) Binder:1315_E expire 1 line
03-05 11:30:28.583 I/chatty ( 1315): uid=1000(system) Binder:1315_1F expire 5 lines
03-05 11:30:28.617 I/chatty ( 1315): uid=1000(system) Binder:1315_3 expire 2 lines
03-05 11:30:28.660 I/chatty ( 1315): uid=1000(system) Binder:1315_6 expire 3 lines
03-05 11:30:28.682 I/chatty ( 1315): uid=1000(system) Binder:1315_15 expire 4 lines
03-05 11:30:28.843 D/ActivityThread(32159): Loading provider com.baidu.netdisk.account: com.baidu.netdisk.account.storage.AccountProvider
03-05 11:30:28.935 I/chatty ( 1315): uid=1000(system) android.display expire 27 lines
03-05 11:30:30.197 I/chatty ( 1315): uid=1000(system) android.io expire 4 lines
03-05 11:30:30.206 I/chatty ( 1315): uid=1000(system) Binder:1315_4 expire 2 lines
03-05 11:30:30.326 I/chatty ( 1315): uid=1000(system) Binder:1315_F expire 1 line
03-05 11:30:30.382 E/ActivityThread(32159): Failed to find provider info for com.baidu.netdisk.BaiduGidContentProvider
03-05 11:30:30.418 I/chatty ( 1315): uid=1000(system) Binder:1315_2 expire 3 lines
03-05 11:30:30.571 I/chatty ( 1315): uid=1000(system) ActivityManager expire 16 lines
03-05 11:30:31.419 I/chatty ( 1315): uid=1000(system) Binder:1315_9 expire 1 line
03-05 11:30:31.505 I/chatty ( 1315): uid=1000(system) Binder:1315_12 expire 3 lines
03-05 11:30:33.235 I/chatty ( 1315): uid=1000(system) Binder:1315_1A expire 4 lines
03-05 11:30:34.347 I/chatty ( 1315): uid=1000(system) Binder:1315_1D expire 3 lines
03-05 11:30:34.567 E/ActivityThread(32159): Failed to find provider info for com.vivo.push.sdk.service.SystemPushConfig
03-05 11:30:34.606 E/ActivityThread(32159): Failed to find provider info for com.vivo.push.sdk.service.SystemPushConfig
03-05 11:30:34.766 I/chatty ( 1315): uid=1000(system) Binder:1315_1E expire 4 lines
03-05 11:30:35.523 E/ActivityThread(32159): Failed to find provider info for com.baidu.netdisk.BaiduGidContentProvider
03-05 11:30:35.526 E/ActivityThread(32159): Failed to find provider info for com.baidu.netdisk.BaiduGidContentProvider
03-05 11:30:35.835 I/chatty ( 1315): uid=1000(system) Binder:1315_5 expire 2 lines
03-05 11:30:42.237 I/chatty ( 1315): uid=1000(system) Binder:1315_8 expire 1 line
03-05 11:31:12.187 I/chatty ( 1315): uid=1000(system) Binder:1315_11 expire 2 lines
03-05 11:31:13.521 I/chatty ( 1315): uid=1000(system) PowerManagerSer expire 3 lines
03-05 11:31:13.761 I/chatty ( 1315): uid=1000 system_server expire 10 lines
03-05 11:31:18.850 I/chatty ( 1315): uid=1000(system) PackageManager expire 1 line
03-05 11:32:36.356 I/chatty ( 1315): uid=1000(system) Binder:1315_D expire 3 lines
03-05 11:32:36.613 I/chatty ( 1315): uid=1000(system) NetworkStatsObs expire 1 line
03-05 11:32:37.699 I/chatty ( 1315): uid=1000(system) Binder:1315_7 expire 2 lines
03-05 11:33:17.837 I/chatty ( 1315): uid=1000(system) android.bg expire 14 lines
03-05 11:34:05.184 I/chatty ( 1315): uid=1000(system) AlarmManager expire 2 lines
03-05 11:34:05.208 I/chatty ( 1315): uid=1000(system) Binder:1315_14 expire 8 lines
03-05 11:34:05.254 I/chatty ( 1315): uid=1000(system) Binder:1315_1 expire 2 lines
03-05 11:34:05.267 I/chatty ( 1315): uid=1000(system) Binder:1315_1D expire 6 lines
03-05 11:34:17.266 I/chatty ( 1315): uid=1000(system) Binder:1315_2 expire 8 lines
03-05 11:34:17.561 I/chatty ( 1315): uid=1000(system) Binder:1315_A expire 17 lines
03-05 11:34:18.312 I/chatty ( 1315): uid=1000(system) ActivityManager expire 5 lines
03-05 11:34:18.343 I/chatty ( 1315): uid=1000(system) Binder:1315_1F expire 6 lines
03-05 11:34:26.390 I/chatty ( 1315): uid=1000(system) Binder:1315_16 expire 11 lines
03-05 11:34:26.440 I/chatty ( 1315): uid=1000(system) Binder:1315_1C expire 5 lines
03-05 11:34:27.184 I/chatty ( 1315): uid=1000(system) Binder:1315_8 expire 14 lines
03-05 11:34:27.206 I/chatty ( 1315): uid=1000(system) Binder:1315_1A expire 9 lines
03-05 11:34:32.383 I/chatty ( 1315): uid=1000(system) Binder:1315_17 expire 1 line
03-05 11:34:32.403 I/chatty ( 1315): uid=1000(system) Binder:1315_C expire 9 lines
03-05 11:34:33.310 I/chatty ( 1315): uid=1000(system) Binder:1315_20 expire 7 lines
03-05 11:34:38.626 I/chatty ( 1315): uid=1000 system_server expire 9 lines
03-05 11:34:38.689 I/chatty ( 1315): uid=1000(system) Binder:1315_B expire 3 lines
03-05 11:34:42.082 I/chatty ( 1315): uid=1000(system) Binder:1315_18 expire 4 lines
03-05 11:34:45.315 I/chatty ( 1315): uid=1000(system) Binder:1315_5 expire 7 lines
03-05 11:34:45.346 I/chatty ( 1315): uid=1000(system) Binder:1315_1B expire 8 lines
03-05 11:34:45.379 I/chatty ( 1315): uid=1000(system) Binder:1315_19 expire 5 lines
03-05 11:35:14.421 I/chatty ( 1315): uid=1000(system) Binder:1315_3 expire 7 lines
03-05 11:35:14.544 I/chatty ( 1315): uid=1000(system) PowerManagerSer expire 3 lines
03-05 11:35:14.546 I/chatty ( 1315): uid=1000(system) Binder:1315_15 expire 7 lines
03-05 11:35:14.586 I/chatty ( 1315): uid=1000(system) Binder:1315_11 expire 5 lines
03-05 11:35:14.590 I/chatty ( 1315): uid=1000(system) android.display expire 26 lines
03-05 11:35:14.605 I/chatty ( 1315): uid=1000(system) Binder:1315_13 expire 6 lines
03-05 11:35:15.061 I/chatty ( 1315): uid=1000(system) Binder:1315_D expire 3 lines
03-05 11:35:15.064 I/chatty ( 1315): uid=1000(system) ConnectivitySer expire 3 lines
03-05 11:35:15.080 I/chatty ( 1315): uid=1000(system) Binder:1315_10 expire 3 lines
03-05 11:35:15.192 I/chatty ( 1315): uid=1000(system) Binder:1315_E expire 1 line
03-05 11:35:15.217 E/ActivityThread(32159): Failed to find provider info for com.baidu.netdisk.BaiduGidContentProvider
03-05 11:35:15.278 I/chatty ( 1315): uid=1000(system) android.bg expire 4 lines
03-05 11:35:15.365 I/chatty ( 1315): uid=1000(system) Binder:1315_9 expire 2 lines
03-05 11:35:15.439 I/chatty ( 1315): uid=1000(system) Binder:1315_12 expire 5 lines
03-05 11:35:15.547 D/ActivityThread( 2848): Loading provider com.android.email.provider;com.android.email.notifier: com.android.email.provider.EmailProvider
03-05 11:35:15.549 D/ActivityThread( 2848): Loading provider com.android.email.provider;com.android.email.notifier: com.android.email.provider.EmailProvider
03-05 11:35:15.551 D/ActivityThread( 2848): Loading provider com.android.email.provider;com.android.email.notifier: com.android.email.provider.EmailProvider
03-05 11:35:17.460 W/ContextImpl( 1697): Calling a method in the system process without a qualified user: android.app.ContextImpl.bindService:1435 android.content.ContextWrapper.bindService:639 smartisanos.app.tracker.TrackerServiceConnection.connect:34 smartisanos.app.tracker.Agent.connectService:65 smartisanos.app.tracker.Agent.flush:388
03-05 11:35:21.691 I/chatty ( 1315): uid=1000(system) InputReader expire 4 lines
03-05 11:35:21.844 I/chatty ( 1315): uid=1000(system) InputDispatcher expire 3 lines
03-05 11:35:24.946 I/chatty ( 1315): uid=1000(system) Binder:1315_16 expire 4 lines
03-05 11:35:25.428 I/chatty ( 1315): uid=1000(system) Binder:1315_6 expire 2 lines
03-05 11:35:25.431 I/chatty ( 1315): uid=1000 system_server expire 1 line
03-05 11:35:25.432 I/chatty ( 1315): uid=1000(system) Binder:1742_3 expire 1 line
03-05 11:35:25.485 I/chatty ( 1315): uid=1000(system) Binder:1315_4 expire 3 lines
03-05 11:35:25.553 I/chatty ( 1315): uid=1000(system) Binder:1315_1E expire 6 lines
03-05 11:35:26.727 I/chatty ( 1315): uid=1000(system) android.display expire 51 lines
03-05 11:35:26.752 I/chatty ( 1315): uid=1000(system) Binder:1315_1C expire 2 lines
03-05 11:35:26.823 I/chatty ( 1315): uid=1000(system) Binder:1315_B expire 6 lines
03-05 11:35:28.150 I/chatty ( 1315): uid=1000(system) InputReader expire 4 lines
03-05 11:35:28.303 I/chatty ( 1315): uid=1000(system) InputDispatcher expire 3 lines
03-05 11:35:29.195 I/chatty ( 1315): uid=1000(system) Binder:1315_1B expire 10 lines
03-05 11:35:29.267 I/chatty ( 1315): uid=1000(system) Binder:1315_13 expire 8 lines
03-05 11:35:29.323 I/chatty ( 1315): uid=1000(system) Binder:1315_14 expire 7 lines
03-05 11:35:29.379 I/chatty ( 1315): uid=1000(system) Binder:1315_1D expire 7 lines
03-05 11:35:29.395 I/chatty ( 1315): uid=1000(system) Binder:1315_2 expire 6 lines
03-05 11:35:29.589 I/chatty ( 1315): uid=1000(system) Binder:1315_5 expire 2 lines
03-05 11:35:29.669 I/chatty ( 1315): uid=1000(system) Binder:1315_1A expire 6 lines
03-05 11:35:29.703 I/chatty ( 1315): uid=1000(system) Binder:1315_15 expire 4 lines
03-05 11:35:29.744 I/chatty ( 1315): uid=1000(system) Binder:1315_C expire 5 lines
03-05 11:35:30.081 I/chatty ( 1315): uid=1000(system) ActivityManager expire 9 lines
03-05 11:35:33.263 I/chatty ( 1315): uid=1000(system) android.bg expire 12 lines
03-05 11:35:39.906 I/chatty ( 1315): uid=1000(system) batterystats-sy expire 2 lines
03-05 11:35:39.931 W/ContextImpl(21341): Calling a method in the system process without a qualified user: android.app.ContextImpl.startService:1371 android.content.ContextWrapper.startService:616 android.content.ContextWrapper.startService:616 com.android.settings.fuelgauge.BatteryChangeReceiver.tL:-1 com.android.settings.fuelgauge.BatteryChangeReceiver.tO:-1
03-05 11:35:45.627 I/chatty ( 1315): uid=1000(system) Binder:1315_1F expire 2 lines
03-05 11:35:50.178 I/chatty ( 1315): uid=1000(system) Binder:1315_D expire 11 lines
03-05 11:35:53.963 I/chatty ( 1315): uid=1000(system) Binder:1315_11 expire 2 lines
03-05 11:35:54.008 I/chatty ( 1315): uid=1000(system) Binder:1315_20 expire 6 lines
03-05 11:35:59.127 I/chatty ( 1315): uid=1000(system) PowerManagerSer expire 6 lines
03-05 11:35:59.324 I/chatty ( 1315): uid=1000 system_server expire 15 lines
03-05 11:35:59.767 I/chatty ( 1315): uid=1000(system) android.display expire 2 lines
03-05 11:36:02.426 I/chatty ( 1315): uid=1000(system) Binder:1315_4 expire 8 lines
03-05 11:36:02.984 I/chatty ( 1315): uid=1000(system) PackageManager expire 1 line
03-05 11:36:26.569 I/chatty ( 1315): uid=1000(system) Binder:1315_1 expire 4 lines
03-05 11:36:40.920 I/chatty ( 1315): uid=1000(system) Binder:1315_3 expire 2 lines
03-05 11:36:41.515 I/chatty ( 1315): uid=1000(system) Binder:1315_A expire 2 lines
03-05 11:36:41.657 E/ActivityThread(32159): Failed to find provider info for com.baidu.netdisk.BaiduGidContentProvider
03-05 11:36:43.992 W/ContextImpl( 1697): Calling a method in the system process without a qualified user: android.app.ContextImpl.bindService:1435 android.content.ContextWrapper.bindService:639 smartisanos.app.tracker.TrackerServiceConnection.connect:34 smartisanos.app.tracker.Agent.connectService:65 smartisanos.app.tracker.Agent.flush:388
03-05 11:36:44.886 I/chatty ( 1315): uid=1000(system) Binder:1315_9 expire 1 line
03-05 11:36:53.738 I/PackageParser( 3863): com.tencent.x5sdk.res: compat added android.permission.WRITE_EXTERNAL_STORAGE android.permission.READ_PHONE_STATE
03-05 11:36:53.830 I/PackageParser( 3863): com.tencent.x5sdk.res: compat added android.permission.WRITE_EXTERNAL_STORAGE android.permission.READ_PHONE_STATE
03-05 11:36:55.020 I/PackageParser( 3984): com.tencent.x5sdk.res: compat added android.permission.WRITE_EXTERNAL_STORAGE android.permission.READ_PHONE_STATE
03-05 11:36:55.081 I/chatty ( 1315): uid=1000(system) Binder:1315_16 expire 11 lines
03-05 11:36:55.095 I/PackageParser( 3984): com.tencent.x5sdk.res: compat added android.permission.WRITE_EXTERNAL_STORAGE android.permission.READ_PHONE_STATE
03-05 11:36:55.681 I/chatty ( 1315): uid=1000(system) Binder:1315_7 expire 5 lines
03-05 11:36:55.889 I/chatty ( 1315): uid=1000(system) Binder:1315_18 expire 3 lines
03-05 11:36:55.891 I/chatty ( 1315): uid=1000(system) ConnectivitySer expire 4 lines
03-05 11:36:55.940 I/chatty ( 1315): uid=1000(system) Binder:1315_17 expire 4 lines
03-05 11:36:57.241 I/chatty ( 1315): uid=1000(system) android.io expire 4 lines
03-05 11:36:58.262 I/chatty ( 1315): uid=1000(system) Binder:1315_F expire 1 line
03-05 11:36:59.677 I/chatty ( 1315): uid=1000(system) Binder:1315_8 expire 3 lines
03-05 11:37:00.141 I/chatty ( 1315): uid=1000(system) Binder:1315_12 expire 1 line
03-05 11:37:07.354 I/chatty ( 1315): uid=1000(system) Binder:1315_6 expire 4 lines
03-05 11:37:08.493 I/chatty ( 1315): uid=1000(system) Binder:1315_E expire 3 lines
03-05 11:37:09.866 W/ContextImpl(21341): Calling a method in the system process without a qualified user: android.app.ContextImpl.startService:1371 android.content.ContextWrapper.startService:616 android.content.ContextWrapper.startService:616 com.android.settings.fuelgauge.BatteryChangeReceiver.tL:-1 com.android.settings.fuelgauge.BatteryChangeReceiver.tO:-1
03-05 11:37:10.076 I/chatty ( 1315): uid=1000(system) NetworkStatsObs expire 1 line
03-05 11:37:12.601 I/chatty ( 1315): uid=1000(system) Binder:1315_17 expire 4 lines
03-05 11:37:12.658 I/chatty ( 1315): uid=1000(system) Binder:1315_15 expire 3 lines
03-05 11:37:13.482 I/chatty ( 1315): uid=1000(system) Binder:1315_1D expire 6 lines
03-05 11:37:13.494 I/chatty ( 1315): uid=1000(system) Binder:1315_B expire 9 lines
03-05 11:37:13.553 I/chatty ( 1315): uid=1000(system) ActivityManager expire 9 lines
03-05 11:37:14.012 I/chatty ( 1315): uid=1000(system) android.bg expire 15 lines
03-05 11:37:14.672 I/chatty ( 1315): uid=1000(system) Binder:1315_14 expire 1 line
03-05 11:37:14.762 I/chatty ( 1315): uid=1000(system) Binder:1315_4 expire 11 lines
03-05 11:37:14.763 I/chatty ( 1315): uid=1000(system) Binder:1315_12 expire 3 lines
03-05 11:37:14.790 I/chatty ( 1315): uid=1000(system) Binder:1315_5 expire 4 lines
03-05 11:37:18.249 I/chatty ( 1315): uid=1000(system) Binder:1315_6 expire 1 line
03-05 11:37:39.566 I/chatty ( 1315): uid=1000(system) PowerManagerSer expire 11 lines
03-05 11:37:39.640 I/chatty ( 1315): uid=1000 system_server expire 17 lines
03-05 11:37:39.683 I/chatty ( 1315): uid=1000(system) Binder:1315_1C expire 3 lines
03-05 11:37:40.047 I/chatty ( 1315): uid=1000(system) android.display expire 8 lines
03-05 11:37:43.319 I/chatty ( 1315): uid=1000(system) Binder:1315_13 expire 2 lines
03-05 11:37:43.966 I/chatty ( 1315): uid=1000(system) PackageManager expire 3 lines
03-05 11:38:23.334 I/chatty ( 1315): uid=1000(system) Binder:1315_1E expire 4 lines
03-05 11:38:23.350 I/chatty ( 1315): uid=1000(system) Binder:1315_D expire 5 lines
03-05 11:38:23.494 I/chatty ( 1315): uid=1000(system) Binder:1315_1F expire 4 lines
03-05 11:38:23.494 I/chatty ( 1315): uid=1000(system) Binder:1315_10 expire 4 lines
03-05 11:38:23.521 I/chatty ( 1315): uid=1000(system) Binder:1315_C expire 5 lines
03-05 11:38:23.567 I/chatty ( 1315): uid=1000(system) Binder:1315_2 expire 6 lines
03-05 11:38:23.592 I/chatty ( 1315): uid=1000(system) ConnectivitySer expire 4 lines
03-05 11:40:31.177 I/chatty ( 1315): uid=1000(system) Binder:1315_20 expire 4 lines
03-05 11:40:31.773 E/ActivityThread(32159): Failed to find provider info for com.baidu.netdisk.BaiduGidContentProvider
03-05 11:40:31.808 I/chatty ( 1315): uid=1000(system) android.bg expire 15 lines
03-05 11:40:31.811 I/chatty ( 1315): uid=1000(system) Binder:1315_19 expire 18 lines
03-05 11:40:31.829 I/chatty ( 1315): uid=1000(system) Binder:1315_F expire 1 line
03-05 11:40:31.862 I/chatty ( 1315): uid=1000(system) Binder:1315_18 expire 3 lines
03-05 11:40:34.283 W/ContextImpl( 1697): Calling a method in the system process without a qualified user: android.app.ContextImpl.bindService:1435 android.content.ContextWrapper.bindService:639 smartisanos.app.tracker.TrackerServiceConnection.connect:34 smartisanos.app.tracker.Agent.connectService:65 smartisanos.app.tracker.Agent.flush:388
03-05 11:41:01.316 I/chatty ( 1315): uid=1000 system_server expire 15 lines
03-05 11:41:06.680 I/chatty ( 1315): uid=1000(system) AlarmManager expire 2 lines
03-05 11:44:01.232 E/ActivityThread(32159): Failed to find provider info for com.baidu.netdisk.BaiduGidContentProvider
03-05 11:44:01.248 I/chatty ( 1315): uid=1000(system) android.bg expire 11 lines
03-05 11:44:01.292 I/chatty ( 1315): uid=1000(system) Binder:1315_E expire 6 lines
03-05 11:44:03.864 W/ContextImpl( 1697): Calling a method in the system process without a qualified user: android.app.ContextImpl.bindService:1435 android.content.ContextWrapper.bindService:639 smartisanos.app.tracker.TrackerServiceConnection.connect:34 smartisanos.app.tracker.Agent.connectService:65 smartisanos.app.tracker.Agent.flush:388
03-05 11:44:04.301 I/chatty ( 1315): uid=1000(system) InputReader expire 6 lines
03-05 11:44:04.454 I/chatty ( 1315): uid=1000(system) InputDispatcher expire 3 lines
03-05 11:44:05.543 I/chatty ( 1315): uid=1000(system) Binder:1315_1 expire 6 lines
03-05 11:44:06.276 E/ActivityThread(32159): Activity com.baidu.netdisk.ui.MainActivity has leaked ServiceConnection com.baidu.netdisk.ui.MainActivity$6@312fdf2 that was originally bound here
03-05 11:44:06.276 E/ActivityThread(32159): android.app.ServiceConnectionLeaked: Activity com.baidu.netdisk.ui.MainActivity has leaked ServiceConnection com.baidu.netdisk.ui.MainActivity$6@312fdf2 that was originally bound here
03-05 11:44:06.276 E/ActivityThread(32159): at android.app.LoadedApk$ServiceDispatcher.(LoadedApk.java:1334)
03-05 11:44:06.276 E/ActivityThread(32159): at android.app.LoadedApk.getServiceDispatcher(LoadedApk.java:1229)
03-05 11:44:06.276 E/ActivityThread(32159): at android.app.ContextImpl.bindServiceCommon(ContextImpl.java:1464)
03-05 11:44:06.276 E/ActivityThread(32159): at android.app.ContextImpl.bindService(ContextImpl.java:1436)
03-05 11:44:06.276 E/ActivityThread(32159): at android.content.ContextWrapper.bindService(ContextWrapper.java:639)
03-05 11:44:06.276 E/ActivityThread(32159): at com.baidu.netdisk.ui.MainActivity.registerHeadset(SearchBox:2671)
03-05 11:44:06.276 E/ActivityThread(32159): at com.baidu.netdisk.ui.MainActivity.onCreate(SearchBox:573)
03-05 11:44:06.276 E/ActivityThread(32159): at android.app.Activity.performCreate(Activity.java:6813)
03-05 11:44:06.276 E/ActivityThread(32159): at android.app.Instrumentation.callActivityOnCreate(Instrumentation.java:1119)
03-05 11:44:06.276 E/ActivityThread(32159): at android.app.ActivityThread.performLaunchActivity(ActivityThread.java:2805)
03-05 11:44:06.276 E/ActivityThread(32159): at android.app.ActivityThread.handleLaunchActivity(ActivityThread.java:2927)
03-05 11:44:06.276 E/ActivityThread(32159): at android.app.ActivityThread.-wrap12(ActivityThread.java)
03-05 11:44:06.276 E/ActivityThread(32159): at android.app.ActivityThread$H.handleMessage(ActivityThread.java:1650)
03-05 11:44:06.276 E/ActivityThread(32159): at android.os.Handler.dispatchMessage(Handler.java:102)
03-05 11:44:06.276 E/ActivityThread(32159): at android.os.Looper.loop(Looper.java:159)
03-05 11:44:06.276 E/ActivityThread(32159): at android.app.ActivityThread.main(ActivityThread.java:6364)
03-05 11:44:06.276 E/ActivityThread(32159): at java.lang.reflect.Method.invoke(Native Method)
03-05 11:44:06.276 E/ActivityThread(32159): at com.android.internal.os.ZygoteInit$MethodAndArgsCaller.run(ZygoteInit.java:1096)
03-05 11:44:06.276 E/ActivityThread(32159): at com.android.internal.os.ZygoteInit.main(ZygoteInit.java:883)
03-05 11:44:06.606 I/chatty ( 1315): uid=1000(system) Binder:1315_16 expire 1 line
03-05 11:44:06.742 I/chatty ( 1315): uid=1000(system) Binder:1315_A expire 2 lines
03-05 11:44:08.349 W/ViewRootImpl[LauncherUI](17393): Cancelling event due to no window focus: KeyEvent { action=ACTION_UP, keyCode=KEYCODE_BACK, scanCode=158, metaState=0, flags=0x28, repeatCount=0, eventTime=1059641541, downTime=1059641519, deviceId=3, source=0x101 }
03-05 11:44:08.349 W/ViewRootImpl[LauncherUI](17393): Cancelling event due to no window focus: KeyEvent { action=ACTION_UP, keyCode=KEYCODE_BACK, scanCode=158, metaState=0, flags=0x28, repeatCount=0, eventTime=1059641541, downTime=1059641519, deviceId=3, source=0x101 }
03-05 11:44:08.349 W/ViewRootImpl[LauncherUI](17393): Cancelling event due to no window focus: KeyEvent { action=ACTION_UP, keyCode=KEYCODE_BACK, scanCode=158, metaState=0, flags=0x28, repeatCount=0, eventTime=1059641541, downTime=1059641519, deviceId=3, source=0x101 }
03-05 11:44:08.371 W/ViewRootImpl[LauncherUI](17393): Cancelling event due to no window focus: KeyEvent { action=ACTION_UP, keyCode=KEYCODE_BACK, scanCode=158, metaState=0, flags=0x28, repeatCount=0, eventTime=1059641541, downTime=1059641519, deviceId=3, source=0x101 }
