03-04 20:52:59.324 W/ProcessCpuTracker( 3325): Skipping unknown process pid 389
03-04 20:52:59.325 W/ProcessCpuTracker( 3325): Skipping unknown process pid 390
03-04 20:52:59.325 W/ProcessCpuTracker( 3325): Skipping unknown process pid 391
03-04 20:52:59.326 W/ProcessCpuTracker( 3325): Skipping unknown process pid 392
03-04 20:52:59.327 W/ProcessCpuTracker( 3325): Skipping unknown process pid 393
03-04 20:52:59.327 W/ProcessCpuTracker( 3325): Skipping unknown process pid 394
03-04 20:52:59.328 W/ProcessCpuTracker( 3325): Skipping unknown process pid 395
03-04 20:52:59.328 W/ProcessCpuTracker( 3325): Skipping unknown process pid 396
03-04 20:52:59.329 W/ProcessCpuTracker( 3325): Skipping unknown process pid 397
03-04 20:52:59.330 W/ProcessCpuTracker( 3325): Skipping unknown process pid 398
03-04 20:52:59.330 W/ProcessCpuTracker( 3325): Skipping unknown process pid 400
03-04 20:52:59.331 W/ProcessCpuTracker( 3325): Skipping unknown process pid 401
03-04 20:52:59.331 W/ProcessCpuTracker( 3325): Skipping unknown process pid 404
03-04 20:52:59.332 W/ProcessCpuTracker( 3325): Skipping unknown process pid 405
03-04 20:52:59.332 W/ProcessCpuTracker( 3325): Skipping unknown process pid 406
03-04 20:52:59.333 W/ProcessCpuTracker( 3325): Skipping unknown process pid 407
03-04 20:52:59.333 W/ProcessCpuTracker( 3325): Skipping unknown process pid 409
03-04 20:52:59.334 W/ProcessCpuTracker( 3325): Skipping unknown process pid 410
03-04 20:52:59.334 W/ProcessCpuTracker( 3325): Skipping unknown process pid 420
03-04 20:52:59.335 W/ProcessCpuTracker( 3325): Skipping unknown process pid 421
03-04 20:52:59.335 W/ProcessCpuTracker( 3325): Skipping unknown process pid 423
03-04 20:52:59.336 W/ProcessCpuTracker( 3325): Skipping unknown process pid 424
03-04 20:52:59.337 W/ProcessCpuTracker( 3325): Skipping unknown process pid 425
03-04 20:52:59.337 W/ProcessCpuTracker( 3325): Skipping unknown process pid 426
03-04 20:52:59.338 W/ProcessCpuTracker( 3325): Skipping unknown process pid 427
03-04 20:52:59.338 W/ProcessCpuTracker( 3325): Skipping unknown process pid 428
03-04 20:52:59.339 W/ProcessCpuTracker( 3325): Skipping unknown process pid 429
03-04 20:52:59.339 W/ProcessCpuTracker( 3325): Skipping unknown process pid 430
03-04 20:52:59.340 W/ProcessCpuTracker( 3325): Skipping unknown process pid 431
03-04 20:52:59.340 W/ProcessCpuTracker( 3325): Skipping unknown process pid 432
03-04 20:52:59.341 W/ProcessCpuTracker( 3325): Skipping unknown process pid 441
03-04 20:52:59.341 W/ProcessCpuTracker( 3325): Skipping unknown process pid 444
03-04 20:52:59.341 W/ProcessCpuTracker( 3325): Skipping unknown process pid 454
03-04 20:52:59.342 W/ProcessCpuTracker( 3325): Skipping unknown process pid 455
03-04 20:52:59.342 W/ProcessCpuTracker( 3325): Skipping unknown process pid 456
03-04 20:52:59.343 W/ProcessCpuTracker( 3325): Skipping unknown process pid 457
03-04 20:52:59.344 W/ProcessCpuTracker( 3325): Skipping unknown process pid 472
03-04 20:52:59.344 W/ProcessCpuTracker( 3325): Skipping unknown process pid 473
03-04 20:52:59.345 W/ProcessCpuTracker( 3325): Skipping unknown process pid 480
03-04 20:52:59.346 W/ProcessCpuTracker( 3325): Skipping unknown process pid 481
03-04 20:52:59.346 W/ProcessCpuTracker( 3325): Skipping unknown process pid 482
03-04 20:52:59.347 W/ProcessCpuTracker( 3325): Skipping unknown process pid 483
03-04 20:52:59.347 W/ProcessCpuTracker( 3325): Skipping unknown process pid 484
03-04 20:52:59.348 W/ProcessCpuTracker( 3325): Skipping unknown process pid 485
03-04 20:52:59.349 W/ProcessCpuTracker( 3325): Skipping unknown process pid 486
03-04 20:52:59.349 W/ProcessCpuTracker( 3325): Skipping unknown process pid 500
03-04 20:52:59.350 W/ProcessCpuTracker( 3325): Skipping unknown process pid 521
03-04 20:52:59.351 W/ProcessCpuTracker( 3325): Skipping unknown process pid 522
03-04 20:52:59.352 W/ProcessCpuTracker( 3325): Skipping unknown process pid 525
03-04 20:52:59.353 W/ProcessCpuTracker( 3325): Skipping unknown process pid 526
03-04 20:52:59.353 W/ProcessCpuTracker( 3325): Skipping unknown process pid 528
03-04 20:52:59.354 W/ProcessCpuTracker( 3325): Skipping unknown process pid 530
03-04 20:52:59.355 W/ProcessCpuTracker( 3325): Skipping unknown process pid 532
03-04 20:52:59.356 W/ProcessCpuTracker( 3325): Skipping unknown process pid 533
03-04 20:52:59.356 W/ProcessCpuTracker( 3325): Skipping unknown process pid 534
03-04 20:52:59.357 W/ProcessCpuTracker( 3325): Skipping unknown process pid 535
03-04 20:52:59.358 W/ProcessCpuTracker( 3325): Skipping unknown process pid 537
03-04 20:52:59.359 W/ProcessCpuTracker( 3325): Skipping unknown process pid 547
03-04 20:52:59.359 W/ProcessCpuTracker( 3325): Skipping unknown process pid 549
03-04 20:52:59.360 W/ProcessCpuTracker( 3325): Skipping unknown process pid 550
03-04 20:52:59.361 W/ProcessCpuTracker( 3325): Skipping unknown process pid 552
03-04 20:52:59.361 W/ProcessCpuTracker( 3325): Skipping unknown process pid 553
03-04 20:52:59.362 W/ProcessCpuTracker( 3325): Skipping unknown process pid 558
03-04 20:52:59.363 W/ProcessCpuTracker( 3325): Skipping unknown process pid 561
03-04 20:52:59.363 W/ProcessCpuTracker( 3325): Skipping unknown process pid 565
03-04 20:52:59.366 W/ProcessCpuTracker( 3325): Skipping unknown process pid 566
03-04 20:52:59.367 W/ProcessCpuTracker( 3325): Skipping unknown process pid 567
03-04 20:52:59.367 W/ProcessCpuTracker( 3325): Skipping unknown process pid 568
03-04 20:52:59.368 W/ProcessCpuTracker( 3325): Skipping unknown process pid 570
03-04 20:52:59.369 W/ProcessCpuTracker( 3325): Skipping unknown process pid 572
03-04 20:52:59.370 W/ProcessCpuTracker( 3325): Skipping unknown process pid 573
03-04 20:52:59.370 W/ProcessCpuTracker( 3325): Skipping unknown process pid 575
03-04 20:52:59.371 W/ProcessCpuTracker( 3325): Skipping unknown process pid 576
03-04 20:52:59.372 W/ProcessCpuTracker( 3325): Skipping unknown process pid 577
03-04 20:52:59.372 W/ProcessCpuTracker( 3325): Skipping unknown process pid 578
03-04 20:52:59.373 W/ProcessCpuTracker( 3325): Skipping unknown process pid 580
03-04 20:52:59.374 W/ProcessCpuTracker( 3325): Skipping unknown process pid 581
03-04 20:52:59.374 W/ProcessCpuTracker( 3325): Skipping unknown process pid 582
03-04 20:52:59.375 W/ProcessCpuTracker( 3325): Skipping unknown process pid 583
03-04 20:52:59.376 W/ProcessCpuTracker( 3325): Skipping unknown process pid 585
03-04 20:52:59.376 W/ProcessCpuTracker( 3325): Skipping unknown process pid 586
03-04 20:52:59.377 W/ProcessCpuTracker( 3325): Skipping unknown process pid 589
03-04 20:52:59.378 W/ProcessCpuTracker( 3325): Skipping unknown process pid 594
03-04 20:52:59.378 W/ProcessCpuTracker( 3325): Skipping unknown process pid 595
03-04 20:52:59.379 W/ProcessCpuTracker( 3325): Skipping unknown process pid 597
03-04 20:52:59.379 W/ProcessCpuTracker( 3325): Skipping unknown process pid 599
03-04 20:52:59.380 W/ProcessCpuTracker( 3325): Skipping unknown process pid 601
03-04 20:52:59.380 W/ProcessCpuTracker( 3325): Skipping unknown process pid 605
03-04 20:52:59.381 W/ProcessCpuTracker( 3325): Skipping unknown process pid 606
03-04 20:52:59.382 W/ProcessCpuTracker( 3325): Skipping unknown process pid 607
03-04 20:52:59.383 W/ProcessCpuTracker( 3325): Skipping unknown process pid 608
03-04 20:52:59.383 W/ProcessCpuTracker( 3325): Skipping unknown process pid 609
03-04 20:52:59.384 W/ProcessCpuTracker( 3325): Skipping unknown process pid 611
03-04 20:52:59.385 W/ProcessCpuTracker( 3325): Skipping unknown process pid 612
03-04 20:52:59.386 W/ProcessCpuTracker( 3325): Skipping unknown process pid 641
03-04 20:52:59.386 W/ProcessCpuTracker( 3325): Skipping unknown process pid 695
03-04 20:52:59.387 W/ProcessCpuTracker( 3325): Skipping unknown process pid 709
03-04 20:52:59.388 W/ProcessCpuTracker( 3325): Skipping unknown process pid 713
03-04 20:52:59.388 W/ProcessCpuTracker( 3325): Skipping unknown process pid 714
03-04 20:52:59.389 W/ProcessCpuTracker( 3325): Skipping unknown process pid 715
03-04 20:52:59.389 W/ProcessCpuTracker( 3325): Skipping unknown process pid 716
03-04 20:52:59.390 W/ProcessCpuTracker( 3325): Skipping unknown process pid 729
03-04 20:52:59.391 W/ProcessCpuTracker( 3325): Skipping unknown process pid 735
03-04 20:52:59.391 W/ProcessCpuTracker( 3325): Skipping unknown process pid 737
03-04 20:52:59.392 W/ProcessCpuTracker( 3325): Skipping unknown process pid 791
03-04 20:52:59.393 W/ProcessCpuTracker( 3325): Skipping unknown process pid 796
03-04 20:52:59.393 W/ProcessCpuTracker( 3325): Skipping unknown process pid 801
03-04 20:52:59.394 W/ProcessCpuTracker( 3325): Skipping unknown process pid 879
03-04 20:52:59.395 W/ProcessCpuTracker( 3325): Skipping unknown process pid 905
03-04 20:52:59.396 W/ProcessCpuTracker( 3325): Skipping unknown process pid 906
03-04 20:52:59.396 W/ProcessCpuTracker( 3325): Skipping unknown process pid 907
03-04 20:52:59.397 W/ProcessCpuTracker( 3325): Skipping unknown process pid 921
03-04 20:52:59.398 W/ProcessCpuTracker( 3325): Skipping unknown process pid 922
03-04 20:52:59.398 W/ProcessCpuTracker( 3325): Skipping unknown process pid 928
03-04 20:52:59.399 W/ProcessCpuTracker( 3325): Skipping unknown process pid 964
03-04 20:52:59.400 W/ProcessCpuTracker( 3325): Skipping unknown process pid 1017
03-04 20:52:59.400 W/ProcessCpuTracker( 3325): Skipping unknown process pid 1025
03-04 20:52:59.401 W/ProcessCpuTracker( 3325): Skipping unknown process pid 1142
03-04 20:52:59.401 W/ProcessCpuTracker( 3325): Skipping unknown process pid 1144
03-04 20:52:59.402 W/ProcessCpuTracker( 3325): Skipping unknown process pid 1190
03-04 20:52:59.402 W/ProcessCpuTracker( 3325): Skipping unknown process pid 1191
03-04 20:52:59.403 W/ProcessCpuTracker( 3325): Skipping unknown process pid 1315
03-04 20:52:59.405 W/ProcessCpuTracker( 3325): Skipping unknown process pid 1499
03-04 20:52:59.406 W/ProcessCpuTracker( 3325): Skipping unknown process pid 1751
03-04 20:52:59.407 W/ProcessCpuTracker( 3325): Skipping unknown process pid 1768
03-04 20:52:59.407 W/ProcessCpuTracker( 3325): Skipping unknown process pid 1859
03-04 20:52:59.408 W/ProcessCpuTracker( 3325): Skipping unknown process pid 1875
03-04 20:52:59.408 W/ProcessCpuTracker( 3325): Skipping unknown process pid 1905
03-04 20:52:59.410 W/ProcessCpuTracker( 3325): Skipping unknown process pid 1972
03-04 20:52:59.410 W/ProcessCpuTracker( 3325): Skipping unknown process pid 1992
03-04 20:52:59.411 W/ProcessCpuTracker( 3325): Skipping unknown process pid 1996
03-04 20:52:59.412 W/ProcessCpuTracker( 3325): Skipping unknown process pid 2067
03-04 20:52:59.412 W/ProcessCpuTracker( 3325): Skipping unknown process pid 2225
03-04 20:52:59.413 W/ProcessCpuTracker( 3325): Skipping unknown process pid 2237
03-04 20:52:59.413 W/ProcessCpuTracker( 3325): Skipping unknown process pid 2260
03-04 20:52:59.414 W/ProcessCpuTracker( 3325): Skipping unknown process pid 2320
03-04 20:52:59.415 W/ProcessCpuTracker( 3325): Skipping unknown process pid 2338
03-04 20:52:59.416 W/ProcessCpuTracker( 3325): Skipping unknown process pid 2339
03-04 20:52:59.416 W/ProcessCpuTracker( 3325): Skipping unknown process pid 2368
03-04 20:52:59.417 W/ProcessCpuTracker( 3325): Skipping unknown process pid 2449
03-04 20:52:59.417 W/ProcessCpuTracker( 3325): Skipping unknown process pid 2516
03-04 20:52:59.418 W/ProcessCpuTracker( 3325): Skipping unknown process pid 2522
03-04 20:52:59.419 W/ProcessCpuTracker( 3325): Skipping unknown process pid 2543
03-04 20:52:59.419 W/ProcessCpuTracker( 3325): Skipping unknown process pid 2561
03-04 20:52:59.420 W/ProcessCpuTracker( 3325): Skipping unknown process pid 2580
03-04 20:52:59.421 W/ProcessCpuTracker( 3325): Skipping unknown process pid 2596
03-04 20:52:59.421 W/ProcessCpuTracker( 3325): Skipping unknown process pid 2614
03-04 20:52:59.422 W/ProcessCpuTracker( 3325): Skipping unknown process pid 2651
03-04 20:52:59.423 W/ProcessCpuTracker( 3325): Skipping unknown process pid 2657
03-04 20:52:59.424 W/ProcessCpuTracker( 3325): Skipping unknown process pid 2668
03-04 20:52:59.424 W/ProcessCpuTracker( 3325): Skipping unknown process pid 2713
03-04 20:52:59.425 W/ProcessCpuTracker( 3325): Skipping unknown process pid 2865
03-04 20:52:59.426 W/ProcessCpuTracker( 3325): Skipping unknown process pid 2910
03-04 20:52:59.426 W/ProcessCpuTracker( 3325): Skipping unknown process pid 2981
03-04 20:52:59.427 W/ProcessCpuTracker( 3325): Skipping unknown process pid 3057
03-04 20:52:59.428 W/ProcessCpuTracker( 3325): Skipping unknown process pid 3105
03-04 20:52:59.428 W/ProcessCpuTracker( 3325): Skipping unknown process pid 3140
03-04 20:52:59.429 W/ProcessCpuTracker( 3325): Skipping unknown process pid 3179
03-04 20:52:59.430 W/ProcessCpuTracker( 3325): Skipping unknown process pid 3387
03-04 20:52:59.431 W/ProcessCpuTracker( 3325): Skipping unknown process pid 3413
03-04 20:52:59.431 W/ProcessCpuTracker( 3325): Skipping unknown process pid 3475
03-04 20:52:59.432 W/ProcessCpuTracker( 3325): Skipping unknown process pid 3565
03-04 20:52:59.433 W/ProcessCpuTracker( 3325): Skipping unknown process pid 3596
03-04 20:52:59.433 W/ProcessCpuTracker( 3325): Skipping unknown process pid 3618
03-04 20:52:59.434 W/ProcessCpuTracker( 3325): Skipping unknown process pid 3620
03-04 20:52:59.434 W/ProcessCpuTracker( 3325): Skipping unknown process pid 3769
03-04 20:52:59.435 W/ProcessCpuTracker( 3325): Skipping unknown process pid 5673
03-04 20:52:59.436 W/ProcessCpuTracker( 3325): Skipping unknown process pid 6435
03-04 20:52:59.437 W/ProcessCpuTracker( 3325): Skipping unknown process pid 6437
03-04 20:52:59.437 W/ProcessCpuTracker( 3325): Skipping unknown process pid 6438
03-04 20:52:59.438 W/ProcessCpuTracker( 3325): Skipping unknown process pid 6439
03-04 20:52:59.439 W/ProcessCpuTracker( 3325): Skipping unknown process pid 6441
03-04 20:52:59.439 W/ProcessCpuTracker( 3325): Skipping unknown process pid 6446
03-04 20:52:59.440 W/ProcessCpuTracker( 3325): Skipping unknown process pid 7395
03-04 20:52:59.441 W/ProcessCpuTracker( 3325): Skipping unknown process pid 10476
03-04 20:52:59.441 W/ProcessCpuTracker( 3325): Skipping unknown process pid 10477
03-04 20:52:59.442 W/ProcessCpuTracker( 3325): Skipping unknown process pid 11981
03-04 20:52:59.442 W/ProcessCpuTracker( 3325): Skipping unknown process pid 12587
03-04 20:52:59.443 W/ProcessCpuTracker( 3325): Skipping unknown process pid 12715
03-04 20:52:59.444 W/ProcessCpuTracker( 3325): Skipping unknown process pid 12729
03-04 20:52:59.445 W/ProcessCpuTracker( 3325): Skipping unknown process pid 12816
03-04 20:52:59.445 W/ProcessCpuTracker( 3325): Skipping unknown process pid 12898
03-04 20:52:59.446 W/ProcessCpuTracker( 3325): Skipping unknown process pid 13048
03-04 20:52:59.447 W/ProcessCpuTracker( 3325): Skipping unknown process pid 13113
03-04 20:52:59.447 W/ProcessCpuTracker( 3325): Skipping unknown process pid 13270
03-04 20:52:59.448 W/ProcessCpuTracker( 3325): Skipping unknown process pid 14299
03-04 20:52:59.449 W/ProcessCpuTracker( 3325): Skipping unknown process pid 15629
03-04 20:52:59.449 W/ProcessCpuTracker( 3325): Skipping unknown process pid 17214
03-04 20:52:59.450 W/ProcessCpuTracker( 3325): Skipping unknown process pid 17421
03-04 20:52:59.450 W/ProcessCpuTracker( 3325): Skipping unknown process pid 18915
03-04 20:52:59.451 W/ProcessCpuTracker( 3325): Skipping unknown process pid 19413
03-04 20:52:59.452 W/ProcessCpuTracker( 3325): Skipping unknown process pid 19948
03-04 20:52:59.452 W/ProcessCpuTracker( 3325): Skipping unknown process pid 21401
03-04 20:52:59.453 W/ProcessCpuTracker( 3325): Skipping unknown process pid 21402
03-04 20:52:59.453 W/ProcessCpuTracker( 3325): Skipping unknown process pid 21403
03-04 20:52:59.454 W/ProcessCpuTracker( 3325): Skipping unknown process pid 21405
03-04 20:52:59.455 W/ProcessCpuTracker( 3325): Skipping unknown process pid 22296
03-04 20:52:59.455 W/ProcessCpuTracker( 3325): Skipping unknown process pid 22423
03-04 20:52:59.456 W/ProcessCpuTracker( 3325): Skipping unknown process pid 23051
03-04 20:52:59.456 W/ProcessCpuTracker( 3325): Skipping unknown process pid 23652
03-04 20:52:59.457 W/ProcessCpuTracker( 3325): Skipping unknown process pid 23653
03-04 20:52:59.458 W/ProcessCpuTracker( 3325): Skipping unknown process pid 23742
03-04 20:52:59.458 W/ProcessCpuTracker( 3325): Skipping unknown process pid 23743
03-04 20:52:59.459 W/ProcessCpuTracker( 3325): Skipping unknown process pid 24136
03-04 20:52:59.460 W/ProcessCpuTracker( 3325): Skipping unknown process pid 24776
03-04 20:52:59.460 W/ProcessCpuTracker( 3325): Skipping unknown process pid 26062
03-04 20:52:59.461 W/ProcessCpuTracker( 3325): Skipping unknown process pid 28054
03-04 20:52:59.461 W/ProcessCpuTracker( 3325): Skipping unknown process pid 28150
03-04 20:52:59.462 W/ProcessCpuTracker( 3325): Skipping unknown process pid 28491
03-04 20:52:59.462 W/ProcessCpuTracker( 3325): Skipping unknown process pid 28566
03-04 20:52:59.463 W/ProcessCpuTracker( 3325): Skipping unknown process pid 29015
03-04 20:52:59.463 W/ProcessCpuTracker( 3325): Skipping unknown process pid 29334
03-04 20:52:59.464 W/ProcessCpuTracker( 3325): Skipping unknown process pid 29614
03-04 20:52:59.465 W/ProcessCpuTracker( 3325): Skipping unknown process pid 30332
03-04 20:52:59.466 W/ProcessCpuTracker( 3325): Skipping unknown process pid 30396
03-04 20:52:59.466 W/ProcessCpuTracker( 3325): Skipping unknown process pid 30808
03-04 20:52:59.467 W/ProcessCpuTracker( 3325): Skipping unknown process pid 30844
03-04 20:52:59.468 W/ProcessCpuTracker( 3325): Skipping unknown process pid 30941
03-04 20:52:59.468 W/ProcessCpuTracker( 3325): Skipping unknown process pid 31065
03-04 20:52:59.469 W/ProcessCpuTracker( 3325): Skipping unknown process pid 31080
03-04 20:52:59.470 W/ProcessCpuTracker( 3325): Skipping unknown process pid 31089
03-04 20:52:59.470 W/ProcessCpuTracker( 3325): Skipping unknown process pid 31233
03-04 20:52:59.471 W/ProcessCpuTracker( 3325): Skipping unknown process pid 31474
03-04 20:52:59.472 W/ProcessCpuTracker( 3325): Skipping unknown process pid 31663
03-04 20:52:59.472 W/ProcessCpuTracker( 3325): Skipping unknown process pid 31870
03-04 20:52:59.473 W/ProcessCpuTracker( 3325): Skipping unknown process pid 32304
03-04 20:52:59.474 W/ProcessCpuTracker( 3325): Skipping unknown process pid 32336
03-04 20:52:59.474 W/ProcessCpuTracker( 3325): Skipping unknown process pid 32571
03-04 20:52:59.485 W/ProcessCpuTracker( 3325): Skipping unknown process pid 3636
03-04 20:52:59.494 I/chatty ( 1315): uid=1000(system) Binder:1315_1B expire 3 lines
03-04 20:52:59.506 I/PackageParser( 2910): com.tencent.x5sdk.res: compat added android.permission.WRITE_EXTERNAL_STORAGE android.permission.READ_PHONE_STATE
03-04 20:52:59.530 I/PackageParser( 2910): com.tencent.x5sdk.res: compat added android.permission.WRITE_EXTERNAL_STORAGE android.permission.READ_PHONE_STATE
03-04 20:53:00.901 I/chatty ( 1315): uid=1000(system) Binder:1315_18 expire 3 lines
03-04 20:53:01.282 I/chatty ( 1315): uid=1000(system) Binder:1315_6 expire 4 lines
03-04 20:53:01.283 E/FrameworkListener( 586): read() failed (Connection reset by peer)
03-04 20:53:05.024 W/ProcessCpuTracker( 3325): Skipping unknown process pid 3722
03-04 20:53:05.025 W/ProcessCpuTracker( 3325): Skipping unknown process pid 3723
03-04 20:53:05.026 W/ProcessCpuTracker( 3325): Skipping unknown process pid 3743
03-04 20:53:05.028 W/ProcessCpuTracker( 3325): Skipping unknown process pid 3782
03-04 20:53:05.079 W/ContextImpl( 3325): Calling a method in the system process without a qualified user: android.app.ContextImpl.bindService:1435 android.content.ContextWrapper.bindService:639 smartisanos.app.tracker.TrackerServiceConnection.connect:34 smartisanos.app.tracker.Agent.connectService:65 smartisanos.app.tracker.Agent.flush:388
03-04 20:53:05.348 I/chatty ( 1315): uid=1000(system) InputReader expire 2 lines
03-04 20:53:05.895 I/chatty ( 1315): uid=1000(system) android.display expire 2 lines
03-04 20:53:10.775 I/chatty ( 1315): uid=1000(system) Binder:1315_7 expire 1 line
03-04 20:53:12.077 I/chatty ( 1315): uid=1000(system) Binder:1315_19 expire 2 lines
03-04 20:53:18.515 I/ActivityThread( 3986): Removing dead content provider:android.content.ContentProviderProxy@f12be49
03-04 20:53:38.686 I/ActivityThread( 3723): Removing dead content provider:android.content.ContentProviderProxy@4d3cf22
03-04 20:53:41.573 I/chatty ( 1315): uid=1000(system) Binder:1315_14 expire 1 line
03-04 20:53:49.722 I/chatty ( 1315): uid=1000(system) Binder:1315_8 expire 5 lines
03-04 20:53:50.922 I/PackageParser( 4554): com.tencent.x5sdk.res: compat added android.permission.WRITE_EXTERNAL_STORAGE android.permission.READ_PHONE_STATE
03-04 20:53:50.949 I/chatty ( 1315): uid=1000(system) Binder:1315_1A expire 2 lines
03-04 20:53:50.968 I/PackageParser( 4554): com.tencent.x5sdk.res: compat added android.permission.WRITE_EXTERNAL_STORAGE android.permission.READ_PHONE_STATE
03-04 20:53:51.466 I/PackageParser( 4706): com.tencent.x5sdk.res: compat added android.permission.WRITE_EXTERNAL_STORAGE android.permission.READ_PHONE_STATE
03-04 20:53:51.528 I/PackageParser( 4706): com.tencent.x5sdk.res: compat added android.permission.WRITE_EXTERNAL_STORAGE android.permission.READ_PHONE_STATE
03-04 20:53:51.783 I/chatty ( 1315): uid=1000(system) Binder:1315_1F expire 9 lines
03-04 20:53:52.198 I/chatty ( 1315): uid=1000(system) ActivityManager expire 19 lines
03-04 20:53:52.229 I/chatty ( 1315): uid=1000(system) Binder:1315_17 expire 16 lines
03-04 20:53:52.324 I/chatty ( 1315): uid=1000(system) Binder:1315_C expire 5 lines
03-04 20:53:52.422 I/chatty ( 1315): uid=1000(system) Binder:1315_13 expire 5 lines
03-04 20:53:52.727 I/chatty ( 1315): uid=1000(system) Binder:1315_F expire 10 lines
03-04 20:53:53.922 I/chatty ( 1315): uid=1000(system) Binder:1315_E expire 11 lines
03-04 20:53:53.922 I/chatty ( 1315): uid=1000(system) Binder:1315_2 expire 1 line
03-04 20:53:53.924 I/chatty ( 1315): uid=1000(system) ConnectivitySer expire 3 lines
03-04 20:53:55.448 I/chatty ( 1315): uid=1000(system) android.bg expire 15 lines
03-04 20:54:12.223 I/chatty ( 1315): uid=1000(system) Binder:1315_1E expire 5 lines
03-04 20:54:32.245 I/chatty ( 1315): uid=1000(system) Binder:1315_4 expire 1 line
03-04 20:54:42.243 I/chatty ( 1315): uid=1000(system) Binder:1315_20 expire 4 lines
03-04 20:54:57.714 I/chatty ( 1315): uid=1000(system) InputReader expire 2 lines
03-04 20:54:58.312 I/chatty ( 1315): uid=1000(system) android.display expire 6 lines
03-04 20:55:02.275 I/chatty ( 1315): uid=1000(system) Binder:1315_18 expire 10 lines
03-04 20:55:03.071 I/chatty ( 1315): uid=1000(system) Binder:1315_14 expire 5 lines
03-04 20:55:19.005 I/chatty ( 1315): uid=1000(system) Binder:1315_3 expire 7 lines
03-04 20:55:19.041 I/chatty ( 1315): uid=1000(system) Binder:1315_15 expire 2 lines
03-04 20:55:19.157 I/chatty ( 1315): uid=1000(system) Binder:1315_A expire 19 lines
03-04 20:55:22.399 I/chatty ( 1315): uid=1000(system) Binder:1315_11 expire 9 lines
03-04 20:55:38.151 I/chatty ( 1315): uid=1000(system) Binder:1315_5 expire 12 lines
03-04 20:55:38.439 I/chatty ( 1315): uid=1000(system) Binder:1315_19 expire 7 lines
03-04 20:55:42.239 I/chatty ( 1315): uid=1000(system) Binder:1315_8 expire 2 lines
03-04 20:55:42.666 I/chatty ( 1315): uid=1000(system) Binder:1315_B expire 10 lines
03-04 20:55:42.687 I/chatty ( 1315): uid=1000(system) Binder:1315_9 expire 2 lines
03-04 20:55:46.666 I/chatty ( 1315): uid=1000(system) Binder:1315_D expire 6 lines
03-04 20:55:46.736 I/chatty ( 1315): uid=1000(system) Binder:1315_1C expire 2 lines
03-04 20:55:50.847 I/chatty ( 1315): uid=1000(system) Binder:1315_1B expire 10 lines
03-04 20:55:53.340 I/chatty ( 1315): uid=1000(system) Binder:1315_1D expire 7 lines
03-04 20:55:56.051 I/chatty ( 1315): uid=1000(system) Binder:1315_1A expire 11 lines
03-04 20:55:56.349 I/chatty ( 1315): uid=1000(system) Binder:1315_1 expire 6 lines
03-04 20:55:56.938 I/chatty ( 1315): uid=1000(system) Binder:1315_10 expire 3 lines
03-04 20:56:01.480 I/chatty ( 1315): uid=1000(system) Binder:1315_16 expire 4 lines
03-04 20:56:05.317 I/chatty ( 1315): uid=1000(system) Binder:1315_6 expire 3 lines
03-04 20:56:15.739 I/chatty ( 1315): uid=1000(system) Binder:1315_7 expire 5 lines
03-04 20:56:29.705 I/chatty ( 1315): uid=1000(system) batterystats-sy expire 1 line
03-04 20:56:29.726 W/ContextImpl( 7427): Calling a method in the system process without a qualified user: android.app.ContextImpl.startService:1371 android.content.ContextWrapper.startService:616 android.content.ContextWrapper.startService:616 com.android.settings.fuelgauge.BatteryChangeReceiver.tL:-1 com.android.settings.fuelgauge.BatteryChangeReceiver.tO:-1
03-04 20:56:34.594 I/chatty ( 1315): uid=1000(system) ActivityManager expire 1 line
03-04 20:56:35.704 I/chatty ( 1315): uid=1000(system) Binder:1315_5 expire 4 lines
03-04 20:56:36.160 I/chatty ( 1315): uid=1000(system) Binder:1315_1 expire 6 lines
03-04 20:56:36.178 I/chatty ( 1315): uid=1000(system) Binder:1315_18 expire 3 lines
03-04 20:56:36.186 I/chatty ( 1315): uid=1000(system) Binder:1315_1D expire 15 lines
03-04 20:56:36.606 I/chatty ( 1315): uid=1000(system) Binder:1315_1A expire 9 lines
03-04 20:56:37.040 I/chatty ( 1315): uid=1000(system) Binder:1315_9 expire 6 lines
03-04 20:56:37.833 I/chatty ( 1315): uid=1000(system) Binder:1315_13 expire 4 lines
03-04 20:56:38.619 I/chatty ( 1315): uid=1000(system) Binder:1315_17 expire 17 lines
03-04 20:56:38.735 I/chatty ( 1315): uid=1000(system) Binder:1315_14 expire 6 lines
03-04 20:56:39.611 I/chatty ( 1315): uid=1000(system) Binder:1315_15 expire 8 lines
03-04 20:56:40.791 I/chatty ( 1315): uid=1000(system) android.bg expire 13 lines
03-04 20:56:42.216 I/chatty ( 1315): uid=1000(system) ActivityManager expire 17 lines
03-04 20:56:42.231 I/chatty ( 1315): uid=1000(system) Binder:1315_1B expire 8 lines
03-04 20:56:42.560 I/chatty ( 1315): uid=1000(system) Binder:1315_3 expire 6 lines
03-04 20:56:42.789 I/chatty ( 1315): uid=1000(system) Binder:1315_7 expire 4 lines
03-04 20:56:43.423 I/chatty ( 1315): uid=1000(system) Binder:1315_20 expire 12 lines
03-04 20:56:43.429 I/chatty ( 1315): uid=1000(system) ConnectivitySer expire 4 lines
03-04 20:56:43.985 I/chatty ( 1315): uid=1000(system) Binder:1315_1F expire 4 lines
03-04 20:56:44.952 I/chatty ( 1315): uid=1000(system) Binder:1315_10 expire 9 lines
03-04 20:56:47.219 I/PackageParser( 7873): com.tencent.x5sdk.res: compat added android.permission.WRITE_EXTERNAL_STORAGE android.permission.READ_PHONE_STATE
03-04 20:56:47.238 I/chatty ( 1315): uid=1000(system) Binder:1315_2 expire 6 lines
03-04 20:56:47.247 I/PackageParser( 7873): com.tencent.x5sdk.res: compat added android.permission.WRITE_EXTERNAL_STORAGE android.permission.READ_PHONE_STATE
03-04 20:56:49.828 I/chatty ( 1315): uid=1000(system) Binder:1315_1C expire 7 lines
03-04 20:56:50.296 I/chatty ( 1315): uid=1000(system) android.io expire 2 lines
03-04 20:56:52.249 I/chatty ( 1315): uid=1000(system) Binder:1315_B expire 2 lines
03-04 20:56:52.726 I/chatty ( 1315): uid=1000(system) Binder:1315_E expire 13 lines
03-04 20:57:02.264 I/chatty ( 1315): uid=1000(system) Binder:1315_11 expire 11 lines
03-04 20:57:12.437 I/chatty ( 1315): uid=1000(system) Binder:1315_A expire 12 lines
03-04 20:57:12.437 I/chatty ( 1315): uid=1000(system) Binder:1315_4 expire 6 lines
03-04 20:57:27.781 I/chatty ( 1315): uid=1000(system) Binder:1315_19 expire 4 lines
03-04 20:57:42.242 I/chatty ( 1315): uid=1000(system) Binder:1315_D expire 5 lines
03-04 20:58:02.232 I/chatty ( 1315): uid=1000(system) Binder:1315_F expire 14 lines
03-04 20:58:12.547 I/chatty ( 1315): uid=1000(system) Binder:1315_1E expire 4 lines
03-04 20:58:14.640 I/chatty ( 1315): uid=1000(system) Binder:1315_8 expire 4 lines
03-04 20:58:15.690 I/chatty ( 1315): uid=1000(system) Binder:1315_6 expire 6 lines
03-04 20:58:19.461 I/chatty ( 1315): uid=1000(system) Binder:1315_16 expire 2 lines
03-04 20:58:30.463 I/chatty ( 1315): uid=1000(system) Binder:1315_12 expire 12 lines
03-04 20:58:34.527 I/chatty ( 1315): uid=1000(system) Binder:1315_6 expire 11 lines
03-04 20:58:34.588 I/chatty ( 1315): uid=1000(system) Binder:1315_1E expire 6 lines
03-04 20:58:34.612 I/chatty ( 1315): uid=1000(system) Binder:1315_B expire 7 lines
03-04 20:58:36.156 I/chatty ( 1315): uid=1000(system) Binder:1315_1 expire 7 lines
03-04 20:58:36.185 I/chatty ( 1315): uid=1000(system) Binder:1315_5 expire 8 lines
03-04 20:58:36.497 I/chatty ( 1315): uid=1000(system) Binder:1315_10 expire 10 lines
03-04 20:58:36.674 I/chatty ( 1315): uid=1000(system) Binder:1315_1A expire 12 lines
03-04 20:58:37.521 I/chatty ( 1315): uid=1000(system) ActivityManager expire 18 lines
03-04 20:58:37.577 I/chatty ( 1315): uid=1000(system) Binder:1315_1C expire 12 lines
03-04 20:58:37.578 I/chatty ( 1315): uid=1000(system) ConnectivitySer expire 5 lines
03-04 20:58:38.253 I/chatty ( 1315): uid=1000(system) Binder:1315_2 expire 4 lines
03-04 20:58:40.891 I/chatty ( 1315): uid=1000(system) android.bg expire 11 lines
03-04 20:58:40.918 I/chatty ( 1315): uid=1000(system) Binder:1315_18 expire 1 line
03-04 20:58:40.989 I/chatty ( 1315): uid=1000(system) Binder:1315_20 expire 6 lines
03-04 20:58:42.320 I/chatty ( 1315): uid=1000(system) Binder:1315_16 expire 13 lines
03-04 20:58:42.574 I/PackageParser( 9808): com.tencent.x5sdk.res: compat added android.permission.WRITE_EXTERNAL_STORAGE android.permission.READ_PHONE_STATE
03-04 20:58:42.631 I/PackageParser( 9808): com.tencent.x5sdk.res: compat added android.permission.WRITE_EXTERNAL_STORAGE android.permission.READ_PHONE_STATE
03-04 20:58:43.320 I/chatty ( 1315): uid=1000(system) Binder:1315_1B expire 6 lines
03-04 20:58:43.365 I/chatty ( 1315): uid=1000(system) Binder:1315_9 expire 9 lines
03-04 20:58:43.375 I/chatty ( 1315): uid=1000(system) Binder:1315_A expire 7 lines
03-04 20:58:44.198 I/chatty ( 1315): uid=1000(system) Binder:1315_8 expire 8 lines
03-04 20:58:44.198 I/chatty ( 1315): uid=1000(system) Binder:1315_C expire 4 lines
03-04 20:58:45.341 I/chatty ( 1315): uid=1000(system) Binder:1315_13 expire 6 lines
03-04 20:58:45.743 I/chatty ( 1315): uid=1000(system) android.io expire 5 lines
03-04 20:58:47.610 I/chatty ( 1315): uid=1000(system) Binder:1315_19 expire 13 lines
03-04 20:58:47.610 I/chatty ( 1315): uid=1000(system) Binder:1315_3 expire 8 lines
03-04 20:58:50.675 I/chatty ( 1315): uid=1000(system) Binder:1315_17 expire 13 lines
03-04 20:58:51.244 I/chatty ( 1315): uid=1000(system) Binder:1315_D expire 4 lines
03-04 20:58:52.262 I/chatty ( 1315): uid=1000(system) Binder:1315_E expire 2 lines
03-04 20:59:04.113 I/chatty ( 1315): uid=1000(system) Binder:1315_1F expire 2 lines
03-04 20:59:14.120 E/ActivityThread(10020): Failed to find provider info for com.tencent.mobileqq.eipcmobileqq
03-04 20:59:14.128 E/ActivityThread( 9904): Failed to find provider info for com.tencent.mobileqq.eipcmobileqq
03-04 20:59:14.226 I/chatty ( 1315): uid=1000(system) Binder:1315_4 expire 2 lines
03-04 21:00:37.407 I/chatty ( 1315): uid=1000(system) Binder:1315_F expire 1 line
03-04 21:00:42.659 I/ActivityThread( 9942): Removing dead content provider:android.content.ContentProviderProxy@7c92e9
03-04 21:00:43.046 I/chatty ( 1315): uid=1000(system) Binder:1315_15 expire 5 lines
03-04 21:00:45.728 I/chatty ( 1315): uid=1000(system) Binder:1315_14 expire 3 lines
03-04 21:00:50.470 I/chatty ( 1315): uid=1000(system) ActivityManager expire 2 lines
03-04 21:00:54.621 I/chatty ( 1315): uid=1000(system) Binder:1315_10 expire 3 lines
03-04 21:00:55.504 I/chatty ( 1315): uid=1000(system) Binder:1315_1D expire 4 lines
03-04 21:00:59.338 I/chatty ( 1315): uid=1000(system) Binder:1315_11 expire 3 lines
03-04 21:01:00.443 I/chatty ( 1315): uid=1000(system) batterystats-sy expire 1 line
03-04 21:01:02.301 W/ContextImpl(11837): Calling a method in the system process without a qualified user: android.app.ContextImpl.startService:1371 android.content.ContextWrapper.startService:616 android.content.ContextWrapper.startService:616 com.android.settings.fuelgauge.BatteryChangeReceiver.tL:-1 com.android.settings.fuelgauge.BatteryChangeReceiver.tO:-1
03-04 21:01:02.929 I/chatty ( 1315): uid=1000(system) android.bg expire 1 line
03-04 21:01:03.342 I/PackageParser(11342): com.tencent.x5sdk.res: compat added android.permission.WRITE_EXTERNAL_STORAGE android.permission.READ_PHONE_STATE
03-04 21:01:03.391 I/PackageParser(11342): com.tencent.x5sdk.res: compat added android.permission.WRITE_EXTERNAL_STORAGE android.permission.READ_PHONE_STATE
03-04 21:01:03.625 I/PackageParser(11476): com.tencent.x5sdk.res: compat added android.permission.WRITE_EXTERNAL_STORAGE android.permission.READ_PHONE_STATE
03-04 21:01:03.689 I/PackageParser(11476): com.tencent.x5sdk.res: compat added android.permission.WRITE_EXTERNAL_STORAGE android.permission.READ_PHONE_STATE
03-04 21:01:05.876 I/chatty ( 1315): uid=1000(system) Binder:1315_12 expire 10 lines
03-04 21:01:07.308 I/chatty ( 1315): uid=1000(system) android.io expire 3 lines
03-04 21:01:12.197 I/chatty ( 1315): uid=1000(system) ActivityManager expire 10 lines
03-04 21:01:12.232 I/chatty ( 1315): uid=1000(system) Binder:1315_5 expire 4 lines
03-04 21:01:17.947 I/chatty ( 1315): uid=1000(system) android.bg expire 8 lines
03-04 21:01:32.581 I/chatty ( 1315): uid=1000(system) Binder:1315_18 expire 6 lines
03-04 21:01:32.628 I/chatty ( 1315): uid=1000(system) Binder:1315_B expire 15 lines
03-04 21:01:32.658 I/chatty ( 1315): uid=1000(system) Binder:1315_11 expire 10 lines
03-04 21:01:32.685 I/chatty ( 1315): uid=1000(system) Binder:1315_10 expire 10 lines
03-04 21:01:33.705 I/chatty ( 1315): uid=1000(system) Binder:1315_9 expire 10 lines
03-04 21:01:33.764 I/chatty ( 1315): uid=1000(system) Binder:1315_2 expire 13 lines
03-04 21:01:34.883 I/chatty ( 1315): uid=1000(system) Binder:1315_15 expire 5 lines
03-04 21:01:34.925 I/chatty ( 1315): uid=1000(system) Binder:1315_1B expire 2 lines
03-04 21:01:34.925 I/chatty ( 1315): uid=1000(system) Binder:1315_16 expire 8 lines
03-04 21:01:34.928 I/chatty ( 1315): uid=1000(system) ConnectivitySer expire 10 lines
03-04 21:01:35.703 I/chatty ( 1315): uid=1000(system) Binder:1315_4 expire 13 lines
03-04 21:01:35.721 I/chatty ( 1315): uid=1000(system) Binder:1315_1E expire 3 lines
03-04 21:01:38.021 I/chatty ( 1315): uid=1000(system) Binder:1315_17 expire 4 lines
03-04 21:01:38.021 I/chatty ( 1315): uid=1000(system) Binder:1315_1D expire 2 lines
03-04 21:01:38.839 I/chatty ( 1315): uid=1000(system) Binder:1315_1C expire 2 lines
03-04 21:01:40.434 I/chatty ( 1315): uid=1000(system) Binder:1315_13 expire 6 lines
03-04 21:01:41.035 I/chatty ( 1315): uid=1000(system) Binder:1315_14 expire 6 lines
03-04 21:01:45.585 I/chatty ( 1315): uid=1000(system) Binder:1315_D expire 4 lines
03-04 21:01:46.672 I/chatty ( 1315): uid=1000(system) Binder:1315_6 expire 14 lines
03-04 21:01:47.566 I/chatty ( 1315): uid=1000(system) Binder:1315_3 expire 7 lines
03-04 21:01:47.653 I/chatty ( 1315): uid=1000(system) Binder:1315_A expire 3 lines
03-04 21:01:52.282 I/chatty ( 1315): uid=1000(system) Binder:1315_C expire 4 lines
03-04 21:01:56.890 I/chatty ( 1315): uid=1000(system) Binder:1315_1F expire 12 lines
03-04 21:01:58.731 I/chatty ( 1315): uid=1000(system) Binder:1315_8 expire 7 lines
03-04 21:02:00.011 I/chatty ( 1315): uid=1000(system) AlarmManager expire 2 lines
03-04 21:02:01.115 I/chatty ( 1315): uid=1000(system) Binder:1315_1A expire 1 line
03-04 21:02:11.242 I/ActivityThread(12184): Removing dead content provider:android.content.ContentProviderProxy@da7f70
03-04 21:02:12.184 I/chatty ( 1315): uid=1000(system) Binder:1315_1 expire 4 lines
03-04 21:02:13.639 I/chatty ( 1315): uid=1000(system) Binder:1315_4 expire 6 lines
03-04 21:02:14.357 I/chatty ( 1315): uid=1000(system) Binder:1315_19 expire 5 lines
03-04 21:02:17.629 I/chatty ( 1315): uid=1000(system) Binder:1315_12 expire 3 lines
03-04 21:02:18.301 I/chatty ( 1315): uid=1000(system) Binder:1315_9 expire 10 lines
03-04 21:02:22.279 I/PackageParser(13354): com.tencent.x5sdk.res: compat added android.permission.WRITE_EXTERNAL_STORAGE android.permission.READ_PHONE_STATE
03-04 21:02:22.409 I/PackageParser(13354): com.tencent.x5sdk.res: compat added android.permission.WRITE_EXTERNAL_STORAGE android.permission.READ_PHONE_STATE
03-04 21:02:23.223 I/PackageParser(13580): com.tencent.x5sdk.res: compat added android.permission.WRITE_EXTERNAL_STORAGE android.permission.READ_PHONE_STATE
03-04 21:02:23.308 I/PackageParser(13580): com.tencent.x5sdk.res: compat added android.permission.WRITE_EXTERNAL_STORAGE android.permission.READ_PHONE_STATE
03-04 21:02:23.476 I/chatty ( 1315): uid=1000(system) ActivityManager expire 4 lines
03-04 21:02:26.468 I/chatty ( 1315): uid=1000(system) Binder:1315_F expire 5 lines
03-04 21:02:26.945 W/SocketClient( 586): write error (Broken pipe)
03-04 21:02:31.805 I/chatty ( 1315): uid=1000(system) Binder:1315_E expire 1 line
03-04 21:02:36.620 I/chatty ( 1315): uid=1000(system) Binder:1315_10 expire 4 lines
03-04 21:02:36.996 E/ActivityThread(14368): Failed to find provider info for com.tencent.mm.coolassist.debugprovider
03-04 21:02:39.671 I/chatty ( 1315): uid=1000(system) Binder:1315_20 expire 1 line
03-04 21:02:40.714 I/chatty ( 1315): uid=1000(system) Binder:1315_7 expire 1 line
03-04 21:02:42.217 I/chatty ( 1315): uid=1000(system) Binder:1315_9 expire 10 lines
03-04 21:02:51.321 I/chatty ( 1315): uid=1000(system) Binder:1315_13 expire 4 lines
03-04 21:02:51.343 I/chatty ( 1315): uid=1000(system) Binder:1315_1C expire 2 lines
03-04 21:02:51.397 I/chatty ( 1315): uid=1000(system) Binder:1315_D expire 5 lines
03-04 21:02:51.433 I/chatty ( 1315): uid=1000(system) Binder:1315_1F expire 4 lines
03-04 21:02:51.711 I/chatty ( 1315): uid=1000(system) Binder:1315_12 expire 10 lines
03-04 21:02:52.196 I/chatty ( 1315): uid=1000(system) ActivityManager expire 21 lines
03-04 21:02:52.217 I/chatty ( 1315): uid=1000(system) Binder:1315_A expire 8 lines
03-04 21:03:02.235 I/chatty ( 1315): uid=1000(system) Binder:1315_1B expire 3 lines
03-04 21:03:02.847 I/chatty ( 1315): uid=1000(system) Binder:1315_11 expire 11 lines
03-04 21:03:02.849 I/chatty ( 1315): uid=1000(system) ConnectivitySer expire 3 lines
03-04 21:03:02.889 I/chatty ( 1315): uid=1000(system) Binder:1315_1A expire 7 lines
03-04 21:03:02.950 I/chatty ( 1315): uid=1000(system) Binder:1315_E expire 3 lines
03-04 21:03:04.438 I/chatty ( 1315): uid=1000(system) android.bg expire 11 lines
03-04 21:03:12.223 I/chatty ( 1315): uid=1000(system) Binder:1315_16 expire 7 lines
03-04 21:03:12.954 I/chatty ( 1315): uid=1000(system) Binder:1315_1 expire 7 lines
03-04 21:03:12.955 E/ActivityThread(13659): Failed to find provider info for com.tencent.mobileqq.eipcmobileqq
03-04 21:03:12.956 E/ActivityThread(13816): Failed to find provider info for com.tencent.mobileqq.eipcmobileqq
03-04 21:03:13.005 I/chatty ( 1315): uid=1000(system) Binder:1315_3 expire 1 line
03-04 21:03:22.221 I/chatty ( 1315): uid=1000(system) Binder:1315_5 expire 4 lines
03-04 21:03:39.894 I/chatty ( 1315): uid=1000(system) Binder:1315_15 expire 7 lines
03-04 21:03:52.225 I/chatty ( 1315): uid=1000(system) Binder:1315_17 expire 21 lines
03-04 21:04:12.228 I/chatty ( 1315): uid=1000(system) Binder:1315_14 expire 9 lines
03-04 21:04:22.217 I/chatty ( 1315): uid=1000(system) Binder:1315_20 expire 6 lines
03-04 21:04:31.250 I/chatty ( 1315): uid=1000(system) batterystats-sy expire 3 lines
03-04 21:04:42.221 I/chatty ( 1315): uid=1000(system) Binder:1315_7 expire 2 lines
03-04 21:04:55.136 I/chatty ( 1315): uid=1000(system) Binder:1315_C expire 6 lines
03-04 21:05:05.752 I/chatty ( 1315): uid=1000(system) Binder:1315_19 expire 5 lines
03-04 21:05:12.505 E/ActivityThread(15287): Failed to find provider info for com.tencent.mqq.shared_file_accessor.ContentProviderImpl
03-04 21:05:12.505 I/chatty ( 1315): uid=1000(system) ActivityManager expire 12 lines
03-04 21:05:13.630 W/ContextImpl(14693): Calling a method in the system process without a qualified user: android.app.ContextImpl.startService:1371 android.content.ContextWrapper.startService:616 android.content.ContextWrapper.startService:616 com.android.settings.fuelgauge.BatteryChangeReceiver.tL:-1 com.android.settings.fuelgauge.BatteryChangeReceiver.tO:-1
03-04 21:05:22.221 I/chatty ( 1315): uid=1000(system) Binder:1315_10 expire 4 lines
03-04 21:05:22.473 I/chatty ( 1315): uid=1000(system) Binder:1315_6 expire 9 lines
03-04 21:05:22.909 I/chatty ( 1315): uid=1000(system) Binder:1315_1D expire 6 lines
03-04 21:05:23.262 I/chatty ( 1315): uid=1000(system) Binder:1315_4 expire 3 lines
03-04 21:05:24.271 I/chatty ( 1315): uid=1000(system) Binder:1315_18 expire 3 lines
03-04 21:05:24.526 I/chatty ( 1315): uid=1000(system) Binder:1315_F expire 11 lines
03-04 21:05:25.103 I/chatty ( 1315): uid=1000(system) Binder:1315_2 expire 10 lines
03-04 21:05:28.886 I/chatty ( 1315): uid=1000(system) InputReader expire 4 lines
03-04 21:05:29.162 I/chatty ( 1315): uid=1000(system) android.display expire 5 lines
03-04 21:05:32.286 I/chatty ( 1315): uid=1000(system) Binder:1315_11 expire 1 line
03-04 21:05:37.150 I/chatty ( 1315): uid=1000(system) AlarmManager expire 1 line
03-04 21:05:37.723 I/chatty ( 1315): uid=1000(system) Binder:1315_8 expire 11 lines
03-04 21:05:43.085 I/chatty ( 1315): uid=1000(system) Binder:1315_C expire 6 lines
03-04 21:05:43.435 I/chatty ( 1315): uid=1000(system) ActivityManager expire 9 lines
03-04 21:05:47.002 I/chatty ( 1315): uid=1000(system) Binder:1315_3 expire 2 lines
03-04 21:05:47.102 I/chatty ( 1315): uid=1000(system) Binder:1315_19 expire 10 lines
03-04 21:05:47.412 I/chatty ( 1315): uid=1000(system) Binder:1315_17 expire 13 lines
03-04 21:05:48.498 I/PackageParser(16215): com.tencent.x5sdk.res: compat added android.permission.WRITE_EXTERNAL_STORAGE android.permission.READ_PHONE_STATE
03-04 21:05:48.518 I/chatty ( 1315): uid=1000(system) Binder:1315_5 expire 10 lines
03-04 21:05:48.546 I/PackageParser(16215): com.tencent.x5sdk.res: compat added android.permission.WRITE_EXTERNAL_STORAGE android.permission.READ_PHONE_STATE
03-04 21:05:50.059 I/chatty ( 1315): uid=1000(system) android.bg expire 5 lines
03-04 21:05:51.836 I/chatty ( 1315): uid=1000(system) android.io expire 4 lines
03-04 21:05:53.927 I/chatty ( 1315): uid=1000(system) Binder:1315_4 expire 12 lines
03-04 21:05:53.927 I/chatty ( 1315): uid=1000(system) Binder:1315_A expire 10 lines
03-04 21:05:53.939 I/chatty ( 1315): uid=1000(system) Binder:1315_2 expire 2 lines
03-04 21:05:54.255 I/chatty ( 1315): uid=1000(system) Binder:1315_E expire 12 lines
03-04 21:05:54.694 I/chatty ( 1315): uid=1000(system) Binder:1315_1D expire 4 lines
03-04 21:05:54.762 I/chatty ( 1315): uid=1000(system) Binder:1315_1C expire 14 lines
03-04 21:05:54.786 I/chatty ( 1315): uid=1000(system) Binder:1315_D expire 9 lines
03-04 21:05:55.093 I/chatty ( 1315): uid=1000(system) ConnectivitySer expire 8 lines
03-04 21:05:55.109 I/chatty ( 1315): uid=1000(system) Binder:1315_1 expire 5 lines
03-04 21:06:00.005 I/chatty ( 1315): uid=1000(system) AlarmManager expire 1 line
03-04 21:06:08.179 I/chatty ( 1315): uid=1000(system) Binder:1315_11 expire 4 lines
03-04 21:06:10.383 I/chatty ( 1315): uid=1000(system) Binder:1315_12 expire 8 lines
03-04 21:06:10.947 I/chatty ( 1315): uid=1000(system) Binder:1315_18 expire 13 lines
03-04 21:06:11.873 I/chatty ( 1315): uid=1000(system) Binder:1315_10 expire 17 lines
03-04 21:06:12.295 I/chatty ( 1315): uid=1000(system) Binder:1315_15 expire 5 lines
03-04 21:06:14.015 I/chatty ( 1315): uid=1000(system) Binder:1315_1F expire 9 lines
03-04 21:06:16.896 I/PackageParser(17362): com.tencent.x5sdk.res: compat added android.permission.WRITE_EXTERNAL_STORAGE android.permission.READ_PHONE_STATE
03-04 21:06:16.932 I/chatty ( 1315): uid=1000(system) Binder:1315_20 expire 2 lines
03-04 21:06:17.005 I/PackageParser(17362): com.tencent.x5sdk.res: compat added android.permission.WRITE_EXTERNAL_STORAGE android.permission.READ_PHONE_STATE
03-04 21:06:20.117 I/chatty ( 1315): uid=1000 system_server expire 1 line
03-04 21:06:20.155 I/chatty ( 1315): uid=1000(system) Binder:1315_9 expire 4 lines
03-04 21:06:20.364 I/chatty ( 1315): uid=1000(system) android.display expire 1 line
03-04 21:06:21.215 I/chatty ( 1315): uid=1000(system) Binder:1315_16 expire 9 lines
03-04 21:06:21.260 I/chatty ( 1315): uid=1000(system) Binder:1315_13 expire 3 lines
03-04 21:06:21.412 I/chatty ( 1315): uid=1000(system) Binder:1315_6 expire 9 lines
03-04 21:06:21.464 I/chatty ( 1315): uid=1000(system) Binder:1315_17 expire 1 line
03-04 21:06:21.471 I/chatty ( 1315): uid=1000(system) ActivityManager expire 1 line
03-04 21:06:22.041 I/chatty ( 1315): uid=1000(system) Binder:1315_7 expire 8 lines
03-04 21:06:22.148 I/chatty ( 1315): uid=1000(system) Binder:1315_B expire 4 lines
03-04 21:06:22.375 I/chatty ( 1315): uid=1000(system) Binder:1315_F expire 3 lines
03-04 21:06:23.838 I/chatty ( 1315): uid=1000(system) Binder:1315_1A expire 4 lines
03-04 21:06:24.116 I/chatty ( 1315): uid=1000(system) Binder:1315_1E expire 1 line
03-04 21:06:32.403 I/chatty ( 1315): uid=1000(system) Binder:1315_14 expire 4 lines
03-04 21:06:33.261 E/ActivityThread(18735): Failed to find provider info for com.tencent.mm.coolassist.debugprovider
03-04 21:06:34.009 I/chatty ( 1315): uid=1000(system) Binder:1315_A expire 1 line
03-04 21:06:45.984 I/chatty ( 1315): uid=1000(system) Binder:1315_4 expire 16 lines
03-04 21:06:46.180 I/chatty ( 1315): uid=1000(system) Binder:1315_A expire 7 lines
03-04 21:06:46.212 I/chatty ( 1315): uid=1000(system) Binder:1315_15 expire 7 lines
03-04 21:06:46.528 I/chatty ( 1315): uid=1000(system) Binder:1315_6 expire 10 lines
03-04 21:06:46.985 I/chatty ( 1315): uid=1000(system) Binder:1315_1E expire 10 lines
03-04 21:06:47.018 I/chatty ( 1315): uid=1000(system) Binder:1315_12 expire 6 lines
03-04 21:06:49.885 I/chatty ( 1315): uid=1000(system) Binder:1315_9 expire 7 lines
03-04 21:06:50.139 I/chatty ( 1315): uid=1000(system) android.bg expire 12 lines
03-04 21:06:50.851 I/PackageParser(19080): com.tencent.x5sdk.res: compat added android.permission.WRITE_EXTERNAL_STORAGE android.permission.READ_PHONE_STATE
03-04 21:06:50.899 I/PackageParser(19080): com.tencent.x5sdk.res: compat added android.permission.WRITE_EXTERNAL_STORAGE android.permission.READ_PHONE_STATE
03-04 21:06:52.192 I/chatty ( 1315): uid=1000(system) ActivityManager expire 17 lines
03-04 21:06:52.217 I/chatty ( 1315): uid=1000(system) Binder:1315_5 expire 8 lines
03-04 21:06:52.639 I/chatty ( 1315): uid=1000(system) Binder:1315_19 expire 13 lines
03-04 21:06:53.870 I/chatty ( 1315): uid=1000(system) Binder:1315_11 expire 7 lines
03-04 21:06:54.135 I/chatty ( 1315): uid=1000(system) android.io expire 2 lines
03-04 21:06:56.478 I/chatty ( 1315): uid=1000(system) Binder:1315_1C expire 4 lines
03-04 21:06:56.480 I/chatty ( 1315): uid=1000(system) ConnectivitySer expire 5 lines
03-04 21:06:56.501 I/chatty ( 1315): uid=1000(system) Binder:1315_E expire 16 lines
03-04 21:07:01.340 I/chatty ( 1315): uid=1000(system) batterystats-sy expire 1 line
03-04 21:07:01.386 W/ContextImpl(19392): Calling a method in the system process without a qualified user: android.app.ContextImpl.startService:1371 android.content.ContextWrapper.startService:616 android.content.ContextWrapper.startService:616 com.android.settings.fuelgauge.BatteryChangeReceiver.tL:-1 com.android.settings.fuelgauge.BatteryChangeReceiver.tO:-1
03-04 21:07:01.728 I/chatty ( 1315): uid=1000(system) Binder:1315_D expire 5 lines
03-04 21:07:01.754 I/chatty ( 1315): uid=1000(system) Binder:1315_3 expire 6 lines
03-04 21:07:02.916 I/chatty ( 1315): uid=1000(system) Binder:1315_8 expire 6 lines
03-04 21:07:03.855 I/chatty ( 1315): uid=1000(system) Binder:1315_1A expire 7 lines
03-04 21:07:03.877 I/chatty ( 1315): uid=1000(system) Binder:1315_2 expire 9 lines
03-04 21:07:06.058 I/chatty ( 1315): uid=1000(system) Binder:1315_18 expire 4 lines
03-04 21:07:08.761 I/chatty ( 1315): uid=1000(system) Binder:1315_20 expire 5 lines
03-04 21:07:10.664 I/chatty ( 1315): uid=1000(system) Binder:1315_F expire 6 lines
03-04 21:07:10.696 I/chatty ( 1315): uid=1000(system) Binder:1315_1D expire 6 lines
03-04 21:07:11.637 I/chatty ( 1315): uid=1000(system) Binder:1315_C expire 7 lines
03-04 21:07:12.724 I/chatty ( 1315): uid=1000(system) Binder:1315_B expire 2 lines
03-04 21:07:12.967 I/chatty ( 1315): uid=1000(system) Binder:1315_17 expire 5 lines
03-04 21:07:23.539 I/chatty ( 1315): uid=1000(system) InputReader expire 4 lines
03-04 21:07:23.703 I/chatty ( 1315): uid=1000(system) Binder:1315_14 expire 2 lines
03-04 21:07:23.915 I/chatty ( 1315): uid=1000(system) android.display expire 4 lines
03-04 21:07:39.865 I/chatty ( 1315): uid=1000(system) AlarmManager expire 1 line
03-04 21:08:31.040 I/chatty ( 1315): uid=1000(system) Binder:1315_1F expire 1 line
03-04 21:08:42.224 I/chatty ( 1315): uid=1000(system) Binder:1315_1B expire 12 lines
03-04 21:09:16.425 I/chatty ( 1315): uid=1000(system) Binder:1315_1 expire 3 lines
03-04 21:09:18.070 I/chatty ( 1315): uid=1000(system) Binder:1315_7 expire 5 lines
03-04 21:09:18.266 I/chatty ( 1315): uid=1000(system) Binder:1315_13 expire 4 lines
03-04 21:09:23.548 I/ActivityThread(19705): Removing dead content provider:android.content.ContentProviderProxy@c6820f
03-04 21:09:25.644 I/chatty ( 1315): uid=1000(system) Binder:1315_4 expire 5 lines
03-04 21:09:26.902 I/PackageParser(21862): com.tencent.x5sdk.res: compat added android.permission.WRITE_EXTERNAL_STORAGE android.permission.READ_PHONE_STATE
03-04 21:09:26.949 I/PackageParser(21862): com.tencent.x5sdk.res: compat added android.permission.WRITE_EXTERNAL_STORAGE android.permission.READ_PHONE_STATE
03-04 21:09:27.320 I/chatty ( 1315): uid=1000(system) Binder:1315_6 expire 14 lines
03-04 21:09:28.495 I/PackageParser(22003): com.tencent.x5sdk.res: compat added android.permission.WRITE_EXTERNAL_STORAGE android.permission.READ_PHONE_STATE
