03-02 15:47:11.235 F/DEBUG (12247): #05 pc 0000000000283938 /data/app/com.ymkj.mmorder-1/lib/arm64/libflutter.so (offset 0x270000)
03-02 15:47:11.235 F/DEBUG (12247): #06 pc 000000000028238c /data/app/com.ymkj.mmorder-1/lib/arm64/libflutter.so (offset 0x270000)
03-02 15:47:11.235 F/DEBUG (12247): #07 pc 00000000002bd71c /data/app/com.ymkj.mmorder-1/lib/arm64/libflutter.so (offset 0x270000)
03-02 15:47:11.235 F/DEBUG (12247): #08 pc 0000000000290000 /data/app/com.ymkj.mmorder-1/lib/arm64/libflutter.so (offset 0x270000)
03-02 15:47:11.235 F/DEBUG (12247): #09 pc 00000000002926ec /data/app/com.ymkj.mmorder-1/lib/arm64/libflutter.so (offset 0x270000)
03-02 15:47:11.235 F/DEBUG (12247): #10 pc 0000000000018428 /system/lib64/libutils.so (_ZN7android6Looper9pollInnerEi+852)
03-02 15:47:11.235 F/DEBUG (12247): #11 pc 0000000000018024 /system/lib64/libutils.so (_ZN7android6Looper8pollOnceEiPiS1_PPv+60)
03-02 15:47:11.235 F/DEBUG (12247): #12 pc 00000000000f4fa8 /system/lib64/libandroid_runtime.so (_ZN7android18NativeMessageQueue8pollOnceEP7_JNIEnvP8_jobjecti+48)
03-02 15:47:11.235 F/DEBUG (12247): #13 pc 00000000020f1e00 /system/framework/arm64/boot-framework.oat (offset 0x180c000) (android.os.MessageQueue.nativePollOnce+140)
03-02 15:47:11.235 F/DEBUG (12247): #14 pc 00000000020f3a20 /system/framework/arm64/boot-framework.oat (offset 0x180c000) (android.os.MessageQueue.next+236)
03-02 15:47:11.235 F/DEBUG (12247): #15 pc 00000000020ed58c /system/framework/arm64/boot-framework.oat (offset 0x180c000) (android.os.Looper.loop+520)
03-02 15:47:11.235 F/DEBUG (12247): #16 pc 00000000018d1b44 /system/framework/arm64/boot-framework.oat (offset 0x180c000) (android.app.ActivityThread.main+528)
03-02 15:47:11.235 F/DEBUG (12247): #17 pc 00000000000d2d68 /system/lib64/libart.so (art_quick_invoke_static_stub+600)
03-02 15:47:11.235 F/DEBUG (12247): #18 pc 00000000000df7b0 /system/lib64/libart.so (_ZN3art9ArtMethod6InvokeEPNS_6ThreadEPjjPNS_6JValueEPKc+252)
03-02 15:47:11.235 F/DEBUG (12247): #19 pc 000000000042a940 /system/lib64/libart.so (_ZN3artL18InvokeWithArgArrayERKNS_33ScopedObjectAccessAlreadyRunnableEPNS_9ArtMethodEPNS_8ArgArrayEPNS_6JValueEPKc+108)
03-02 15:47:11.235 F/DEBUG (12247): #20 pc 000000000042c4b0 /system/lib64/libart.so (_ZN3art12InvokeMethodERKNS_33ScopedObjectAccessAlreadyRunnableEP8_jobjectS4_S4_m+1188)
03-02 15:47:11.235 F/DEBUG (12247): #21 pc 00000000003a4a68 /system/lib64/libart.so (_ZN3artL13Method_invokeEP7_JNIEnvP8_jobjectS3_S3_+56)
03-02 15:47:11.235 F/DEBUG (12247): #22 pc 000000000061c098 /system/framework/arm64/boot.oat (offset 0x54f000) (java.lang.reflect.Method.invoke+180)
03-02 15:47:11.235 F/DEBUG (12247): #23 pc 00000000027f1b20 /system/framework/arm64/boot-framework.oat (offset 0x180c000) (com.android.internal.os.ZygoteInit$MethodAndArgsCaller.run+124)
03-02 15:47:11.235 F/DEBUG (12247): #24 pc 00000000027f2f70 /system/framework/arm64/boot-framework.oat (offset 0x180c000) (com.android.internal.os.ZygoteInit.main+1580)
03-02 15:47:11.235 F/DEBUG (12247): #25 pc 00000000000d2d68 /system/lib64/libart.so (art_quick_invoke_static_stub+600)
03-02 15:47:11.235 F/DEBUG (12247): #26 pc 00000000000df7b0 /system/lib64/libart.so (_ZN3art9ArtMethod6InvokeEPNS_6ThreadEPjjPNS_6JValueEPKc+252)
03-02 15:47:11.235 F/DEBUG (12247): #27 pc 000000000042a940 /system/lib64/libart.so (_ZN3artL18InvokeWithArgArrayERKNS_33ScopedObjectAccessAlreadyRunnableEPNS_9ArtMethodEPNS_8ArgArrayEPNS_6JValueEPKc+108)
03-02 15:47:11.235 F/DEBUG (12247): #28 pc 000000000042a598 /system/lib64/libart.so (_ZN3art17InvokeWithVarArgsERKNS_33ScopedObjectAccessAlreadyRunnableEP8_jobjectP10_jmethodIDSt9__va_list+380)
03-02 15:47:11.235 F/DEBUG (12247): #29 pc 0000000000345dec /system/lib64/libart.so (_ZN3art3JNI21CallStaticVoidMethodVEP7_JNIEnvP7_jclassP10_jmethodIDSt9__va_list+604)
03-02 15:47:11.235 F/DEBUG (12247): #30 pc 00000000000a2984 /system/lib64/libandroid_runtime.so
03-02 15:47:11.236 F/DEBUG (12247): #31 pc 00000000000a4f34 /system/lib64/libandroid_runtime.so (_ZN7android14AndroidRuntime5startEPKcRKNS_6VectorINS_7String8EEEb+672)
03-02 15:47:11.236 F/DEBUG (12247): #32 pc 0000000000002260 /system/bin/app_process64
03-02 15:47:11.236 F/DEBUG (12247): #33 pc 000000000001a7d8 /system/lib64/libc.so (__libc_init+88)
03-02 15:47:11.236 F/DEBUG (12247): #34 pc 0000000000001ccc /system/bin/app_process64
03-02 17:36:22.235 E/AndroidRuntime( 6821): FATAL EXCEPTION: main
03-02 17:36:22.235 E/AndroidRuntime( 6821): Process: com.ymkj.mmlive, PID: 6821
03-02 17:36:22.235 E/AndroidRuntime( 6821): java.lang.RuntimeException: Unable to get provider cn.jpush.android.service.DataProvider: java.lang.ClassNotFoundException: Didn't find class "cn.jpush.android.service.DataProvider" on path: DexPathList[[zip file "/data/app/com.ymkj.mmlive-2/base.apk"],nativeLibraryDirectories=[/data/app/com.ymkj.mmlive-2/lib/arm64, /data/app/com.ymkj.mmlive-2/base.apk!/lib/arm64-v8a, /system/lib64, /vendor/lib64]]
03-02 17:36:22.235 E/AndroidRuntime( 6821): at android.app.ActivityThread.installProvider(ActivityThread.java:6102)
03-02 17:36:22.235 E/AndroidRuntime( 6821): at android.app.ActivityThread.installContentProviders(ActivityThread.java:5679)
03-02 17:36:22.235 E/AndroidRuntime( 6821): at android.app.ActivityThread.handleBindApplication(ActivityThread.java:5618)
03-02 17:36:22.235 E/AndroidRuntime( 6821): at android.app.ActivityThread.-wrap2(ActivityThread.java)
03-02 17:36:22.235 E/AndroidRuntime( 6821): at android.app.ActivityThread$H.handleMessage(ActivityThread.java:1718)
03-02 17:36:22.235 E/AndroidRuntime( 6821): at android.os.Handler.dispatchMessage(Handler.java:102)
03-02 17:36:22.235 E/AndroidRuntime( 6821): at android.os.Looper.loop(Looper.java:159)
03-02 17:36:22.235 E/AndroidRuntime( 6821): at android.app.ActivityThread.main(ActivityThread.java:6364)
03-02 17:36:22.235 E/AndroidRuntime( 6821): at java.lang.reflect.Method.invoke(Native Method)
03-02 17:36:22.235 E/AndroidRuntime( 6821): at com.android.internal.os.ZygoteInit$MethodAndArgsCaller.run(ZygoteInit.java:1096)
03-02 17:36:22.235 E/AndroidRuntime( 6821): at com.android.internal.os.ZygoteInit.main(ZygoteInit.java:883)
03-02 17:36:22.235 E/AndroidRuntime( 6821): Caused by: java.lang.ClassNotFoundException: Didn't find class "cn.jpush.android.service.DataProvider" on path: DexPathList[[zip file "/data/app/com.ymkj.mmlive-2/base.apk"],nativeLibraryDirectories=[/data/app/com.ymkj.mmlive-2/lib/arm64, /data/app/com.ymkj.mmlive-2/base.apk!/lib/arm64-v8a, /system/lib64, /vendor/lib64]]
03-02 17:36:22.235 E/AndroidRuntime( 6821): at dalvik.system.BaseDexClassLoader.findClass(BaseDexClassLoader.java:56)
03-02 17:36:22.235 E/AndroidRuntime( 6821): at java.lang.ClassLoader.loadClass(ClassLoader.java:380)
03-02 17:36:22.235 E/AndroidRuntime( 6821): at java.lang.ClassLoader.loadClass(ClassLoader.java:312)
03-02 17:36:22.235 E/AndroidRuntime( 6821): at android.app.ActivityThread.installProvider(ActivityThread.java:6087)
03-02 17:36:22.235 E/AndroidRuntime( 6821): ... 10 more
03-02 17:36:23.503 E/AndroidRuntime( 6865): FATAL EXCEPTION: main
03-02 17:36:23.503 E/AndroidRuntime( 6865): Process: com.ymkj.mmlive, PID: 6865
03-02 17:36:23.503 E/AndroidRuntime( 6865): java.lang.RuntimeException: Unable to get provider cn.jpush.android.service.DataProvider: java.lang.ClassNotFoundException: Didn't find class "cn.jpush.android.service.DataProvider" on path: DexPathList[[zip file "/data/app/com.ymkj.mmlive-2/base.apk"],nativeLibraryDirectories=[/data/app/com.ymkj.mmlive-2/lib/arm64, /data/app/com.ymkj.mmlive-2/base.apk!/lib/arm64-v8a, /system/lib64, /vendor/lib64]]
03-02 17:36:23.503 E/AndroidRuntime( 6865): at android.app.ActivityThread.installProvider(ActivityThread.java:6102)
03-02 17:36:23.503 E/AndroidRuntime( 6865): at android.app.ActivityThread.installContentProviders(ActivityThread.java:5679)
03-02 17:36:23.503 E/AndroidRuntime( 6865): at android.app.ActivityThread.handleBindApplication(ActivityThread.java:5618)
03-02 17:36:23.503 E/AndroidRuntime( 6865): at android.app.ActivityThread.-wrap2(ActivityThread.java)
03-02 17:36:23.503 E/AndroidRuntime( 6865): at android.app.ActivityThread$H.handleMessage(ActivityThread.java:1718)
03-02 17:36:23.503 E/AndroidRuntime( 6865): at android.os.Handler.dispatchMessage(Handler.java:102)
03-02 17:36:23.503 E/AndroidRuntime( 6865): at android.os.Looper.loop(Looper.java:159)
03-02 17:36:23.503 E/AndroidRuntime( 6865): at android.app.ActivityThread.main(ActivityThread.java:6364)
03-02 17:36:23.503 E/AndroidRuntime( 6865): at java.lang.reflect.Method.invoke(Native Method)
03-02 17:36:23.503 E/AndroidRuntime( 6865): at com.android.internal.os.ZygoteInit$MethodAndArgsCaller.run(ZygoteInit.java:1096)
03-02 17:36:23.503 E/AndroidRuntime( 6865): at com.android.internal.os.ZygoteInit.main(ZygoteInit.java:883)
03-02 17:36:23.503 E/AndroidRuntime( 6865): Caused by: java.lang.ClassNotFoundException: Didn't find class "cn.jpush.android.service.DataProvider" on path: DexPathList[[zip file "/data/app/com.ymkj.mmlive-2/base.apk"],nativeLibraryDirectories=[/data/app/com.ymkj.mmlive-2/lib/arm64, /data/app/com.ymkj.mmlive-2/base.apk!/lib/arm64-v8a, /system/lib64, /vendor/lib64]]
03-02 17:36:23.503 E/AndroidRuntime( 6865): at dalvik.system.BaseDexClassLoader.findClass(BaseDexClassLoader.java:56)
03-02 17:36:23.503 E/AndroidRuntime( 6865): at java.lang.ClassLoader.loadClass(ClassLoader.java:380)
03-02 17:36:23.503 E/AndroidRuntime( 6865): at java.lang.ClassLoader.loadClass(ClassLoader.java:312)
03-02 17:36:23.503 E/AndroidRuntime( 6865): at android.app.ActivityThread.installProvider(ActivityThread.java:6087)
03-02 17:36:23.503 E/AndroidRuntime( 6865): ... 10 more
03-02 17:36:24.533 E/AndroidRuntime( 6910): FATAL EXCEPTION: main
03-02 17:36:24.533 E/AndroidRuntime( 6910): Process: com.ymkj.mmlive, PID: 6910
03-02 17:36:24.533 E/AndroidRuntime( 6910): java.lang.RuntimeException: Unable to get provider cn.jpush.android.service.DataProvider: java.lang.ClassNotFoundException: Didn't find class "cn.jpush.android.service.DataProvider" on path: DexPathList[[zip file "/data/app/com.ymkj.mmlive-2/base.apk"],nativeLibraryDirectories=[/data/app/com.ymkj.mmlive-2/lib/arm64, /data/app/com.ymkj.mmlive-2/base.apk!/lib/arm64-v8a, /system/lib64, /vendor/lib64]]
03-02 17:36:24.533 E/AndroidRuntime( 6910): at android.app.ActivityThread.installProvider(ActivityThread.java:6102)
03-02 17:36:24.533 E/AndroidRuntime( 6910): at android.app.ActivityThread.installContentProviders(ActivityThread.java:5679)
03-02 17:36:24.533 E/AndroidRuntime( 6910): at android.app.ActivityThread.handleBindApplication(ActivityThread.java:5618)
03-02 17:36:24.533 E/AndroidRuntime( 6910): at android.app.ActivityThread.-wrap2(ActivityThread.java)
03-02 17:36:24.533 E/AndroidRuntime( 6910): at android.app.ActivityThread$H.handleMessage(ActivityThread.java:1718)
03-02 17:36:24.533 E/AndroidRuntime( 6910): at android.os.Handler.dispatchMessage(Handler.java:102)
03-02 17:36:24.533 E/AndroidRuntime( 6910): at android.os.Looper.loop(Looper.java:159)
03-02 17:36:24.533 E/AndroidRuntime( 6910): at android.app.ActivityThread.main(ActivityThread.java:6364)
03-02 17:36:24.533 E/AndroidRuntime( 6910): at java.lang.reflect.Method.invoke(Native Method)
03-02 17:36:24.533 E/AndroidRuntime( 6910): at com.android.internal.os.ZygoteInit$MethodAndArgsCaller.run(ZygoteInit.java:1096)
03-02 17:36:24.533 E/AndroidRuntime( 6910): at com.android.internal.os.ZygoteInit.main(ZygoteInit.java:883)
03-02 17:36:24.533 E/AndroidRuntime( 6910): Caused by: java.lang.ClassNotFoundException: Didn't find class "cn.jpush.android.service.DataProvider" on path: DexPathList[[zip file "/data/app/com.ymkj.mmlive-2/base.apk"],nativeLibraryDirectories=[/data/app/com.ymkj.mmlive-2/lib/arm64, /data/app/com.ymkj.mmlive-2/base.apk!/lib/arm64-v8a, /system/lib64, /vendor/lib64]]
03-02 17:36:24.533 E/AndroidRuntime( 6910): at dalvik.system.BaseDexClassLoader.findClass(BaseDexClassLoader.java:56)
03-02 17:36:24.533 E/AndroidRuntime( 6910): at java.lang.ClassLoader.loadClass(ClassLoader.java:380)
03-02 17:36:24.533 E/AndroidRuntime( 6910): at java.lang.ClassLoader.loadClass(ClassLoader.java:312)
03-02 17:36:24.533 E/AndroidRuntime( 6910): at android.app.ActivityThread.installProvider(ActivityThread.java:6087)
03-02 17:36:24.533 E/AndroidRuntime( 6910): ... 10 more --------- beginning of system
03-04 20:12:35.535 I/chatty ( 1315): uid=1000(system) Binder:1315_17 expire 4 lines
03-04 20:12:41.986 I/chatty ( 1315): uid=1000(system) Binder:1315_18 expire 8 lines
03-04 20:12:43.396 I/chatty ( 1315): uid=1000(system) Binder:1315_C expire 12 lines
03-04 20:12:53.403 I/chatty ( 1315): uid=1000(system) Binder:1315_14 expire 2 lines
03-04 20:13:03.006 I/chatty ( 1315): uid=1000(system) Binder:1315_8 expire 9 lines
03-04 20:13:03.406 I/chatty ( 1315): uid=1000(system) Binder:1315_2 expire 7 lines
03-04 20:13:04.019 I/chatty ( 1315): uid=1000(system) Binder:1315_5 expire 15 lines
03-04 20:13:04.021 I/ActivityThread(18965): Removing dead content provider:android.content.ContentProviderProxy@7c92e9
03-04 20:13:13.390 I/chatty ( 1315): uid=1000(system) Binder:1315_4 expire 6 lines
03-04 20:13:33.402 I/chatty ( 1315): uid=1000(system) Binder:1315_19 expire 3 lines
03-04 20:13:34.443 I/chatty ( 1315): uid=1000(system) Binder:1315_1F expire 5 lines
03-04 20:13:43.396 I/chatty ( 1315): uid=1000(system) Binder:1315_E expire 6 lines
03-04 20:13:43.584 I/chatty ( 1315): uid=1000(system) Binder:1315_16 expire 6 lines
03-04 20:14:03.396 I/chatty ( 1315): uid=1000(system) Binder:1315_11 expire 10 lines
03-04 20:14:09.562 I/chatty ( 1315): uid=1000(system) Binder:1315_B expire 5 lines
03-04 20:14:09.911 I/chatty ( 1315): uid=1000(system) Binder:1315_6 expire 8 lines
03-04 20:14:10.739 I/chatty ( 1315): uid=1000(system) Binder:1315_20 expire 2 lines
03-04 20:14:10.995 I/chatty ( 1315): uid=1000(system) Binder:1315_F expire 3 lines
03-04 20:14:12.123 I/chatty ( 1315): uid=1000(system) Binder:1315_1D expire 13 lines
03-04 20:14:12.319 I/chatty ( 1315): uid=1000(system) Binder:1315_A expire 5 lines
03-04 20:14:13.043 I/chatty ( 1315): uid=1000(system) Binder:1315_3 expire 1 line
03-04 20:14:21.701 I/chatty ( 1315): uid=1000(system) Binder:1315_10 expire 2 lines
03-04 20:14:22.235 I/chatty ( 1315): uid=1000(system) Binder:1315_12 expire 9 lines
03-04 20:14:27.742 I/chatty ( 1315): uid=1000(system) Binder:1315_D expire 8 lines
03-04 20:14:31.300 I/chatty ( 1315): uid=1000(system) Binder:1315_1E expire 9 lines
03-04 20:14:59.351 I/chatty ( 1315): uid=1000(system) batterystats-sy expire 1 line
03-04 20:14:59.533 W/ContextImpl(19748): Calling a method in the system process without a qualified user: android.app.ContextImpl.startService:1371 android.content.ContextWrapper.startService:616 android.content.ContextWrapper.startService:616 com.android.settings.fuelgauge.BatteryChangeReceiver.tL:-1 com.android.settings.fuelgauge.BatteryChangeReceiver.tO:-1
03-04 20:15:03.373 I/chatty ( 1315): uid=1000(system) ActivityManager expire 11 lines
03-04 20:15:07.908 I/chatty ( 1315): uid=1000(system) android.bg expire 9 lines
03-04 20:16:00.051 I/chatty ( 1315): uid=1000(system) Binder:1315_1A expire 6 lines
03-04 20:16:27.818 I/chatty ( 1315): uid=1000(system) Binder:1315_5 expire 4 lines
03-04 20:16:27.820 I/ActivityThread(20400): Removing dead content provider:android.content.ContentProviderProxy@5a2f704
03-04 20:16:29.264 I/chatty ( 1315): uid=1000(system) Binder:1315_11 expire 9 lines
03-04 20:16:31.528 I/chatty ( 1315): uid=1000(system) ActivityManager expire 18 lines
03-04 20:16:31.562 I/chatty ( 1315): uid=1000(system) Binder:1315_15 expire 10 lines
03-04 20:16:31.585 I/chatty ( 1315): uid=1000(system) Binder:1315_13 expire 1 line
03-04 20:16:32.622 I/chatty ( 1315): uid=1000(system) Binder:1315_20 expire 8 lines
03-04 20:16:37.964 I/chatty ( 1315): uid=1000(system) android.bg expire 11 lines
03-04 20:16:41.990 I/chatty ( 1315): uid=1000(system) Binder:1315_1D expire 7 lines
03-04 20:16:43.396 I/chatty ( 1315): uid=1000(system) Binder:1315_1C expire 13 lines
03-04 20:16:53.394 I/chatty ( 1315): uid=1000(system) Binder:1315_1E expire 5 lines
03-04 20:17:01.714 I/chatty ( 1315): uid=1000(system) Binder:1315_B expire 10 lines
03-04 20:17:02.777 I/chatty ( 1315): uid=1000(system) Binder:1315_5 expire 2 lines
03-04 20:17:14.946 I/chatty ( 1315): uid=1000(system) Binder:1315_3 expire 10 lines
03-04 20:17:23.396 I/chatty ( 1315): uid=1000(system) Binder:1315_D expire 5 lines
03-04 20:17:29.740 I/chatty ( 1315): uid=1000(system) batterystats-sy expire 1 line
03-04 20:17:30.063 I/chatty ( 1315): uid=1000(system) Binder:1315_4 expire 10 lines
03-04 20:17:30.084 W/ContextImpl(20594): Calling a method in the system process without a qualified user: android.app.ContextImpl.startService:1371 android.content.ContextWrapper.startService:616 android.content.ContextWrapper.startService:616 com.android.settings.fuelgauge.BatteryChangeReceiver.tL:-1 com.android.settings.fuelgauge.BatteryChangeReceiver.tO:-1
03-04 20:17:33.401 I/chatty ( 1315): uid=1000(system) Binder:1315_E expire 6 lines
03-04 20:18:03.229 I/chatty ( 1315): uid=1000(system) Binder:1315_7 expire 6 lines
03-04 20:18:03.438 I/chatty ( 1315): uid=1000(system) Binder:1315_17 expire 7 lines
03-04 20:18:03.461 I/chatty ( 1315): uid=1000(system) Binder:1315_1B expire 6 lines
03-04 20:18:13.505 I/chatty ( 1315): uid=1000(system) Binder:1315_6 expire 7 lines
03-04 20:18:27.189 I/chatty ( 1315): uid=1000(system) Binder:1315_9 expire 9 lines
03-04 20:18:27.203 I/chatty ( 1315): uid=1000(system) Binder:1315_C expire 5 lines
03-04 20:18:31.988 I/chatty ( 1315): uid=1000(system) Binder:1315_10 expire 4 lines
03-04 20:18:47.184 I/chatty ( 1315): uid=1000(system) Binder:1315_18 expire 4 lines
03-04 20:18:54.690 I/chatty ( 1315): uid=1000(system) Binder:1315_1F expire 8 lines
03-04 20:18:54.937 I/chatty ( 1315): uid=1000(system) Binder:1315_14 expire 11 lines
03-04 20:18:57.392 I/chatty ( 1315): uid=1000(system) Binder:1315_16 expire 1 line
03-04 20:18:57.899 I/chatty ( 1315): uid=1000(system) Binder:1315_1A expire 5 lines
03-04 20:18:57.901 I/ActivityThread(20986): Removing dead content provider:android.content.ContentProviderProxy@5a2f704
03-04 20:18:58.921 I/chatty ( 1315): uid=1000(system) ActivityManager expire 13 lines
03-04 20:18:59.076 I/chatty ( 1315): uid=1000(system) Binder:1315_8 expire 9 lines
03-04 20:18:59.453 I/chatty ( 1315): uid=1000(system) Binder:1315_A expire 3 lines
03-04 20:19:08.061 I/chatty ( 1315): uid=1000(system) android.bg expire 7 lines
03-04 20:19:13.412 I/chatty ( 1315): uid=1000(system) Binder:1315_12 expire 6 lines
03-04 20:19:53.052 I/chatty ( 1315): uid=1000(system) Binder:1315_2 expire 5 lines
03-04 20:19:55.233 I/chatty ( 1315): uid=1000(system) Binder:1315_B expire 4 lines
03-04 20:19:58.858 I/chatty ( 1315): uid=1000(system) Binder:1315_4 expire 2 lines
03-04 20:20:25.886 I/ActivityThread(21517): Removing dead content provider:android.content.ContentProviderProxy@867c717
03-04 20:20:26.900 I/chatty ( 1315): uid=1000(system) ActivityManager expire 3 lines
03-04 20:20:27.991 I/chatty ( 1315): uid=1000(system) Binder:1315_1C expire 12 lines
03-04 20:20:46.339 I/chatty ( 1315): uid=1000(system) Binder:1315_3 expire 9 lines
03-04 20:20:47.368 I/chatty ( 1315): uid=1000(system) ActivityManager expire 11 lines
03-04 20:20:47.389 I/chatty ( 1315): uid=1000(system) Binder:1315_6 expire 5 lines
03-04 20:20:53.122 I/chatty ( 1315): uid=1000(system) android.bg expire 25 lines
03-04 20:21:11.683 I/chatty ( 1315): uid=1000(system) Binder:1315_13 expire 4 lines
03-04 20:21:34.104 W/ContextImpl(21834): Calling a method in the system process without a qualified user: android.app.ContextImpl.startService:1371 android.content.ContextWrapper.startService:616 android.content.ContextWrapper.startService:616 com.android.settings.settingitemsprovider.SettingItemsReceiver.onReceive:-1 android.app.ActivityThread.handleReceiver:3241
03-04 20:21:34.144 I/chatty ( 1315): uid=1000(system) Binder:1315_11 expire 5 lines
03-04 20:21:34.156 I/chatty ( 1315): uid=1000(system) Binder:1315_1E expire 6 lines
03-04 20:21:34.196 I/chatty ( 1315): uid=1000(system) Binder:1315_19 expire 11 lines
03-04 20:21:34.320 I/chatty ( 1315): uid=1000(system) Binder:1315_9 expire 4 lines
03-04 20:21:34.657 W/ContextImpl(21834): Calling a method in the system process without a qualified user: android.app.ContextImpl.startService:1371 android.content.ContextWrapper.startService:616 android.content.ContextWrapper.startService:616 com.android.settings.settingitemsprovider.SettingItemsReceiver.onReceive:-1 android.app.ActivityThread.handleReceiver:3241
03-04 20:21:34.726 I/chatty ( 1315): uid=1000(system) Binder:1315_18 expire 13 lines
03-04 20:21:34.877 I/chatty ( 1315): uid=1000(system) Binder:1315_A expire 1 line
03-04 20:21:34.880 I/chatty ( 1315): uid=1000(system) Binder:1315_1B expire 2 lines
03-04 20:21:35.369 I/chatty ( 1315): uid=1000(system) Binder:1315_1D expire 6 lines
03-04 20:21:35.984 I/chatty ( 1315): uid=1000(system) Binder:1315_4 expire 5 lines
03-04 20:21:36.220 I/chatty ( 1315): uid=1000(system) Binder:1315_1A expire 4 lines
03-04 20:21:36.457 I/chatty ( 1315): uid=1000(system) Binder:1315_D expire 7 lines
03-04 20:21:36.661 I/Telecom ( 1768): : Adding new incoming call with phoneAccountHandle ComponentInfo{com.android.phone/com.android.services.telephony.TelephonyConnectionService}, [ac3478d69a3c81fa62e60f5c3696165a4e5e6ac4], UserHandle{0}, 1: TSI.aNIC@BAg
03-04 20:21:36.672 I/Telecom ( 1768): PhoneAccountRegistrar: SimCallManager queried, returning: null: TSI.aNIC@BAg
03-04 20:21:36.677 I/Telecom ( 1768): Event: Call TC@17: CREATED, null: TSI.aNIC@BAg
03-04 20:21:36.689 I/Telecom ( 1768): PhoneAccountRegistrar: SimCallManager queried, returning: null: TSI.aNIC@BAg
03-04 20:21:36.690 I/Telecom ( 1768): CreateConnectionProcessor: Trying attempt CallAttemptRecord(ComponentInfo{com.android.phone/com.android.services.telephony.TelephonyConnectionService}, [ac3478d69a3c81fa62e60f5c3696165a4e5e6ac4], UserHandle{0}, 1,ComponentInfo{com.android.phone/com.android.services.telephony.TelephonyConnectionService}, [ac3478d69a3c81fa62e60f5c3696165a4e5e6ac4], UserHandle{0}, 1): TSI.aNIC@BAg
03-04 20:21:36.691 I/Telecom ( 1768): Event: Call TC@17: BIND_CS, ComponentInfo{com.android.phone/com.android.services.telephony.TelephonyConnectionService}: TSI.aNIC@BAg
03-04 20:21:36.698 I/Telecom ( 1768): TelecomSystem: CallerInfoAsyncQuery.startQuery number=[91afc4c2917059721285db729422445840ce77e8] cookie=TSI.aNIC->CILH.sL@BAg_1_0: TSI.aNIC->CILH.sL@BAg_1
03-04 20:21:36.707 I/Telecom ( 1768): ServiceBinderConnection: Service bound ComponentInfo{com.android.phone/com.android.services.telephony.TelephonyConnectionService}: SBC.oSC@BAk
03-04 20:21:36.707 I/Telecom ( 1768): Event: Call TC@17: CS_BOUND, ComponentInfo{com.android.phone/com.android.services.telephony.TelephonyConnectionService}: SBC.oSC@BAk
03-04 20:21:36.707 I/Telecom ( 1768): Event: Call TC@17: START_CONNECTION, tel:***: SBC.oSC@BAk
03-04 20:21:36.723 I/Telecom ( 1768): PhoneAccountRegistrar: SimCallManager queried, returning: null: CSW.qRCS@BAo
03-04 20:21:36.740 I/Telecom ( 1768): CallerInfoLookupHelper: CI query for handle tel:*** has completed; notifying all listeners.: TSI.aNIC->CILH.sL->CILH.oQC@BAg_1_0
03-04 20:21:36.740 I/Telecom ( 1768): Call: CallerInfo received for tel:***: com.android.internal.telephony.CallerInfo@4a93f99 { name non-null, phoneNumber non-null }: TSI.aNIC->CILH.sL->CILH.oQC@BAg_1_0
03-04 20:21:36.744 I/Telecom ( 1768): Event: Call TC@17: CAPABILITY_CHANGE, Current: [[ sup_hld mut !v2a spd_aud]], Removed [[]], Added [[ sup_hld mut !v2a spd_aud]]: CSW.hCCC@BAs
03-04 20:21:36.745 I/Telecom ( 1768): Event: Call TC@17: FILTERING_INITIATED, null: CSW.hCCC@BAs
03-04 20:21:36.746 I/Telecom ( 1768): Event: Call TC@17: DIRECT_TO_VM_INITIATED, null: CSW.hCCC@BAs
03-04 20:21:36.746 I/Telecom ( 1768): CallerInfoLookupHelper: Caller info already exists for handle tel:***; using cached value: CSW.hCCC@BAs
03-04 20:21:36.746 I/Telecom ( 1768): Event: Call TC@17: DIRECT_TO_VM_FINISHED, [Allow, logged, notified]: CSW.hCCC@BAs
03-04 20:21:36.746 I/Telecom ( 1768): CallerInfoLookupHelper: There is a pending photo query for handle tel:***. Adding to listeners for this query.: CSW.hCCC@BAs
03-04 20:21:36.748 I/Telecom ( 1768): Event: Call TC@17: SCREENING_SENT, null: CSW.hCCC@BAs
03-04 20:21:36.753 I/Telecom ( 1768): Event: Call TC@17: BLOCK_CHECK_INITIATED, null: CSW.hCCC->ABCF.dIB@BAs_1
03-04 20:21:36.756 I/Telecom ( 1768): CallScreeningServiceFilter: There are no call screening services installed on this device.: CSW.hCCC@BAs
03-04 20:21:36.756 I/Telecom ( 1768): CallScreeningServiceFilter: Could not bind to call screening service: CSW.hCCC@BAs
03-04 20:21:36.757 I/Telecom ( 1768): Event: Call TC@17: SCREENING_COMPLETED, [Allow, logged, notified]: CSW.hCCC@BAs
03-04 20:21:36.758 I/Telecom ( 1768): TelecomSystem: CallerInfoAsyncQuery.startQuery number=[91afc4c2917059721285db729422445840ce77e8] cookie=CSW.hCCC->CILH.sL@BAs_0_0: CSW.hCCC->CILH.sL@BAs_0
03-04 20:21:36.775 I/Telecom ( 1768): Call: CallerInfo received for tel:***: com.android.internal.telephony.CallerInfo@4a93f99 { name non-null, phoneNumber non-null }: TSI.aNIC->CILH.sL->CILH.oQC->CILH.sPL->CLIH.oILC@BAg_1_0_0_0
03-04 20:21:36.793 I/Telecom ( 1768): CallerInfoLookupHelper: CI query for handle tel:*** has completed, but there are no listeners left.: CSW.hCCC->CILH.sL->CILH.oQC@BAs_0_0
03-04 20:21:36.810 I/Telecom ( 1768): Event: Call TC@17: BLOCK_CHECK_FINISHED, [Allow, logged, notified]: CSW.hCCC->ABCF.oPE@BAs_2
03-04 20:21:36.810 I/Telecom ( 1768): Event: Call TC@17: FILTERING_COMPLETED, [Allow, logged, notified]: CSW.hCCC->ABCF.oPE->ICF.oCFC@BAs_2_0
03-04 20:21:36.811 I/Telecom ( 1768): CallsManager: setCallState NEW -> RINGING, call: [TC@17, NEW, com.android.phone/com.android.services.telephony.TelephonyConnectionService, tel:***, A, childs(0), has_parent(false), [Capabilities: CAPABILITY_SUPPORT_HOLD CAPABILITY_MUTE CAPABILITY_CANNOT_DOWNGRADE_VIDEO_TO_AUDIO CAPABILITY_SPEED_UP_MT_AUDIO], [Properties:]]: CSW.hCCC->ABCF.oPE->ICF.oCFC@BAs_2_0
03-04 20:21:36.815 I/Telecom ( 1768): Event: Call TC@17: SET_RINGING, successful incoming call: CSW.hCCC->ABCF.oPE->ICF.oCFC@BAs_2_0
03-04 20:21:36.815 W/Telecom ( 1768): CallsManager: isIncomingVideoCallAllowed: null Extras or not an incoming video call or allow video calls in low battery: CSW.hCCC->ABCF.oPE->ICF.oCFC@BAs_2_0
03-04 20:21:36.857 I/Telecom ( 1768): ProximitySensorManager: regOrUnregSensorListener(), proximity sensor register reason = 0x1, registered = true: CSW.hCCC->ABCF.oPE->ICF.oCFC@BAs_2_0
03-04 20:21:36.860 I/Telecom ( 1768): TelecomWakeLock: Acquiring WakeLock with id: 26: CSW.hCCC->ABCF.oPE->ICF.oCFC@BAs_2_0
03-04 20:21:36.861 I/Telecom ( 1768): InCallWakeLockController: Acquiring full wake lock: CSW.hCCC->ABCF.oPE->ICF.oCFC@BAs_2_0
03-04 20:21:36.861 I/Telecom ( 1768): BluetoothPhoneService: updateHeadsetWithCallState numActive 0, numHeld 0, callState 4, ringing number [91afc4c2917059721285db729422445840ce77e8], ringing type 129: CSW.hCCC->ABCF.oPE->ICF.oCFC@BAs_2_0
03-04 20:21:36.871 I/Telecom ( 1768): PowerManagerWrapper: updateWakeState: RINGING/DIALING, request FULL wake lock: CSW.hCCC->ABCF.oPE->ICF.oCFC@BAs_2_0
03-04 20:21:36.905 I/Telecom ( 1768): PhoneStateBroadcaster: Broadcasted state change: 1: CSW.hCCC->ABCF.oPE->ICF.oCFC@BAs_2_0
03-04 20:21:36.906 I/Telecom ( 1768): InCallController: onCallAdded: [TC@17, RINGING, com.android.phone/com.android.services.telephony.TelephonyConnectionService, tel:***, A, childs(0), has_parent(false), [Capabilities: CAPABILITY_SUPPORT_HOLD CAPABILITY_MUTE CAPABILITY_CANNOT_DOWNGRADE_VIDEO_TO_AUDIO CAPABILITY_SPEED_UP_MT_AUDIO], [Properties:]]: CSW.hCCC->ABCF.oPE->ICF.oCFC@BAs_2_0
03-04 20:21:36.906 I/Telecom ( 1768): InCallController: Calling onAudioStateChanged, audioState: null -> [AudioState isMuted: false, route: EARPIECE, supportedRouteMask: EARPIECE, SPEAKER]: CSW.hCCC->ABCF.oPE->ICF.oCFC@BAs_2_0
03-04 20:21:36.913 I/Telecom ( 1768): InCallController: Call added to components: [ComponentInfo{com.android.incallui/com.android.incallui.InCallServiceImpl}]: CSW.hCCC->ABCF.oPE->ICF.oCFC@BAs_2_0
03-04 20:21:36.915 I/Telecom ( 1768): CallAudioRouteStateMachine: Message received: UPDATE_SYSTEM_AUDIO_ROUTE=1201, arg1=0: CSW.hCCC->ABCF.oPE->ICF.oCFC->CARSM.pM_UPDATE_SYSTEM_AUDIO_ROUTE@BAs_2_0_0
03-04 20:21:36.922 I/Telecom ( 1768): ProximitySensorManager: onSensorChanged(), mValue=0.0, reason: 1, uncovered has done: false, first value: 6.0, updateStatusBar: false
03-04 20:21:36.922 I/Telecom ( 1768): CallAudioModeStateMachine: Message received: NEW_RINGING_CALL.: CSW.hCCC->ABCF.oPE->ICF.oCFC->CAMSM.pM_2002@BAs_2_0_1
03-04 20:21:36.922 I/Telecom ( 1768): ProximitySensorManager: onSensorChanged(), mFirstValueAfterActive=0.0
03-04 20:21:36.922 I/Telecom ( 1768): CallAudioModeStateMachine: Audio focus entering RINGING state: CSW.hCCC->ABCF.oPE->ICF.oCFC->CAMSM.pM_2002@BAs_2_0_1
03-04 20:21:36.931 I/Telecom ( 1768): Event: Call TC@17: START_RINGER, null: CSW.hCCC->ABCF.oPE->ICF.oCFC->CAMSM.pM_2002@BAs_2_0_1
03-04 20:21:36.931 I/Telecom ( 1768): CallAudioManager: setIsRinging false -> true: CSW.hCCC->ABCF.oPE->ICF.oCFC->CAMSM.pM_2002@BAs_2_0_1
03-04 20:21:36.934 I/Telecom ( 1768): CallAudioRouteStateMachine: setSystemAudioState: changing from [AudioState isMuted: false, route: EARPIECE, supportedRouteMask: EARPIECE, SPEAKER] to [AudioState isMuted: false, route: EARPIECE, supportedRouteMask: EARPIECE, SPEAKER]: CSW.hCCC->ABCF.oPE->ICF.oCFC->CARSM.pM_UPDATE_SYSTEM_AUDIO_ROUTE@BAs_2_0_0
03-04 20:21:36.934 I/Telecom ( 1768): InCallController: Calling onAudioStateChanged, audioState: [AudioState isMuted: false, route: EARPIECE, supportedRouteMask: EARPIECE, SPEAKER] -> [AudioState isMuted: false, route: EARPIECE, supportedRouteMask: EARPIECE, SPEAKER]: CSW.hCCC->ABCF.oPE->ICF.oCFC->CARSM.pM_UPDATE_SYSTEM_AUDIO_ROUTE@BAs_2_0_0
03-04 20:21:36.941 I/chatty ( 1315): uid=1000(system) ActivityManager expire 12 lines
03-04 20:21:36.944 I/Telecom ( 1768): AsyncRingtonePlayer: Play ringtone.
03-04 20:21:37.024 I/chatty ( 1315): uid=1000(system) Binder:1315_17 expire 9 lines
03-04 20:21:37.083 I/Telecom ( 1768): CallAudioRouteStateMachine: Message received: SWITCH_FOCUS=4001, arg1=3: CSW.hCCC->ABCF.oPE->ICF.oCFC->CAMSM.pM_2002->CARSM.pM_SWITCH_FOCUS@BAs_2_0_1_3
03-04 20:21:37.084 I/Telecom ( 1768): Event: Call TC@17: AUDIO_ROUTE, Leaving state QuiescentEarpieceRoute: CSW.hCCC->ABCF.oPE->ICF.oCFC->CAMSM.pM_2002->CARSM.pM_SWITCH_FOCUS@BAs_2_0_1_3
03-04 20:21:37.084 I/Telecom ( 1768): Event: Call TC@17: AUDIO_ROUTE, Entering state ActiveEarpieceRoute: CSW.hCCC->ABCF.oPE->ICF.oCFC->CAMSM.pM_2002->CARSM.pM_SWITCH_FOCUS@BAs_2_0_1_3
03-04 20:21:37.084 I/Telecom ( 1768): CallAudioRouteStateMachine: turning speaker phone false: CSW.hCCC->ABCF.oPE->ICF.oCFC->CAMSM.pM_2002->CARSM.pM_SWITCH_FOCUS@BAs_2_0_1_3
03-04 20:21:37.089 I/Telecom ( 1768): CallAudioRouteStateMachine: setSystemAudioState: changing from [AudioState isMuted: false, route: EARPIECE, supportedRouteMask: EARPIECE, SPEAKER] to [AudioState isMuted: false, route: EARPIECE, supportedRouteMask: EARPIECE, SPEAKER]: CSW.hCCC->ABCF.oPE->ICF.oCFC->CAMSM.pM_2002->CARSM.pM_SWITCH_FOCUS@BAs_2_0_1_3
03-04 20:21:37.136 E/Telecom ( 1768): : Could not parse subId2 smvoip: TSI.gCCPA@BA0
03-04 20:21:37.136 E/Telecom ( 1768): java.lang.NumberFormatException: For input string: "smvoip"
03-04 20:21:37.136 E/Telecom ( 1768): at java.lang.Integer.parseInt(Integer.java:521)
03-04 20:21:37.136 E/Telecom ( 1768): at java.lang.Integer.parseInt(Integer.java:556)
03-04 20:21:37.136 E/Telecom ( 1768): at com.android.server.telecom.PhoneAccountRegistrar$8.compare(PhoneAccountRegistrar.java:1008)
03-04 20:21:37.136 E/Telecom ( 1768): at com.android.server.telecom.PhoneAccountRegistrar$8.compare(PhoneAccountRegistrar.java:993)
03-04 20:21:37.136 E/Telecom ( 1768): at java.util.TimSort.countRunAndMakeAscending(TimSort.java:351)
03-04 20:21:37.136 E/Telecom ( 1768): at java.util.TimSort.sort(TimSort.java:216)
03-04 20:21:37.136 E/Telecom ( 1768): at java.util.Arrays.sort(Arrays.java:1523)
03-04 20:21:37.136 E/Telecom ( 1768): at java.util.Collections.sort(Collections.java:238)
03-04 20:21:37.136 E/Telecom ( 1768): at com.android.server.telecom.PhoneAccountRegistrar.getPhoneAccountHandles(PhoneAccountRegistrar.java:992)
03-04 20:21:37.136 E/Telecom ( 1768): at com.android.server.telecom.PhoneAccountRegistrar.getCallCapablePhoneAccounts(PhoneAccountRegistrar.java:664)
03-04 20:21:37.136 E/Telecom ( 1768): at com.android.server.telecom.TelecomServiceImpl$1.getCallCapablePhoneAccounts(TelecomServiceImpl.java:193)
03-04 20:21:37.136 E/Telecom ( 1768): at com.android.internal.telecom.ITelecomService$Stub.onTransact(ITelecomService.java:114)
03-04 20:21:37.136 E/Telecom ( 1768): at android.os.Binder.execTransact(Binder.java:637)
03-04 20:21:37.295 I/chatty ( 1315): uid=1000(system) Binder:1315_F expire 5 lines
03-04 20:21:37.324 I/chatty ( 1315): uid=1000(system) Binder:1315_12 expire 6 lines
03-04 20:21:37.401 I/chatty ( 1315): uid=1000(system) Binder:1315_8 expire 7 lines
03-04 20:21:37.516 I/chatty ( 1315): uid=1000(system) Binder:1315_E expire 5 lines
03-04 20:21:37.520 I/chatty ( 1315): uid=1000(system) Binder:1315_1F expire 5 lines
03-04 20:21:37.542 I/chatty ( 1315): uid=1000(system) android.display expire 16 lines
03-04 20:21:37.548 I/chatty ( 1315): uid=1000(system) Binder:1315_1C expire 3 lines
03-04 20:21:37.560 I/Telecom ( 1768): AsyncRingtonePlayer: Repeat ringtone.
03-04 20:21:37.697 I/chatty ( 1315): uid=1000(system) Binder:1315_10 expire 1 line
03-04 20:21:37.797 I/chatty ( 1315): uid=1000(system) Binder:1315_5 expire 5 lines
03-04 20:21:37.797 I/chatty ( 1315): uid=1000(system) Binder:1315_14 expire 1 line
03-04 20:21:37.814 I/chatty ( 1315): uid=1000(system) Binder:1315_20 expire 2 lines
03-04 20:21:37.820 I/chatty ( 1315): uid=1000(system) ConnectivitySer expire 1 line
03-04 20:21:37.909 I/chatty ( 1315): uid=1000(system) Binder:1315_15 expire 7 lines
03-04 20:21:37.939 I/chatty ( 1315): uid=1000(system) Binder:1315_B expire 7 lines
03-04 20:21:37.949 I/chatty ( 1315): uid=1000(system) PowerManagerSer expire 10 lines
03-04 20:21:37.967 I/Telecom ( 1768): ProximitySensorManager: onSensorChanged(), mValue=0.0, reason: 1, uncovered has done: false, first value: 0.0, updateStatusBar: false
03-04 20:21:38.355 I/Telecom ( 1768): ProximitySensorManager: onSensorChanged(), mValue=0.0, reason: 1, uncovered has done: false, first value: 0.0, updateStatusBar: false
03-04 20:21:40.525 I/Telecom ( 1768): ProximitySensorManager: onSensorChanged(), mValue=5.000305, reason: 1, uncovered has done: false, first value: 0.0, updateStatusBar: false
03-04 20:21:40.525 I/Telecom ( 1768): ProximitySensorManager: wakeUpScreen when the psensor is uncovered
03-04 20:21:40.525 I/Telecom ( 1768): ProximitySensorManager: regOrUnregSensorListener(), proximity sensor register reason = 0x1, registered = true
03-04 20:21:42.441 I/chatty ( 1315): uid=1000(system) InputReader expire 12 lines
03-04 20:21:42.450 I/Telecom ( 1768): : Silence Ringer requested by android: TSI.sR@BBE
03-04 20:21:42.450 I/Telecom ( 1768): Call: Send silence to connection service for call [TC@17, RINGING, com.android.phone/com.android.services.telephony.TelephonyConnectionService, tel:***, A, childs(0), has_parent(false), [Capabilities: CAPABILITY_SUPPORT_HOLD CAPABILITY_MUTE CAPABILITY_CANNOT_DOWNGRADE_VIDEO_TO_AUDIO CAPABILITY_SPEED_UP_MT_AUDIO], [Properties:]]: TSI.sR@BBE
03-04 20:21:42.450 I/Telecom ( 1768): Event: Call TC@17: SILENCE, null: TSI.sR@BBE
03-04 20:21:42.451 I/Telecom ( 1768): Event: Call TC@17: STOP_RINGER, null: TSI.sR@BBE
03-04 20:21:42.451 I/Telecom ( 1768): CallAudioManager: setIsRinging true -> false: TSI.sR@BBE
03-04 20:21:42.451 I/Telecom ( 1768): AsyncRingtonePlayer: Stop ringtone.
03-04 20:21:45.341 W/ViewRootImpl[MainActivityV2](12587): Dropping event due to no window focus: KeyEvent { action=ACTION_DOWN, keyCode=KEYCODE_BACK, scanCode=158, metaState=0, flags=0x8, repeatCount=0, eventTime=1034176563, downTime=1034176563, deviceId=3, source=0x101 }
03-04 20:21:45.344 I/chatty ( 1315): uid=1000(system) InputDispatcher expire 4 lines
03-04 20:21:45.351 W/ViewRootImpl[MainActivityV2](12587): Cancelling event due to no window focus: KeyEvent { action=ACTION_UP, keyCode=KEYCODE_BACK, scanCode=158, metaState=0, flags=0x28, repeatCount=0, eventTime=1034176563, downTime=1034176563, deviceId=3, source=0x101 }
03-04 20:21:45.351 W/ViewRootImpl[MainActivityV2](12587): Cancelling event due to no window focus: KeyEvent { action=ACTION_UP, keyCode=KEYCODE_BACK, scanCode=158, metaState=0, flags=0x28, repeatCount=0, eventTime=1034176563, downTime=1034176563, deviceId=3, source=0x101 }
03-04 20:21:45.351 W/ViewRootImpl[MainActivityV2](12587): Cancelling event due to no window focus: KeyEvent { action=ACTION_UP, keyCode=KEYCODE_BACK, scanCode=158, metaState=0, flags=0x28, repeatCount=0, eventTime=1034176563, downTime=1034176563, deviceId=3, source=0x101 }
03-04 20:21:47.730 I/chatty ( 1315): uid=1000 system_server expire 1 line
03-04 20:21:49.218 I/Telecom ( 1768): CallsManager: answerCallFromUI called, videoState=0: ICA.aC(InCall package: com.android.incallui)@BCE
03-04 20:21:49.225 I/Telecom ( 1768): CallsManager: answerCall called: ICA.aC(InCall package: com.android.incallui)@BCE
03-04 20:21:49.225 I/Telecom ( 1768): CallAudioManager: Invoking the MT_AUDIO_SPEEDUP mechanism. Transitioning into an active in-call audio state before connection service has connected the call.: ICA.aC(InCall package: com.android.incallui)@BCE
03-04 20:21:49.226 I/Telecom ( 1768): CallAudioModeStateMachine: Message received: MT_AUDIO_SPEEDUP_FOR_RINGING_CALL.: ICA.aC->CAMSM.pM_2004@BCE_0
03-04 20:21:49.226 I/Telecom ( 1768): CallAudioModeStateMachine: Audio focus entering SIM CALL state: ICA.aC->CAMSM.pM_2004@BCE_0
03-04 20:21:49.239 I/Telecom ( 1768): Event: Call TC@17: REQUEST_ACCEPT, null: ICA.aC(InCall package: com.android.incallui)@BCE
03-04 20:21:49.290 I/Telecom ( 1768): CallAudioRouteStateMachine: Message received: SWITCH_FOCUS=4001, arg1=2: ICA.aC->CAMSM.pM_2004->CARSM.pM_SWITCH_FOCUS@BCE_0_2
03-04 20:21:49.290 I/Telecom ( 1768): CallAudioRouteStateMachine: setNotificationsSuppressed: on=yes; suppressed=no: ICA.aC->CAMSM.pM_2004->CARSM.pM_SWITCH_FOCUS@BCE_0_2
03-04 20:21:49.532 I/Telecom ( 1768): CallsManager: setCallState RINGING -> ACTIVE, call: [TC@17, RINGING, com.android.phone/com.android.services.telephony.TelephonyConnectionService, tel:***, A, childs(0), has_parent(false), [Capabilities: CAPABILITY_SUPPORT_HOLD CAPABILITY_MUTE CAPABILITY_CANNOT_DOWNGRADE_VIDEO_TO_AUDIO CAPABILITY_SPEED_UP_MT_AUDIO], [Properties:]]: CSW.sA@BCQ
03-04 20:21:49.532 I/Telecom ( 1768): Event: Call TC@17: SET_ACTIVE, active set explicitly: CSW.sA@BCQ
03-04 20:21:49.534 I/Telecom ( 1768): ProximitySensorManager: regOrUnregSensorListener(), proximity sensor register reason = 0x0, registered = false: CSW.sA@BCQ
03-04 20:21:49.534 I/Telecom ( 1768): TelecomWakeLock: Releasing WakeLock with id: 26: CSW.sA@BCQ
03-04 20:21:49.535 I/Telecom ( 1768): InCallWakeLockController: Releasing full wake lock: CSW.sA@BCQ
03-04 20:21:49.535 I/Telecom ( 1768): BluetoothPhoneService: updateHeadsetWithCallState: Call active: CSW.sA@BCQ
03-04 20:21:49.654 I/Telecom ( 1768): BluetoothPhoneService: updateHeadsetWithCallState numActive 1, numHeld 0, callState 6, ringing number [da39a3ee5e6b4b0d3255bfef95601890afd80709], ringing type 128: CSW.sA@BCQ
03-04 20:21:49.656 I/Telecom ( 1768): PowerManagerWrapper: updateWakeState: no RINGING/DIALING calls, request SLEEP wake lock: CSW.sA@BCQ
03-04 20:21:49.658 I/Telecom ( 1768): PhoneStateBroadcaster: Broadcasted state change: 2: CSW.sA@BCQ
03-04 20:21:49.662 I/Telecom ( 1768): ViceNotificationImpl: onCallStateChanged newState = 5: CSW.sA@BCQ
03-04 20:21:49.663 I/Telecom ( 1768): MyHandler: MESSAGE_CALL_ENDED
03-04 20:21:49.663 I/Telecom ( 1768): ViceNotificationImpl: processNotification DEP null
03-04 20:21:49.664 I/Telecom ( 1768): CallAudioModeStateMachine: Message received: NO_MORE_RINGING_CALLS.: CSW.sA->CAMSM.pM_1002@BCQ_0
03-04 20:21:49.664 I/Telecom ( 1768): CallAudioModeStateMachine: Message received: NEW_ACTIVE_OR_DIALING_CALL.: CSW.sA->CAMSM.pM_2001@BCQ_1
03-04 20:21:49.666 I/Telecom ( 1768): Event: Call TC@17: CAPABILITY_CHANGE, Current: [[ hld sup_hld mut !v2a spd_aud]], Removed [[]], Added [[ hld]]: CSW.sCC@BCc
03-04 20:21:49.670 I/chatty ( 1315): uid=1000(system) Binder:1315_16 expire 1 line
03-04 20:21:49.670 I/chatty ( 1315): uid=1000(system) ActivityManager expire 8 lines
03-04 20:21:49.721 I/Telecom ( 1768): PowerManagerWrapper: Acquiring proximity wake lock: ICA.tOnPS(InCall package: com.android.incallui)@BCk
03-04 20:21:49.724 I/Telecom ( 1768): ProximitySensorManager: onWakeLockChanged, acquired:true: ICA.tOnPS(InCall package: com.android.incallui)@BCk
03-04 20:21:49.727 I/Telecom ( 1768): ProximitySensorManager: regOrUnregSensorListener(), proximity sensor register reason = 0x4, registered = true: ICA.tOnPS(InCall package: com.android.incallui)@BCk
03-04 20:21:49.728 I/Telecom ( 1768): ProximitySensorManager: setNavigationBarEnable due to psensor : true mValue :5.000305 threshold:5.0
03-04 20:21:49.728 I/Telecom ( 1768): CallAudioRoutePeripheralAdapter: onSensorChanged, covered from false to false, isDrivingMode = false
03-04 20:21:49.728 I/Telecom ( 1768): ProximitySensorManager: onSensorChanged(), mValue=5.000305, reason: 4, uncovered has done: true, first value: 0.0, updateStatusBar: true
03-04 20:21:49.728 I/Telecom ( 1768): ProximitySensorManager: wake up has been done ever when the psensor is uncovered
03-04 20:21:50.137 I/Telecom ( 1768): ProximitySensorManager: setNavigationBarEnable due to psensor : false mValue :0.0 threshold:5.0
03-04 20:21:50.139 I/Telecom ( 1768): CallAudioRoutePeripheralAdapter: onSensorChanged, covered from false to true, isDrivingMode = false
03-04 20:21:50.140 I/Telecom ( 1768): ProximitySensorManager: onSensorChanged(), mValue=0.0, reason: 4, uncovered has done: true, first value: 0.0, updateStatusBar: true
03-04 20:21:50.140 I/Telecom ( 1768): ProximitySensorManager: wake up has been done ever when the psensor is uncovered
03-04 20:21:50.256 I/chatty ( 1315): uid=1000(system) android.display expire 1 line
03-04 20:21:53.476 I/chatty ( 1315): uid=1000(system) batterystats-sy expire 1 line
03-04 20:21:54.061 W/ContextImpl(21834): Calling a method in the system process without a qualified user: android.app.ContextImpl.startService:1371 android.content.ContextWrapper.startService:616 android.content.ContextWrapper.startService:616 com.android.settings.fuelgauge.BatteryChangeReceiver.tL:-1 com.android.settings.fuelgauge.BatteryChangeReceiver.tO:-1
03-04 20:22:51.520 I/chatty ( 1315): uid=1000(system) Binder:1315_18 expire 1 line
03-04 20:24:39.060 I/chatty ( 1315): uid=1000(system) AlarmManager expire 3 lines
03-04 20:25:11.790 I/chatty ( 1315): uid=1000(system) Binder:1315_6 expire 7 lines
03-04 20:25:11.820 I/chatty ( 1315): uid=1000(system) Binder:1315_11 expire 3 lines
03-04 20:25:16.767 I/chatty ( 1315): uid=1000(system) ActivityManager expire 11 lines
03-04 20:25:22.407 E/ActivityThread(22845): Failed to find provider info for com.tencent.mm.coolassist.debugprovider
03-04 20:25:24.330 I/chatty ( 1315): uid=1000(system) Binder:1315_1 expire 2 lines
03-04 20:25:24.344 I/chatty ( 1315): uid=1000(system) Binder:1315_A expire 13 lines
03-04 20:25:46.755 I/chatty ( 1315): uid=1000(system) android.bg expire 10 lines
03-04 20:26:41.957 I/chatty ( 1315): uid=1000(system) Binder:1315_19 expire 6 lines
03-04 20:29:06.883 I/Telecom ( 1768): ProximitySensorManager: setNavigationBarEnable due to psensor : true mValue :5.000305 threshold:5.0
03-04 20:29:06.885 I/Telecom ( 1768): CallAudioRoutePeripheralAdapter: onSensorChanged, covered from false to false, isDrivingMode = false
03-04 20:29:06.885 I/Telecom ( 1768): ProximitySensorManager: onSensorChanged(), mValue=5.000305, reason: 4, uncovered has done: true, first value: 0.0, updateStatusBar: true
03-04 20:29:06.885 I/Telecom ( 1768): ProximitySensorManager: wake up has been done ever when the psensor is uncovered
03-04 20:29:07.021 I/chatty ( 1315): uid=1000(system) android.display expire 4 lines
03-04 20:29:12.072 I/chatty ( 1315): uid=1000(system) Binder:1315_20 expire 13 lines
03-04 20:29:12.243 I/chatty ( 1315): uid=1000(system) Binder:1315_7 expire 10 lines
03-04 20:29:12.415 I/Telecom ( 1768): CallsManager: setCallState ACTIVE -> DISCONNECTED, call: [TC@17, ACTIVE, com.android.phone/com.android.services.telephony.TelephonyConnectionService, tel:***, A, childs(0), has_parent(false), [Capabilities: CAPABILITY_HOLD CAPABILITY_SUPPORT_HOLD CAPABILITY_MUTE CAPABILITY_CANNOT_DOWNGRADE_VIDEO_TO_AUDIO CAPABILITY_SPEED_UP_MT_AUDIO], [Properties:]]: CSW.sDc@BC0
03-04 20:29:12.415 I/Telecom ( 1768): Event: Call TC@17: SET_DISCONNECTED, disconnected set explicitly> DisconnectCause [ Code: (REMOTE) Label: () Description: (Normall call clearing) Reason: (Normal call clearing, NORMAL) Tone: (27) ]: CSW.sDc@BC0
03-04 20:29:12.416 I/Telecom ( 1768): TelecomWakeLock: WakeLock already released with id: 26: CSW.sDc@BC0
03-04 20:29:12.416 I/Telecom ( 1768): InCallWakeLockController: Releasing full wake lock: CSW.sDc@BC0
03-04 20:29:12.417 I/Telecom ( 1768): BluetoothPhoneService: updateHeadsetWithCallState numActive 0, numHeld 0, callState 6, ringing number [da39a3ee5e6b4b0d3255bfef95601890afd80709], ringing type 128: CSW.sDc@BC0
03-04 20:29:12.426 I/Telecom ( 1768): PowerManagerWrapper: updateWakeState: no active or holding calls, poke user activity before request SLEEP wake lock: CSW.sDc@BC0
03-04 20:29:12.429 I/Telecom ( 1768): PowerManagerWrapper: updateWakeState: no RINGING/DIALING calls, request SLEEP wake lock: CSW.sDc@BC0
03-04 20:29:12.432 I/Telecom ( 1768): PhoneStateBroadcaster: Broadcasted state change: 0: CSW.sDc@BC0
03-04 20:29:12.432 I/Telecom ( 1768): ViceNotificationImpl: onCallStateChanged newState = 7: CSW.sDc@BC0
03-04 20:29:12.433 I/Telecom ( 1768): MyHandler: MESSAGE_CALL_ENDED
03-04 20:29:12.433 I/Telecom ( 1768): ViceNotificationImpl: processNotification DEP null
03-04 20:29:12.444 I/Telecom ( 1768): CallAudioRouteStateMachine: Message received: UPDATE_SYSTEM_AUDIO_ROUTE=1201, arg1=0: CSW.sDc->CARSM.pM_UPDATE_SYSTEM_AUDIO_ROUTE@BC0_0
03-04 20:29:12.446 I/Telecom ( 1768): CallAudioModeStateMachine: Message received: TONE_STARTED_PLAYING.: CSW.sDc->CAMSM.pM_3001@BC0_1
03-04 20:29:12.449 I/Telecom ( 1768): CallAudioModeStateMachine: Message received: NO_MORE_ACTIVE_OR_DIALING_CALLS.: CSW.sDc->CAMSM.pM_1001@BC0_3
03-04 20:29:12.449 I/Telecom ( 1768): CallAudioRouteStateMachine: setSystemAudioState: changing from [AudioState isMuted: false, route: EARPIECE, supportedRouteMask: EARPIECE, SPEAKER] to [AudioState isMuted: false, route: EARPIECE, supportedRouteMask: EARPIECE, SPEAKER]: CSW.sDc->CARSM.pM_UPDATE_SYSTEM_AUDIO_ROUTE@BC0_0
03-04 20:29:12.449 I/Telecom ( 1768): CallAudioModeStateMachine: Audio focus entering TONE/HOLDING state: CSW.sDc->CAMSM.pM_1001@BC0_3
03-04 20:29:12.450 I/Telecom ( 1768): InCallController: Calling onAudioStateChanged, audioState: [AudioState isMuted: false, route: EARPIECE, supportedRouteMask: EARPIECE, SPEAKER] -> [AudioState isMuted: false, route: EARPIECE, supportedRouteMask: EARPIECE, SPEAKER]: CSW.sDc->CARSM.pM_UPDATE_SYSTEM_AUDIO_ROUTE@BC0_0
03-04 20:29:12.451 I/chatty ( 1315): uid=1000(system) Binder:1315_F expire 11 lines
03-04 20:29:12.451 I/chatty ( 1315): uid=1000(system) ActivityManager expire 10 lines
03-04 20:29:12.453 I/Telecom ( 1768): ConnectionServiceWrapper: Service unbound ComponentInfo{com.android.phone/com.android.services.telephony.TelephonyConnectionService}, from unbind.: CSW.rC@BDI
03-04 20:29:12.460 I/Telecom ( 1768): Event: Call TC@17: DESTROYED, null: CSW.rC@BDI
03-04 20:29:12.460 I/Telecom ( 1768): ProximitySensorManager: all calls removed. unregister Psensor listener: CSW.rC@BDI
03-04 20:29:12.467 I/Telecom ( 1768): ProximitySensorManager: regOrUnregSensorListener(), proximity sensor register reason = 0x0, registered = false: CSW.rC@BDI
03-04 20:29:12.468 I/Telecom ( 1768): TelecomWakeLock: WakeLock already released with id: 26: CSW.rC@BDI
03-04 20:29:12.468 I/Telecom ( 1768): InCallWakeLockController: Releasing full wake lock: CSW.rC@BDI
03-04 20:29:12.472 I/Telecom ( 1768): PowerManagerWrapper: updateWakeState: all calls removed. reset wake lock state: CSW.rC@BDI
03-04 20:29:12.472 I/Telecom ( 1768): PowerManagerWrapper: Releasing proximity wake lock: CSW.rC@BDI
03-04 20:29:12.473 I/Telecom ( 1768): ProximitySensorManager: onWakeLockChanged, acquired:false: CSW.rC@BDI
03-04 20:29:12.473 I/Telecom ( 1768): ProximitySensorManager: regOrUnregSensorListener(), proximity sensor register reason = 0x0, registered = false: CSW.rC@BDI
03-04 20:29:12.474 I/Telecom ( 1768): InCallController: onCallRemoved: [TC@17, DISCONNECTED, null, tel:***, A, childs(0), has_parent(false), [Capabilities: CAPABILITY_HOLD CAPABILITY_SUPPORT_HOLD CAPABILITY_MUTE CAPABILITY_CANNOT_DOWNGRADE_VIDEO_TO_AUDIO CAPABILITY_SPEED_UP_MT_AUDIO], [Properties:]]: CSW.rC@BDI
03-04 20:29:12.496 I/Telecom ( 1768): CallAudioRouteStateMachine: Message received: SWITCH_FOCUS=4001, arg1=2: CSW.sDc->CAMSM.pM_1001->CARSM.pM_SWITCH_FOCUS@BC0_3_2
03-04 20:29:12.497 I/Telecom ( 1768): CallAudioRouteStateMachine: setNotificationsSuppressed: on=yes; suppressed=yes: CSW.sDc->CAMSM.pM_1001->CARSM.pM_SWITCH_FOCUS@BC0_3_2
03-04 20:29:12.668 I/chatty ( 1315): uid=1000(system) Binder:1315_C expire 1 line
03-04 20:29:12.677 I/chatty ( 1315): uid=1000(system) Binder:1315_14 expire 6 lines
03-04 20:29:12.817 I/chatty ( 1315): uid=1000(system) Binder:1315_8 expire 10 lines
