03-05 14:30:24.593 W/chromium(29868): [WARNING:json_config.cc(203)] =========== base::android::JsonConfig, GetIntByKey, key: memory_image_downscale_dimension is not found
03-05 14:30:24.593 E/chromium(29868): [ERROR:ImageDecoder.cpp(592)] DownSampleScale scl.gaode down_scale_dimension: 1200
03-05 14:30:24.600 W/chromium(29868): [WARNING:json_config.cc(203)] =========== base::android::JsonConfig, GetIntByKey, key: memory_discardable_allocation_small is not found
03-05 14:30:24.600 E/chromium(29868): [ERROR:client_discardable_shared_memory_manager.cc(161)] AllocateLockedDiscardableMemory scl.gaode base::SysInfo::IsLowEndDevice(): 0
03-05 14:30:24.602 W/chromium(29868): [WARNING:json_config.cc(203)] =========== base::android::JsonConfig, GetIntByKey, key: memory_image_downscale_area_mb is not found
03-05 14:30:24.602 E/chromium(29868): [ERROR:ImageDecoder.cpp(584)] DownSampleScale scl.gaode down_scale_area: 8
03-05 14:30:24.602 W/chromium(29868): [WARNING:json_config.cc(203)] =========== base::android::JsonConfig, GetIntByKey, key: memory_image_downscale_dimension is not found
03-05 14:30:24.602 E/chromium(29868): [ERROR:ImageDecoder.cpp(592)] DownSampleScale scl.gaode down_scale_dimension: 1200
03-05 14:30:24.606 W/chromium(29868): [WARNING:json_config.cc(203)] =========== base::android::JsonConfig, GetIntByKey, key: memory_image_skip_duration_ms is not found
03-05 14:30:24.606 E/chromium(29868): [ERROR:BitmapImage.cpp(85)] BitmapImage scl.gaode skip_duration_sec_: 0.016
03-05 14:30:24.606 W/chromium(29868): [WARNING:json_config.cc(203)] =========== base::android::JsonConfig, GetIntByKey, key: memory_image_downscale_area_mb is not found
03-05 14:30:24.606 E/chromium(29868): [ERROR:ImageDecoder.cpp(584)] DownSampleScale scl.gaode down_scale_area: 8
03-05 14:30:24.606 W/chromium(29868): [WARNING:json_config.cc(203)] =========== base::android::JsonConfig, GetIntByKey, key: memory_image_downscale_dimension is not found
03-05 14:30:24.606 E/chromium(29868): [ERROR:ImageDecoder.cpp(592)] DownSampleScale scl.gaode down_scale_dimension: 1200
03-05 14:30:24.607 W/chromium(29868): [WARNING:json_config.cc(203)] =========== base::android::JsonConfig, GetIntByKey, key: memory_discardable_allocation_small is not found
03-05 14:30:24.607 E/chromium(29868): [ERROR:client_discardable_shared_memory_manager.cc(161)] AllocateLockedDiscardableMemory scl.gaode base::SysInfo::IsLowEndDevice(): 0
03-05 14:30:24.608 W/chromium(29868): [WARNING:json_config.cc(203)] =========== base::android::JsonConfig, GetIntByKey, key: memory_image_downscale_area_mb is not found
03-05 14:30:24.608 E/chromium(29868): [ERROR:ImageDecoder.cpp(584)] DownSampleScale scl.gaode down_scale_area: 8
03-05 14:30:24.608 W/chromium(29868): [WARNING:json_config.cc(203)] =========== base::android::JsonConfig, GetIntByKey, key: memory_image_downscale_dimension is not found
03-05 14:30:24.608 E/chromium(29868): [ERROR:ImageDecoder.cpp(592)] DownSampleScale scl.gaode down_scale_dimension: 1200
03-05 14:30:24.615 W/chromium(29868): [WARNING:json_config.cc(203)] =========== base::android::JsonConfig, GetIntByKey, key: memory_discardable_allocation_small is not found
03-05 14:30:24.615 E/chromium(29868): [ERROR:client_discardable_shared_memory_manager.cc(161)] AllocateLockedDiscardableMemory scl.gaode base::SysInfo::IsLowEndDevice(): 0
03-05 14:30:24.615 W/chromium(29868): [WARNING:json_config.cc(203)] =========== base::android::JsonConfig, GetIntByKey, key: memory_image_downscale_area_mb is not found
03-05 14:30:24.615 E/chromium(29868): [ERROR:ImageDecoder.cpp(584)] DownSampleScale scl.gaode down_scale_area: 8
03-05 14:30:24.615 W/chromium(29868): [WARNING:json_config.cc(203)] =========== base::android::JsonConfig, GetIntByKey, key: memory_image_downscale_dimension is not found
03-05 14:30:24.615 E/chromium(29868): [ERROR:ImageDecoder.cpp(592)] DownSampleScale scl.gaode down_scale_dimension: 1200
03-05 14:30:24.616 W/chromium(29868): [WARNING:json_config.cc(203)] =========== base::android::JsonConfig, GetIntByKey, key: memory_image_skip_duration_ms is not found
03-05 14:30:24.616 E/chromium(29868): [ERROR:BitmapImage.cpp(85)] BitmapImage scl.gaode skip_duration_sec_: 0.016
03-05 14:30:24.616 W/chromium(29868): [WARNING:json_config.cc(203)] =========== base::android::JsonConfig, GetIntByKey, key: memory_discardable_allocation_small is not found
03-05 14:30:24.616 E/chromium(29868): [ERROR:client_discardable_shared_memory_manager.cc(161)] AllocateLockedDiscardableMemory scl.gaode base::SysInfo::IsLowEndDevice(): 0
03-05 14:30:24.617 W/chromium(29868): [WARNING:json_config.cc(203)] =========== base::android::JsonConfig, GetIntByKey, key: memory_image_downscale_area_mb is not found
03-05 14:30:24.617 E/chromium(29868): [ERROR:ImageDecoder.cpp(584)] DownSampleScale scl.gaode down_scale_area: 8
03-05 14:30:24.617 W/chromium(29868): [WARNING:json_config.cc(203)] =========== base::android::JsonConfig, GetIntByKey, key: memory_image_downscale_dimension is not found
03-05 14:30:24.617 E/chromium(29868): [ERROR:ImageDecoder.cpp(592)] DownSampleScale scl.gaode down_scale_dimension: 1200
03-05 14:30:24.618 W/chromium(29868): [WARNING:json_config.cc(203)] =========== base::android::JsonConfig, GetIntByKey, key: memory_discardable_allocation_small is not found
03-05 14:30:24.618 E/chromium(29868): [ERROR:client_discardable_shared_memory_manager.cc(161)] AllocateLockedDiscardableMemory scl.gaode base::SysInfo::IsLowEndDevice(): 0
03-05 14:30:24.618 W/chromium(29868): [WARNING:json_config.cc(203)] =========== base::android::JsonConfig, GetIntByKey, key: memory_image_downscale_area_mb is not found
03-05 14:30:24.619 E/chromium(29868): [ERROR:ImageDecoder.cpp(584)] DownSampleScale scl.gaode down_scale_area: 8
03-05 14:30:24.619 W/chromium(29868): [WARNING:json_config.cc(203)] =========== base::android::JsonConfig, GetIntByKey, key: memory_image_downscale_dimension is not found
03-05 14:30:24.619 E/chromium(29868): [ERROR:ImageDecoder.cpp(592)] DownSampleScale scl.gaode down_scale_dimension: 1200
03-05 14:30:24.623 W/chromium(29868): [WARNING:json_config.cc(203)] =========== base::android::JsonConfig, GetIntByKey, key: memory_discardable_allocation_small is not found
03-05 14:30:24.623 E/chromium(29868): [ERROR:client_discardable_shared_memory_manager.cc(161)] AllocateLockedDiscardableMemory scl.gaode base::SysInfo::IsLowEndDevice(): 0
03-05 14:30:24.623 W/chromium(29868): [WARNING:json_config.cc(203)] =========== base::android::JsonConfig, GetIntByKey, key: memory_image_downscale_area_mb is not found
03-05 14:30:24.623 E/chromium(29868): [ERROR:ImageDecoder.cpp(584)] DownSampleScale scl.gaode down_scale_area: 8
03-05 14:30:24.623 W/chromium(29868): [WARNING:json_config.cc(203)] =========== base::android::JsonConfig, GetIntByKey, key: memory_image_downscale_dimension is not found
03-05 14:30:24.623 E/chromium(29868): [ERROR:ImageDecoder.cpp(592)] DownSampleScale scl.gaode down_scale_dimension: 1200
03-05 14:30:24.646 W/chromium(29868): [WARNING:json_config.cc(203)] =========== base::android::JsonConfig, GetIntByKey, key: memory_discardable_allocation_small is not found
03-05 14:30:24.646 E/chromium(29868): [ERROR:client_discardable_shared_memory_manager.cc(161)] AllocateLockedDiscardableMemory scl.gaode base::SysInfo::IsLowEndDevice(): 0
03-05 14:30:24.646 W/chromium(29868): [WARNING:json_config.cc(203)] =========== base::android::JsonConfig, GetIntByKey, key: memory_image_downscale_area_mb is not found
03-05 14:30:24.647 E/chromium(29868): [ERROR:ImageDecoder.cpp(584)] DownSampleScale scl.gaode down_scale_area: 8
03-05 14:30:24.647 W/chromium(29868): [WARNING:json_config.cc(203)] =========== base::android::JsonConfig, GetIntByKey, key: memory_image_downscale_dimension is not found
03-05 14:30:24.647 E/chromium(29868): [ERROR:ImageDecoder.cpp(592)] DownSampleScale scl.gaode down_scale_dimension: 1200
03-05 14:30:24.651 W/chromium(29868): [WARNING:json_config.cc(203)] =========== base::android::JsonConfig, GetIntByKey, key: memory_image_skip_duration_ms is not found
03-05 14:30:24.651 E/chromium(29868): [ERROR:BitmapImage.cpp(85)] BitmapImage scl.gaode skip_duration_sec_: 0.016
03-05 14:30:24.651 W/chromium(29868): [WARNING:json_config.cc(203)] =========== base::android::JsonConfig, GetIntByKey, key: memory_image_downscale_area_mb is not found
03-05 14:30:24.651 E/chromium(29868): [ERROR:ImageDecoder.cpp(584)] DownSampleScale scl.gaode down_scale_area: 8
03-05 14:30:24.651 W/chromium(29868): [WARNING:json_config.cc(203)] =========== base::android::JsonConfig, GetIntByKey, key: memory_image_downscale_dimension is not found
03-05 14:30:24.651 E/chromium(29868): [ERROR:ImageDecoder.cpp(592)] DownSampleScale scl.gaode down_scale_dimension: 1200
03-05 14:30:24.651 W/chromium(29868): [WARNING:json_config.cc(203)] =========== base::android::JsonConfig, GetIntByKey, key: memory_image_downscale_area_mb is not found
03-05 14:30:24.651 E/chromium(29868): [ERROR:ImageDecoder.cpp(584)] DownSampleScale scl.gaode down_scale_area: 8
03-05 14:30:24.651 W/chromium(29868): [WARNING:json_config.cc(203)] =========== base::android::JsonConfig, GetIntByKey, key: memory_image_downscale_dimension is not found
03-05 14:30:24.651 E/chromium(29868): [ERROR:ImageDecoder.cpp(592)] DownSampleScale scl.gaode down_scale_dimension: 1200
03-05 14:30:24.672 W/chromium(29868): [WARNING:json_config.cc(203)] =========== base::android::JsonConfig, GetIntByKey, key: memory_image_skip_duration_ms is not found
03-05 14:30:24.672 E/chromium(29868): [ERROR:BitmapImage.cpp(85)] BitmapImage scl.gaode skip_duration_sec_: 0.016
03-05 14:30:24.673 W/chromium(29868): [WARNING:json_config.cc(203)] =========== base::android::JsonConfig, GetIntByKey, key: memory_image_downscale_area_mb is not found
03-05 14:30:24.673 E/chromium(29868): [ERROR:ImageDecoder.cpp(584)] DownSampleScale scl.gaode down_scale_area: 8
03-05 14:30:24.673 W/chromium(29868): [WARNING:json_config.cc(203)] =========== base::android::JsonConfig, GetIntByKey, key: memory_image_downscale_dimension is not found
03-05 14:30:24.673 E/chromium(29868): [ERROR:ImageDecoder.cpp(592)] DownSampleScale scl.gaode down_scale_dimension: 1200
03-05 14:30:24.673 W/chromium(29868): [WARNING:json_config.cc(203)] =========== base::android::JsonConfig, GetIntByKey, key: memory_image_downscale_area_mb is not found
03-05 14:30:24.673 E/chromium(29868): [ERROR:ImageDecoder.cpp(584)] DownSampleScale scl.gaode down_scale_area: 8
03-05 14:30:24.673 W/chromium(29868): [WARNING:json_config.cc(203)] =========== base::android::JsonConfig, GetIntByKey, key: memory_image_downscale_dimension is not found
03-05 14:30:24.673 E/chromium(29868): [ERROR:ImageDecoder.cpp(592)] DownSampleScale scl.gaode down_scale_dimension: 1200
03-05 14:30:24.681 W/chromium(29868): [WARNING:json_config.cc(203)] =========== base::android::JsonConfig, GetIntByKey, key: memory_discardable_allocation_small is not found
03-05 14:30:24.682 E/chromium(29868): [ERROR:client_discardable_shared_memory_manager.cc(161)] AllocateLockedDiscardableMemory scl.gaode base::SysInfo::IsLowEndDevice(): 0
03-05 14:30:24.682 W/chromium(29868): [WARNING:json_config.cc(203)] =========== base::android::JsonConfig, GetIntByKey, key: memory_image_downscale_area_mb is not found
03-05 14:30:24.682 E/chromium(29868): [ERROR:ImageDecoder.cpp(584)] DownSampleScale scl.gaode down_scale_area: 8
03-05 14:30:24.682 W/chromium(29868): [WARNING:json_config.cc(203)] =========== base::android::JsonConfig, GetIntByKey, key: memory_image_downscale_dimension is not found
03-05 14:30:24.682 E/chromium(29868): [ERROR:ImageDecoder.cpp(592)] DownSampleScale scl.gaode down_scale_dimension: 1200
03-05 14:30:24.682 W/chromium(29868): [WARNING:json_config.cc(203)] =========== base::android::JsonConfig, GetIntByKey, key: memory_image_downscale_area_mb is not found
03-05 14:30:24.682 E/chromium(29868): [ERROR:ImageDecoder.cpp(584)] DownSampleScale scl.gaode down_scale_area: 8
03-05 14:30:24.682 W/chromium(29868): [WARNING:json_config.cc(203)] =========== base::android::JsonConfig, GetIntByKey, key: memory_image_downscale_dimension is not found
03-05 14:30:24.682 E/chromium(29868): [ERROR:ImageDecoder.cpp(592)] DownSampleScale scl.gaode down_scale_dimension: 1200
03-05 14:30:24.748 W/chromium(29868): [WARNING:json_config.cc(203)] =========== base::android::JsonConfig, GetIntByKey, key: memory_discardable_allocation_small is not found
03-05 14:30:24.748 E/chromium(29868): [ERROR:client_discardable_shared_memory_manager.cc(161)] AllocateLockedDiscardableMemory scl.gaode base::SysInfo::IsLowEndDevice(): 0
03-05 14:30:24.748 W/chromium(29868): [WARNING:json_config.cc(203)] =========== base::android::JsonConfig, GetIntByKey, key: memory_image_downscale_area_mb is not found
03-05 14:30:24.748 E/chromium(29868): [ERROR:ImageDecoder.cpp(584)] DownSampleScale scl.gaode down_scale_area: 8
03-05 14:30:24.748 W/chromium(29868): [WARNING:json_config.cc(203)] =========== base::android::JsonConfig, GetIntByKey, key: memory_image_downscale_dimension is not found
03-05 14:30:24.748 E/chromium(29868): [ERROR:ImageDecoder.cpp(592)] DownSampleScale scl.gaode down_scale_dimension: 1200
03-05 14:30:24.748 W/chromium(29868): [WARNING:json_config.cc(203)] =========== base::android::JsonConfig, GetIntByKey, key: memory_image_downscale_area_mb is not found
03-05 14:30:24.748 E/chromium(29868): [ERROR:ImageDecoder.cpp(584)] DownSampleScale scl.gaode down_scale_area: 8
03-05 14:30:24.748 W/chromium(29868): [WARNING:json_config.cc(203)] =========== base::android::JsonConfig, GetIntByKey, key: memory_image_downscale_dimension is not found
03-05 14:30:24.748 E/chromium(29868): [ERROR:ImageDecoder.cpp(592)] DownSampleScale scl.gaode down_scale_dimension: 1200
03-05 14:30:24.799 I/ActivityManager( 1315): Process com.android.settings (pid 24533) has died
03-05 14:30:24.799 D/ActivityManager( 1315): cleanUpApplicationRecord -- 24533, com.android.server.am.ActivityManagerService.handleAppDiedLocked:6389 com.android.server.am.ActivityManagerService.appDiedLocked:6568 com.android.server.am.ActivityManagerService$AppDeathRecipient.binderDied:1723 android.os.BinderProxy.sendDeathNotice:906
03-05 14:30:24.800 D/ActivityManager( 1315): makeInactive -- app = ProcessRecord{9aaa98b 24533:com.android.settings/1000},com.android.server.am.ActivityManagerService.cleanUpApplicationRecordLocked:19127 com.android.server.am.ActivityManagerService.handleAppDiedLocked:6389 com.android.server.am.ActivityManagerService.appDiedLocked:6568 com.android.server.am.ActivityManagerService$AppDeathRecipient.binderDied:1723 android.os.BinderProxy.sendDeathNotice:906
03-05 14:30:24.800 W/ActivityManager( 1315): Scheduling restart of crashed service com.android.settings/.applications.PhoneStateTrackService in 118072ms
03-05 14:30:24.802 I/ActivityThread(24283): Removing dead content provider:android.content.ContentProviderProxy@4a4a0
03-05 14:30:24.877 I/ActivityManager( 1315): Process com.iflytek.inputmethod.assist (pid 27030) has died
03-05 14:30:24.878 D/ActivityManager( 1315): cleanUpApplicationRecord -- 27030, com.android.server.am.ActivityManagerService.handleAppDiedLocked:6389 com.android.server.am.ActivityManagerService.appDiedLocked:6568 com.android.server.am.ActivityManagerService$AppDeathRecipient.binderDied:1723 android.os.BinderProxy.sendDeathNotice:906
03-05 14:30:24.878 D/ActivityManager( 1315): makeInactive -- app = ProcessRecord{a716b56 27030:com.iflytek.inputmethod.assist/u0a109},com.android.server.am.ActivityManagerService.cleanUpApplicationRecordLocked:19127 com.android.server.am.ActivityManagerService.handleAppDiedLocked:6389 com.android.server.am.ActivityManagerService.appDiedLocked:6568 com.android.server.am.ActivityManagerService$AppDeathRecipient.binderDied:1723 android.os.BinderProxy.sendDeathNotice:906
03-05 14:30:24.879 W/ActivityManager( 1315): Scheduling restart of crashed service com.iflytek.inputmethod.smartisan/com.iflytek.inputmethod.service.assist.external.impl.AssistService in 127994ms
03-05 14:30:25.055 W/chromium(29868): [WARNING:json_config.cc(203)] =========== base::android::JsonConfig, GetIntByKey, key: memory_image_skip_duration_ms is not found
03-05 14:30:25.056 E/chromium(29868): [ERROR:BitmapImage.cpp(85)] BitmapImage scl.gaode skip_duration_sec_: 0.016
03-05 14:30:25.056 W/chromium(29868): [WARNING:json_config.cc(203)] =========== base::android::JsonConfig, GetIntByKey, key: memory_image_downscale_area_mb is not found
03-05 14:30:25.056 E/chromium(29868): [ERROR:ImageDecoder.cpp(584)] DownSampleScale scl.gaode down_scale_area: 8
03-05 14:30:25.056 W/chromium(29868): [WARNING:json_config.cc(203)] =========== base::android::JsonConfig, GetIntByKey, key: memory_image_downscale_dimension is not found
03-05 14:30:25.056 E/chromium(29868): [ERROR:ImageDecoder.cpp(592)] DownSampleScale scl.gaode down_scale_dimension: 1200
03-05 14:30:25.059 W/chromium(29868): [WARNING:json_config.cc(203)] =========== base::android::JsonConfig, GetIntByKey, key: memory_image_skip_duration_ms is not found
03-05 14:30:25.059 E/chromium(29868): [ERROR:BitmapImage.cpp(85)] BitmapImage scl.gaode skip_duration_sec_: 0.016
03-05 14:30:25.059 W/chromium(29868): [WARNING:json_config.cc(203)] =========== base::android::JsonConfig, GetIntByKey, key: memory_image_downscale_area_mb is not found
03-05 14:30:25.059 E/chromium(29868): [ERROR:ImageDecoder.cpp(584)] DownSampleScale scl.gaode down_scale_area: 8
03-05 14:30:25.059 W/chromium(29868): [WARNING:json_config.cc(203)] =========== base::android::JsonConfig, GetIntByKey, key: memory_image_downscale_dimension is not found
03-05 14:30:25.059 E/chromium(29868): [ERROR:ImageDecoder.cpp(592)] DownSampleScale scl.gaode down_scale_dimension: 1200
03-05 14:30:25.131 W/chromium(29868): [WARNING:json_config.cc(203)] =========== base::android::JsonConfig, GetIntByKey, key: memory_discardable_allocation_small is not found
03-05 14:30:25.131 E/chromium(29868): [ERROR:client_discardable_shared_memory_manager.cc(161)] AllocateLockedDiscardableMemory scl.gaode base::SysInfo::IsLowEndDevice(): 0
03-05 14:30:25.131 W/chromium(29868): [WARNING:json_config.cc(203)] =========== base::android::JsonConfig, GetIntByKey, key: memory_image_skip_duration_ms is not found
03-05 14:30:25.131 E/chromium(29868): [ERROR:BitmapImage.cpp(85)] BitmapImage scl.gaode skip_duration_sec_: 0.016
03-05 14:30:25.131 W/chromium(29868): [WARNING:json_config.cc(203)] =========== base::android::JsonConfig, GetIntByKey, key: memory_image_downscale_area_mb is not found
03-05 14:30:25.131 E/chromium(29868): [ERROR:ImageDecoder.cpp(584)] DownSampleScale scl.gaode down_scale_area: 8
03-05 14:30:25.131 W/chromium(29868): [WARNING:json_config.cc(203)] =========== base::android::JsonConfig, GetIntByKey, key: memory_image_downscale_dimension is not found
03-05 14:30:25.131 E/chromium(29868): [ERROR:ImageDecoder.cpp(592)] DownSampleScale scl.gaode down_scale_dimension: 1200
03-05 14:30:25.132 W/chromium(29868): [WARNING:json_config.cc(203)] =========== base::android::JsonConfig, GetIntByKey, key: memory_image_skip_duration_ms is not found
03-05 14:30:25.132 E/chromium(29868): [ERROR:BitmapImage.cpp(85)] BitmapImage scl.gaode skip_duration_sec_: 0.016
03-05 14:30:25.132 W/chromium(29868): [WARNING:json_config.cc(203)] =========== base::android::JsonConfig, GetIntByKey, key: memory_image_downscale_area_mb is not found
03-05 14:30:25.132 E/chromium(29868): [ERROR:ImageDecoder.cpp(584)] DownSampleScale scl.gaode down_scale_area: 8
03-05 14:30:25.132 W/chromium(29868): [WARNING:json_config.cc(203)] =========== base::android::JsonConfig, GetIntByKey, key: memory_image_downscale_dimension is not found
03-05 14:30:25.132 E/chromium(29868): [ERROR:ImageDecoder.cpp(592)] DownSampleScale scl.gaode down_scale_dimension: 1200
03-05 14:30:25.132 W/chromium(29868): [WARNING:json_config.cc(203)] =========== base::android::JsonConfig, GetIntByKey, key: memory_image_downscale_area_mb is not found
03-05 14:30:25.132 E/chromium(29868): [ERROR:ImageDecoder.cpp(584)] DownSampleScale scl.gaode down_scale_area: 8
03-05 14:30:25.132 W/chromium(29868): [WARNING:json_config.cc(203)] =========== base::android::JsonConfig, GetIntByKey, key: memory_image_downscale_dimension is not found
03-05 14:30:25.132 E/chromium(29868): [ERROR:ImageDecoder.cpp(592)] DownSampleScale scl.gaode down_scale_dimension: 1200
03-05 14:30:25.147 W/chromium(29868): [WARNING:json_config.cc(203)] =========== base::android::JsonConfig, GetIntByKey, key: memory_discardable_allocation_small is not found
03-05 14:30:25.147 E/chromium(29868): [ERROR:client_discardable_shared_memory_manager.cc(161)] AllocateLockedDiscardableMemory scl.gaode base::SysInfo::IsLowEndDevice(): 0
03-05 14:30:25.147 W/chromium(29868): [WARNING:json_config.cc(203)] =========== base::android::JsonConfig, GetIntByKey, key: memory_image_downscale_area_mb is not found
03-05 14:30:25.148 E/chromium(29868): [ERROR:ImageDecoder.cpp(584)] DownSampleScale scl.gaode down_scale_area: 8
03-05 14:30:25.148 W/chromium(29868): [WARNING:json_config.cc(203)] =========== base::android::JsonConfig, GetIntByKey, key: memory_image_downscale_dimension is not found
03-05 14:30:25.148 E/chromium(29868): [ERROR:ImageDecoder.cpp(592)] DownSampleScale scl.gaode down_scale_dimension: 1200
03-05 14:30:25.148 W/chromium(29868): [WARNING:json_config.cc(203)] =========== base::android::JsonConfig, GetIntByKey, key: memory_image_downscale_area_mb is not found
03-05 14:30:25.148 E/chromium(29868): [ERROR:ImageDecoder.cpp(584)] DownSampleScale scl.gaode down_scale_area: 8
03-05 14:30:25.148 W/chromium(29868): [WARNING:json_config.cc(203)] =========== base::android::JsonConfig, GetIntByKey, key: memory_image_downscale_dimension is not found
03-05 14:30:25.148 E/chromium(29868): [ERROR:ImageDecoder.cpp(592)] DownSampleScale scl.gaode down_scale_dimension: 1200
03-05 14:30:25.161 W/chromium(29868): [WARNING:json_config.cc(203)] =========== base::android::JsonConfig, GetIntByKey, key: memory_discardable_allocation_small is not found
03-05 14:30:25.161 E/chromium(29868): [ERROR:client_discardable_shared_memory_manager.cc(161)] AllocateLockedDiscardableMemory scl.gaode base::SysInfo::IsLowEndDevice(): 0
03-05 14:30:25.162 W/chromium(29868): [WARNING:json_config.cc(203)] =========== base::android::JsonConfig, GetIntByKey, key: memory_image_downscale_area_mb is not found
03-05 14:30:25.162 E/chromium(29868): [ERROR:ImageDecoder.cpp(584)] DownSampleScale scl.gaode down_scale_area: 8
03-05 14:30:25.162 W/chromium(29868): [WARNING:json_config.cc(203)] =========== base::android::JsonConfig, GetIntByKey, key: memory_image_downscale_dimension is not found
03-05 14:30:25.162 E/chromium(29868): [ERROR:ImageDecoder.cpp(592)] DownSampleScale scl.gaode down_scale_dimension: 1200
03-05 14:30:25.166 W/chromium(29868): [WARNING:json_config.cc(203)] =========== base::android::JsonConfig, GetIntByKey, key: memory_image_skip_duration_ms is not found
03-05 14:30:25.167 E/chromium(29868): [ERROR:BitmapImage.cpp(85)] BitmapImage scl.gaode skip_duration_sec_: 0.016
03-05 14:30:25.225 W/chromium(29868): [WARNING:json_config.cc(203)] =========== base::android::JsonConfig, GetIntByKey, key: memory_image_skip_duration_ms is not found
03-05 14:30:25.225 E/chromium(29868): [ERROR:BitmapImage.cpp(85)] BitmapImage scl.gaode skip_duration_sec_: 0.016
03-05 14:30:25.226 W/chromium(29868): [WARNING:json_config.cc(203)] =========== base::android::JsonConfig, GetIntByKey, key: memory_image_skip_duration_ms is not found
03-05 14:30:25.226 E/chromium(29868): [ERROR:BitmapImage.cpp(85)] BitmapImage scl.gaode skip_duration_sec_: 0.016
03-05 14:30:25.229 E/cnss-daemon( 597): gateway ipv6 address: fe80::1
03-05 14:30:25.229 E/cnss-daemon( 597): gw update message successfully sent
03-05 14:30:25.340 W/chromium(29868): [WARNING:json_config.cc(203)] =========== base::android::JsonConfig, GetIntByKey, key: memory_image_skip_duration_ms is not found
03-05 14:30:25.340 E/chromium(29868): [ERROR:BitmapImage.cpp(85)] BitmapImage scl.gaode skip_duration_sec_: 0.016
03-05 14:30:25.343 W/chromium(29868): [WARNING:json_config.cc(203)] =========== base::android::JsonConfig, GetIntByKey, key: memory_image_skip_duration_ms is not found
03-05 14:30:25.343 E/chromium(29868): [ERROR:BitmapImage.cpp(85)] BitmapImage scl.gaode skip_duration_sec_: 0.016
03-05 14:30:25.351 W/chromium(29868): [WARNING:json_config.cc(203)] =========== base::android::JsonConfig, GetIntByKey, key: memory_image_skip_duration_ms is not found
03-05 14:30:25.351 E/chromium(29868): [ERROR:BitmapImage.cpp(85)] BitmapImage scl.gaode skip_duration_sec_: 0.016
03-05 14:30:25.351 W/chromium(29868): [WARNING:json_config.cc(203)] =========== base::android::JsonConfig, GetIntByKey, key: memory_image_downscale_area_mb is not found
03-05 14:30:25.351 E/chromium(29868): [ERROR:ImageDecoder.cpp(584)] DownSampleScale scl.gaode down_scale_area: 8
03-05 14:30:25.351 W/chromium(29868): [WARNING:json_config.cc(203)] =========== base::android::JsonConfig, GetIntByKey, key: memory_image_downscale_dimension is not found
03-05 14:30:25.351 E/chromium(29868): [ERROR:ImageDecoder.cpp(592)] DownSampleScale scl.gaode down_scale_dimension: 1200
03-05 14:30:25.352 W/chromium(29868): [WARNING:json_config.cc(203)] =========== base::android::JsonConfig, GetIntByKey, key: memory_image_skip_duration_ms is not found
03-05 14:30:25.352 E/chromium(29868): [ERROR:BitmapImage.cpp(85)] BitmapImage scl.gaode skip_duration_sec_: 0.016
03-05 14:30:25.352 W/chromium(29868): [WARNING:json_config.cc(203)] =========== base::android::JsonConfig, GetIntByKey, key: memory_image_downscale_area_mb is not found
03-05 14:30:25.352 E/chromium(29868): [ERROR:ImageDecoder.cpp(584)] DownSampleScale scl.gaode down_scale_area: 8
03-05 14:30:25.352 W/chromium(29868): [WARNING:json_config.cc(203)] =========== base::android::JsonConfig, GetIntByKey, key: memory_image_downscale_dimension is not found
03-05 14:30:25.352 E/chromium(29868): [ERROR:ImageDecoder.cpp(592)] DownSampleScale scl.gaode down_scale_dimension: 1200
03-05 14:30:25.358 W/chromium(29868): [WARNING:json_config.cc(203)] =========== base::android::JsonConfig, GetIntByKey, key: memory_discardable_allocation_small is not found
03-05 14:30:25.358 E/chromium(29868): [ERROR:client_discardable_shared_memory_manager.cc(161)] AllocateLockedDiscardableMemory scl.gaode base::SysInfo::IsLowEndDevice(): 0
03-05 14:30:25.358 W/chromium(29868): [WARNING:json_config.cc(203)] =========== base::android::JsonConfig, GetIntByKey, key: memory_image_downscale_area_mb is not found
03-05 14:30:25.358 E/chromium(29868): [ERROR:ImageDecoder.cpp(584)] DownSampleScale scl.gaode down_scale_area: 8
03-05 14:30:25.358 W/chromium(29868): [WARNING:json_config.cc(203)] =========== base::android::JsonConfig, GetIntByKey, key: memory_image_downscale_dimension is not found
03-05 14:30:25.358 E/chromium(29868): [ERROR:ImageDecoder.cpp(592)] DownSampleScale scl.gaode down_scale_dimension: 1200
03-05 14:30:25.362 D/cr_OfflinePageUtils(29825): [OfflinePageUtils.java:823] Concluded tab restore: type=0, url=https://pan.baidu.com/s/1JMdjQcqX6cDeLJ1X-CuRog#/
03-05 14:30:25.364 D/cr_OfflinePageTO(29825): [OfflinePageTabObserver.java:318] building snackbar controller
03-05 14:30:25.370 I/art (29825): Do partial code cache collection, code=21KB, data=30KB
03-05 14:30:25.371 I/art (29825): After code cache collection, code=21KB, data=30KB
03-05 14:30:25.371 I/art (29825): Increasing code cache capacity to 128KB
03-05 14:30:25.380 D/NFC (29825): binder =android.os.BinderProxy@b19c65
03-05 14:30:25.386 D/NFC (29825): adapter =null
03-05 14:30:25.386 D/NFC (29825): manager =android.nfc.NfcManager@4648d3a
03-05 14:30:25.440 W/cr_CrashFileManager(29825): /data/user/0/com.android.browser/cache/Crash Reports does not exist or is not a directory
03-05 14:30:25.441 W/cr_CrashFileManager(29825): /data/user/0/com.android.browser/cache/Crash Reports does not exist or is not a directory
03-05 14:30:25.441 W/cr_CrashFileManager(29825): /data/user/0/com.android.browser/cache/Crash Reports does not exist or is not a directory
03-05 14:30:25.441 W/cr_CrashFileManager(29825): /data/user/0/com.android.browser/cache/Crash Reports does not exist or is not a directory
03-05 14:30:25.441 W/cr_CrashFileManager(29825): /data/user/0/com.android.browser/cache/Crash Reports does not exist or is not a directory
03-05 14:30:25.446 I/cr_BindingManager(29825): Moderate binding enabled: maxSize=5
03-05 14:30:25.460 I/ActivityManager( 1315): Process com.smartisanos.security:bg.clean (pid 28784) has died
03-05 14:30:25.460 D/ActivityManager( 1315): cleanUpApplicationRecord -- 28784, com.android.server.am.ActivityManagerService.handleAppDiedLocked:6389 com.android.server.am.ActivityManagerService.appDiedLocked:6568 com.android.server.am.ActivityManagerService$AppDeathRecipient.binderDied:1723 android.os.BinderProxy.sendDeathNotice:906
03-05 14:30:25.461 D/ActivityManager( 1315): makeInactive -- app = ProcessRecord{feb1c7 28784:com.smartisanos.security:bg.clean/u0a68},com.android.server.am.ActivityManagerService.cleanUpApplicationRecordLocked:19127 com.android.server.am.ActivityManagerService.handleAppDiedLocked:6389 com.android.server.am.ActivityManagerService.appDiedLocked:6568 com.android.server.am.ActivityManagerService$AppDeathRecipient.binderDied:1723 android.os.BinderProxy.sendDeathNotice:906
03-05 14:30:25.461 W/ActivityManager( 1315): Scheduling restart of crashed service com.smartisanos.security/com.cleanmaster.CleanService in 137412ms
03-05 14:30:25.540 E/chromium(29825): [ERROR:devtools_http_handler.cc(260)] Cannot start http server for devtools. Stop devtools.
03-05 14:30:25.560 I/ActivityManager( 1315): Process com.smartisanos.cloudsync (pid 24283) has died
03-05 14:30:25.560 D/ActivityManager( 1315): cleanUpApplicationRecord -- 24283, com.android.server.am.ActivityManagerService.handleAppDiedLocked:6389 com.android.server.am.ActivityManagerService.appDiedLocked:6568 com.android.server.am.ActivityManagerService$AppDeathRecipient.binderDied:1723 android.os.BinderProxy.sendDeathNotice:906
03-05 14:30:25.561 D/ActivityManager( 1315): makeInactive -- app = ProcessRecord{5f60431 24283:com.smartisanos.cloudsync/u0a3},com.android.server.am.ActivityManagerService.cleanUpApplicationRecordLocked:19127 com.android.server.am.ActivityManagerService.handleAppDiedLocked:6389 com.android.server.am.ActivityManagerService.appDiedLocked:6568 com.android.server.am.ActivityManagerService$AppDeathRecipient.binderDied:1723 android.os.BinderProxy.sendDeathNotice:906
03-05 14:30:25.561 W/ActivityManager( 1315): Scheduling restart of crashed service com.smartisanos.cloudsync/.services.CloudSyncService in 147312ms
03-05 14:30:25.561 W/ActivityManager( 1315): Scheduling restart of crashed service com.smartisanos.cloudsync/com.smartisanos.find.services.FindService in 157312ms
03-05 14:30:25.810 I/flutter (28289): listenChannel {mode: heart}
03-05 14:30:25.962 I/chatty (28535): uid=11480 com.google.android.gms.persistent expire 3 lines
03-05 14:30:25.991 D/cr_PhysicalWeb(29825): [NearbySubscription.java:46] Nearby background unsubscribe succeeded
03-05 14:30:25.992 D/NearbyMessagesClient(29825): Emitting client lifecycle event CLIENT_DISCONNECTED
03-05 14:30:26.102 I/chatty (28535): uid=11480 com.google.android.gms.persistent expire 10 lines
03-05 14:30:26.179 D/BtGatt.GattService( 3769): registerClient() - UUID=5cc4597a-a237-4da5-acf3-deb3f847a75e
03-05 14:30:26.182 D/BtGatt.GattService( 3769): onClientRegistered() - UUID=5cc4597a-a237-4da5-acf3-deb3f847a75e, clientIf=6
03-05 14:30:26.182 I/chatty (28535): uid=11480 com.google.android.gms.persistent expire 1 line
03-05 14:30:26.183 D/BtGatt.GattService( 3769): start scan with filters
03-05 14:30:26.187 D/BtGatt.ScanManager( 3769): handling starting scan
03-05 14:30:26.197 D/BtGatt.GattService( 3769): onScanFilterEnableDisabled() - clientIf=6, status=0, action=1
03-05 14:30:26.197 D/BtGatt.ScanManager( 3769): callback done for clientIf - 6 status - 0
03-05 14:30:26.197 D/BtGatt.ScanManager( 3769): addFilterToController: 5
03-05 14:30:26.200 D/BtGatt.GattService( 3769): onScanFilterConfig() - clientIf=6, action = 0 status = 0, filterType=5, availableSpace=31
03-05 14:30:26.200 D/BtGatt.ScanManager( 3769): callback done for clientIf - 6 status - 0
03-05 14:30:26.200 D/BtGatt.ScanManager( 3769): configureFilterParamter 500 10000 1 0
03-05 14:30:26.211 D/BtGatt.GattService( 3769): onScanFilterParamsConfigured() - clientIf=6, status=0, action=0, availableSpace=15
03-05 14:30:26.211 D/BtGatt.ScanManager( 3769): callback done for clientIf - 6 status - 0
03-05 14:30:26.212 D/BtGatt.ScanManager( 3769): addFilterToController: 2
03-05 14:30:26.212 D/BtGatt.GattService( 3769): onScanFilterConfig() - clientIf=6, action = 0 status = 0, filterType=2, availableSpace=31
03-05 14:30:26.213 D/BtGatt.ScanManager( 3769): callback done for clientIf - 6 status - 0
03-05 14:30:26.213 D/BtGatt.ScanManager( 3769): configureFilterParamter 500 10000 1 0
03-05 14:30:26.214 D/BtGatt.GattService( 3769): onScanFilterParamsConfigured() - clientIf=6, status=0, action=0, availableSpace=14
03-05 14:30:26.214 D/BtGatt.ScanManager( 3769): callback done for clientIf - 6 status - 0
03-05 14:30:26.214 D/BtGatt.ScanManager( 3769): addFilterToController: 5
03-05 14:30:26.215 D/BtGatt.GattService( 3769): onScanFilterConfig() - clientIf=6, action = 0 status = 0, filterType=5, availableSpace=30
03-05 14:30:26.215 D/BtGatt.ScanManager( 3769): callback done for clientIf - 6 status - 0
03-05 14:30:26.215 D/BtGatt.ScanManager( 3769): configureFilterParamter 500 10000 1 0
03-05 14:30:26.216 D/BtGatt.GattService( 3769): onScanFilterParamsConfigured() - clientIf=6, status=0, action=0, availableSpace=13
03-05 14:30:26.216 D/BtGatt.ScanManager( 3769): callback done for clientIf - 6 status - 0
03-05 14:30:26.216 D/BtGatt.ScanManager( 3769): addFilterToController: 2
03-05 14:30:26.217 D/BtGatt.GattService( 3769): onScanFilterConfig() - clientIf=6, action = 0 status = 0, filterType=2, availableSpace=30
03-05 14:30:26.217 D/BtGatt.ScanManager( 3769): callback done for clientIf - 6 status - 0
03-05 14:30:26.217 D/BtGatt.ScanManager( 3769): configureFilterParamter 500 10000 1 0
03-05 14:30:26.218 D/BtGatt.GattService( 3769): onScanFilterParamsConfigured() - clientIf=6, status=0, action=0, availableSpace=12
03-05 14:30:26.218 D/BtGatt.ScanManager( 3769): callback done for clientIf - 6 status - 0
03-05 14:30:26.218 D/BtGatt.ScanManager( 3769): addFilterToController: 2
03-05 14:30:26.220 D/BtGatt.GattService( 3769): onScanFilterConfig() - clientIf=6, action = 0 status = 0, filterType=2, availableSpace=29
03-05 14:30:26.220 D/BtGatt.ScanManager( 3769): callback done for clientIf - 6 status - 0
03-05 14:30:26.220 D/BtGatt.ScanManager( 3769): configureFilterParamter 500 10000 1 0
03-05 14:30:26.221 D/BtGatt.GattService( 3769): onScanFilterParamsConfigured() - clientIf=6, status=0, action=0, availableSpace=11
03-05 14:30:26.221 D/BtGatt.ScanManager( 3769): callback done for clientIf - 6 status - 0
03-05 14:30:26.221 D/BtGatt.ScanManager( 3769): configureRegularScanParams() - queue=1
03-05 14:30:26.221 D/BtGatt.ScanManager( 3769): configureRegularScanParams() - ScanSetting Scan mode=2 mLastConfiguredScanSetting=-2147483648
03-05 14:30:26.221 D/BtGatt.ScanManager( 3769): configureRegularScanParams - scanInterval = 8000configureRegularScanParams - scanWindow = 8000
03-05 14:30:26.222 D/BtGatt.GattService( 3769): onScanParamSetupCompleted : 0
03-05 14:30:26.667 W/sh ( 528): type=1400 audit(0.0:984989): avc: denied { search } for name="default" dev="tmpfs" ino=487 scontext=u:r:qti_init_shell:s0 tcontext=u:object_r:storage_file:s0 tclass=dir permissive=0
03-05 14:30:26.810 W/SQLiteConnectionPool(29746): A SQLiteConnection object for database '/data/user/0/com.android.providers.weather/databases/logdb.db' was leaked! Please fix your application to end transactions in progress properly and to close the database when it is no longer needed.
03-05 14:30:26.811 W/SQLiteConnectionPool(29746): A SQLiteConnection object for database '/storage/emulated/0/amap/openamaplocationsdk/alsn.db' was leaked! Please fix your application to end transactions in progress properly and to close the database when it is no longer needed.
03-05 14:30:26.813 W/SQLiteConnectionPool(29746): A SQLiteConnection object for database '/data/user/0/com.android.providers.weather/databases/logdb.db' was leaked! Please fix your application to end transactions in progress properly and to close the database when it is no longer needed.
03-05 14:30:26.814 W/SQLiteConnectionPool(29746): A SQLiteConnection object for database '/data/user/0/com.android.providers.weather/databases/logdb.db' was leaked! Please fix your application to end transactions in progress properly and to close the database when it is no longer needed.
03-05 14:30:26.815 W/SQLiteConnectionPool(29746): A SQLiteConnection object for database '/data/user/0/com.android.providers.weather/databases/logdb.db' was leaked! Please fix your application to end transactions in progress properly and to close the database when it is no longer needed.
03-05 14:30:26.815 W/SQLiteConnectionPool(29746): A SQLiteConnection object for database '/data/user/0/com.android.providers.weather/databases/logdb.db' was leaked! Please fix your application to end transactions in progress properly and to close the database when it is no longer needed.
03-05 14:30:26.816 W/SQLiteConnectionPool(29746): A SQLiteConnection object for database '/data/user/0/com.android.providers.weather/databases/logdb.db' was leaked! Please fix your application to end transactions in progress properly and to close the database when it is no longer needed.
03-05 14:30:26.817 W/SQLiteConnectionPool(29746): A SQLiteConnection object for database '/data/user/0/com.android.providers.weather/databases/logdb.db' was leaked! Please fix your application to end transactions in progress properly and to close the database when it is no longer needed.
03-05 14:30:27.114 I/AppStore(28841): [266197] m.e: appinfo is empty.
03-05 14:30:27.114 I/AppStore(28841): [266197] m.e: checkAppUpdate | Bundle[{auto_update_pkg=com.android.browser}]
03-05 14:30:27.114 I/AppStore(28841): [266197] m.e: AutoUpdateProvider:true |1
03-05 14:30:27.214 E/System (29825): Uncaught exception thrown by finalizer
03-05 14:30:27.216 I/AutoUpdateUtils(29825): app update info is null.
03-05 14:30:27.219 E/System (29825): java.lang.IllegalStateException: Warning: Router objects should be explicitly closed when no longer required otherwise you may leak handles.
03-05 14:30:27.219 E/System (29825): at org.chromium.mojo.bindings.AutoCloseableRouter.finalize(AutoCloseableRouter.java:111)
03-05 14:30:27.219 E/System (29825): at java.lang.Daemons$FinalizerDaemon.doFinalize(Daemons.java:222)
03-05 14:30:27.219 E/System (29825): at java.lang.Daemons$FinalizerDaemon.run(Daemons.java:209)
03-05 14:30:27.219 E/System (29825): at java.lang.Thread.run(Thread.java:761)
03-05 14:30:27.221 E/System (29825): Uncaught exception thrown by finalizer
03-05 14:30:27.221 E/System (29825): java.lang.IllegalStateException: Binder has been finalized!
03-05 14:30:27.221 E/System (29825): at android.os.BinderProxy.transactNative(Native Method)
03-05 14:30:27.221 E/System (29825): at android.os.BinderProxy.transact(Binder.java:833)
03-05 14:30:27.221 E/System (29825): at android.net.INetworkStatsSession$Stub$Proxy.close(INetworkStatsSession.java:462)
03-05 14:30:27.221 E/System (29825): at android.app.usage.NetworkStats.close(NetworkStats.java:382)
03-05 14:30:27.221 E/System (29825): at android.app.usage.NetworkStats.finalize(NetworkStats.java:118)
03-05 14:30:27.221 E/System (29825): at java.lang.Daemons$FinalizerDaemon.doFinalize(Daemons.java:222)
03-05 14:30:27.221 E/System (29825): at java.lang.Daemons$FinalizerDaemon.run(Daemons.java:209)
03-05 14:30:27.221 E/System (29825): at java.lang.Thread.run(Thread.java:761)
03-05 14:30:27.223 E/System (29825): Uncaught exception thrown by finalizer
03-05 14:30:27.224 E/System (29825): java.lang.IllegalStateException: Binder has been finalized!
03-05 14:30:27.224 E/System (29825): at android.os.BinderProxy.transactNative(Native Method)
03-05 14:30:27.224 E/System (29825): at android.os.BinderProxy.transact(Binder.java:833)
03-05 14:30:27.224 E/System (29825): at android.net.INetworkStatsSession$Stub$Proxy.close(INetworkStatsSession.java:462)
03-05 14:30:27.224 E/System (29825): at android.app.usage.NetworkStats.close(NetworkStats.java:382)
03-05 14:30:27.224 E/System (29825): at android.app.usage.NetworkStats.finalize(NetworkStats.java:118)
03-05 14:30:27.224 E/System (29825): at java.lang.Daemons$FinalizerDaemon.doFinalize(Daemons.java:222)
03-05 14:30:27.224 E/System (29825): at java.lang.Daemons$FinalizerDaemon.run(Daemons.java:209)
03-05 14:30:27.224 E/System (29825): at java.lang.Thread.run(Thread.java:761)
03-05 14:30:27.273 I/qtaguid (29825): Tagging socket 207 with tag 4100000000000(266240) for uid -1 failed errno=-24
03-05 14:30:27.274 I/NetworkManagementSocketTagger(29825): tagSocketFd(207, 266240, -1) failed with errno-24
03-05 14:30:27.536 W/chromium(29868): [WARNING:json_config.cc(203)] =========== base::android::JsonConfig, GetIntByKey, key: memory_image_skip_duration_ms is not found
03-05 14:30:27.536 E/chromium(29868): [ERROR:BitmapImage.cpp(85)] BitmapImage scl.gaode skip_duration_sec_: 0.016
03-05 14:30:27.540 W/chromium(29868): [WARNING:json_config.cc(203)] =========== base::android::JsonConfig, GetIntByKey, key: memory_image_skip_duration_ms is not found
03-05 14:30:27.540 E/chromium(29868): [ERROR:BitmapImage.cpp(85)] BitmapImage scl.gaode skip_duration_sec_: 0.016
03-05 14:30:27.679 D/cr_invalidation(29825): [DelayedInvalidationsController.java:61] No pending invalidations.
03-05 14:30:28.195 I/qtaguid (29825): Tagging socket 67 with tag 4105a00000000(266330) for uid -1 failed errno=-24
03-05 14:30:28.195 I/NetworkManagementSocketTagger(29825): tagSocketFd(67, 266330, -1) failed with errno-24
03-05 14:30:28.223 I/chromium(29868): [INFO:WebSmartisanImpl.cpp(24)] web_view_=0xcec88f00
03-05 14:30:28.228 I/chromium(29868): [INFO:FrameLoader.cpp(889)] siyt(1209): FrameLoader::load ==================
03-05 14:30:28.228 I/chromium(29868): [INFO:FrameLoader.cpp(890)] siyt(1209): FrameLoader::load === frame_=0x591ca8b0
03-05 14:30:28.229 I/chromium(29868): [INFO:FrameLoader.cpp(891)] siyt(1209): FrameLoader::load === frame_->Owner()=0
03-05 14:30:28.229 I/chromium(29868): [INFO:FrameLoader.cpp(895)] siyt(1209): FrameLoader::load === frame_->GetDocument()->Url()=""
03-05 14:30:28.229 I/chromium(29868): [INFO:FrameLoader.cpp(896)] siyt(1209): FrameLoader::load === url="chrome-native://newtab/"
03-05 14:30:28.230 I/chromium(29868): [INFO:Document.cpp(3644)] siyt(1212-2): UpdateStateOfInspectSearchQuery === 2 iter->key="toutiao.com"
03-05 14:30:28.230 I/chromium(29868): [INFO:Document.cpp(3644)] siyt(1212-2): UpdateStateOfInspectSearchQuery === 2 iter->key="baidu.com"
03-05 14:30:28.230 I/chromium(29868): [INFO:Document.cpp(3644)] siyt(1212-2): UpdateStateOfInspectSearchQuery === 2 iter->key="sogou.com"
03-05 14:30:28.231 W/chromium(29868): [WARNING:json_config.cc(174)] =========== base::android::JsonConfig, GetBooleanByKey, key: tt_performance_callback_enabled is not found
03-05 14:30:28.242 D/cr_tabmodel(29825): [TabPersistentStore.java:1082] Serializing tab lists; counts: 0, 0, 1
03-05 14:30:28.252 I/MediaFocusControl( 1315): AudioFocus abandonAudioFocus() from uid/pid 10007/29825 clientId=android.media.AudioManager@916df36org.chromium.content.browser.AudioFocusDelegate@83ae37
03-05 14:30:28.476 I/qtaguid (29825): Untagging socket 67 failed errno=-22
03-05 14:30:28.476 W/NetworkManagementSocketTagger(29825): untagSocket(67) failed with errno -22
03-05 14:30:28.476 I/qtaguid (29825): Untagging socket 207 failed errno=-22
03-05 14:30:28.476 W/NetworkManagementSocketTagger(29825): untagSocket(207) failed with errno -22
03-05 14:30:28.505 D/cr_tabmodel(29825): [TabPersistentStore.java:1453] Loaded tab lists; counts: 2,0
03-05 14:30:28.507 E/ActivityThread(29825): Failed to find provider info for com.android.partnerbookmarks
03-05 14:30:28.551 D/cr_tabmodel(29825): [TabPersistentStore.java:1082] Serializing tab lists; counts: 2, 0, 0
03-05 14:30:29.110 I/ViewConfigCompat(29825): Could not find method getScaledScrollFactor() on ViewConfiguration
03-05 14:30:29.129 I/qtaguid (29825): Tagging socket 120 with tag 4105c00000000(266332) for uid -1 failed errno=-24
03-05 14:30:29.129 I/NetworkManagementSocketTagger(29825): tagSocketFd(120, 266332, -1) failed with errno-24
03-05 14:30:29.137 I/qtaguid (29825): Tagging socket 55 with tag 4105d00000000(266333) for uid -1 failed errno=-24
03-05 14:30:29.137 I/NetworkManagementSocketTagger(29825): tagSocketFd(55, 266333, -1) failed with errno-24
03-05 14:30:29.139 I/qtaguid (29825): Tagging socket 56 with tag 4105e00000000(266334) for uid -1 failed errno=-24
03-05 14:30:29.139 I/NetworkManagementSocketTagger(29825): tagSocketFd(56, 266334, -1) failed with errno-24
03-05 14:30:29.176 I/art (29825): Do partial code cache collection, code=49KB, data=61KB
03-05 14:30:29.177 I/art (29825): After code cache collection, code=49KB, data=61KB
03-05 14:30:29.177 I/art (29825): Increasing code cache capacity to 256KB
03-05 14:30:29.551 W/cr_AutocompleteEdit(29825): Using non-spannable model...
03-05 14:30:29.554 W/cr_AutocompleteModel(29825): notification ignored
03-05 14:30:29.578 D/SogouIME(12816): sxq------ (attribute.inputType & EditorInfo.TYPE_MASK_CLASS)=1
03-05 14:30:29.696 D/ ( 537): SurfaceMonitor closed!
03-05 14:30:29.743 D/wzg ( 1859): businessPush: false
03-05 14:30:29.743 D/wzg ( 1859): businessPush: false
03-05 14:30:29.743 D/wzg ( 1859): businessPush: false
03-05 14:30:29.822 D/ ( 537): SurfaceMonitor closed!
03-05 14:30:29.904 I/qtaguid (29825): Untagging socket 120 failed errno=-22
03-05 14:30:29.904 W/NetworkManagementSocketTagger(29825): untagSocket(120) failed with errno -22
03-05 14:30:30.068 I/qtaguid (29825): Untagging socket 56 failed errno=-22
03-05 14:30:30.068 W/NetworkManagementSocketTagger(29825): untagSocket(56) failed with errno -22
03-05 14:30:30.069 I/qtaguid (29825): Untagging socket 55 failed errno=-22
03-05 14:30:30.069 W/NetworkManagementSocketTagger(29825): untagSocket(55) failed with errno -22
03-05 14:30:30.215 I/qtaguid (29825): Tagging socket 52 with tag 4106200000000(266338) for uid -1 failed errno=-24
03-05 14:30:30.215 I/NetworkManagementSocketTagger(29825): tagSocketFd(52, 266338, -1) failed with errno-24
03-05 14:30:30.216 I/qtaguid (29825): Tagging socket 62 with tag 4106400000000(266340) for uid -1 failed errno=-24
03-05 14:30:30.216 I/NetworkManagementSocketTagger(29825): tagSocketFd(62, 266340, -1) failed with errno-24
03-05 14:30:30.219 I/qtaguid (29825): Tagging socket 57 with tag 4106300000000(266339) for uid -1 failed errno=-24
03-05 14:30:30.219 I/NetworkManagementSocketTagger(29825): tagSocketFd(57, 266339, -1) failed with errno-24
03-05 14:30:30.801 W/cr_UrlBar(29825): Text change observed, triggering autocomplete.
03-05 14:30:30.801 W/cr_LocationBar(29825): onTextChangedForAutocomplete
03-05 14:30:30.802 W/cr_Autocomplete(29825): stopping autocomplete.
03-05 14:30:30.845 W/cr_Autocomplete(29825): starting autocomplete controller..[false][false]
03-05 14:30:30.902 I/qtaguid (29825): Tagging socket 207 with tag 4106500000000(266341) for uid -1 failed errno=-24
03-05 14:30:30.902 I/NetworkManagementSocketTagger(29825): tagSocketFd(207, 266341, -1) failed with errno-24
03-05 14:30:31.028 D/cr_PhysicalWeb(29825): [UrlManager.java:204] Get URLs With: 0 nearby, 0 resolved, and 0 in intersection.
03-05 14:30:31.133 W/cr_UrlBar(29825): Text change observed, triggering autocomplete.
03-05 14:30:31.133 W/cr_LocationBar(29825): onTextChangedForAutocomplete
03-05 14:30:31.133 W/cr_Autocomplete(29825): stopping autocomplete.
03-05 14:30:31.152 I/qtaguid (29825): Untagging socket 207 failed errno=-22
03-05 14:30:31.152 W/NetworkManagementSocketTagger(29825): untagSocket(207) failed with errno -22
03-05 14:30:31.153 I/qtaguid (29825): Untagging socket 52 failed errno=-22
03-05 14:30:31.153 I/qtaguid (29825): Untagging socket 57 failed errno=-22
03-05 14:30:31.153 W/NetworkManagementSocketTagger(29825): untagSocket(57) failed with errno -22
03-05 14:30:31.153 W/NetworkManagementSocketTagger(29825): untagSocket(52) failed with errno -22
03-05 14:30:31.163 W/cr_Autocomplete(29825): starting autocomplete controller..[false][false]
03-05 14:30:31.190 I/qtaguid (29825): Tagging socket 57 with tag 4106300000000(266339) for uid -1 failed errno=-24
03-05 14:30:31.190 I/NetworkManagementSocketTagger(29825): tagSocketFd(57, 266339, -1) failed with errno-24
03-05 14:30:31.197 I/qtaguid (29825): Tagging socket 52 with tag 4106400000000(266340) for uid -1 failed errno=-24
03-05 14:30:31.197 I/NetworkManagementSocketTagger(29825): tagSocketFd(52, 266340, -1) failed with errno-24
03-05 14:30:31.200 I/qtaguid (29825): Tagging socket 207 with tag 4106600000000(266342) for uid -1 failed errno=-24
03-05 14:30:31.201 I/NetworkManagementSocketTagger(29825): tagSocketFd(207, 266342, -1) failed with errno-24
03-05 14:30:31.477 I/qtaguid (29825): Untagging socket 207 failed errno=-22
03-05 14:30:31.477 I/qtaguid (29825): Untagging socket 52 failed errno=-22
03-05 14:30:31.477 I/qtaguid (29825): Untagging socket 57 failed errno=-22
03-05 14:30:31.477 W/NetworkManagementSocketTagger(29825): untagSocket(207) failed with errno -22
03-05 14:30:31.477 W/NetworkManagementSocketTagger(29825): untagSocket(57) failed with errno -22
03-05 14:30:31.477 W/NetworkManagementSocketTagger(29825): untagSocket(52) failed with errno -22
03-05 14:30:31.677 W/sh ( 528): type=1400 audit(0.0:984990): avc: denied { search } for name="default" dev="tmpfs" ino=487 scontext=u:r:qti_init_shell:s0 tcontext=u:object_r:storage_file:s0 tclass=dir permissive=0
