03-04 22:01:06.439 I/chatty ( 1315): uid=1000(system) Binder:1315_1B expire 1 line
03-04 22:02:26.542 I/chatty ( 1315): uid=1000(system) Binder:1315_9 expire 5 lines
03-04 22:02:31.969 I/chatty ( 1315): uid=1000(system) AlarmManager expire 1 line
03-04 22:02:33.334 I/chatty ( 1315): uid=1000(system) Binder:1315_F expire 11 lines
03-04 22:02:34.131 I/PackageParser(24622): com.tencent.x5sdk.res: compat added android.permission.WRITE_EXTERNAL_STORAGE android.permission.READ_PHONE_STATE
03-04 22:02:34.150 I/chatty ( 1315): uid=1000(system) Binder:1315_10 expire 8 lines
03-04 22:02:34.166 I/PackageParser(24622): com.tencent.x5sdk.res: compat added android.permission.WRITE_EXTERNAL_STORAGE android.permission.READ_PHONE_STATE
03-04 22:02:34.370 I/chatty ( 1315): uid=1000(system) ActivityManager expire 12 lines
03-04 22:02:34.437 I/chatty ( 1315): uid=1000(system) Binder:1315_4 expire 3 lines
03-04 22:02:34.615 I/chatty ( 1315): uid=1000(system) Binder:1315_3 expire 10 lines
03-04 22:02:34.949 I/chatty ( 1315): uid=1000(system) Binder:1315_15 expire 4 lines
03-04 22:02:34.949 I/chatty ( 1315): uid=1000(system) Binder:1315_20 expire 15 lines
03-04 22:02:34.951 I/chatty ( 1315): uid=1000(system) ConnectivitySer expire 8 lines
03-04 22:02:34.993 I/chatty ( 1315): uid=1000(system) Binder:1315_5 expire 9 lines
03-04 22:02:35.059 I/PackageParser(24772): com.tencent.x5sdk.res: compat added android.permission.WRITE_EXTERNAL_STORAGE android.permission.READ_PHONE_STATE
03-04 22:02:35.064 I/chatty ( 1315): uid=1000(system) Binder:1315_1C expire 9 lines
03-04 22:02:35.157 I/PackageParser(24772): com.tencent.x5sdk.res: compat added android.permission.WRITE_EXTERNAL_STORAGE android.permission.READ_PHONE_STATE
03-04 22:02:35.653 I/chatty ( 1315): uid=1000(system) Binder:1315_1D expire 1 line
03-04 22:02:37.006 W/SocketClient( 586): write error (Broken pipe)
03-04 22:02:37.073 W/SocketClient( 586): write error (Broken pipe)
03-04 22:02:37.305 I/chatty ( 1315): uid=1000(system) Binder:1315_8 expire 5 lines
03-04 22:02:38.599 I/chatty ( 1315): uid=1000(system) android.bg expire 10 lines
03-04 22:02:39.115 I/chatty ( 1315): uid=1000(system) Binder:1315_1A expire 12 lines
03-04 22:02:40.141 I/chatty ( 1315): uid=1000(system) android.io expire 4 lines
03-04 22:02:40.247 W/SocketClient( 586): write error (Broken pipe)
03-04 22:02:43.095 I/chatty ( 1315): uid=1000(system) Binder:1315_A expire 3 lines
03-04 22:02:43.447 I/chatty ( 1315): uid=1000(system) Binder:1315_E expire 15 lines
03-04 22:02:46.157 I/chatty ( 1315): uid=1000(system) Binder:1315_13 expire 7 lines
03-04 22:02:46.433 I/chatty ( 1315): uid=1000(system) Binder:1315_16 expire 7 lines
03-04 22:02:56.485 I/chatty ( 1315): uid=1000(system) Binder:1315_1B expire 4 lines
03-04 22:02:56.485 I/chatty ( 1315): uid=1000(system) Binder:1315_9 expire 4 lines
03-04 22:02:56.507 I/chatty ( 1315): uid=1000(system) Binder:1315_17 expire 4 lines
03-04 22:02:57.031 I/chatty ( 1315): uid=1000(system) Binder:1315_14 expire 12 lines
03-04 22:02:57.060 I/chatty ( 1315): uid=1000(system) Binder:1315_1F expire 4 lines
03-04 22:03:11.957 W/ViewRootImpl[SplashActivity]( 7853): Dropping event due to root view being removed: MotionEvent { action=ACTION_MOVE, actionButton=0, id[0]=0, x[0]=682.3432, y[0]=757.2352, toolType[0]=TOOL_TYPE_FINGER, buttonState=0, metaState=0, flags=0x0, edgeFlags=0x0, pointerCount=1, historySize=3, eventTime=1039971305, downTime=1039971255, deviceId=7, source=0x1002 }
03-04 22:03:16.444 I/chatty ( 1315): uid=1000(system) Binder:1315_7 expire 2 lines
03-04 22:03:21.284 I/chatty ( 1315): uid=1000(system) Binder:1315_6 expire 10 lines
03-04 22:03:21.935 I/chatty ( 1315): uid=1000(system) InputReader expire 2 lines
03-04 22:03:22.800 I/chatty ( 1315): uid=1000(system) Binder:1315_20 expire 2 lines
03-04 22:03:36.427 I/chatty ( 1315): uid=1000(system) Binder:1315_12 expire 5 lines
03-04 22:03:46.440 I/chatty ( 1315): uid=1000(system) Binder:1315_19 expire 2 lines
03-04 22:04:06.454 I/chatty ( 1315): uid=1000(system) Binder:1315_D expire 5 lines
03-04 22:04:09.205 I/chatty ( 1315): uid=1000(system) batterystats-sy expire 1 line
03-04 22:04:09.255 W/ContextImpl(26616): Calling a method in the system process without a qualified user: android.app.ContextImpl.startService:1371 android.content.ContextWrapper.startService:616 android.content.ContextWrapper.startService:616 com.android.settings.fuelgauge.BatteryChangeReceiver.tL:-1 com.android.settings.fuelgauge.BatteryChangeReceiver.tO:-1
03-04 22:04:16.419 I/chatty ( 1315): uid=1000(system) ActivityManager expire 9 lines
03-04 22:04:16.652 I/chatty ( 1315): uid=1000(system) Binder:1315_3 expire 3 lines
03-04 22:04:16.653 I/chatty ( 1315): uid=1000(system) Binder:1315_B expire 15 lines
03-04 22:04:20.547 I/chatty ( 1315): uid=1000(system) Binder:1315_C expire 5 lines
03-04 22:04:20.907 I/ActivityThread(26810): Removing dead content provider:android.content.ContentProviderProxy@f12be49
03-04 22:04:25.697 I/chatty ( 1315): uid=1000(system) Binder:1315_1 expire 2 lines
03-04 22:04:26.431 I/chatty ( 1315): uid=1000(system) Binder:1315_F expire 1 line
03-04 22:04:35.116 I/chatty ( 1315): uid=1000(system) Binder:1315_11 expire 1 line
03-04 22:04:36.153 I/chatty ( 1315): uid=1000(system) Binder:1315_18 expire 4 lines
03-04 22:04:36.809 I/chatty ( 1315): uid=1000(system) Binder:1315_1E expire 4 lines
03-04 22:04:37.969 I/chatty ( 1315): uid=1000(system) Binder:1315_2 expire 6 lines
03-04 22:04:39.238 I/chatty ( 1315): uid=1000(system) Binder:1315_17 expire 11 lines
03-04 22:04:39.302 I/chatty ( 1315): uid=1000(system) Binder:1315_4 expire 5 lines
03-04 22:04:40.188 I/chatty ( 1315): uid=1000(system) Binder:1315_1 expire 7 lines
03-04 22:04:40.212 I/chatty ( 1315): uid=1000(system) Binder:1315_20 expire 4 lines
03-04 22:04:40.326 I/chatty ( 1315): uid=1000(system) ActivityManager expire 11 lines
03-04 22:04:40.410 I/chatty ( 1315): uid=1000(system) Binder:1315_16 expire 11 lines
03-04 22:04:40.428 I/chatty ( 1315): uid=1000(system) Binder:1315_15 expire 11 lines
03-04 22:04:40.464 I/chatty ( 1315): uid=1000(system) Binder:1315_1D expire 10 lines
03-04 22:04:40.486 I/chatty ( 1315): uid=1000(system) Binder:1315_11 expire 7 lines
03-04 22:04:40.491 I/chatty ( 1315): uid=1000(system) Binder:1315_A expire 12 lines
03-04 22:04:41.501 I/chatty ( 1315): uid=1000(system) Binder:1315_18 expire 7 lines
03-04 22:04:41.589 I/chatty ( 1315): uid=1000(system) Binder:1315_3 expire 10 lines
03-04 22:04:41.912 I/chatty ( 1315): uid=1000(system) Binder:1315_F expire 7 lines
03-04 22:04:42.972 I/chatty ( 1315): uid=1000(system) Binder:1315_1B expire 6 lines
03-04 22:04:42.995 I/chatty ( 1315): uid=1000(system) Binder:1315_1E expire 3 lines
03-04 22:04:45.173 I/chatty ( 1315): uid=1000(system) Binder:1315_E expire 16 lines
03-04 22:04:45.219 I/chatty ( 1315): uid=1000(system) Binder:1315_D expire 12 lines
03-04 22:04:46.851 I/chatty ( 1315): uid=1000(system) Binder:1315_13 expire 6 lines
03-04 22:04:47.583 I/chatty ( 1315): uid=1000(system) Binder:1315_1A expire 10 lines
03-04 22:04:49.845 I/chatty ( 1315): uid=1000(system) Binder:1315_12 expire 9 lines
03-04 22:04:49.911 I/chatty ( 1315): uid=1000(system) Binder:1315_8 expire 6 lines
03-04 22:04:49.911 I/chatty ( 1315): uid=1000(system) Binder:1315_1F expire 9 lines
03-04 22:04:49.914 I/chatty ( 1315): uid=1000(system) ConnectivitySer expire 5 lines
03-04 22:04:51.034 I/chatty ( 1315): uid=1000(system) Binder:1315_B expire 5 lines
03-04 22:04:51.813 I/chatty ( 1315): uid=1000(system) Binder:1315_9 expire 1 line
03-04 22:04:53.341 I/chatty ( 1315): uid=1000(system) Binder:1315_5 expire 6 lines
03-04 22:04:53.803 I/chatty ( 1315): uid=1000(system) android.bg expire 5 lines
03-04 22:04:54.755 I/chatty ( 1315): uid=1000(system) Binder:1315_10 expire 5 lines
03-04 22:04:57.416 I/chatty ( 1315): uid=1000(system) Binder:1315_1C expire 4 lines
03-04 22:05:06.439 I/chatty ( 1315): uid=1000(system) Binder:1315_C expire 5 lines
03-04 22:05:07.720 I/chatty ( 1315): uid=1000(system) Binder:1315_19 expire 4 lines
03-04 22:05:18.727 I/chatty ( 1315): uid=1000(system) Binder:1315_7 expire 1 line
03-04 22:05:37.143 I/chatty ( 1315): uid=1000(system) Binder:1315_14 expire 8 lines
03-04 22:05:38.144 I/PackageParser(29136): com.tencent.x5sdk.res: compat added android.permission.WRITE_EXTERNAL_STORAGE android.permission.READ_PHONE_STATE
03-04 22:05:38.192 I/PackageParser(29136): com.tencent.x5sdk.res: compat added android.permission.WRITE_EXTERNAL_STORAGE android.permission.READ_PHONE_STATE
03-04 22:05:39.467 I/chatty ( 1315): uid=1000(system) batterystats-sy expire 1 line
03-04 22:05:39.529 W/ContextImpl(28696): Calling a method in the system process without a qualified user: android.app.ContextImpl.startService:1371 android.content.ContextWrapper.startService:616 android.content.ContextWrapper.startService:616 com.android.settings.fuelgauge.BatteryChangeReceiver.tL:-1 com.android.settings.fuelgauge.BatteryChangeReceiver.tO:-1
03-04 22:05:40.823 I/PackageParser(29270): com.tencent.x5sdk.res: compat added android.permission.WRITE_EXTERNAL_STORAGE android.permission.READ_PHONE_STATE
03-04 22:05:40.888 I/PackageParser(29270): com.tencent.x5sdk.res: compat added android.permission.WRITE_EXTERNAL_STORAGE android.permission.READ_PHONE_STATE
03-04 22:05:46.297 I/chatty ( 1315): uid=1000(system) Binder:1315_1A expire 1 line
03-04 22:05:46.434 I/chatty ( 1315): uid=1000(system) ActivityManager expire 1 line
03-04 22:05:46.618 I/chatty ( 1315): uid=1000(system) android.io expire 4 lines
03-04 22:05:47.382 I/chatty ( 1315): uid=1000(system) Binder:1315_A expire 3 lines
03-04 22:05:49.115 I/chatty ( 1315): uid=1000(system) Binder:1315_17 expire 9 lines
03-04 22:05:49.115 I/chatty ( 1315): uid=1000(system) Binder:1315_16 expire 3 lines
03-04 22:05:49.115 I/chatty ( 1315): uid=1000(system) Binder:1315_11 expire 11 lines
03-04 22:05:49.116 I/chatty ( 1315): uid=1000(system) ConnectivitySer expire 10 lines
03-04 22:05:49.132 I/chatty ( 1315): uid=1000(system) Binder:1315_1B expire 9 lines
03-04 22:05:49.132 I/chatty ( 1315): uid=1000(system) Binder:1315_F expire 8 lines
03-04 22:05:49.178 I/chatty ( 1315): uid=1000(system) Binder:1315_9 expire 4 lines
03-04 22:05:49.203 I/chatty ( 1315): uid=1000(system) Binder:1315_C expire 3 lines
03-04 22:05:51.222 I/chatty ( 1315): uid=1000(system) Binder:1315_7 expire 6 lines
03-04 22:05:53.114 I/chatty ( 1315): uid=1000(system) Binder:1315_14 expire 3 lines
03-04 22:05:53.150 I/chatty ( 1315): uid=1000(system) Binder:1315_18 expire 8 lines
03-04 22:05:53.284 I/chatty ( 1315): uid=1000(system) Binder:1315_19 expire 5 lines
03-04 22:05:54.036 I/chatty ( 1315): uid=1000(system) android.bg expire 7 lines
03-04 22:06:00.199 I/chatty ( 1315): uid=1000(system) ActivityManager expire 10 lines
03-04 22:06:02.807 I/chatty ( 1315): uid=1000(system) Binder:1315_1 expire 4 lines
03-04 22:06:04.778 I/chatty ( 1315): uid=1000(system) Binder:1315_1C expire 8 lines
03-04 22:06:05.216 I/chatty ( 1315): uid=1000(system) Binder:1315_1F expire 5 lines
03-04 22:06:06.446 I/chatty ( 1315): uid=1000(system) Binder:1315_4 expire 6 lines
03-04 22:06:06.738 I/chatty ( 1315): uid=1000(system) Binder:1315_1D expire 7 lines
03-04 22:06:07.598 I/chatty ( 1315): uid=1000(system) Binder:1315_D expire 5 lines
03-04 22:06:07.769 I/chatty ( 1315): uid=1000(system) Binder:1315_6 expire 8 lines
03-04 22:06:07.769 I/chatty ( 1315): uid=1000(system) Binder:1315_13 expire 8 lines
03-04 22:06:08.784 I/chatty ( 1315): uid=1000(system) Binder:1315_E expire 11 lines
03-04 22:06:12.244 I/PackageParser(30579): com.tencent.x5sdk.res: compat added android.permission.WRITE_EXTERNAL_STORAGE android.permission.READ_PHONE_STATE
03-04 22:06:12.252 I/chatty ( 1315): uid=1000(system) Binder:1315_15 expire 7 lines
03-04 22:06:12.279 I/PackageParser(30579): com.tencent.x5sdk.res: compat added android.permission.WRITE_EXTERNAL_STORAGE android.permission.READ_PHONE_STATE
03-04 22:06:12.690 I/chatty ( 1315): uid=1000(system) Binder:1315_12 expire 8 lines
03-04 22:06:12.692 I/ActivityThread(29552): Removing dead content provider:android.content.ContentProviderProxy@4d3cf22
03-04 22:06:14.818 I/PackageParser(30716): com.tencent.x5sdk.res: compat added android.permission.WRITE_EXTERNAL_STORAGE android.permission.READ_PHONE_STATE
03-04 22:06:14.863 I/PackageParser(30716): com.tencent.x5sdk.res: compat added android.permission.WRITE_EXTERNAL_STORAGE android.permission.READ_PHONE_STATE
03-04 22:06:16.854 I/chatty ( 1315): uid=1000(system) android.io expire 4 lines
03-04 22:06:26.838 I/chatty ( 1315): uid=1000(system) Binder:1315_5 expire 13 lines
03-04 22:06:28.819 I/chatty ( 1315): uid=1000(system) Binder:1315_B expire 11 lines
03-04 22:06:31.557 I/chatty ( 1315): uid=1000(system) Binder:1315_1A expire 2 lines
03-04 22:06:33.019 I/chatty ( 1315): uid=1000(system) Binder:1315_1E expire 7 lines
03-04 22:06:34.684 I/chatty ( 1315): uid=1000(system) Binder:1315_10 expire 8 lines
03-04 22:06:34.847 I/chatty ( 1315): uid=1000(system) Binder:1315_A expire 1 line
03-04 22:06:37.259 I/chatty ( 1315): uid=1000(system) Binder:1315_2 expire 6 lines
03-04 22:06:39.146 I/chatty ( 1315): uid=1000(system) AlarmManager expire 1 line
03-04 22:06:41.337 I/chatty ( 1315): uid=1000(system) Binder:1315_20 expire 9 lines
03-04 22:06:44.486 I/chatty ( 1315): uid=1000(system) Binder:1315_8 expire 8 lines
03-04 22:06:47.586 I/chatty ( 1315): uid=1000(system) Binder:1315_3 expire 7 lines
03-04 22:06:51.683 E/ActivityThread(32463): Failed to find provider info for com.tencent.mm.coolassist.debugprovider
03-04 22:06:56.421 I/chatty ( 1315): uid=1000(system) ActivityManager expire 4 lines
03-04 22:07:11.382 I/chatty ( 1315): uid=1000(system) Binder:1315_5 expire 1 line
03-04 22:07:11.483 I/chatty ( 1315): uid=1000(system) Binder:1315_11 expire 4 lines
03-04 22:07:28.418 I/chatty ( 1315): uid=1000(system) Binder:1315_1A expire 7 lines
03-04 22:07:29.439 I/chatty ( 1315): uid=1000(system) ActivityManager expire 13 lines
03-04 22:07:29.468 I/chatty ( 1315): uid=1000(system) Binder:1315_10 expire 21 lines
03-04 22:07:39.115 I/chatty ( 1315): uid=1000(system) android.bg expire 10 lines
03-04 22:07:46.444 I/chatty ( 1315): uid=1000(system) Binder:1315_14 expire 4 lines
03-04 22:07:46.779 I/chatty ( 1315): uid=1000(system) Binder:1315_F expire 6 lines
03-04 22:07:56.443 I/chatty ( 1315): uid=1000(system) Binder:1315_20 expire 7 lines
03-04 22:07:59.692 I/chatty ( 1315): uid=1000(system) Binder:1315_5 expire 11 lines
03-04 22:08:00.303 I/chatty ( 1315): uid=1000(system) Binder:1315_C expire 9 lines
03-04 22:08:00.630 I/chatty ( 1315): uid=1000(system) Binder:1315_B expire 11 lines
03-04 22:08:00.631 I/chatty ( 1315): uid=1000(system) ConnectivitySer expire 6 lines
03-04 22:08:00.651 I/chatty ( 1315): uid=1000(system) Binder:1315_18 expire 2 lines
03-04 22:08:06.435 I/chatty ( 1315): uid=1000(system) Binder:1315_6 expire 12 lines
03-04 22:08:07.687 I/chatty ( 1315): uid=1000(system) Binder:1315_D expire 12 lines
03-04 22:08:07.735 I/chatty ( 1315): uid=1000(system) Binder:1315_13 expire 6 lines
03-04 22:08:11.633 I/chatty ( 1315): uid=1000(system) Binder:1315_17 expire 8 lines
03-04 22:08:12.584 I/chatty ( 1315): uid=1000(system) Binder:1315_E expire 15 lines
03-04 22:08:12.591 I/chatty ( 1315): uid=1000(system) Binder:1315_16 expire 12 lines
03-04 22:08:13.694 I/chatty ( 1315): uid=1000(system) Binder:1315_2 expire 3 lines
03-04 22:08:13.953 I/chatty ( 1315): uid=1000(system) Binder:1315_A expire 6 lines
03-04 22:08:16.895 I/chatty ( 1315): uid=1000(system) Binder:1315_7 expire 5 lines
03-04 22:08:17.043 I/chatty ( 1315): uid=1000(system) Binder:1315_3 expire 4 lines
03-04 22:08:17.854 I/chatty ( 1315): uid=1000(system) Binder:1315_8 expire 3 lines
03-04 22:08:18.134 I/chatty ( 1315): uid=1000(system) Binder:1315_1B expire 3 lines
03-04 22:08:18.667 I/chatty ( 1315): uid=1000(system) Binder:1315_1C expire 8 lines
03-04 22:08:18.667 I/chatty ( 1315): uid=1000(system) Binder:1315_15 expire 8 lines
03-04 22:08:56.449 I/chatty ( 1315): uid=1000(system) Binder:1315_1F expire 1 line
03-04 22:09:29.818 I/chatty ( 1315): uid=1000(system) batterystats-sy expire 1 line
03-04 22:09:29.907 W/ContextImpl( 3148): Calling a method in the system process without a qualified user: android.app.ContextImpl.startService:1371 android.content.ContextWrapper.startService:616 android.content.ContextWrapper.startService:616 com.android.settings.fuelgauge.BatteryChangeReceiver.tL:-1 com.android.settings.fuelgauge.BatteryChangeReceiver.tO:-1
03-04 22:09:35.637 I/chatty ( 1315): uid=1000(system) ActivityManager expire 6 lines
03-04 22:09:37.340 I/chatty ( 1315): uid=1000(system) Binder:1315_1E expire 3 lines
03-04 22:09:37.827 I/chatty ( 1315): uid=1000(system) Binder:1315_1 expire 2 lines
03-04 22:09:38.808 I/chatty ( 1315): uid=1000(system) Binder:1315_E expire 4 lines
03-04 22:09:39.421 I/chatty ( 1315): uid=1000(system) Binder:1315_9 expire 3 lines
03-04 22:09:41.152 I/chatty ( 1315): uid=1000(system) Binder:1315_10 expire 4 lines
03-04 22:09:43.690 I/chatty ( 1315): uid=1000(system) Binder:1315_1D expire 10 lines
03-04 22:09:44.445 I/PackageParser( 3993): com.tencent.x5sdk.res: compat added android.permission.WRITE_EXTERNAL_STORAGE android.permission.READ_PHONE_STATE
03-04 22:09:44.524 I/PackageParser( 3993): com.tencent.x5sdk.res: compat added android.permission.WRITE_EXTERNAL_STORAGE android.permission.READ_PHONE_STATE
03-04 22:09:45.122 I/PackageParser( 4131): com.tencent.x5sdk.res: compat added android.permission.WRITE_EXTERNAL_STORAGE android.permission.READ_PHONE_STATE
03-04 22:09:45.178 I/chatty ( 1315): uid=1000(system) Binder:1315_D expire 2 lines
03-04 22:09:45.278 I/PackageParser( 4131): com.tencent.x5sdk.res: compat added android.permission.WRITE_EXTERNAL_STORAGE android.permission.READ_PHONE_STATE
03-04 22:09:45.340 I/chatty ( 1315): uid=1000(system) Binder:1315_12 expire 6 lines
03-04 22:09:46.813 I/chatty ( 1315): uid=1000(system) Binder:1315_16 expire 16 lines
03-04 22:09:46.847 I/chatty ( 1315): uid=1000(system) Binder:1315_A expire 6 lines
03-04 22:09:51.120 I/chatty ( 1315): uid=1000(system) android.io expire 4 lines
03-04 22:09:52.077 W/SocketClient( 586): write error (Broken pipe)
03-04 22:09:52.232 I/chatty ( 1315): uid=1000(system) Binder:1315_E expire 8 lines
03-04 22:09:52.272 I/chatty ( 1315): uid=1000(system) Binder:1315_10 expire 11 lines
03-04 22:09:52.512 I/chatty ( 1315): uid=1000(system) Binder:1315_19 expire 7 lines
03-04 22:09:52.668 I/chatty ( 1315): uid=1000(system) Binder:1315_1A expire 8 lines
03-04 22:09:52.715 I/chatty ( 1315): uid=1000(system) Binder:1315_15 expire 5 lines
03-04 22:09:54.044 I/chatty ( 1315): uid=1000(system) Binder:1315_7 expire 13 lines
03-04 22:09:54.194 I/chatty ( 1315): uid=1000(system) android.bg expire 10 lines
03-04 22:09:54.400 I/chatty ( 1315): uid=1000(system) Binder:1315_6 expire 2 lines
03-04 22:09:55.364 I/chatty ( 1315): uid=1000(system) Binder:1315_1B expire 10 lines
03-04 22:09:55.398 I/chatty ( 1315): uid=1000(system) Binder:1315_D expire 5 lines
03-04 22:09:55.786 I/chatty ( 1315): uid=1000(system) Binder:1315_1C expire 3 lines
03-04 22:09:55.908 I/chatty ( 1315): uid=1000(system) Binder:1315_18 expire 6 lines
03-04 22:09:55.908 I/chatty ( 1315): uid=1000(system) Binder:1315_5 expire 11 lines
03-04 22:09:55.909 I/chatty ( 1315): uid=1000(system) ConnectivitySer expire 9 lines
03-04 22:09:56.408 I/chatty ( 1315): uid=1000(system) ActivityManager expire 13 lines
03-04 22:09:56.733 I/chatty ( 1315): uid=1000(system) Binder:1315_17 expire 2 lines
03-04 22:09:57.354 I/chatty ( 1315): uid=1000(system) Binder:1315_3 expire 2 lines
03-04 22:09:58.455 I/chatty ( 1315): uid=1000(system) Binder:1315_11 expire 5 lines
03-04 22:10:02.403 I/chatty ( 1315): uid=1000(system) Binder:1315_13 expire 10 lines
03-04 22:10:03.454 I/chatty ( 1315): uid=1000(system) Binder:1315_1D expire 2 lines
03-04 22:10:06.937 I/PackageParser( 5274): com.tencent.x5sdk.res: compat added android.permission.WRITE_EXTERNAL_STORAGE android.permission.READ_PHONE_STATE
03-04 22:10:06.965 I/chatty ( 1315): uid=1000(system) Binder:1315_20 expire 6 lines
03-04 22:10:06.999 I/PackageParser( 5274): com.tencent.x5sdk.res: compat added android.permission.WRITE_EXTERNAL_STORAGE android.permission.READ_PHONE_STATE
03-04 22:10:10.283 I/chatty ( 1315): uid=1000(system) Binder:1315_14 expire 9 lines
03-04 22:10:16.447 I/chatty ( 1315): uid=1000(system) Binder:1315_F expire 7 lines
03-04 22:10:17.899 I/chatty ( 1315): uid=1000(system) Binder:1315_1F expire 7 lines
03-04 22:10:18.430 I/chatty ( 1315): uid=1000(system) Binder:1315_C expire 3 lines
03-04 22:10:18.430 I/chatty ( 1315): uid=1000(system) Binder:1315_8 expire 7 lines
03-04 22:10:27.586 I/chatty ( 1315): uid=1000(system) Binder:1315_2 expire 4 lines
03-04 22:10:29.802 I/chatty ( 1315): uid=1000(system) Binder:1315_B expire 6 lines
03-04 22:10:31.655 I/chatty ( 1315): uid=1000(system) Binder:1315_1E expire 5 lines
03-04 22:10:33.013 I/chatty ( 1315): uid=1000(system) AlarmManager expire 1 line
03-04 22:10:36.428 I/chatty ( 1315): uid=1000(system) batterystats-sy expire 2 lines
03-04 22:10:46.441 I/chatty ( 1315): uid=1000(system) Binder:1315_4 expire 2 lines
03-04 22:12:10.464 W/ContextImpl( 6430): Calling a method in the system process without a qualified user: android.app.ContextImpl.startService:1371 android.content.ContextWrapper.startService:616 android.content.ContextWrapper.startService:616 com.android.settings.fuelgauge.BatteryChangeReceiver.tL:-1 com.android.settings.fuelgauge.BatteryChangeReceiver.tO:-1
03-04 22:12:16.414 I/chatty ( 1315): uid=1000(system) ActivityManager expire 8 lines
03-04 22:12:24.290 I/chatty ( 1315): uid=1000(system) android.bg expire 6 lines
03-04 22:13:08.296 I/chatty ( 1315): uid=1000(system) Binder:1315_10 expire 6 lines
03-04 22:13:10.216 I/chatty ( 1315): uid=1000(system) Binder:1315_1 expire 1 line
03-04 22:13:11.250 I/chatty ( 1315): uid=1000(system) Binder:1315_9 expire 10 lines
03-04 22:13:15.744 I/chatty ( 1315): uid=1000(system) Binder:1315_B expire 7 lines
03-04 22:13:16.585 I/PackageParser( 8558): com.tencent.x5sdk.res: compat added android.permission.WRITE_EXTERNAL_STORAGE android.permission.READ_PHONE_STATE
03-04 22:13:16.596 I/chatty ( 1315): uid=1000(system) Binder:1315_A expire 8 lines
03-04 22:13:16.642 I/PackageParser( 8558): com.tencent.x5sdk.res: compat added android.permission.WRITE_EXTERNAL_STORAGE android.permission.READ_PHONE_STATE
03-04 22:13:16.864 I/PackageParser( 8861): com.tencent.x5sdk.res: compat added android.permission.WRITE_EXTERNAL_STORAGE android.permission.READ_PHONE_STATE
03-04 22:13:16.875 I/chatty ( 1315): uid=1000(system) Binder:1315_F expire 9 lines
03-04 22:13:16.886 I/PackageParser( 8861): com.tencent.x5sdk.res: compat added android.permission.WRITE_EXTERNAL_STORAGE android.permission.READ_PHONE_STATE
03-04 22:13:17.493 I/chatty ( 1315): uid=1000(system) Binder:1315_18 expire 7 lines
03-04 22:13:19.263 I/chatty ( 1315): uid=1000(system) ActivityManager expire 18 lines
03-04 22:13:19.272 I/chatty ( 1315): uid=1000(system) Binder:1315_19 expire 15 lines
03-04 22:13:19.293 I/chatty ( 1315): uid=1000(system) Binder:1315_1A expire 7 lines
03-04 22:13:19.412 I/chatty ( 1315): uid=1000(system) Binder:1315_2 expire 10 lines
03-04 22:13:19.520 I/chatty ( 1315): uid=1000(system) Binder:1315_E expire 5 lines
03-04 22:13:19.555 I/chatty ( 1315): uid=1000(system) Binder:1315_1E expire 7 lines
03-04 22:13:21.647 I/chatty ( 1315): uid=1000(system) android.io expire 6 lines
03-04 22:13:21.649 I/chatty ( 1315): uid=1000(system) Binder:1315_15 expire 10 lines
03-04 22:13:21.649 I/chatty ( 1315): uid=1000(system) Binder:1315_1D expire 4 lines
03-04 22:13:21.650 I/chatty ( 1315): uid=1000(system) ConnectivitySer expire 10 lines
03-04 22:13:21.669 I/chatty ( 1315): uid=1000(system) Binder:1315_10 expire 10 lines
03-04 22:13:21.744 W/SocketClient( 586): write error (Broken pipe)
03-04 22:13:24.320 I/chatty ( 1315): uid=1000(system) android.bg expire 12 lines
03-04 22:13:29.277 I/chatty ( 1315): uid=1000(system) Binder:1315_16 expire 3 lines
03-04 22:13:36.064 I/chatty ( 1315): uid=1000(system) Binder:1315_14 expire 1 line
03-04 22:13:37.588 I/chatty ( 1315): uid=1000(system) Binder:1315_5 expire 3 lines
03-04 22:13:40.343 I/chatty ( 1315): uid=1000(system) Binder:1315_17 expire 8 lines
03-04 22:13:40.421 I/chatty ( 1315): uid=1000(system) Binder:1315_6 expire 10 lines
03-04 22:13:41.116 I/chatty ( 1315): uid=1000(system) Binder:1315_1C expire 11 lines
03-04 22:13:41.151 I/chatty ( 1315): uid=1000(system) Binder:1315_3 expire 3 lines
03-04 22:13:42.114 I/chatty ( 1315): uid=1000(system) Binder:1315_20 expire 4 lines
03-04 22:13:42.784 I/chatty ( 1315): uid=1000(system) Binder:1315_7 expire 9 lines
03-04 22:13:44.562 I/chatty ( 1315): uid=1000(system) Binder:1315_4 expire 12 lines
03-04 22:13:46.657 I/chatty ( 1315): uid=1000(system) Binder:1315_11 expire 5 lines
03-04 22:13:48.888 I/chatty ( 1315): uid=1000(system) Binder:1315_1 expire 2 lines
03-04 22:13:57.296 I/chatty ( 1315): uid=1000(system) Binder:1315_C expire 4 lines
03-04 22:13:59.536 I/chatty ( 1315): uid=1000(system) Binder:1315_8 expire 1 line
03-04 22:14:00.807 I/chatty ( 1315): uid=1000(system) Binder:1315_12 expire 2 lines
03-04 22:14:07.999 I/PackageParser(10209): com.tencent.x5sdk.res: compat added android.permission.WRITE_EXTERNAL_STORAGE android.permission.READ_PHONE_STATE
03-04 22:14:08.048 I/PackageParser(10209): com.tencent.x5sdk.res: compat added android.permission.WRITE_EXTERNAL_STORAGE android.permission.READ_PHONE_STATE
03-04 22:14:09.521 I/PackageParser(10368): com.tencent.x5sdk.res: compat added android.permission.WRITE_EXTERNAL_STORAGE android.permission.READ_PHONE_STATE
03-04 22:14:09.588 I/PackageParser(10368): com.tencent.x5sdk.res: compat added android.permission.WRITE_EXTERNAL_STORAGE android.permission.READ_PHONE_STATE
03-04 22:14:09.807 I/chatty ( 1315): uid=1000(system) Binder:1315_D expire 4 lines
03-04 22:14:10.740 W/ContextImpl(10327): Calling a method in the system process without a qualified user: android.app.ContextImpl.startService:1371 android.content.ContextWrapper.startService:616 android.content.ContextWrapper.startService:616 com.android.settings.fuelgauge.BatteryChangeReceiver.tL:-1 com.android.settings.fuelgauge.BatteryChangeReceiver.tO:-1
03-04 22:14:10.775 I/chatty ( 1315): uid=1000(system) batterystats-sy expire 1 line
03-04 22:14:15.456 I/chatty ( 1315): uid=1000(system) Binder:1315_1B expire 5 lines
03-04 22:14:15.456 I/chatty ( 1315): uid=1000(system) Binder:1315_13 expire 1 line
03-04 22:14:16.261 W/SocketClient( 586): write error (Broken pipe)
03-04 22:14:49.271 I/chatty ( 1315): uid=1000(system) Binder:1315_1C expire 1 line
03-04 22:15:19.820 I/chatty ( 1315): uid=1000(system) Binder:1315_15 expire 2 lines
03-04 22:15:20.633 I/chatty ( 1315): uid=1000(system) Binder:1315_10 expire 1 line
03-04 22:16:19.574 E/ActivityThread(11895): Failed to find provider info for com.tencent.mm.coolassist.debugprovider
03-04 22:16:24.422 I/chatty ( 1315): uid=1000(system) android.bg expire 2 lines
03-04 22:16:29.274 I/chatty ( 1315): uid=1000(system) ActivityManager expire 1 line
03-04 22:16:43.613 I/chatty ( 1315): uid=1000(system) InputReader expire 4 lines
03-04 22:16:43.850 I/chatty ( 1315): uid=1000(system) InputDispatcher expire 3 lines
03-04 22:16:44.151 I/chatty ( 1315): uid=1000(system) android.ui expire 2 lines
03-04 22:16:44.638 I/chatty ( 1315): uid=1000(system) android.display expire 5 lines
03-04 22:16:44.918 I/chatty ( 1315): uid=1000(system) Binder:1315_1A expire 2 lines
03-04 22:16:45.405 I/chatty ( 1315): uid=1000(system) InputReader expire 10 lines
03-04 22:16:45.508 I/chatty ( 1315): uid=1000(system) InputDispatcher expire 11 lines
03-04 22:16:46.391 I/chatty ( 1315): uid=1000(system) Binder:1315_14 expire 1 line
03-04 22:16:47.396 I/chatty ( 1315): uid=1000(system) Binder:1315_1D expire 19 lines
03-04 22:16:47.430 I/chatty ( 1315): uid=1000(system) Binder:1315_E expire 1 line
03-04 22:16:47.431 I/chatty ( 1315): uid=1000(system) android.bg expire 10 lines
03-04 22:16:47.449 I/chatty ( 1315): uid=1000(system) Binder:1315_10 expire 2 lines
03-04 22:16:47.450 I/chatty ( 1315): uid=1000(system) ConnectivitySer expire 11 lines
03-04 22:16:47.469 I/chatty ( 1315): uid=1000(system) Binder:1315_20 expire 2 lines
03-04 22:16:47.483 I/chatty ( 1315): uid=1000(system) Binder:1315_1B expire 1 line
03-04 22:16:47.483 I/chatty ( 1315): uid=1000(system) Binder:1315_12 expire 1 line
03-04 22:16:47.484 I/chatty ( 1315): uid=1000(system) Binder:1315_8 expire 2 lines
03-04 22:16:47.558 I/chatty ( 1315): uid=1000(system) Binder:1315_5 expire 1 line
03-04 22:16:47.558 I/chatty ( 1315): uid=1000(system) Binder:1315_6 expire 2 lines
03-04 22:16:47.722 I/chatty ( 1315): uid=1000(system) ActivityManager expire 1 line
03-04 22:17:16.260 I/chatty ( 1315): uid=1000(system) PowerManagerSer expire 11 lines
03-04 22:17:16.420 I/chatty ( 1315): uid=1000 system_server expire 10 lines
03-04 22:17:19.086 I/chatty ( 1315): uid=1000(system) Binder:1315_D expire 2 lines
03-04 22:17:19.100 I/chatty ( 1315): uid=1000(system) Binder:1315_16 expire 1 line
03-04 22:17:19.167 I/chatty ( 1315): uid=1000(system) batterystats-sy expire 10 lines
03-04 22:17:19.514 I/chatty ( 1315): uid=1000(system) PackageManager expire 2 lines
03-04 22:18:36.746 I/chatty ( 1315): uid=1000(system) Binder:1315_17 expire 5 lines
03-04 22:18:52.518 I/chatty ( 1315): uid=1000(system) Binder:1315_1 expire 7 lines
03-04 22:18:52.852 I/chatty ( 1315): uid=1000(system) Binder:1315_19 expire 7 lines
03-04 22:18:53.028 I/chatty ( 1315): uid=1000(system) Binder:1315_4 expire 1 line
03-04 22:18:53.091 I/chatty ( 1315): uid=1000(system) Binder:1315_1F expire 2 lines
03-04 22:18:53.180 E/ActivityThread(12425): Failed to find provider info for com.tencent.mm.coolassist.debugprovider
03-04 22:18:53.807 I/chatty ( 1315): uid=1000(system) android.bg expire 13 lines
03-04 22:18:54.131 I/chatty ( 1315): uid=1000(system) ConnectivitySer expire 9 lines
03-04 22:18:54.582 I/chatty ( 1315): uid=1000(system) Binder:1315_F expire 2 lines
03-04 22:18:54.668 I/chatty ( 1315): uid=1000(system) Binder:1315_15 expire 5 lines
03-04 22:18:59.306 I/chatty ( 1315): uid=1000(system) ActivityManager expire 3 lines
03-04 22:18:59.527 I/chatty ( 1315): uid=1000(system) android.io expire 2 lines
03-04 22:19:03.894 I/chatty ( 1315): uid=1000(system) Binder:1315_1E expire 1 line
03-04 22:19:04.024 I/chatty ( 1315): uid=1000(system) Binder:1315_3 expire 1 line
03-04 22:19:40.817 W/ContextImpl(10327): Calling a method in the system process without a qualified user: android.app.ContextImpl.startService:1371 android.content.ContextWrapper.startService:616 android.content.ContextWrapper.startService:616 com.android.settings.fuelgauge.BatteryChangeReceiver.tL:-1 com.android.settings.fuelgauge.BatteryChangeReceiver.tO:-1
03-04 22:19:47.581 I/chatty ( 1315): uid=1000 system_server expire 9 lines
03-04 22:19:47.946 I/chatty ( 1315): uid=1000(system) Binder:1315_1D expire 1 line
03-04 22:19:48.560 I/chatty ( 1315): uid=1000(system) Binder:1315_18 expire 1 line
03-04 22:19:48.654 I/chatty ( 1315): uid=1000(system) Binder:1315_13 expire 1 line
03-04 22:19:50.855 W/ContextImpl( 1697): Calling a method in the system process without a qualified user: android.app.ContextImpl.bindService:1435 android.content.ContextWrapper.bindService:639 smartisanos.app.tracker.TrackerServiceConnection.connect:34 smartisanos.app.tracker.Agent.connectService:65 smartisanos.app.tracker.Agent.flush:388
03-04 22:20:40.933 W/ContextImpl(10327): Calling a method in the system process without a qualified user: android.app.ContextImpl.startService:1371 android.content.ContextWrapper.startService:616 android.content.ContextWrapper.startService:616 com.android.settings.fuelgauge.BatteryChangeReceiver.tL:-1 com.android.settings.fuelgauge.BatteryChangeReceiver.tO:-1
03-04 22:20:53.894 I/chatty ( 1315): uid=1000(system) android.bg expire 12 lines
03-04 22:23:30.218 I/chatty ( 1315): uid=1000(system) batterystats-sy expire 3 lines
03-04 22:23:30.327 W/ContextImpl(10327): Calling a method in the system process without a qualified user: android.app.ContextImpl.startService:1371 android.content.ContextWrapper.startService:616 android.content.ContextWrapper.startService:616 com.android.settings.fuelgauge.BatteryChangeReceiver.tL:-1 com.android.settings.fuelgauge.BatteryChangeReceiver.tO:-1
03-04 22:23:39.015 I/chatty ( 1315): uid=1000(system) android.bg expire 13 lines
03-04 22:23:50.068 I/chatty ( 1315): uid=1000(system) AlarmManager expire 1 line
03-04 22:25:11.657 W/ContextImpl(10327): Calling a method in the system process without a qualified user: android.app.ContextImpl.startService:1371 android.content.ContextWrapper.startService:616 android.content.ContextWrapper.startService:616 com.android.settings.fuelgauge.BatteryChangeReceiver.tL:-1 com.android.settings.fuelgauge.BatteryChangeReceiver.tO:-1
03-04 22:26:41.895 W/ContextImpl(10327): Calling a method in the system process without a qualified user: android.app.ContextImpl.startService:1371 android.content.ContextWrapper.startService:616 android.content.ContextWrapper.startService:616 com.android.settings.fuelgauge.BatteryChangeReceiver.tL:-1 com.android.settings.fuelgauge.BatteryChangeReceiver.tO:-1
03-04 22:26:54.156 I/chatty ( 1315): uid=1000(system) android.bg expire 12 lines
03-04 22:29:02.156 I/chatty ( 1315): uid=1000(system) InputReader expire 21 lines
03-04 22:29:03.156 I/chatty ( 1315): uid=1000(system) Binder:1315_7 expire 1 line
03-04 22:29:03.372 W/ViewRootImpl[LauncherUI](17421): Cancelling event due to no window focus: KeyEvent { action=ACTION_UP, keyCode=KEYCODE_BACK, scanCode=158, metaState=0, flags=0x28, repeatCount=0, eventTime=1041463222, downTime=1041463222, deviceId=3, source=0x101 }
03-04 22:29:03.372 W/ViewRootImpl[LauncherUI](17421): Cancelling event due to no window focus: KeyEvent { action=ACTION_UP, keyCode=KEYCODE_BACK, scanCode=158, metaState=0, flags=0x28, repeatCount=0, eventTime=1041463222, downTime=1041463222, deviceId=3, source=0x101 }
03-04 22:29:03.372 W/ViewRootImpl[LauncherUI](17421): Cancelling event due to no window focus: KeyEvent { action=ACTION_UP, keyCode=KEYCODE_BACK, scanCode=158, metaState=0, flags=0x28, repeatCount=0, eventTime=1041463222, downTime=1041463222, deviceId=3, source=0x101 }
03-04 22:29:03.383 W/ViewRootImpl[LauncherUI](17421): Cancelling event due to no window focus: KeyEvent { action=ACTION_UP, keyCode=KEYCODE_BACK, scanCode=158, metaState=0, flags=0x28, repeatCount=0, eventTime=1041463222, downTime=1041463222, deviceId=3, source=0x101 }
03-04 22:29:03.383 W/ViewRootImpl[LauncherUI](17421): Cancelling event due to no window focus: KeyEvent { action=ACTION_UP, keyCode=KEYCODE_BACK, scanCode=158, metaState=0, flags=0x28, repeatCount=0, eventTime=1041463222, downTime=1041463222, deviceId=3, source=0x101 }
03-04 22:29:03.383 W/ViewRootImpl[LauncherUI](17421): Cancelling event due to no window focus: KeyEvent { action=ACTION_UP, keyCode=KEYCODE_BACK, scanCode=158, metaState=0, flags=0x28, repeatCount=0, eventTime=1041463222, downTime=1041463222, deviceId=3, source=0x101 }
03-04 22:29:03.388 W/ViewRootImpl[LauncherUI](17421): Cancelling event due to no window focus: KeyEvent { action=ACTION_UP, keyCode=KEYCODE_BACK, scanCode=158, metaState=0, flags=0x28, repeatCount=0, eventTime=1041463222, downTime=1041463222, deviceId=3, source=0x101 }
03-04 22:29:03.388 W/ViewRootImpl[LauncherUI](17421): Cancelling event due to no window focus: KeyEvent { action=ACTION_UP, keyCode=KEYCODE_BACK, scanCode=158, metaState=0, flags=0x28, repeatCount=0, eventTime=1041463222, downTime=1041463222, deviceId=3, source=0x101 }
03-04 22:29:03.388 W/ViewRootImpl[LauncherUI](17421): Cancelling event due to no window focus: KeyEvent { action=ACTION_UP, keyCode=KEYCODE_BACK, scanCode=158, metaState=0, flags=0x28, repeatCount=0, eventTime=1041463222, downTime=1041463222, deviceId=3, source=0x101 }
03-04 22:29:03.406 W/ViewRootImpl[LauncherUI](17421): Dropping event due to no window focus: KeyEvent { action=ACTION_DOWN, keyCode=KEYCODE_BACK, scanCode=158, metaState=0, flags=0x8, repeatCount=0, eventTime=1041463400, downTime=1041463400, deviceId=3, source=0x101 }
03-04 22:29:03.407 W/ViewRootImpl[LauncherUI](17421): Cancelling event due to no window focus: KeyEvent { action=ACTION_UP, keyCode=KEYCODE_BACK, scanCode=158, metaState=0, flags=0x28, repeatCount=0, eventTime=1041463400, downTime=1041463400, deviceId=3, source=0x101 }
03-04 22:29:03.407 W/ViewRootImpl[LauncherUI](17421): Cancelling event due to no window focus: KeyEvent { action=ACTION_UP, keyCode=KEYCODE_BACK, scanCode=158, metaState=0, flags=0x28, repeatCount=0, eventTime=1041463400, downTime=1041463400, deviceId=3, source=0x101 }
03-04 22:29:03.408 W/ViewRootImpl[LauncherUI](17421): Cancelling event due to no window focus: KeyEvent { action=ACTION_UP, keyCode=KEYCODE_BACK, scanCode=158, metaState=0, flags=0x28, repeatCount=0, eventTime=1041463400, downTime=1041463400, deviceId=3, source=0x101 }
03-04 22:29:03.412 W/ViewRootImpl[LauncherUI](17421): Cancelling event due to no window focus: KeyEvent { action=ACTION_UP, keyCode=KEYCODE_BACK, scanCode=158, metaState=0, flags=0x28, repeatCount=0, eventTime=1041463400, downTime=1041463400, deviceId=3, source=0x101 }
03-04 22:29:03.412 W/ViewRootImpl[LauncherUI](17421): Cancelling event due to no window focus: KeyEvent { action=ACTION_UP, keyCode=KEYCODE_BACK, scanCode=158, metaState=0, flags=0x28, repeatCount=0, eventTime=1041463400, downTime=1041463400, deviceId=3, source=0x101 }
03-04 22:29:03.412 W/ViewRootImpl[LauncherUI](17421): Cancelling event due to no window focus: KeyEvent { action=ACTION_UP, keyCode=KEYCODE_BACK, scanCode=158, metaState=0, flags=0x28, repeatCount=0, eventTime=1041463400, downTime=1041463400, deviceId=3, source=0x101 }
03-04 22:29:03.413 W/ViewRootImpl[LauncherUI](17421): Cancelling event due to no window focus: KeyEvent { action=ACTION_UP, keyCode=KEYCODE_BACK, scanCode=158, metaState=0, flags=0x28, repeatCount=0, eventTime=1041463400, downTime=1041463400, deviceId=3, source=0x101 }
03-04 22:29:03.413 W/ViewRootImpl[LauncherUI](17421): Cancelling event due to no window focus: KeyEvent { action=ACTION_UP, keyCode=KEYCODE_BACK, scanCode=158, metaState=0, flags=0x28, repeatCount=0, eventTime=1041463400, downTime=1041463400, deviceId=3, source=0x101 }
03-04 22:29:03.413 W/ViewRootImpl[LauncherUI](17421): Cancelling event due to no window focus: KeyEvent { action=ACTION_UP, keyCode=KEYCODE_BACK, scanCode=158, metaState=0, flags=0x28, repeatCount=0, eventTime=1041463400, downTime=1041463400, deviceId=3, source=0x101 }
03-04 22:29:03.572 W/ViewRootImpl[LauncherUI](17421): Dropping event due to no window focus: KeyEvent { action=ACTION_DOWN, keyCode=KEYCODE_BACK, scanCode=158, metaState=0, flags=0x8, repeatCount=0, eventTime=1041463581, downTime=1041463581, deviceId=3, source=0x101 }
03-04 22:29:03.574 I/chatty ( 1315): uid=1000(system) InputDispatcher expire 4 lines
03-04 22:29:03.831 W/ViewRootImpl[LauncherUI](17421): Cancelling event due to no window focus: KeyEvent { action=ACTION_UP, keyCode=KEYCODE_BACK, scanCode=158, metaState=0, flags=0x28, repeatCount=0, eventTime=1041463807, downTime=1041463786, deviceId=3, source=0x101 }
03-04 22:29:03.831 W/ViewRootImpl[LauncherUI](17421): Cancelling event due to no window focus: KeyEvent { action=ACTION_UP, keyCode=KEYCODE_BACK, scanCode=158, metaState=0, flags=0x28, repeatCount=0, eventTime=1041463807, downTime=1041463786, deviceId=3, source=0x101 }
03-04 22:29:03.831 W/ViewRootImpl[LauncherUI](17421): Cancelling event due to no window focus: KeyEvent { action=ACTION_UP, keyCode=KEYCODE_BACK, scanCode=158, metaState=0, flags=0x28, repeatCount=0, eventTime=1041463807, downTime=1041463786, deviceId=3, source=0x101 }
03-04 22:29:03.833 W/ViewRootImpl[LauncherUI](17421): Cancelling event due to no window focus: KeyEvent { action=ACTION_UP, keyCode=KEYCODE_BACK, scanCode=158, metaState=0, flags=0x28, repeatCount=0, eventTime=1041463807, downTime=1041463786, deviceId=3, source=0x101 }
03-04 22:29:03.833 W/ViewRootImpl[LauncherUI](17421): Cancelling event due to no window focus: KeyEvent { action=ACTION_UP, keyCode=KEYCODE_BACK, scanCode=158, metaState=0, flags=0x28, repeatCount=0, eventTime=1041463807, downTime=1041463786, deviceId=3, source=0x101 }
03-04 22:29:03.833 W/ViewRootImpl[LauncherUI](17421): Cancelling event due to no window focus: KeyEvent { action=ACTION_UP, keyCode=KEYCODE_BACK, scanCode=158, metaState=0, flags=0x28, repeatCount=0, eventTime=1041463807, downTime=1041463786, deviceId=3, source=0x101 }
03-04 22:29:03.973 W/ViewRootImpl[smt_launcher]( 2651): Cancelling event due to no window focus: KeyEvent { action=ACTION_UP, keyCode=KEYCODE_BACK, scanCode=158, metaState=0, flags=0x28, repeatCount=0, eventTime=1041463786, downTime=1041463786, deviceId=3, source=0x101 }
03-04 22:29:03.973 W/ViewRootImpl[smt_launcher]( 2651): Cancelling event due to no window focus: KeyEvent { action=ACTION_UP, keyCode=KEYCODE_BACK, scanCode=158, metaState=0, flags=0x28, repeatCount=0, eventTime=1041463786, downTime=1041463786, deviceId=3, source=0x101 }
03-04 22:29:03.973 W/ViewRootImpl[smt_launcher]( 2651): Cancelling event due to no window focus: KeyEvent { action=ACTION_UP, keyCode=KEYCODE_BACK, scanCode=158, metaState=0, flags=0x28, repeatCount=0, eventTime=1041463786, downTime=1041463786, deviceId=3, source=0x101 }
03-04 22:29:03.973 W/ViewRootImpl[smt_launcher]( 2651): Cancelling event due to no window focus: KeyEvent { action=ACTION_UP, keyCode=KEYCODE_BACK, scanCode=158, metaState=0, flags=0x28, repeatCount=0, eventTime=1041463786, downTime=1041463786, deviceId=3, source=0x101 }
03-04 22:29:03.973 W/ViewRootImpl[smt_launcher]( 2651): Cancelling event due to no window focus: KeyEvent { action=ACTION_UP, keyCode=KEYCODE_BACK, scanCode=158, metaState=0, flags=0x28, repeatCount=0, eventTime=1041463786, downTime=1041463786, deviceId=3, source=0x101 }
03-04 22:29:03.973 W/ViewRootImpl[smt_launcher]( 2651): Cancelling event due to no window focus: KeyEvent { action=ACTION_UP, keyCode=KEYCODE_BACK, scanCode=158, metaState=0, flags=0x28, repeatCount=0, eventTime=1041463786, downTime=1041463786, deviceId=3, source=0x101 }
03-04 22:29:04.167 I/chatty ( 1315): uid=1000(system) InputReader expire 6 lines
03-04 22:29:09.270 I/chatty ( 1315): uid=1000(system) android.bg expire 40 lines
03-04 22:29:34.602 I/chatty ( 1315): uid=1000(system) PowerManagerSer expire 7 lines
03-04 22:29:34.684 I/chatty ( 1315): uid=1000 system_server expire 34 lines
03-04 22:29:34.997 I/chatty ( 1315): uid=1000(system) android.display expire 3 lines
03-04 22:29:37.822 I/chatty ( 1315): uid=1000(system) PackageManager expire 2 lines
03-04 22:30:04.650 I/chatty ( 1315): uid=1000(system) batterystats-sy expire 37 lines
03-04 22:31:38.929 I/chatty ( 1315): uid=1000(system) Binder:1315_A expire 4 lines
03-04 22:31:47.668 I/chatty ( 1315): uid=1000(system) Binder:1315_E expire 6 lines
03-04 22:31:47.668 I/chatty ( 1315): uid=1000(system) Binder:1315_3 expire 2 lines
03-04 22:31:47.668 I/chatty ( 1315): uid=1000(system) Binder:1315_15 expire 3 lines
03-04 22:31:47.669 I/chatty ( 1315): uid=1000(system) ConnectivitySer expire 18 lines
03-04 22:32:24.455 I/chatty ( 1315): uid=1000(system) AlarmManager expire 1 line
03-04 22:32:24.476 I/chatty ( 1315): uid=1000(system) Binder:1315_D expire 2 lines
03-04 22:34:14.637 I/chatty ( 1315): uid=1000(system) Binder:1315_1 expire 2 lines
03-04 22:36:43.036 I/chatty ( 1315): uid=1000(system) Binder:1315_1D expire 1 line
03-04 22:36:57.851 I/chatty ( 1315): uid=1000(system) ActivityManager expire 10 lines
03-04 22:37:41.045 I/chatty ( 1315): uid=1000(system) Binder:1315_B expire 2 lines
03-04 22:39:04.356 I/chatty ( 1315): uid=1000(system) NetworkPolicy expire 1 line
03-04 22:44:59.713 I/chatty ( 1315): uid=1000(system) Binder:1315_1F expire 4 lines
03-04 22:44:59.840 I/chatty ( 1315): uid=1000(system) Binder:1315_1A expire 2 lines
03-04 22:45:01.982 I/chatty ( 1315): uid=1000(system) Binder:1315_5 expire 2 lines
03-04 22:45:02.775 W/ContextImpl( 1697): Calling a method in the system process without a qualified user: android.app.ContextImpl.bindService:1435 android.content.ContextWrapper.bindService:639 smartisanos.app.tracker.TrackerServiceConnection.connect:34 smartisanos.app.tracker.Agent.connectService:65 smartisanos.app.tracker.Agent.flush:388
03-04 22:45:04.715 I/chatty ( 1315): uid=1000(system) android.bg expire 17 lines
03-04 22:45:06.083 I/chatty ( 1315): uid=1000(system) batterystats-sy expire 4 lines
03-04 22:45:20.218 I/chatty ( 1315): uid=1000 system_server expire 3 lines
03-04 22:46:03.288 I/chatty ( 1315): uid=1000(system) WifiStateMachin expire 1 line
03-04 22:46:03.326 I/chatty ( 1315): uid=1000(system) Binder:1315_9 expire 5 lines
03-04 22:46:03.996 I/chatty ( 1315): uid=1000(system) Binder:1315_17 expire 6 lines
03-04 22:46:04.456 I/chatty ( 1315): uid=1000(system) Binder:1315_13 expire 2 lines
03-04 22:46:04.886 I/chatty ( 1315): uid=1000(system) Binder:1315_14 expire 1 line
03-04 22:46:05.085 I/chatty ( 1315): uid=1000(system) Binder:1315_11 expire 4 lines
03-04 22:46:07.778 I/chatty ( 1315): uid=1000(system) Binder:1315_1B expire 8 lines
03-04 22:46:09.064 I/chatty ( 1315): uid=1000(system) Binder:1315_8 expire 3 lines
03-04 22:46:09.280 I/chatty ( 1315): uid=1000(system) Binder:1315_10 expire 1 line
03-04 22:46:11.383 I/chatty ( 1315): uid=1000(system) Binder:1315_19 expire 1 line
03-04 22:46:11.401 I/chatty ( 1315): uid=1000(system) Binder:1315_2 expire 1 line
03-04 22:46:11.629 I/chatty ( 1315): uid=1000(system) Binder:1315_F expire 1 line
03-04 22:46:14.479 I/chatty ( 1315): uid=1000(system) Binder:1315_7 expire 3 lines
03-04 22:46:31.497 I/chatty ( 1315): uid=1000(system) Binder:1315_1E expire 2 lines
03-04 22:46:55.282 I/chatty ( 1315): uid=1000(system) Binder:1315_12 expire 1 line
03-04 22:46:55.289 I/chatty ( 1315): uid=1000(system) Binder:1315_4 expire 5 lines
03-04 22:46:55.400 I/chatty ( 1315): uid=1000(system) ActivityManager expire 10 lines
03-04 22:46:55.412 I/chatty ( 1315): uid=1000(system) Binder:1315_1D expire 9 lines
03-04 22:47:06.915 I/chatty ( 1315): uid=1000(system) Binder:1315_6 expire 3 lines
03-04 22:47:06.931 I/chatty ( 1315): uid=1000(system) Binder:1315_13 expire 4 lines
03-04 22:47:06.943 I/chatty ( 1315): uid=1000(system) Binder:1315_1F expire 10 lines
03-04 22:47:06.943 I/chatty ( 1315): uid=1000(system) NetworkStatsObs expire 1 line
03-04 22:47:07.098 I/chatty ( 1315): uid=1000(system) Binder:1315_3 expire 2 lines
03-04 22:47:07.238 I/chatty ( 1315): uid=1000(system) Binder:1315_19 expire 8 lines
03-04 22:47:07.256 I/chatty ( 1315): uid=1000(system) WifiStateMachin expire 2 lines
03-04 22:47:07.256 I/chatty ( 1315): uid=1000(system) ConnectivitySer expire 15 lines
03-04 22:47:07.284 I/chatty ( 1315): uid=1000(system) Binder:1315_5 expire 3 lines
03-04 22:47:07.499 D/ActivityThread(15187): Loading provider com.android.email.provider;com.android.email.notifier: com.android.email.provider.EmailProvider
03-04 22:47:07.675 I/chatty ( 1315): uid=1000(system) Binder:1315_14 expire 2 lines
03-04 22:47:07.761 I/chatty ( 1315): uid=1000(system) Binder:1315_8 expire 2 lines
03-04 22:47:07.840 I/chatty ( 1315): uid=1000(system) Binder:1315_10 expire 2 lines
03-04 22:47:07.969 I/chatty ( 1315): uid=1000(system) android.bg expire 11 lines
03-04 22:47:08.452 I/chatty ( 1315): uid=1000(system) batterystats-sy expire 5 lines
03-04 22:47:08.685 I/chatty ( 1315): uid=1000(system) Binder:1315_18 expire 6 lines
03-04 22:47:08.908 I/chatty ( 1315): uid=1000(system) Binder:1315_F expire 9 lines
03-04 22:47:08.926 I/chatty ( 1315): uid=1000(system) Binder:1315_2 expire 5 lines
03-04 22:47:09.080 I/chatty ( 1315): uid=1000(system) Binder:1315_15 expire 7 lines
03-04 22:47:09.572 I/chatty ( 1315): uid=1000(system) Binder:1315_1A expire 4 lines
03-04 22:47:09.628 I/chatty ( 1315): uid=1000(system) Binder:1315_1B expire 11 lines
03-04 22:47:28.399 I/chatty ( 1315): uid=1000 system_server expire 15 lines
03-04 22:47:28.671 I/chatty ( 1315): uid=1000(system) PowerManagerSer expire 5 lines
03-04 22:47:28.672 I/chatty ( 1315): uid=1000(system) Binder:1315_C expire 5 lines
03-04 22:47:28.709 I/chatty ( 1315): uid=1000(system) android.display expire 6 lines
03-04 22:47:28.738 I/chatty ( 1315): uid=1000(system) Binder:1315_11 expire 4 lines
03-04 22:47:28.757 I/chatty ( 1315): uid=1000(system) Binder:1315_9 expire 6 lines
03-04 22:47:29.019 I/chatty ( 1315): uid=1000(system) Binder:1315_16 expire 4 lines
03-04 22:47:31.470 W/ContextImpl( 1697): Calling a method in the system process without a qualified user: android.app.ContextImpl.bindService:1435 android.content.ContextWrapper.bindService:639 smartisanos.app.tracker.TrackerServiceConnection.connect:34 smartisanos.app.tracker.Agent.connectService:65 smartisanos.app.tracker.Agent.flush:388
03-04 22:47:31.730 I/chatty ( 1315): uid=1000(system) Binder:1315_12 expire 2 lines
03-04 22:47:31.817 I/chatty ( 1315): uid=1000(system) android.bg expire 10 lines
03-04 22:47:34.184 E/ActivityThread(15639): Failed to find provider info for com.tencent.mm.coolassist.debugprovider
03-04 22:47:36.401 I/chatty ( 1315): uid=1000(system) Binder:1315_17 expire 4 lines
03-04 22:47:36.574 E/ActivityThread(15755): Failed to find provider info for com.tencent.mm.coolassist.debugprovider
03-04 22:47:37.437 I/chatty ( 1315): uid=1000(system) Binder:1315_A expire 2 lines
03-04 22:47:37.663 I/chatty ( 1315): uid=1000(system) ConnectivitySer expire 10 lines
03-04 22:47:37.676 E/ActivityThread(15837): Failed to find provider info for com.tencent.mm.coolassist.debugprovider
03-04 22:47:37.931 I/chatty ( 1315): uid=1000(system) Binder:1315_1 expire 3 lines
03-04 22:47:39.207 I/chatty ( 1315): uid=1000(system) ActivityManager expire 8 lines
