03-04 20:29:12.879 I/Telecom ( 1768): CallAudioModeStateMachine: Message received: TONE_STOPPED_PLAYING.: CSW.sDc->ICTP.r->ICTP.cUTP->CAMSM.pM_3002@BC0_2_0_0
03-04 20:29:12.879 I/Telecom ( 1768): CallAudioModeStateMachine: Abandoning audio focus: now UNFOCUSED: CSW.sDc->ICTP.r->ICTP.cUTP->CAMSM.pM_3002@BC0_2_0_0
03-04 20:29:13.095 I/Telecom ( 1768): CallAudioRouteStateMachine: Message received: SWITCH_FOCUS=4001, arg1=1: CSW.sDc->ICTP.r->ICTP.cUTP->CAMSM.pM_3002->CARSM.pM_SWITCH_FOCUS@BC0_2_0_0_2
03-04 20:29:13.097 I/Telecom ( 1768): Telecom: Non-call EVENT: UNMUTE, null: CSW.sDc->ICTP.r->ICTP.cUTP->CAMSM.pM_3002->CARSM.pM_SWITCH_FOCUS@BC0_2_0_0_2
03-04 20:29:13.097 I/Telecom ( 1768): Telecom: Non-call EVENT: AUDIO_ROUTE, Leaving state ActiveEarpieceRoute: CSW.sDc->ICTP.r->ICTP.cUTP->CAMSM.pM_3002->CARSM.pM_SWITCH_FOCUS@BC0_2_0_0_2
03-04 20:29:13.097 I/Telecom ( 1768): CallAudioRouteStateMachine: setNotificationsSuppressed: on=no; suppressed=yes: CSW.sDc->ICTP.r->ICTP.cUTP->CAMSM.pM_3002->CARSM.pM_SWITCH_FOCUS@BC0_2_0_0_2
03-04 20:29:13.099 I/Telecom ( 1768): Telecom: Non-call EVENT: AUDIO_ROUTE, Entering state QuiescentEarpieceRoute: CSW.sDc->ICTP.r->ICTP.cUTP->CAMSM.pM_3002->CARSM.pM_SWITCH_FOCUS@BC0_2_0_0_2
03-04 20:29:13.444 W/ContextImpl(21834): Calling a method in the system process without a qualified user: android.app.ContextImpl.startService:1371 android.content.ContextWrapper.startService:616 android.content.ContextWrapper.startService:616 com.android.settings.settingitemsprovider.SettingItemsReceiver.onReceive:-1 android.app.ActivityThread.handleReceiver:3241
03-04 20:29:13.466 W/ContextImpl(21834): Calling a method in the system process without a qualified user: android.app.ContextImpl.startService:1371 android.content.ContextWrapper.startService:616 android.content.ContextWrapper.startService:616 com.android.settings.settingitemsprovider.SettingItemsReceiver.onReceive:-1 android.app.ActivityThread.handleReceiver:3241
03-04 20:29:14.002 I/chatty ( 1315): uid=1000(system) Binder:1315_1F expire 3 lines
03-04 20:29:14.083 I/chatty ( 1315): uid=1000(system) Binder:1315_1A expire 12 lines
03-04 20:29:15.400 I/chatty ( 1315): uid=1000(system) android.bg expire 14 lines
03-04 20:29:15.430 I/chatty ( 1315): uid=1000(system) Binder:1315_E expire 7 lines
03-04 20:29:30.886 I/chatty ( 1315): uid=1000(system) InputReader expire 16 lines
03-04 20:29:31.101 I/chatty ( 1315): uid=1000(system) InputDispatcher expire 14 lines
03-04 20:31:22.741 I/chatty ( 1315): uid=1000(system) Binder:1315_4 expire 2 lines
03-04 20:31:26.858 I/chatty ( 1315): uid=1000(system) Binder:1315_1B expire 11 lines
03-04 20:31:27.616 I/chatty ( 1315): uid=1000(system) Binder:1315_B expire 1 line
03-04 20:31:31.908 I/chatty ( 1315): uid=1000(system) Binder:1315_1D expire 4 lines
03-04 20:31:32.795 I/chatty ( 1315): uid=1000(system) Binder:1315_15 expire 5 lines
03-04 20:31:37.735 I/chatty ( 1315): uid=1000(system) Binder:1315_13 expire 5 lines
03-04 20:31:37.908 I/ActivityThread(22374): Removing dead content provider:android.content.ContentProviderProxy@6c0229c
03-04 20:31:38.272 I/chatty ( 1315): uid=1000(system) Binder:1315_12 expire 14 lines
03-04 20:31:38.945 I/chatty ( 1315): uid=1000(system) Binder:1315_17 expire 5 lines
03-04 20:31:45.227 I/chatty ( 1315): uid=1000(system) android.bg expire 3 lines
03-04 20:31:49.881 I/chatty ( 1315): uid=1000(system) batterystats-sy expire 1 line
03-04 20:31:50.030 I/chatty ( 1315): uid=1000(system) Binder:1315_7 expire 4 lines
03-04 20:31:50.043 W/ContextImpl(23923): Calling a method in the system process without a qualified user: android.app.ContextImpl.startService:1371 android.content.ContextWrapper.startService:616 android.content.ContextWrapper.startService:616 com.android.settings.fuelgauge.BatteryChangeReceiver.tL:-1 com.android.settings.fuelgauge.BatteryChangeReceiver.tO:-1
03-04 20:31:52.152 I/chatty ( 1315): uid=1000(system) Binder:1315_2 expire 5 lines
03-04 20:31:57.613 I/chatty ( 1315): uid=1000(system) Binder:1315_1C expire 1 line
03-04 20:31:58.566 I/chatty ( 1315): uid=1000(system) Binder:1315_9 expire 5 lines
03-04 20:31:59.178 I/chatty ( 1315): uid=1000(system) Binder:1315_18 expire 2 lines
03-04 20:31:59.196 I/chatty ( 1315): uid=1000(system) Binder:1315_D expire 1 line
03-04 20:32:11.513 I/chatty ( 1315): uid=1000(system) Binder:1315_A expire 1 line
03-04 20:32:12.320 I/chatty ( 1315): uid=1000(system) Binder:1315_5 expire 5 lines
03-04 20:32:17.552 I/chatty ( 1315): uid=1000(system) android.bg expire 14 lines
03-04 20:32:17.574 I/chatty ( 1315): uid=1000(system) ActivityManager expire 11 lines
03-04 20:32:17.594 I/chatty ( 1315): uid=1000(system) Binder:1315_1B expire 8 lines
03-04 20:32:17.741 I/chatty ( 1315): uid=1000(system) Binder:1315_16 expire 5 lines
03-04 20:32:17.888 I/chatty ( 1315): uid=1000(system) Binder:1315_20 expire 13 lines
03-04 20:32:17.969 I/chatty ( 1315): uid=1000(system) Binder:1315_3 expire 21 lines
03-04 20:32:19.024 I/chatty ( 1315): uid=1000(system) Binder:1315_C expire 1 line
03-04 20:32:21.983 I/chatty ( 1315): uid=1000(system) AlarmManager expire 2 lines
03-04 20:32:22.033 I/chatty ( 1315): uid=1000(system) Binder:1315_8 expire 10 lines
03-04 20:32:22.058 I/chatty ( 1315): uid=1000(system) Binder:1315_D expire 9 lines
03-04 20:32:22.189 I/chatty ( 1315): uid=1000(system) Binder:1315_7 expire 12 lines
03-04 20:32:22.235 I/chatty ( 1315): uid=1000(system) Binder:1315_18 expire 4 lines
03-04 20:32:22.432 I/chatty ( 1315): uid=1000(system) Binder:1315_1C expire 5 lines
03-04 20:32:22.723 D/ActivityThread(24556): Loading provider com.android.email.provider;com.android.email.notifier: com.android.email.provider.EmailProvider
03-04 20:32:22.729 D/ActivityThread(24556): Loading provider com.android.email.provider;com.android.email.notifier: com.android.email.provider.EmailProvider
03-04 20:32:23.095 I/chatty ( 1315): uid=1000(system) Binder:1315_17 expire 7 lines
03-04 20:32:23.132 I/chatty ( 1315): uid=1000(system) Binder:1315_6 expire 5 lines
03-04 20:32:23.518 I/chatty ( 1315): uid=1000(system) Binder:1315_1F expire 6 lines
03-04 20:32:24.242 I/chatty ( 1315): uid=1000(system) Binder:1315_9 expire 10 lines
03-04 20:32:26.395 I/chatty ( 1315): uid=1000(system) Binder:1315_2 expire 10 lines
03-04 20:32:29.201 I/chatty ( 1315): uid=1000(system) Binder:1315_15 expire 4 lines
03-04 20:32:31.203 I/chatty ( 1315): uid=1000(system) Binder:1315_1A expire 6 lines
03-04 20:32:31.570 I/chatty ( 1315): uid=1000(system) Binder:1315_1E expire 5 lines
03-04 20:32:35.327 I/chatty ( 1315): uid=1000(system) Binder:1315_10 expire 16 lines
03-04 20:32:37.945 I/chatty ( 1315): uid=1000(system) Binder:1315_11 expire 2 lines
03-04 20:32:38.006 I/chatty ( 1315): uid=1000(system) Binder:1315_1D expire 2 lines
03-04 20:32:41.046 I/chatty ( 1315): uid=1000(system) Binder:1315_4 expire 6 lines
03-04 20:32:57.610 I/chatty ( 1315): uid=1000(system) Binder:1315_19 expire 4 lines
03-04 20:33:00.291 E/ActivityThread(25050): Failed to find provider info for com.tencent.mm.coolassist.debugprovider
03-04 20:33:01.126 I/chatty ( 1315): uid=1000(system) Binder:1315_F expire 4 lines
03-04 20:33:01.547 I/chatty ( 1315): uid=1000(system) ConnectivitySer expire 2 lines
03-04 20:33:01.573 I/chatty ( 1315): uid=1000(system) ActivityManager expire 12 lines
03-04 20:33:01.592 I/chatty ( 1315): uid=1000(system) Binder:1315_20 expire 13 lines
03-04 20:33:01.599 I/chatty ( 1315): uid=1000(system) Binder:1315_14 expire 8 lines
03-04 20:33:03.183 I/chatty ( 1315): uid=1000(system) Binder:1315_8 expire 5 lines
03-04 20:33:10.612 I/chatty ( 1315): uid=1000(system) Binder:1315_E expire 2 lines
03-04 20:33:17.411 I/chatty ( 1315): uid=1000(system) Binder:1315_13 expire 3 lines
03-04 20:33:39.327 I/chatty ( 1315): uid=1000(system) NetworkStatsObs expire 1 line
03-04 20:33:52.108 I/chatty ( 1315): uid=1000(system) InputReader expire 2 lines
03-04 20:33:52.490 I/chatty ( 1315): uid=1000(system) android.display expire 2 lines
03-04 20:35:02.456 I/chatty ( 1315): uid=1000(system) Binder:1315_13 expire 13 lines
03-04 20:35:02.506 I/chatty ( 1315): uid=1000(system) Binder:1315_1A expire 4 lines
03-04 20:35:02.697 I/chatty ( 1315): uid=1000(system) Binder:1315_3 expire 13 lines
03-04 20:35:03.219 I/chatty ( 1315): uid=1000(system) android.bg expire 10 lines
03-04 20:35:07.583 I/chatty ( 1315): uid=1000(system) ActivityManager expire 13 lines
03-04 20:35:07.651 I/chatty ( 1315): uid=1000(system) Binder:1315_4 expire 3 lines
03-04 20:35:17.607 I/chatty ( 1315): uid=1000(system) Binder:1315_6 expire 19 lines
03-04 20:35:17.768 I/chatty ( 1315): uid=1000(system) Binder:1315_1B expire 15 lines
03-04 20:35:18.234 I/chatty ( 1315): uid=1000(system) Binder:1315_1D expire 4 lines
03-04 20:35:18.252 I/chatty ( 1315): uid=1000(system) Binder:1315_15 expire 7 lines
03-04 20:35:18.856 I/chatty ( 1315): uid=1000(system) Binder:1315_17 expire 13 lines
03-04 20:35:19.967 I/chatty ( 1315): uid=1000(system) Binder:1315_11 expire 3 lines
03-04 20:35:20.989 I/chatty ( 1315): uid=1000(system) Binder:1315_16 expire 10 lines
03-04 20:35:29.157 I/chatty ( 1315): uid=1000(system) Binder:1315_A expire 4 lines
03-04 20:35:37.605 I/chatty ( 1315): uid=1000(system) Binder:1315_D expire 6 lines
03-04 20:35:42.696 I/chatty ( 1315): uid=1000(system) Binder:1315_1F expire 1 line
03-04 20:35:42.976 I/chatty ( 1315): uid=1000(system) Binder:1315_12 expire 8 lines
03-04 20:35:53.783 I/chatty ( 1315): uid=1000(system) Binder:1315_8 expire 9 lines
03-04 20:35:54.247 I/chatty ( 1315): uid=1000(system) Binder:1315_1C expire 7 lines
03-04 20:35:54.268 I/chatty ( 1315): uid=1000(system) Binder:1315_9 expire 7 lines
03-04 20:35:54.309 I/chatty ( 1315): uid=1000(system) Binder:1315_C expire 15 lines
03-04 20:35:58.396 I/chatty ( 1315): uid=1000(system) Binder:1315_10 expire 5 lines
03-04 20:35:58.837 I/chatty ( 1315): uid=1000(system) Binder:1315_18 expire 3 lines
03-04 20:35:58.864 I/chatty ( 1315): uid=1000(system) Binder:1315_5 expire 4 lines
03-04 20:35:59.119 I/chatty ( 1315): uid=1000(system) Binder:1315_E expire 4 lines
03-04 20:35:59.900 I/chatty ( 1315): uid=1000(system) Binder:1315_1E expire 7 lines
03-04 20:36:00.298 I/chatty ( 1315): uid=1000(system) Binder:1315_7 expire 9 lines
03-04 20:36:11.420 I/chatty ( 1315): uid=1000(system) Binder:1315_1 expire 1 line
03-04 20:36:11.680 E/ActivityThread(26975): Failed to find provider info for com.tencent.mm.coolassist.debugprovider
03-04 20:36:17.580 I/chatty ( 1315): uid=1000(system) ActivityManager expire 10 lines
03-04 20:36:26.150 I/chatty ( 1315): uid=1000(system) Binder:1315_2 expire 2 lines
03-04 20:36:26.385 I/chatty ( 1315): uid=1000(system) batterystats-sy expire 1 line
03-04 20:36:26.553 W/ContextImpl(27136): Calling a method in the system process without a qualified user: android.app.ContextImpl.startService:1371 android.content.ContextWrapper.startService:616 android.content.ContextWrapper.startService:616 com.android.settings.fuelgauge.BatteryChangeReceiver.tL:-1 com.android.settings.fuelgauge.BatteryChangeReceiver.tO:-1
03-04 20:36:27.035 I/chatty ( 1315): uid=1000(system) Binder:1315_19 expire 1 line
03-04 20:36:27.238 I/chatty ( 1315): uid=1000(system) Binder:1315_20 expire 4 lines
03-04 20:36:27.254 I/chatty ( 1315): uid=1000(system) Binder:1315_B expire 2 lines
03-04 20:36:28.653 I/chatty ( 1315): uid=1000(system) Binder:1315_17 expire 4 lines
03-04 20:36:34.104 I/chatty ( 1315): uid=1000(system) android.bg expire 8 lines
03-04 20:36:48.092 I/chatty ( 1315): uid=1000(system) Binder:1315_14 expire 1 line
03-04 20:38:00.321 I/chatty ( 1315): uid=1000(system) Binder:1315_F expire 3 lines
03-04 20:38:01.229 I/chatty ( 1315): uid=1000(system) Binder:1315_3 expire 11 lines
03-04 20:38:02.365 I/chatty ( 1315): uid=1000(system) Binder:1315_11 expire 10 lines
03-04 20:38:03.385 I/chatty ( 1315): uid=1000(system) ActivityManager expire 11 lines
03-04 20:38:03.408 I/chatty ( 1315): uid=1000(system) Binder:1315_F expire 11 lines
03-04 20:38:04.181 I/chatty ( 1315): uid=1000(system) android.bg expire 11 lines
03-04 20:38:05.227 I/chatty ( 1315): uid=1000(system) Binder:1315_4 expire 15 lines
03-04 20:38:05.635 I/chatty ( 1315): uid=1000(system) Binder:1315_E expire 5 lines
03-04 20:38:06.390 I/chatty ( 1315): uid=1000(system) Binder:1315_16 expire 1 line
03-04 20:38:06.408 I/chatty ( 1315): uid=1000(system) Binder:1315_19 expire 9 lines
03-04 20:38:06.707 I/chatty ( 1315): uid=1000(system) Binder:1315_8 expire 10 lines
03-04 20:38:06.719 I/chatty ( 1315): uid=1000(system) Binder:1315_7 expire 7 lines
03-04 20:38:07.751 I/chatty ( 1315): uid=1000(system) Binder:1315_1D expire 9 lines
03-04 20:38:08.338 I/chatty ( 1315): uid=1000(system) Binder:1315_5 expire 2 lines
03-04 20:38:08.357 I/chatty ( 1315): uid=1000(system) Binder:1315_1C expire 9 lines
03-04 20:38:13.510 I/chatty ( 1315): uid=1000(system) Binder:1315_1A expire 6 lines
03-04 20:38:13.620 I/chatty ( 1315): uid=1000(system) Binder:1315_A expire 1 line
03-04 20:38:14.116 I/chatty ( 1315): uid=1000(system) Binder:1315_12 expire 6 lines
03-04 20:38:14.606 I/chatty ( 1315): uid=1000(system) Binder:1315_13 expire 2 lines
03-04 20:38:15.277 I/chatty ( 1315): uid=1000(system) Binder:1315_B expire 2 lines
03-04 20:38:15.339 I/chatty ( 1315): uid=1000(system) Binder:1315_6 expire 7 lines
03-04 20:38:22.587 I/chatty ( 1315): uid=1000(system) Binder:1315_15 expire 2 lines
03-04 20:38:23.307 I/chatty ( 1315): uid=1000(system) Binder:1315_10 expire 8 lines
03-04 20:38:25.693 I/chatty ( 1315): uid=1000(system) Binder:1315_2 expire 7 lines
03-04 20:38:30.463 I/chatty ( 1315): uid=1000(system) Binder:1315_1B expire 1 line
03-04 20:38:33.969 I/chatty ( 1315): uid=1000(system) Binder:1315_C expire 9 lines
03-04 20:38:36.380 I/chatty ( 1315): uid=1000(system) Binder:1315_1E expire 6 lines
03-04 20:39:12.603 I/chatty ( 1315): uid=1000(system) Binder:1315_18 expire 6 lines
03-04 20:39:17.692 I/chatty ( 1315): uid=1000(system) Binder:1315_17 expire 7 lines
03-04 20:39:17.795 I/chatty ( 1315): uid=1000(system) Binder:1315_1F expire 4 lines
03-04 20:39:17.797 I/ActivityThread(28341): Removing dead content provider:android.content.ContentProviderProxy@303bb6e
03-04 20:39:18.720 I/chatty ( 1315): uid=1000(system) ActivityManager expire 10 lines
03-04 20:39:23.839 I/chatty ( 1315): uid=1000(system) Binder:1315_F expire 9 lines
03-04 20:39:24.098 W/ContextImpl(28627): Calling a method in the system process without a qualified user: android.app.ContextImpl.startService:1371 android.content.ContextWrapper.startService:616 com.iflytek.cloud.thirdparty.bj.d:-1 com.iflytek.cloud.thirdparty.bj.a:-1 com.iflytek.common.a.a:-1
03-04 20:39:24.460 W/ContextImpl(28627): Calling a method in the system process without a qualified user: android.app.ContextImpl.bindService:1435 android.content.ContextWrapper.bindService:639 com.smartisanos.textboom.voice.VoiceAssistantServiceConnection.bindVoiceService:70 com.smartisanos.textboom.voice.VoiceAssistantServiceManager.bindVoiceService:15 com.smartisanos.textboom.voice.VoiceUtils.bindService:52
03-04 20:39:24.995 I/chatty ( 1315): uid=1000(system) android.display expire 4 lines
03-04 20:39:25.136 I/chatty ( 1315): uid=1000(system) Binder:1315_9 expire 10 lines
03-04 20:39:25.401 I/chatty ( 1315): uid=1000(system) Binder:1315_11 expire 6 lines
03-04 20:39:28.505 I/chatty ( 1315): uid=1000(system) android.io expire 2 lines
03-04 20:40:07.503 I/chatty ( 1315): uid=1000(system) batterystats-sy expire 2 lines
03-04 20:40:12.648 I/chatty ( 1315): uid=1000(system) InputReader expire 10 lines
03-04 20:40:12.755 W/ContextImpl(28671): Calling a method in the system process without a qualified user: android.app.ContextImpl.startService:1371 android.content.ContextWrapper.startService:616 android.content.ContextWrapper.startService:616 com.android.settings.fuelgauge.BatteryChangeReceiver.tL:-1 com.android.settings.fuelgauge.BatteryChangeReceiver.tO:-1
03-04 20:40:13.098 W/ContextImpl(28627): Calling a method in the system process without a qualified user: android.app.ContextImpl.bindService:1435 android.content.ContextWrapper.bindService:639 com.smartisanos.textboom.voice.VoiceAssistantServiceConnection.bindVoiceService:70 com.smartisanos.textboom.voice.VoiceAssistantServiceManager.bindVoiceService:15 com.smartisanos.textboom.voice.VoiceUtils.bindService:52
03-04 20:40:13.143 W/ContextImpl(28627): Calling a method in the system process without a qualified user: android.app.ContextImpl.bindService:1435 android.content.ContextWrapper.bindService:639 smartisanos.app.tracker.TrackerServiceConnection.connect:34 smartisanos.app.tracker.Agent.connectService:65 smartisanos.app.tracker.Agent.flush:388
03-04 20:40:14.316 W/ViewRootImpl[VideoDetailsActivity](12587): Dropping event due to no window focus: KeyEvent { action=ACTION_DOWN, keyCode=KEYCODE_BACK, scanCode=158, metaState=0, flags=0x8, repeatCount=0, eventTime=1035022351, downTime=1035022351, deviceId=3, source=0x101 }
03-04 20:40:14.317 I/chatty ( 1315): uid=1000(system) InputDispatcher expire 4 lines
03-04 20:40:15.143 I/chatty ( 1315): uid=1000(system) Binder:1315_14 expire 1 line
03-04 20:40:29.574 I/chatty ( 1315): uid=1000(system) ConnectivitySer expire 1 line
03-04 20:40:30.536 I/chatty ( 1315): uid=1000(system) Binder:1315_D expire 1 line
03-04 20:40:33.379 I/chatty ( 1315): uid=1000 system_server expire 1 line
03-04 20:40:36.288 I/chatty ( 1315): uid=1000(system) Binder:1315_1E expire 4 lines
03-04 20:40:36.379 I/chatty ( 1315): uid=1000(system) Binder:1315_20 expire 7 lines
03-04 20:40:36.476 I/chatty ( 1315): uid=1000(system) Binder:1315_2 expire 16 lines
03-04 20:40:37.302 I/chatty ( 1315): uid=1000(system) ActivityManager expire 18 lines
03-04 20:40:37.321 I/chatty ( 1315): uid=1000(system) Binder:1315_4 expire 10 lines
03-04 20:40:42.661 I/chatty ( 1315): uid=1000(system) Binder:1315_13 expire 15 lines
03-04 20:40:42.695 I/chatty ( 1315): uid=1000(system) Binder:1315_B expire 5 lines
03-04 20:40:43.173 I/chatty ( 1315): uid=1000(system) android.display expire 11 lines
03-04 20:40:47.344 I/chatty ( 1315): uid=1000(system) Binder:1315_1B expire 2 lines
03-04 20:40:47.505 I/chatty ( 1315): uid=1000(system) Binder:1315_1C expire 8 lines
03-04 20:40:47.548 I/chatty ( 1315): uid=1000(system) Binder:1315_6 expire 4 lines
03-04 20:40:47.603 I/chatty ( 1315): uid=1000(system) Binder:1315_A expire 4 lines
03-04 20:40:47.613 I/chatty ( 1315): uid=1000(system) Binder:1315_F expire 6 lines
03-04 20:40:49.306 I/chatty ( 1315): uid=1000(system) android.bg expire 20 lines
03-04 20:40:53.806 I/chatty ( 1315): uid=1000(system) Binder:1315_1D expire 8 lines
03-04 20:40:53.836 I/chatty ( 1315): uid=1000(system) Binder:1315_7 expire 5 lines
03-04 20:40:54.337 I/chatty ( 1315): uid=1000(system) Binder:1315_9 expire 7 lines
03-04 20:40:55.012 I/chatty ( 1315): uid=1000(system) Binder:1315_14 expire 4 lines
03-04 20:40:55.303 I/chatty ( 1315): uid=1000(system) Binder:1315_11 expire 5 lines
03-04 20:40:55.328 I/chatty ( 1315): uid=1000(system) Binder:1315_18 expire 6 lines
03-04 20:40:57.421 I/chatty ( 1315): uid=1000(system) Binder:1315_8 expire 10 lines
03-04 20:40:58.797 I/chatty ( 1315): uid=1000(system) Binder:1315_10 expire 5 lines
03-04 20:40:58.884 I/chatty ( 1315): uid=1000(system) ConnectivitySer expire 2 lines
03-04 20:41:00.013 I/chatty ( 1315): uid=1000(system) AlarmManager expire 1 line
03-04 20:41:01.786 I/chatty ( 1315): uid=1000(system) Binder:1315_C expire 6 lines
03-04 20:41:02.594 I/chatty ( 1315): uid=1000(system) Binder:1315_1A expire 5 lines
03-04 20:41:03.207 I/chatty ( 1315): uid=1000(system) Binder:1315_E expire 1 line
03-04 20:41:03.438 I/chatty ( 1315): uid=1000(system) Binder:1315_12 expire 7 lines
03-04 20:41:03.739 I/chatty ( 1315): uid=1000(system) Binder:1315_D expire 8 lines
03-04 20:41:12.335 I/chatty ( 1315): uid=1000(system) Binder:1315_17 expire 4 lines
03-04 20:41:13.151 I/chatty ( 1315): uid=1000(system) Binder:1315_16 expire 4 lines
03-04 20:42:28.076 I/chatty ( 1315): uid=1000(system) Binder:1315_1F expire 4 lines
03-04 20:42:37.354 I/chatty ( 1315): uid=1000(system) Binder:1315_5 expire 4 lines
03-04 20:42:47.336 I/chatty ( 1315): uid=1000(system) Binder:1315_19 expire 1 line
03-04 20:44:49.833 I/chatty ( 1315): uid=1000(system) batterystats-sy expire 1 line
03-04 20:44:50.103 I/chatty ( 1315): uid=1000(system) Binder:1315_15 expire 3 lines
03-04 20:44:50.144 W/ContextImpl(30184): Calling a method in the system process without a qualified user: android.app.ContextImpl.startService:1371 android.content.ContextWrapper.startService:616 android.content.ContextWrapper.startService:616 com.android.settings.fuelgauge.BatteryChangeReceiver.tL:-1 com.android.settings.fuelgauge.BatteryChangeReceiver.tO:-1
03-04 20:45:04.713 I/chatty ( 1315): uid=1000(system) android.bg expire 16 lines
03-04 20:47:27.403 I/chatty ( 1315): uid=1000(system) ActivityManager expire 1 line
03-04 20:48:17.816 I/chatty ( 1315): uid=1000(system) InputReader expire 4 lines
03-04 20:48:17.920 I/chatty ( 1315): uid=1000(system) Binder:1315_13 expire 12 lines
03-04 20:48:24.931 I/chatty ( 1315): uid=1000(system) android.bg expire 13 lines
03-04 20:48:28.288 I/chatty ( 1315): uid=1000(system) batterystats-sy expire 1 line
03-04 20:48:28.579 I/chatty ( 1315): uid=1000(system) Binder:1315_9 expire 4 lines
03-04 20:48:28.582 I/chatty ( 1315): uid=1000(system) Binder:1315_12 expire 6 lines
03-04 20:48:28.607 W/ContextImpl(30184): Calling a method in the system process without a qualified user: android.app.ContextImpl.startService:1371 android.content.ContextWrapper.startService:616 android.content.ContextWrapper.startService:616 com.android.settings.fuelgauge.BatteryChangeReceiver.tL:-1 com.android.settings.fuelgauge.BatteryChangeReceiver.tO:-1
03-04 20:48:29.602 I/chatty ( 1315): uid=1000(system) ActivityManager expire 16 lines
03-04 20:48:29.623 I/chatty ( 1315): uid=1000(system) Binder:1315_7 expire 4 lines
03-04 20:48:44.586 I/chatty ( 1315): uid=1000(system) Binder:1315_8 expire 2 lines
03-04 20:49:22.001 I/chatty ( 1315): uid=1000(system) InputReader expire 8 lines
03-04 20:49:51.523 I/chatty ( 1315): uid=1000(system) Binder:1315_D expire 9 lines
03-04 20:49:52.580 I/chatty ( 1315): uid=1000(system) Binder:1315_B expire 6 lines
03-04 20:50:32.708 I/chatty ( 1315): uid=1000(system) android.display expire 6 lines
03-04 20:50:42.469 I/chatty ( 1315): uid=1000(system) Binder:1315_6 expire 9 lines
03-04 20:50:43.512 I/chatty ( 1315): uid=1000(system) Binder:1315_14 expire 1 line
03-04 20:50:50.827 I/chatty ( 1315): uid=1000(system) Binder:1315_1E expire 13 lines
03-04 20:50:50.863 I/chatty ( 1315): uid=1000(system) Binder:1315_17 expire 3 lines
03-04 20:50:51.165 I/chatty ( 1315): uid=1000(system) Binder:1315_5 expire 5 lines
03-04 20:50:51.806 I/chatty ( 1315): uid=1000(system) Binder:1315_16 expire 9 lines
03-04 20:50:51.932 I/chatty ( 1315): uid=1000(system) Binder:1315_A expire 14 lines
03-04 20:50:52.245 I/chatty ( 1315): uid=1000(system) Binder:1315_1B expire 4 lines
03-04 20:50:52.247 I/chatty ( 1315): uid=1000(system) Binder:1315_1D expire 4 lines
03-04 20:50:55.673 I/chatty ( 1315): uid=1000(system) Binder:1315_20 expire 5 lines
03-04 20:50:55.674 I/chatty ( 1315): uid=1000(system) Binder:1315_3 expire 6 lines
03-04 20:50:55.675 I/chatty ( 1315): uid=1000(system) ConnectivitySer expire 1 line
03-04 20:51:10.470 I/chatty ( 1315): uid=1000(system) Binder:1315_E expire 3 lines
03-04 20:51:12.209 I/chatty ( 1315): uid=1000(system) Binder:1315_18 expire 11 lines
03-04 20:51:17.216 I/chatty ( 1315): uid=1000(system) Binder:1315_F expire 5 lines
03-04 20:51:17.601 I/chatty ( 1315): uid=1000(system) Binder:1315_15 expire 6 lines
03-04 20:51:21.190 I/chatty ( 1315): uid=1000(system) Binder:1315_11 expire 16 lines
03-04 20:51:21.229 I/chatty ( 1315): uid=1000(system) Binder:1315_C expire 8 lines
03-04 20:51:21.960 I/chatty ( 1315): uid=1000(system) Binder:1315_4 expire 10 lines
03-04 20:51:22.661 I/chatty ( 1315): uid=1000(system) Binder:1315_2 expire 8 lines
03-04 20:51:23.986 I/ActivityThread(29745): Removing dead content provider:android.content.ContentProviderProxy@6c0229c
03-04 20:51:25.309 I/chatty ( 1315): uid=1000(system) android.bg expire 8 lines
03-04 20:51:32.207 I/chatty ( 1315): uid=1000(system) Binder:1315_19 expire 3 lines
03-04 20:51:46.075 I/chatty ( 1315): uid=1000(system) Binder:1315_1C expire 4 lines
03-04 20:51:52.316 I/chatty ( 1315): uid=1000(system) Binder:1315_1A expire 6 lines
03-04 20:51:55.696 I/chatty ( 1315): uid=1000(system) Binder:1315_1 expire 4 lines
03-04 20:51:57.948 I/chatty ( 1315): uid=1000(system) Binder:1315_1F expire 4 lines
03-04 20:52:00.032 I/chatty ( 1315): uid=1000(system) AlarmManager expire 2 lines
03-04 20:52:33.912 I/chatty ( 1315): uid=1000(system) Binder:1315_19 expire 10 lines
03-04 20:52:34.527 I/chatty ( 1315): uid=1000(system) Binder:1315_1C expire 11 lines
03-04 20:52:34.528 I/chatty ( 1315): uid=1000(system) Binder:1315_E expire 12 lines
03-04 20:52:34.531 I/chatty ( 1315): uid=1000(system) ConnectivitySer expire 5 lines
03-04 20:52:34.550 I/chatty ( 1315): uid=1000(system) Binder:1315_8 expire 11 lines
03-04 20:52:34.575 I/chatty ( 1315): uid=1000(system) Binder:1315_9 expire 1 line
03-04 20:52:34.670 I/chatty ( 1315): uid=1000(system) Binder:1315_A expire 6 lines
03-04 20:52:37.336 I/chatty ( 1315): uid=1000(system) Binder:1315_15 expire 5 lines
03-04 20:52:38.451 I/chatty ( 1315): uid=1000(system) Binder:1315_1A expire 10 lines
03-04 20:52:38.465 I/chatty ( 1315): uid=1000(system) Binder:1315_2 expire 6 lines
03-04 20:52:40.378 I/chatty ( 1315): uid=1000(system) android.bg expire 6 lines
03-04 20:52:42.199 I/chatty ( 1315): uid=1000(system) ActivityManager expire 10 lines
03-04 20:52:42.722 I/chatty ( 1315): uid=1000(system) Binder:1315_1D expire 9 lines
03-04 20:52:42.775 I/chatty ( 1315): uid=1000(system) Binder:1315_1 expire 7 lines
03-04 20:52:42.803 I/chatty ( 1315): uid=1000(system) Binder:1315_11 expire 9 lines
03-04 20:52:43.502 E/ActivityThread( 2657): Failed to find provider info for com.tencent.mm.coolassist.debugprovider
03-04 20:52:44.850 I/chatty ( 1315): uid=1000(system) Binder:1315_12 expire 8 lines
03-04 20:52:45.138 I/chatty ( 1315): uid=1000(system) Binder:1315_17 expire 8 lines
03-04 20:52:45.209 I/chatty ( 1315): uid=1000(system) Binder:1315_10 expire 3 lines
03-04 20:52:45.483 I/chatty ( 1315): uid=1000(system) Binder:1315_B expire 8 lines
03-04 20:52:45.716 I/chatty ( 1315): uid=1000(system) Binder:1315_1F expire 11 lines
03-04 20:52:46.398 I/chatty ( 1315): uid=1000(system) Binder:1315_16 expire 10 lines
03-04 20:52:46.421 I/chatty ( 1315): uid=1000(system) Binder:1315_C expire 13 lines
03-04 20:52:46.589 I/chatty ( 1315): uid=1000(system) Binder:1315_F expire 5 lines
03-04 20:52:47.422 I/chatty ( 1315): uid=1000(system) Binder:1315_1E expire 8 lines
03-04 20:52:47.424 I/chatty ( 1315): uid=1000(system) ActivityManager expire 4 lines
03-04 20:52:47.617 I/chatty ( 1315): uid=1000(system) Binder:1315_13 expire 1 line
03-04 20:52:52.084 I/chatty ( 1315): uid=1000(system) Binder:1315_D expire 7 lines
03-04 20:52:53.636 I/chatty ( 1315): uid=1000(system) Binder:1315_5 expire 4 lines
03-04 20:52:55.853 I/chatty ( 1315): uid=1000(system) Binder:1315_20 expire 12 lines
03-04 20:52:58.207 I/chatty ( 1315): uid=1000(system) Binder:1315_4 expire 5 lines
03-04 20:52:59.029 I/chatty ( 1315): uid=1000(system) batterystats-sy expire 1 line
03-04 20:52:59.113 W/ContextImpl( 3325): Calling a method in the system process without a qualified user: android.app.ContextImpl.startService:1371 android.content.ContextWrapper.startService:616 android.content.ContextWrapper.startService:616 com.android.settings.fuelgauge.BatteryChangeReceiver.tL:-1 com.android.settings.fuelgauge.BatteryChangeReceiver.tO:-1
03-04 20:52:59.148 W/ProcessCpuTracker( 3325): Skipping unknown process pid 1
03-04 20:52:59.149 W/ProcessCpuTracker( 3325): Skipping unknown process pid 2
03-04 20:52:59.150 W/ProcessCpuTracker( 3325): Skipping unknown process pid 3
03-04 20:52:59.150 W/ProcessCpuTracker( 3325): Skipping unknown process pid 5
03-04 20:52:59.151 W/ProcessCpuTracker( 3325): Skipping unknown process pid 7
03-04 20:52:59.159 W/ProcessCpuTracker( 3325): Skipping unknown process pid 8
03-04 20:52:59.160 W/ProcessCpuTracker( 3325): Skipping unknown process pid 9
03-04 20:52:59.160 W/ProcessCpuTracker( 3325): Skipping unknown process pid 10
03-04 20:52:59.161 W/ProcessCpuTracker( 3325): Skipping unknown process pid 11
03-04 20:52:59.161 W/ProcessCpuTracker( 3325): Skipping unknown process pid 12
03-04 20:52:59.161 W/ProcessCpuTracker( 3325): Skipping unknown process pid 13
03-04 20:52:59.162 W/ProcessCpuTracker( 3325): Skipping unknown process pid 14
03-04 20:52:59.162 W/ProcessCpuTracker( 3325): Skipping unknown process pid 15
03-04 20:52:59.162 W/ProcessCpuTracker( 3325): Skipping unknown process pid 17
03-04 20:52:59.163 W/ProcessCpuTracker( 3325): Skipping unknown process pid 18
03-04 20:52:59.163 W/ProcessCpuTracker( 3325): Skipping unknown process pid 19
03-04 20:52:59.164 W/ProcessCpuTracker( 3325): Skipping unknown process pid 20
03-04 20:52:59.165 W/ProcessCpuTracker( 3325): Skipping unknown process pid 21
03-04 20:52:59.165 W/ProcessCpuTracker( 3325): Skipping unknown process pid 22
03-04 20:52:59.166 W/ProcessCpuTracker( 3325): Skipping unknown process pid 24
03-04 20:52:59.166 W/ProcessCpuTracker( 3325): Skipping unknown process pid 25
03-04 20:52:59.167 W/ProcessCpuTracker( 3325): Skipping unknown process pid 26
03-04 20:52:59.168 W/ProcessCpuTracker( 3325): Skipping unknown process pid 27
03-04 20:52:59.168 W/ProcessCpuTracker( 3325): Skipping unknown process pid 28
03-04 20:52:59.169 W/ProcessCpuTracker( 3325): Skipping unknown process pid 29
03-04 20:52:59.170 W/ProcessCpuTracker( 3325): Skipping unknown process pid 31
03-04 20:52:59.170 W/ProcessCpuTracker( 3325): Skipping unknown process pid 32
03-04 20:52:59.171 W/ProcessCpuTracker( 3325): Skipping unknown process pid 33
03-04 20:52:59.171 W/ProcessCpuTracker( 3325): Skipping unknown process pid 34
03-04 20:52:59.172 W/ProcessCpuTracker( 3325): Skipping unknown process pid 35
03-04 20:52:59.172 W/ProcessCpuTracker( 3325): Skipping unknown process pid 36
03-04 20:52:59.173 W/ProcessCpuTracker( 3325): Skipping unknown process pid 38
03-04 20:52:59.173 W/ProcessCpuTracker( 3325): Skipping unknown process pid 39
03-04 20:52:59.174 W/ProcessCpuTracker( 3325): Skipping unknown process pid 40
03-04 20:52:59.175 W/ProcessCpuTracker( 3325): Skipping unknown process pid 41
03-04 20:52:59.175 W/ProcessCpuTracker( 3325): Skipping unknown process pid 42
03-04 20:52:59.176 W/ProcessCpuTracker( 3325): Skipping unknown process pid 43
03-04 20:52:59.177 W/ProcessCpuTracker( 3325): Skipping unknown process pid 45
03-04 20:52:59.177 W/ProcessCpuTracker( 3325): Skipping unknown process pid 46
03-04 20:52:59.178 W/ProcessCpuTracker( 3325): Skipping unknown process pid 47
03-04 20:52:59.178 W/ProcessCpuTracker( 3325): Skipping unknown process pid 48
03-04 20:52:59.179 W/ProcessCpuTracker( 3325): Skipping unknown process pid 49
03-04 20:52:59.179 W/ProcessCpuTracker( 3325): Skipping unknown process pid 50
03-04 20:52:59.180 W/ProcessCpuTracker( 3325): Skipping unknown process pid 52
03-04 20:52:59.181 W/ProcessCpuTracker( 3325): Skipping unknown process pid 53
03-04 20:52:59.182 W/ProcessCpuTracker( 3325): Skipping unknown process pid 54
03-04 20:52:59.182 W/ProcessCpuTracker( 3325): Skipping unknown process pid 55
03-04 20:52:59.183 W/ProcessCpuTracker( 3325): Skipping unknown process pid 56
03-04 20:52:59.183 W/ProcessCpuTracker( 3325): Skipping unknown process pid 57
03-04 20:52:59.184 W/ProcessCpuTracker( 3325): Skipping unknown process pid 59
03-04 20:52:59.185 W/ProcessCpuTracker( 3325): Skipping unknown process pid 60
03-04 20:52:59.185 W/ProcessCpuTracker( 3325): Skipping unknown process pid 61
03-04 20:52:59.192 W/ProcessCpuTracker( 3325): Skipping unknown process pid 62
03-04 20:52:59.193 W/ProcessCpuTracker( 3325): Skipping unknown process pid 63
03-04 20:52:59.194 W/ProcessCpuTracker( 3325): Skipping unknown process pid 64
03-04 20:52:59.194 W/ProcessCpuTracker( 3325): Skipping unknown process pid 65
03-04 20:52:59.195 W/ProcessCpuTracker( 3325): Skipping unknown process pid 66
03-04 20:52:59.196 W/ProcessCpuTracker( 3325): Skipping unknown process pid 67
03-04 20:52:59.196 W/ProcessCpuTracker( 3325): Skipping unknown process pid 68
03-04 20:52:59.197 W/ProcessCpuTracker( 3325): Skipping unknown process pid 69
03-04 20:52:59.197 W/ProcessCpuTracker( 3325): Skipping unknown process pid 70
03-04 20:52:59.198 W/ProcessCpuTracker( 3325): Skipping unknown process pid 71
03-04 20:52:59.198 W/ProcessCpuTracker( 3325): Skipping unknown process pid 72
03-04 20:52:59.199 W/ProcessCpuTracker( 3325): Skipping unknown process pid 73
03-04 20:52:59.199 W/ProcessCpuTracker( 3325): Skipping unknown process pid 74
03-04 20:52:59.200 W/ProcessCpuTracker( 3325): Skipping unknown process pid 75
03-04 20:52:59.200 W/ProcessCpuTracker( 3325): Skipping unknown process pid 76
03-04 20:52:59.201 W/ProcessCpuTracker( 3325): Skipping unknown process pid 79
03-04 20:52:59.201 W/ProcessCpuTracker( 3325): Skipping unknown process pid 100
03-04 20:52:59.202 W/ProcessCpuTracker( 3325): Skipping unknown process pid 101
03-04 20:52:59.202 W/ProcessCpuTracker( 3325): Skipping unknown process pid 102
03-04 20:52:59.203 W/ProcessCpuTracker( 3325): Skipping unknown process pid 103
03-04 20:52:59.204 W/ProcessCpuTracker( 3325): Skipping unknown process pid 104
03-04 20:52:59.204 W/ProcessCpuTracker( 3325): Skipping unknown process pid 105
03-04 20:52:59.205 W/ProcessCpuTracker( 3325): Skipping unknown process pid 106
03-04 20:52:59.205 W/ProcessCpuTracker( 3325): Skipping unknown process pid 107
03-04 20:52:59.206 W/ProcessCpuTracker( 3325): Skipping unknown process pid 109
03-04 20:52:59.206 W/ProcessCpuTracker( 3325): Skipping unknown process pid 110
03-04 20:52:59.207 W/ProcessCpuTracker( 3325): Skipping unknown process pid 112
03-04 20:52:59.207 W/ProcessCpuTracker( 3325): Skipping unknown process pid 113
03-04 20:52:59.207 W/ProcessCpuTracker( 3325): Skipping unknown process pid 114
03-04 20:52:59.208 W/ProcessCpuTracker( 3325): Skipping unknown process pid 115
03-04 20:52:59.208 W/ProcessCpuTracker( 3325): Skipping unknown process pid 116
03-04 20:52:59.209 W/ProcessCpuTracker( 3325): Skipping unknown process pid 117
03-04 20:52:59.210 W/ProcessCpuTracker( 3325): Skipping unknown process pid 118
03-04 20:52:59.210 W/ProcessCpuTracker( 3325): Skipping unknown process pid 119
03-04 20:52:59.211 W/ProcessCpuTracker( 3325): Skipping unknown process pid 120
03-04 20:52:59.212 W/ProcessCpuTracker( 3325): Skipping unknown process pid 121
03-04 20:52:59.213 W/ProcessCpuTracker( 3325): Skipping unknown process pid 122
03-04 20:52:59.213 W/ProcessCpuTracker( 3325): Skipping unknown process pid 123
03-04 20:52:59.214 W/ProcessCpuTracker( 3325): Skipping unknown process pid 124
03-04 20:52:59.215 W/ProcessCpuTracker( 3325): Skipping unknown process pid 125
03-04 20:52:59.215 W/ProcessCpuTracker( 3325): Skipping unknown process pid 126
03-04 20:52:59.216 W/ProcessCpuTracker( 3325): Skipping unknown process pid 127
03-04 20:52:59.217 W/ProcessCpuTracker( 3325): Skipping unknown process pid 128
03-04 20:52:59.218 W/ProcessCpuTracker( 3325): Skipping unknown process pid 129
03-04 20:52:59.218 W/ProcessCpuTracker( 3325): Skipping unknown process pid 130
03-04 20:52:59.219 W/ProcessCpuTracker( 3325): Skipping unknown process pid 131
03-04 20:52:59.220 W/ProcessCpuTracker( 3325): Skipping unknown process pid 132
03-04 20:52:59.221 W/ProcessCpuTracker( 3325): Skipping unknown process pid 133
03-04 20:52:59.221 W/ProcessCpuTracker( 3325): Skipping unknown process pid 134
03-04 20:52:59.222 W/ProcessCpuTracker( 3325): Skipping unknown process pid 135
03-04 20:52:59.223 W/ProcessCpuTracker( 3325): Skipping unknown process pid 136
03-04 20:52:59.224 W/ProcessCpuTracker( 3325): Skipping unknown process pid 137
03-04 20:52:59.225 W/ProcessCpuTracker( 3325): Skipping unknown process pid 138
03-04 20:52:59.226 W/ProcessCpuTracker( 3325): Skipping unknown process pid 139
03-04 20:52:59.226 W/ProcessCpuTracker( 3325): Skipping unknown process pid 140
03-04 20:52:59.227 W/ProcessCpuTracker( 3325): Skipping unknown process pid 141
03-04 20:52:59.228 W/ProcessCpuTracker( 3325): Skipping unknown process pid 142
03-04 20:52:59.229 W/ProcessCpuTracker( 3325): Skipping unknown process pid 143
03-04 20:52:59.230 W/ProcessCpuTracker( 3325): Skipping unknown process pid 145
03-04 20:52:59.231 W/ProcessCpuTracker( 3325): Skipping unknown process pid 146
03-04 20:52:59.231 W/ProcessCpuTracker( 3325): Skipping unknown process pid 147
03-04 20:52:59.232 W/ProcessCpuTracker( 3325): Skipping unknown process pid 170
03-04 20:52:59.233 W/ProcessCpuTracker( 3325): Skipping unknown process pid 171
03-04 20:52:59.234 W/ProcessCpuTracker( 3325): Skipping unknown process pid 172
03-04 20:52:59.235 W/ProcessCpuTracker( 3325): Skipping unknown process pid 192
03-04 20:52:59.235 W/ProcessCpuTracker( 3325): Skipping unknown process pid 193
03-04 20:52:59.236 W/ProcessCpuTracker( 3325): Skipping unknown process pid 194
03-04 20:52:59.237 W/ProcessCpuTracker( 3325): Skipping unknown process pid 195
03-04 20:52:59.237 W/ProcessCpuTracker( 3325): Skipping unknown process pid 196
03-04 20:52:59.238 W/ProcessCpuTracker( 3325): Skipping unknown process pid 197
03-04 20:52:59.238 W/ProcessCpuTracker( 3325): Skipping unknown process pid 198
03-04 20:52:59.239 W/ProcessCpuTracker( 3325): Skipping unknown process pid 199
03-04 20:52:59.239 W/ProcessCpuTracker( 3325): Skipping unknown process pid 200
03-04 20:52:59.239 W/ProcessCpuTracker( 3325): Skipping unknown process pid 201
03-04 20:52:59.240 W/ProcessCpuTracker( 3325): Skipping unknown process pid 202
03-04 20:52:59.240 W/ProcessCpuTracker( 3325): Skipping unknown process pid 206
03-04 20:52:59.241 W/ProcessCpuTracker( 3325): Skipping unknown process pid 207
03-04 20:52:59.241 W/ProcessCpuTracker( 3325): Skipping unknown process pid 208
03-04 20:52:59.242 W/ProcessCpuTracker( 3325): Skipping unknown process pid 209
03-04 20:52:59.242 W/ProcessCpuTracker( 3325): Skipping unknown process pid 210
03-04 20:52:59.242 W/ProcessCpuTracker( 3325): Skipping unknown process pid 211
03-04 20:52:59.243 W/ProcessCpuTracker( 3325): Skipping unknown process pid 212
03-04 20:52:59.243 W/ProcessCpuTracker( 3325): Skipping unknown process pid 213
03-04 20:52:59.244 W/ProcessCpuTracker( 3325): Skipping unknown process pid 214
03-04 20:52:59.244 W/ProcessCpuTracker( 3325): Skipping unknown process pid 215
03-04 20:52:59.245 W/ProcessCpuTracker( 3325): Skipping unknown process pid 216
03-04 20:52:59.245 W/ProcessCpuTracker( 3325): Skipping unknown process pid 217
03-04 20:52:59.246 W/ProcessCpuTracker( 3325): Skipping unknown process pid 218
03-04 20:52:59.246 W/ProcessCpuTracker( 3325): Skipping unknown process pid 219
03-04 20:52:59.246 W/ProcessCpuTracker( 3325): Skipping unknown process pid 220
03-04 20:52:59.247 W/ProcessCpuTracker( 3325): Skipping unknown process pid 221
03-04 20:52:59.247 W/ProcessCpuTracker( 3325): Skipping unknown process pid 222
03-04 20:52:59.248 W/ProcessCpuTracker( 3325): Skipping unknown process pid 223
03-04 20:52:59.248 W/ProcessCpuTracker( 3325): Skipping unknown process pid 224
03-04 20:52:59.248 W/ProcessCpuTracker( 3325): Skipping unknown process pid 225
03-04 20:52:59.249 W/ProcessCpuTracker( 3325): Skipping unknown process pid 226
03-04 20:52:59.249 W/ProcessCpuTracker( 3325): Skipping unknown process pid 227
03-04 20:52:59.250 W/ProcessCpuTracker( 3325): Skipping unknown process pid 228
03-04 20:52:59.250 W/ProcessCpuTracker( 3325): Skipping unknown process pid 229
03-04 20:52:59.251 W/ProcessCpuTracker( 3325): Skipping unknown process pid 230
03-04 20:52:59.251 W/ProcessCpuTracker( 3325): Skipping unknown process pid 231
03-04 20:52:59.252 W/ProcessCpuTracker( 3325): Skipping unknown process pid 232
03-04 20:52:59.252 W/ProcessCpuTracker( 3325): Skipping unknown process pid 233
03-04 20:52:59.253 W/ProcessCpuTracker( 3325): Skipping unknown process pid 234
03-04 20:52:59.254 W/ProcessCpuTracker( 3325): Skipping unknown process pid 235
03-04 20:52:59.255 W/ProcessCpuTracker( 3325): Skipping unknown process pid 236
03-04 20:52:59.255 W/ProcessCpuTracker( 3325): Skipping unknown process pid 237
03-04 20:52:59.256 W/ProcessCpuTracker( 3325): Skipping unknown process pid 238
03-04 20:52:59.257 W/ProcessCpuTracker( 3325): Skipping unknown process pid 239
03-04 20:52:59.258 W/ProcessCpuTracker( 3325): Skipping unknown process pid 240
03-04 20:52:59.258 W/ProcessCpuTracker( 3325): Skipping unknown process pid 241
03-04 20:52:59.259 W/ProcessCpuTracker( 3325): Skipping unknown process pid 242
03-04 20:52:59.260 W/ProcessCpuTracker( 3325): Skipping unknown process pid 243
03-04 20:52:59.261 W/ProcessCpuTracker( 3325): Skipping unknown process pid 244
03-04 20:52:59.261 W/ProcessCpuTracker( 3325): Skipping unknown process pid 245
03-04 20:52:59.262 W/ProcessCpuTracker( 3325): Skipping unknown process pid 246
03-04 20:52:59.262 W/ProcessCpuTracker( 3325): Skipping unknown process pid 247
03-04 20:52:59.263 W/ProcessCpuTracker( 3325): Skipping unknown process pid 248
03-04 20:52:59.263 W/ProcessCpuTracker( 3325): Skipping unknown process pid 249
03-04 20:52:59.263 W/ProcessCpuTracker( 3325): Skipping unknown process pid 250
03-04 20:52:59.264 W/ProcessCpuTracker( 3325): Skipping unknown process pid 251
03-04 20:52:59.264 W/ProcessCpuTracker( 3325): Skipping unknown process pid 252
03-04 20:52:59.265 W/ProcessCpuTracker( 3325): Skipping unknown process pid 253
03-04 20:52:59.265 W/ProcessCpuTracker( 3325): Skipping unknown process pid 254
03-04 20:52:59.266 W/ProcessCpuTracker( 3325): Skipping unknown process pid 255
03-04 20:52:59.266 W/ProcessCpuTracker( 3325): Skipping unknown process pid 256
03-04 20:52:59.267 W/ProcessCpuTracker( 3325): Skipping unknown process pid 277
03-04 20:52:59.267 W/ProcessCpuTracker( 3325): Skipping unknown process pid 279
03-04 20:52:59.268 W/ProcessCpuTracker( 3325): Skipping unknown process pid 280
03-04 20:52:59.268 W/ProcessCpuTracker( 3325): Skipping unknown process pid 284
03-04 20:52:59.269 W/ProcessCpuTracker( 3325): Skipping unknown process pid 285
03-04 20:52:59.270 W/ProcessCpuTracker( 3325): Skipping unknown process pid 286
03-04 20:52:59.270 W/ProcessCpuTracker( 3325): Skipping unknown process pid 287
03-04 20:52:59.271 W/ProcessCpuTracker( 3325): Skipping unknown process pid 288
03-04 20:52:59.272 W/ProcessCpuTracker( 3325): Skipping unknown process pid 289
03-04 20:52:59.272 W/ProcessCpuTracker( 3325): Skipping unknown process pid 290
03-04 20:52:59.272 W/ProcessCpuTracker( 3325): Skipping unknown process pid 291
03-04 20:52:59.273 W/ProcessCpuTracker( 3325): Skipping unknown process pid 292
03-04 20:52:59.273 W/ProcessCpuTracker( 3325): Skipping unknown process pid 293
03-04 20:52:59.274 W/ProcessCpuTracker( 3325): Skipping unknown process pid 294
03-04 20:52:59.274 W/ProcessCpuTracker( 3325): Skipping unknown process pid 295
03-04 20:52:59.275 W/ProcessCpuTracker( 3325): Skipping unknown process pid 296
03-04 20:52:59.275 W/ProcessCpuTracker( 3325): Skipping unknown process pid 297
03-04 20:52:59.276 W/ProcessCpuTracker( 3325): Skipping unknown process pid 298
03-04 20:52:59.276 W/ProcessCpuTracker( 3325): Skipping unknown process pid 299
03-04 20:52:59.276 W/ProcessCpuTracker( 3325): Skipping unknown process pid 300
03-04 20:52:59.277 W/ProcessCpuTracker( 3325): Skipping unknown process pid 301
03-04 20:52:59.277 W/ProcessCpuTracker( 3325): Skipping unknown process pid 302
03-04 20:52:59.278 W/ProcessCpuTracker( 3325): Skipping unknown process pid 303
03-04 20:52:59.278 W/ProcessCpuTracker( 3325): Skipping unknown process pid 304
03-04 20:52:59.279 W/ProcessCpuTracker( 3325): Skipping unknown process pid 305
03-04 20:52:59.279 W/ProcessCpuTracker( 3325): Skipping unknown process pid 306
03-04 20:52:59.280 W/ProcessCpuTracker( 3325): Skipping unknown process pid 307
03-04 20:52:59.280 W/ProcessCpuTracker( 3325): Skipping unknown process pid 308
03-04 20:52:59.280 W/ProcessCpuTracker( 3325): Skipping unknown process pid 309
03-04 20:52:59.281 W/ProcessCpuTracker( 3325): Skipping unknown process pid 310
03-04 20:52:59.282 W/ProcessCpuTracker( 3325): Skipping unknown process pid 311
03-04 20:52:59.282 W/ProcessCpuTracker( 3325): Skipping unknown process pid 312
03-04 20:52:59.283 W/ProcessCpuTracker( 3325): Skipping unknown process pid 313
03-04 20:52:59.283 W/ProcessCpuTracker( 3325): Skipping unknown process pid 314
03-04 20:52:59.284 W/ProcessCpuTracker( 3325): Skipping unknown process pid 315
03-04 20:52:59.284 W/ProcessCpuTracker( 3325): Skipping unknown process pid 316
03-04 20:52:59.285 W/ProcessCpuTracker( 3325): Skipping unknown process pid 317
03-04 20:52:59.286 W/ProcessCpuTracker( 3325): Skipping unknown process pid 318
03-04 20:52:59.286 W/ProcessCpuTracker( 3325): Skipping unknown process pid 319
03-04 20:52:59.287 W/ProcessCpuTracker( 3325): Skipping unknown process pid 320
03-04 20:52:59.288 W/ProcessCpuTracker( 3325): Skipping unknown process pid 321
03-04 20:52:59.288 W/ProcessCpuTracker( 3325): Skipping unknown process pid 322
03-04 20:52:59.289 W/ProcessCpuTracker( 3325): Skipping unknown process pid 323
03-04 20:52:59.289 W/ProcessCpuTracker( 3325): Skipping unknown process pid 324
03-04 20:52:59.290 W/ProcessCpuTracker( 3325): Skipping unknown process pid 325
03-04 20:52:59.291 W/ProcessCpuTracker( 3325): Skipping unknown process pid 326
03-04 20:52:59.291 W/ProcessCpuTracker( 3325): Skipping unknown process pid 327
03-04 20:52:59.292 W/ProcessCpuTracker( 3325): Skipping unknown process pid 328
03-04 20:52:59.293 W/ProcessCpuTracker( 3325): Skipping unknown process pid 329
03-04 20:52:59.293 W/ProcessCpuTracker( 3325): Skipping unknown process pid 330
03-04 20:52:59.294 W/ProcessCpuTracker( 3325): Skipping unknown process pid 331
03-04 20:52:59.295 W/ProcessCpuTracker( 3325): Skipping unknown process pid 332
03-04 20:52:59.296 W/ProcessCpuTracker( 3325): Skipping unknown process pid 333
03-04 20:52:59.296 W/ProcessCpuTracker( 3325): Skipping unknown process pid 335
03-04 20:52:59.297 W/ProcessCpuTracker( 3325): Skipping unknown process pid 336
03-04 20:52:59.297 W/ProcessCpuTracker( 3325): Skipping unknown process pid 337
03-04 20:52:59.298 W/ProcessCpuTracker( 3325): Skipping unknown process pid 338
03-04 20:52:59.298 W/ProcessCpuTracker( 3325): Skipping unknown process pid 339
03-04 20:52:59.299 W/ProcessCpuTracker( 3325): Skipping unknown process pid 340
03-04 20:52:59.299 W/ProcessCpuTracker( 3325): Skipping unknown process pid 342
03-04 20:52:59.300 W/ProcessCpuTracker( 3325): Skipping unknown process pid 344
03-04 20:52:59.300 W/ProcessCpuTracker( 3325): Skipping unknown process pid 350
03-04 20:52:59.300 W/ProcessCpuTracker( 3325): Skipping unknown process pid 351
03-04 20:52:59.301 W/ProcessCpuTracker( 3325): Skipping unknown process pid 352
03-04 20:52:59.301 W/ProcessCpuTracker( 3325): Skipping unknown process pid 353
03-04 20:52:59.302 W/ProcessCpuTracker( 3325): Skipping unknown process pid 354
03-04 20:52:59.302 W/ProcessCpuTracker( 3325): Skipping unknown process pid 355
03-04 20:52:59.303 W/ProcessCpuTracker( 3325): Skipping unknown process pid 356
03-04 20:52:59.304 W/ProcessCpuTracker( 3325): Skipping unknown process pid 357
03-04 20:52:59.305 W/ProcessCpuTracker( 3325): Skipping unknown process pid 358
03-04 20:52:59.305 W/ProcessCpuTracker( 3325): Skipping unknown process pid 359
03-04 20:52:59.306 W/ProcessCpuTracker( 3325): Skipping unknown process pid 360
03-04 20:52:59.307 W/ProcessCpuTracker( 3325): Skipping unknown process pid 361
03-04 20:52:59.307 W/ProcessCpuTracker( 3325): Skipping unknown process pid 362
03-04 20:52:59.308 W/ProcessCpuTracker( 3325): Skipping unknown process pid 363
03-04 20:52:59.308 W/ProcessCpuTracker( 3325): Skipping unknown process pid 364
03-04 20:52:59.309 W/ProcessCpuTracker( 3325): Skipping unknown process pid 365
03-04 20:52:59.309 W/ProcessCpuTracker( 3325): Skipping unknown process pid 366
03-04 20:52:59.310 W/ProcessCpuTracker( 3325): Skipping unknown process pid 367
03-04 20:52:59.310 W/ProcessCpuTracker( 3325): Skipping unknown process pid 368
03-04 20:52:59.311 W/ProcessCpuTracker( 3325): Skipping unknown process pid 369
03-04 20:52:59.312 W/ProcessCpuTracker( 3325): Skipping unknown process pid 370
03-04 20:52:59.312 W/ProcessCpuTracker( 3325): Skipping unknown process pid 371
03-04 20:52:59.313 W/ProcessCpuTracker( 3325): Skipping unknown process pid 372
03-04 20:52:59.313 W/ProcessCpuTracker( 3325): Skipping unknown process pid 373
03-04 20:52:59.314 W/ProcessCpuTracker( 3325): Skipping unknown process pid 374
03-04 20:52:59.315 W/ProcessCpuTracker( 3325): Skipping unknown process pid 375
03-04 20:52:59.315 W/ProcessCpuTracker( 3325): Skipping unknown process pid 376
03-04 20:52:59.316 W/ProcessCpuTracker( 3325): Skipping unknown process pid 377
03-04 20:52:59.317 W/ProcessCpuTracker( 3325): Skipping unknown process pid 378
03-04 20:52:59.317 W/ProcessCpuTracker( 3325): Skipping unknown process pid 379
03-04 20:52:59.318 W/ProcessCpuTracker( 3325): Skipping unknown process pid 380
03-04 20:52:59.318 W/ProcessCpuTracker( 3325): Skipping unknown process pid 381
03-04 20:52:59.319 W/ProcessCpuTracker( 3325): Skipping unknown process pid 382
03-04 20:52:59.320 W/ProcessCpuTracker( 3325): Skipping unknown process pid 383
03-04 20:52:59.321 W/ProcessCpuTracker( 3325): Skipping unknown process pid 384
03-04 20:52:59.321 W/ProcessCpuTracker( 3325): Skipping unknown process pid 385
03-04 20:52:59.322 W/ProcessCpuTracker( 3325): Skipping unknown process pid 386
03-04 20:52:59.323 W/ProcessCpuTracker( 3325): Skipping unknown process pid 387
03-04 20:52:59.323 W/ProcessCpuTracker( 3325): Skipping unknown process pid 388
