03-04 21:09:28.527 I/chatty ( 1315): uid=1000(system) Binder:1315_E expire 6 lines
03-04 21:09:28.539 I/PackageParser(22003): com.tencent.x5sdk.res: compat added android.permission.WRITE_EXTERNAL_STORAGE android.permission.READ_PHONE_STATE
03-04 21:09:29.631 I/chatty ( 1315): uid=1000(system) Binder:1315_15 expire 10 lines
03-04 21:09:31.545 I/chatty ( 1315): uid=1000(system) android.io expire 4 lines
03-04 21:09:32.218 I/chatty ( 1315): uid=1000(system) ActivityManager expire 14 lines
03-04 21:09:32.282 I/chatty ( 1315): uid=1000(system) Binder:1315_1B expire 10 lines
03-04 21:09:32.304 I/chatty ( 1315): uid=1000(system) Binder:1315_17 expire 7 lines
03-04 21:09:32.328 I/chatty ( 1315): uid=1000(system) Binder:1315_B expire 3 lines
03-04 21:09:33.149 I/chatty ( 1315): uid=1000(system) Binder:1315_3 expire 7 lines
03-04 21:09:34.656 I/chatty ( 1315): uid=1000(system) Binder:1315_7 expire 11 lines
03-04 21:09:34.782 I/chatty ( 1315): uid=1000(system) Binder:1315_9 expire 11 lines
03-04 21:09:34.813 I/chatty ( 1315): uid=1000(system) Binder:1315_13 expire 6 lines
03-04 21:09:34.858 I/chatty ( 1315): uid=1000(system) Binder:1315_12 expire 12 lines
03-04 21:09:38.155 I/chatty ( 1315): uid=1000(system) android.bg expire 5 lines
03-04 21:09:38.834 I/chatty ( 1315): uid=1000(system) Binder:1315_1A expire 6 lines
03-04 21:09:42.393 I/chatty ( 1315): uid=1000(system) Binder:1315_A expire 6 lines
03-04 21:09:42.585 I/chatty ( 1315): uid=1000(system) ConnectivitySer expire 7 lines
03-04 21:09:42.868 I/chatty ( 1315): uid=1000(system) Binder:1315_1F expire 2 lines
03-04 21:09:42.897 I/chatty ( 1315): uid=1000(system) Binder:1315_18 expire 5 lines
03-04 21:09:43.762 I/chatty ( 1315): uid=1000(system) Binder:1315_F expire 8 lines
03-04 21:09:59.488 I/chatty ( 1315): uid=1000(system) InputReader expire 2 lines
03-04 21:09:59.965 I/chatty ( 1315): uid=1000(system) android.display expire 2 lines
03-04 21:10:02.216 I/chatty ( 1315): uid=1000(system) Binder:1315_8 expire 5 lines
03-04 21:10:07.524 I/chatty ( 1315): uid=1000(system) batterystats-sy expire 1 line
03-04 21:10:10.041 I/chatty ( 1315): uid=1000(system) Binder:1315_20 expire 11 lines
03-04 21:10:10.061 I/chatty ( 1315): uid=1000(system) Binder:1315_11 expire 5 lines
03-04 21:10:13.139 I/chatty ( 1315): uid=1000(system) Binder:1315_4 expire 21 lines
03-04 21:10:13.156 I/chatty ( 1315): uid=1000(system) Binder:1315_1D expire 4 lines
03-04 21:10:20.418 I/chatty ( 1315): uid=1000(system) Binder:1315_5 expire 15 lines
03-04 21:10:21.695 I/chatty ( 1315): uid=1000(system) Binder:1315_C expire 4 lines
03-04 21:10:21.781 I/chatty ( 1315): uid=1000(system) Binder:1315_2 expire 2 lines
03-04 21:10:22.213 I/chatty ( 1315): uid=1000(system) Binder:1315_10 expire 1 line
03-04 21:10:32.556 I/chatty ( 1315): uid=1000(system) Binder:1315_16 expire 9 lines
03-04 21:10:33.311 I/chatty ( 1315): uid=1000(system) Binder:1315_1 expire 3 lines
03-04 21:10:33.769 I/chatty ( 1315): uid=1000(system) Binder:1315_D expire 3 lines
03-04 21:10:35.765 I/chatty ( 1315): uid=1000(system) Binder:1315_1C expire 2 lines
03-04 21:10:43.395 I/PackageParser(23651): com.tencent.x5sdk.res: compat added android.permission.WRITE_EXTERNAL_STORAGE android.permission.READ_PHONE_STATE
03-04 21:10:43.428 I/PackageParser(23651): com.tencent.x5sdk.res: compat added android.permission.WRITE_EXTERNAL_STORAGE android.permission.READ_PHONE_STATE
03-04 21:10:44.779 I/chatty ( 1315): uid=1000(system) Binder:1315_12 expire 1 line
03-04 21:10:44.833 I/chatty ( 1315): uid=1000(system) Binder:1315_4 expire 1 line
03-04 21:10:45.613 I/chatty ( 1315): uid=1000(system) Binder:1315_14 expire 4 lines
03-04 21:10:45.739 I/PackageParser(23835): com.tencent.x5sdk.res: compat added android.permission.WRITE_EXTERNAL_STORAGE android.permission.READ_PHONE_STATE
03-04 21:10:45.783 I/PackageParser(23835): com.tencent.x5sdk.res: compat added android.permission.WRITE_EXTERNAL_STORAGE android.permission.READ_PHONE_STATE
03-04 21:10:46.973 I/chatty ( 1315): uid=1000(system) Binder:1315_1B expire 12 lines
03-04 21:10:47.030 I/chatty ( 1315): uid=1000(system) Binder:1315_10 expire 7 lines
03-04 21:10:47.712 I/chatty ( 1315): uid=1000(system) android.io expire 8 lines
03-04 21:10:47.868 I/chatty ( 1315): uid=1000(system) Binder:1315_1C expire 11 lines
03-04 21:10:47.892 I/chatty ( 1315): uid=1000 system_server expire 2 lines
03-04 21:10:47.920 I/chatty ( 1315): uid=1000(system) Binder:1315_3 expire 10 lines
03-04 21:10:49.139 I/chatty ( 1315): uid=1000(system) Binder:1315_C expire 8 lines
03-04 21:10:49.216 I/chatty ( 1315): uid=1000(system) Binder:1315_9 expire 8 lines
03-04 21:10:50.407 I/chatty ( 1315): uid=1000(system) Binder:1315_19 expire 12 lines
03-04 21:10:50.441 I/chatty ( 1315): uid=1000(system) Binder:1315_5 expire 7 lines
03-04 21:10:52.000 I/chatty ( 1315): uid=1000(system) Binder:1315_A expire 9 lines
03-04 21:10:52.131 I/chatty ( 1315): uid=1000(system) Binder:1315_1E expire 10 lines
03-04 21:10:52.276 I/chatty ( 1315): uid=1000(system) ActivityManager expire 16 lines
03-04 21:10:52.974 I/chatty ( 1315): uid=1000(system) Binder:1315_1A expire 8 lines
03-04 21:10:53.036 I/chatty ( 1315): uid=1000(system) Binder:1315_D expire 7 lines
03-04 21:10:53.318 I/chatty ( 1315): uid=1000(system) android.bg expire 18 lines
03-04 21:10:53.467 I/chatty ( 1315): uid=1000(system) Binder:1315_11 expire 2 lines
03-04 21:10:53.468 I/chatty ( 1315): uid=1000(system) ConnectivitySer expire 7 lines
03-04 21:10:59.276 I/chatty ( 1315): uid=1000(system) Binder:1315_B expire 3 lines
03-04 21:10:59.300 I/chatty ( 1315): uid=1000(system) Binder:1315_E expire 4 lines
03-04 21:11:00.103 I/chatty ( 1315): uid=1000(system) Binder:1315_4 expire 2 lines
03-04 21:11:00.103 I/chatty ( 1315): uid=1000(system) Binder:1315_14 expire 5 lines
03-04 21:11:00.104 I/chatty ( 1315): uid=1000(system) Binder:1315_6 expire 7 lines
03-04 21:11:01.794 I/chatty ( 1315): uid=1000(system) Binder:1315_8 expire 3 lines
03-04 21:11:01.938 I/chatty ( 1315): uid=1000(system) batterystats-sy expire 1 line
03-04 21:11:03.780 I/chatty ( 1315): uid=1000(system) Binder:1315_1 expire 3 lines
03-04 21:11:07.120 W/ContextImpl(25462): Calling a method in the system process without a qualified user: android.app.ContextImpl.startService:1371 android.content.ContextWrapper.startService:616 android.content.ContextWrapper.startService:616 com.android.settings.fuelgauge.BatteryChangeReceiver.tL:-1 com.android.settings.fuelgauge.BatteryChangeReceiver.tO:-1
03-04 21:11:11.986 I/chatty ( 1315): uid=1000(system) Binder:1315_18 expire 10 lines
03-04 21:11:12.079 I/chatty ( 1315): uid=1000(system) Binder:1315_15 expire 2 lines
03-04 21:11:12.365 I/PackageParser(25262): com.tencent.x5sdk.res: compat added android.permission.WRITE_EXTERNAL_STORAGE android.permission.READ_PHONE_STATE
03-04 21:11:12.437 I/chatty ( 1315): uid=1000(system) Binder:1315_F expire 9 lines
03-04 21:11:12.565 I/PackageParser(25262): com.tencent.x5sdk.res: compat added android.permission.WRITE_EXTERNAL_STORAGE android.permission.READ_PHONE_STATE
03-04 21:11:12.742 E/ActivityThread(25641): Failed to find provider info for com.tencent.mm.coolassist.debugprovider
03-04 21:11:14.064 I/chatty ( 1315): uid=1000(system) Binder:1315_7 expire 13 lines
03-04 21:11:14.095 I/chatty ( 1315): uid=1000(system) Binder:1315_2 expire 7 lines
03-04 21:11:14.200 I/PackageParser(25377): com.tencent.x5sdk.res: compat added android.permission.WRITE_EXTERNAL_STORAGE android.permission.READ_PHONE_STATE
03-04 21:11:14.290 I/PackageParser(25377): com.tencent.x5sdk.res: compat added android.permission.WRITE_EXTERNAL_STORAGE android.permission.READ_PHONE_STATE
03-04 21:11:19.601 I/chatty ( 1315): uid=1000(system) Binder:1315_16 expire 4 lines
03-04 21:11:22.114 I/chatty ( 1315): uid=1000(system) Binder:1315_17 expire 8 lines
03-04 21:11:25.969 I/chatty ( 1315): uid=1000(system) Binder:1315_20 expire 1 line
03-04 21:12:22.222 I/chatty ( 1315): uid=1000(system) Binder:1315_1D expire 1 line
03-04 21:12:28.488 I/chatty ( 1315): uid=1000(system) Binder:1315_12 expire 1 line
03-04 21:12:32.318 I/chatty ( 1315): uid=1000(system) Binder:1315_13 expire 1 line
03-04 21:12:34.091 I/chatty ( 1315): uid=1000(system) Binder:1315_1F expire 4 lines
03-04 21:12:40.645 I/chatty ( 1315): uid=1000(system) AlarmManager expire 1 line
03-04 21:12:50.834 I/chatty ( 1315): uid=1000(system) InputReader expire 2 lines
03-04 21:12:51.271 I/chatty ( 1315): uid=1000(system) android.display expire 2 lines
03-04 21:13:23.442 I/chatty ( 1315): uid=1000(system) Binder:1315_1B expire 9 lines
03-04 21:13:41.168 I/chatty ( 1315): uid=1000(system) Binder:1315_16 expire 6 lines
03-04 21:13:41.197 I/chatty ( 1315): uid=1000(system) Binder:1315_D expire 11 lines
03-04 21:13:42.278 I/chatty ( 1315): uid=1000(system) Binder:1315_5 expire 8 lines
03-04 21:13:42.375 I/chatty ( 1315): uid=1000(system) Binder:1315_2 expire 3 lines
03-04 21:13:43.475 I/chatty ( 1315): uid=1000(system) android.bg expire 11 lines
03-04 21:13:43.647 I/chatty ( 1315): uid=1000(system) Binder:1315_11 expire 12 lines
03-04 21:13:43.684 I/chatty ( 1315): uid=1000(system) Binder:1315_F expire 3 lines
03-04 21:13:44.420 I/chatty ( 1315): uid=1000(system) ActivityManager expire 9 lines
03-04 21:13:44.444 I/chatty ( 1315): uid=1000(system) Binder:1315_C expire 7 lines
03-04 21:13:46.606 I/chatty ( 1315): uid=1000(system) Binder:1315_1F expire 12 lines
03-04 21:13:48.721 I/chatty ( 1315): uid=1000(system) Binder:1315_A expire 11 lines
03-04 21:13:49.249 I/chatty ( 1315): uid=1000(system) Binder:1315_6 expire 6 lines
03-04 21:13:49.400 I/chatty ( 1315): uid=1000(system) Binder:1315_13 expire 3 lines
03-04 21:13:49.404 I/chatty ( 1315): uid=1000(system) ConnectivitySer expire 8 lines
03-04 21:13:50.491 I/chatty ( 1315): uid=1000(system) Binder:1315_12 expire 11 lines
03-04 21:13:50.527 I/chatty ( 1315): uid=1000(system) Binder:1315_1A expire 7 lines
03-04 21:13:51.296 I/chatty ( 1315): uid=1000(system) Binder:1315_1D expire 2 lines
03-04 21:13:51.827 I/chatty ( 1315): uid=1000(system) Binder:1315_1C expire 10 lines
03-04 21:13:52.021 I/chatty ( 1315): uid=1000(system) Binder:1315_14 expire 4 lines
03-04 21:13:54.161 I/chatty ( 1315): uid=1000(system) Binder:1315_1 expire 3 lines
03-04 21:13:56.672 I/chatty ( 1315): uid=1000(system) Binder:1315_B expire 2 lines
03-04 21:13:57.093 I/chatty ( 1315): uid=1000(system) Binder:1315_1E expire 11 lines
03-04 21:13:57.542 I/chatty ( 1315): uid=1000(system) Binder:1315_9 expire 7 lines
03-04 21:14:00.285 I/chatty ( 1315): uid=1000(system) Binder:1315_4 expire 8 lines
03-04 21:14:02.452 I/chatty ( 1315): uid=1000(system) batterystats-sy expire 1 line
03-04 21:14:02.571 W/ContextImpl(27662): Calling a method in the system process without a qualified user: android.app.ContextImpl.startService:1371 android.content.ContextWrapper.startService:616 android.content.ContextWrapper.startService:616 com.android.settings.fuelgauge.BatteryChangeReceiver.tL:-1 com.android.settings.fuelgauge.BatteryChangeReceiver.tO:-1
03-04 21:14:03.803 I/PackageParser(28010): com.tencent.x5sdk.res: compat added android.permission.WRITE_EXTERNAL_STORAGE android.permission.READ_PHONE_STATE
03-04 21:14:03.844 I/chatty ( 1315): uid=1000(system) Binder:1315_E expire 6 lines
03-04 21:14:03.894 I/PackageParser(28010): com.tencent.x5sdk.res: compat added android.permission.WRITE_EXTERNAL_STORAGE android.permission.READ_PHONE_STATE
03-04 21:14:05.232 I/PackageParser(28217): com.tencent.x5sdk.res: compat added android.permission.WRITE_EXTERNAL_STORAGE android.permission.READ_PHONE_STATE
03-04 21:14:05.245 I/chatty ( 1315): uid=1000(system) Binder:1315_15 expire 8 lines
03-04 21:14:05.270 I/PackageParser(28217): com.tencent.x5sdk.res: compat added android.permission.WRITE_EXTERNAL_STORAGE android.permission.READ_PHONE_STATE
03-04 21:14:05.793 I/chatty ( 1315): uid=1000(system) Binder:1315_8 expire 13 lines
03-04 21:14:08.124 I/chatty ( 1315): uid=1000(system) android.io expire 4 lines
03-04 21:14:08.547 I/chatty ( 1315): uid=1000(system) Binder:1315_20 expire 6 lines
03-04 21:14:08.801 I/chatty ( 1315): uid=1000(system) Binder:1315_1F expire 7 lines
03-04 21:14:10.990 I/chatty ( 1315): uid=1000(system) InputReader expire 3 lines
03-04 21:14:11.140 I/chatty ( 1315): uid=1000(system) PowerManagerSer expire 2 lines
03-04 21:14:11.367 I/chatty ( 1315): uid=1000 system_server expire 8 lines
03-04 21:14:11.617 I/chatty ( 1315): uid=1000(system) android.display expire 1 line
03-04 21:14:14.169 I/chatty ( 1315): uid=1000(system) Binder:1315_17 expire 5 lines
03-04 21:14:14.954 I/chatty ( 1315): uid=1000(system) PackageManager expire 1 line
03-04 21:14:39.185 I/chatty ( 1315): uid=1000(system) Binder:1315_7 expire 8 lines
03-04 21:15:21.056 I/chatty ( 1315): uid=1000(system) Binder:1315_19 expire 2 lines
03-04 21:15:24.710 I/chatty ( 1315): uid=1000(system) Binder:1315_18 expire 11 lines
03-04 21:15:25.428 I/chatty ( 1315): uid=1000 system_server expire 7 lines
03-04 21:15:25.566 I/chatty ( 1315): uid=1000(system) Binder:1315_11 expire 1 line
03-04 21:15:25.566 I/chatty ( 1315): uid=1000(system) Binder:1315_1F expire 13 lines
03-04 21:15:25.567 I/chatty ( 1315): uid=1000(system) ConnectivitySer expire 9 lines
03-04 21:15:26.081 I/chatty ( 1315): uid=1000(system) PowerManagerSer expire 2 lines
03-04 21:15:26.085 I/chatty ( 1315): uid=1000(system) Binder:1315_E expire 10 lines
03-04 21:15:26.096 I/chatty ( 1315): uid=1000(system) Binder:1315_20 expire 12 lines
03-04 21:15:26.100 I/chatty ( 1315): uid=1000(system) Binder:1315_C expire 8 lines
03-04 21:15:26.103 I/chatty ( 1315): uid=1000(system) android.display expire 1 line
03-04 21:15:26.163 I/chatty ( 1315): uid=1000(system) Binder:1315_1D expire 15 lines
03-04 21:15:26.201 I/chatty ( 1315): uid=1000(system) Binder:1315_1C expire 8 lines
03-04 21:15:26.562 I/chatty ( 1315): uid=1000(system) Binder:1315_6 expire 2 lines
03-04 21:15:26.908 I/chatty ( 1315): uid=1000(system) Binder:1315_19 expire 7 lines
03-04 21:15:26.932 I/chatty ( 1315): uid=1000(system) ActivityManager expire 15 lines
03-04 21:15:26.997 I/chatty ( 1315): uid=1000(system) Binder:1315_16 expire 13 lines
03-04 21:15:27.349 I/chatty ( 1315): uid=1000(system) Binder:1315_9 expire 4 lines
03-04 21:15:27.365 I/chatty ( 1315): uid=1000(system) Binder:1315_8 expire 4 lines
03-04 21:15:28.015 I/chatty ( 1315): uid=1000(system) Binder:1315_3 expire 8 lines
03-04 21:15:28.265 I/chatty ( 1315): uid=1000(system) Binder:1315_10 expire 1 line
03-04 21:15:28.296 I/chatty ( 1315): uid=1000(system) Binder:1315_17 expire 6 lines
03-04 21:15:28.487 W/ContextImpl( 1697): Calling a method in the system process without a qualified user: android.app.ContextImpl.bindService:1435 android.content.ContextWrapper.bindService:639 smartisanos.app.tracker.TrackerServiceConnection.connect:34 smartisanos.app.tracker.Agent.connectService:65 smartisanos.app.tracker.Agent.flush:388
03-04 21:15:28.636 I/chatty ( 1315): uid=1000(system) Binder:1315_12 expire 9 lines
03-04 21:15:28.638 I/chatty ( 1315): uid=1000(system) Binder:1315_5 expire 6 lines
03-04 21:15:28.655 I/chatty ( 1315): uid=1000(system) Binder:1315_7 expire 6 lines
03-04 21:15:29.942 I/chatty ( 1315): uid=1000(system) Binder:1315_4 expire 5 lines
03-04 21:15:32.726 I/chatty ( 1315): uid=1000(system) android.bg expire 14 lines
03-04 21:16:03.221 I/chatty ( 1315): uid=1000(system) Binder:1315_13 expire 2 lines
03-04 21:16:23.233 I/chatty ( 1315): uid=1000(system) Binder:1315_A expire 4 lines
03-04 21:16:38.673 I/chatty ( 1315): uid=1000(system) AlarmManager expire 2 lines
03-04 21:16:38.856 I/chatty ( 1315): uid=1000(system) Binder:1315_15 expire 5 lines
03-04 21:16:43.334 I/chatty ( 1315): uid=1000(system) Binder:1315_F expire 2 lines
03-04 21:16:43.366 I/chatty ( 1315): uid=1000(system) Binder:1315_B expire 5 lines
03-04 21:16:43.727 I/chatty ( 1315): uid=1000(system) Binder:1315_D expire 6 lines
03-04 21:16:51.870 I/chatty ( 1315): uid=1000(system) Binder:1315_1 expire 4 lines
03-04 21:16:52.368 I/chatty ( 1315): uid=1000(system) Binder:1315_2 expire 8 lines
03-04 21:16:56.884 I/chatty ( 1315): uid=1000(system) Binder:1315_14 expire 3 lines
03-04 21:17:00.421 I/chatty ( 1315): uid=1000(system) Binder:1315_1E expire 6 lines
03-04 21:17:01.498 I/PackageParser(31278): com.tencent.x5sdk.res: compat added android.permission.WRITE_EXTERNAL_STORAGE android.permission.READ_PHONE_STATE
03-04 21:17:01.575 I/chatty ( 1315): uid=1000(system) Binder:1315_20 expire 2 lines
03-04 21:17:01.589 I/PackageParser(31278): com.tencent.x5sdk.res: compat added android.permission.WRITE_EXTERNAL_STORAGE android.permission.READ_PHONE_STATE
03-04 21:17:03.134 I/PackageParser(31389): com.tencent.x5sdk.res: compat added android.permission.WRITE_EXTERNAL_STORAGE android.permission.READ_PHONE_STATE
03-04 21:17:03.155 I/PackageParser(31389): com.tencent.x5sdk.res: compat added android.permission.WRITE_EXTERNAL_STORAGE android.permission.READ_PHONE_STATE
03-04 21:17:05.936 I/chatty ( 1315): uid=1000(system) android.io expire 4 lines
03-04 21:17:08.876 I/chatty ( 1315): uid=1000(system) Binder:1315_1F expire 3 lines
03-04 21:17:08.914 I/chatty ( 1315): uid=1000(system) NetworkStatsObs expire 1 line
03-04 21:17:08.914 I/chatty ( 1315): uid=1000(system) Binder:1315_1A expire 1 line
03-04 21:17:57.569 I/chatty ( 1315): uid=1000(system) Binder:1315_1B expire 4 lines
03-04 21:18:12.493 I/chatty ( 1315): uid=1000(system) Binder:1315_1F expire 7 lines
03-04 21:18:13.354 I/chatty ( 1315): uid=1000(system) Binder:1315_9 expire 2 lines
03-04 21:18:13.371 I/chatty ( 1315): uid=1000(system) Binder:1315_13 expire 16 lines
03-04 21:18:17.841 I/chatty ( 1315): uid=1000(system) android.bg expire 17 lines
03-04 21:18:18.418 I/chatty ( 1315): uid=1000(system) ActivityManager expire 14 lines
03-04 21:18:18.942 I/chatty ( 1315): uid=1000(system) Binder:1315_16 expire 3 lines
03-04 21:18:18.965 I/chatty ( 1315): uid=1000(system) Binder:1315_20 expire 4 lines
03-04 21:18:19.943 I/chatty ( 1315): uid=1000(system) Binder:1315_D expire 9 lines
03-04 21:18:19.971 I/chatty ( 1315): uid=1000(system) Binder:1315_1A expire 3 lines
03-04 21:18:20.846 I/chatty ( 1315): uid=1000(system) Binder:1315_8 expire 1 line
03-04 21:18:20.871 I/chatty ( 1315): uid=1000(system) Binder:1315_E expire 8 lines
03-04 21:18:20.977 I/chatty ( 1315): uid=1000(system) Binder:1315_B expire 7 lines
03-04 21:18:27.380 I/chatty ( 1315): uid=1000(system) android.display expire 12 lines
03-04 21:18:30.681 I/chatty ( 1315): uid=1000(system) Binder:1315_12 expire 3 lines
03-04 21:18:31.427 I/chatty ( 1315): uid=1000(system) Binder:1315_7 expire 5 lines
03-04 21:18:31.694 I/chatty ( 1315): uid=1000(system) Binder:1315_1C expire 6 lines
03-04 21:18:31.711 I/chatty ( 1315): uid=1000(system) Binder:1315_A expire 4 lines
03-04 21:18:43.194 I/chatty ( 1315): uid=1000(system) InputReader expire 10 lines
03-04 21:18:43.229 I/chatty ( 1315): uid=1000(system) Binder:1315_11 expire 3 lines
03-04 21:18:43.421 I/chatty ( 1315): uid=1000(system) InputDispatcher expire 10 lines
03-04 21:19:01.898 I/chatty ( 1315): uid=1000(system) batterystats-sy expire 2 lines
03-04 21:19:02.233 W/ContextImpl( 488): Calling a method in the system process without a qualified user: android.app.ContextImpl.startService:1371 android.content.ContextWrapper.startService:616 android.content.ContextWrapper.startService:616 com.android.settings.fuelgauge.BatteryChangeReceiver.tL:-1 com.android.settings.fuelgauge.BatteryChangeReceiver.tO:-1
03-04 21:19:13.506 I/chatty ( 1315): uid=1000(system) InputReader expire 12 lines
03-04 21:19:24.206 I/chatty ( 1315): uid=1000(system) Binder:1315_18 expire 12 lines
03-04 21:19:25.074 I/chatty ( 1315): uid=1000(system) Binder:1315_4 expire 3 lines
03-04 21:19:25.535 I/chatty ( 1315): uid=1000(system) Binder:1315_3 expire 5 lines
03-04 21:19:26.573 I/chatty ( 1315): uid=1000(system) Binder:1315_17 expire 6 lines
03-04 21:19:31.663 I/chatty ( 1315): uid=1000(system) Binder:1315_19 expire 8 lines
03-04 21:19:34.206 I/chatty ( 1315): uid=1000(system) Binder:1315_C expire 3 lines
03-04 21:19:34.206 I/chatty ( 1315): uid=1000(system) Binder:1315_10 expire 4 lines
03-04 21:19:34.207 I/chatty ( 1315): uid=1000(system) ConnectivitySer expire 1 line
03-04 21:19:58.896 I/chatty ( 1315): uid=1000(system) Binder:1315_1E expire 8 lines
03-04 21:20:00.044 I/chatty ( 1315): uid=1000(system) Binder:1315_2 expire 11 lines
03-04 21:20:03.208 I/chatty ( 1315): uid=1000(system) Binder:1315_1D expire 5 lines
03-04 21:20:08.043 I/chatty ( 1315): uid=1000(system) Binder:1315_F expire 10 lines
03-04 21:20:09.222 I/chatty ( 1315): uid=1000(system) Binder:1315_5 expire 4 lines
03-04 21:20:10.340 I/chatty ( 1315): uid=1000(system) Binder:1315_15 expire 4 lines
03-04 21:21:22.765 W/ContextImpl( 488): Calling a method in the system process without a qualified user: android.app.ContextImpl.startService:1371 android.content.ContextWrapper.startService:616 android.content.ContextWrapper.startService:616 com.android.settings.fuelgauge.BatteryChangeReceiver.tL:-1 com.android.settings.fuelgauge.BatteryChangeReceiver.tO:-1
03-04 21:21:24.477 I/chatty ( 1315): uid=1000(system) android.bg expire 8 lines
03-04 21:21:54.761 I/chatty ( 1315): uid=1000(system) Binder:1315_14 expire 11 lines
03-04 21:22:56.079 I/chatty ( 1315): uid=1000(system) Binder:1315_1B expire 5 lines
03-04 21:22:56.574 I/chatty ( 1315): uid=1000(system) Binder:1315_D expire 14 lines
03-04 21:22:56.673 I/chatty ( 1315): uid=1000(system) ActivityManager expire 15 lines
03-04 21:22:56.702 I/chatty ( 1315): uid=1000(system) Binder:1315_1A expire 19 lines
03-04 21:22:57.738 I/chatty ( 1315): uid=1000(system) android.bg expire 12 lines
03-04 21:22:57.763 I/chatty ( 1315): uid=1000(system) Binder:1315_12 expire 11 lines
03-04 21:23:06.696 I/chatty ( 1315): uid=1000(system) Binder:1315_5 expire 11 lines
03-04 21:23:16.697 I/chatty ( 1315): uid=1000(system) Binder:1315_19 expire 2 lines
03-04 21:23:26.697 I/chatty ( 1315): uid=1000(system) Binder:1315_6 expire 11 lines
03-04 21:23:36.700 I/chatty ( 1315): uid=1000(system) Binder:1315_17 expire 6 lines
03-04 21:23:40.179 I/chatty ( 1315): uid=1000(system) InputReader expire 8 lines
03-04 21:23:42.888 I/chatty ( 1315): uid=1000(system) Binder:1315_3 expire 4 lines
03-04 21:23:43.075 I/chatty ( 1315): uid=1000(system) android.display expire 5 lines
03-04 21:23:47.035 I/chatty ( 1315): uid=1000(system) Binder:1315_1F expire 5 lines
03-04 21:23:49.799 I/chatty ( 1315): uid=1000(system) Binder:1315_11 expire 5 lines
03-04 21:23:50.853 I/chatty ( 1315): uid=1000(system) Binder:1315_1C expire 2 lines
03-04 21:23:57.190 I/chatty ( 1315): uid=1000(system) Binder:1315_C expire 3 lines
03-04 21:23:57.191 I/chatty ( 1315): uid=1000(system) ConnectivitySer expire 2 lines
03-04 21:23:57.269 I/chatty ( 1315): uid=1000(system) Binder:1315_15 expire 10 lines
03-04 21:23:57.685 I/chatty ( 1315): uid=1000(system) Binder:1315_18 expire 5 lines
03-04 21:24:04.709 I/chatty ( 1315): uid=1000(system) Binder:1315_F expire 4 lines
03-04 21:24:06.676 I/chatty ( 1315): uid=1000(system) Binder:1315_13 expire 10 lines
03-04 21:24:07.802 I/chatty ( 1315): uid=1000(system) Binder:1315_4 expire 1 line
03-04 21:24:07.858 I/chatty ( 1315): uid=1000(system) Binder:1315_16 expire 8 lines
03-04 21:24:07.959 I/chatty ( 1315): uid=1000(system) Binder:1315_E expire 9 lines
03-04 21:24:07.974 I/chatty ( 1315): uid=1000(system) Binder:1315_A expire 14 lines
03-04 21:24:08.863 I/chatty ( 1315): uid=1000(system) Binder:1315_9 expire 1 line
03-04 21:24:09.101 I/chatty ( 1315): uid=1000(system) Binder:1315_1 expire 6 lines
03-04 21:24:10.548 I/chatty ( 1315): uid=1000(system) Binder:1315_8 expire 5 lines
03-04 21:24:15.270 I/chatty ( 1315): uid=1000(system) Binder:1315_20 expire 12 lines
03-04 21:24:17.058 I/chatty ( 1315): uid=1000(system) Binder:1315_1D expire 4 lines
03-04 21:24:18.890 I/chatty ( 1315): uid=1000(system) Binder:1315_10 expire 1 line
03-04 21:24:21.821 I/chatty ( 1315): uid=1000(system) Binder:1315_7 expire 3 lines
03-04 21:24:28.760 I/chatty ( 1315): uid=1000(system) Binder:1315_B expire 2 lines
03-04 21:24:38.750 I/chatty ( 1315): uid=1000(system) AlarmManager expire 1 line
03-04 21:24:38.774 I/chatty ( 1315): uid=1000(system) Binder:1315_2 expire 2 lines
03-04 21:25:32.969 I/chatty ( 1315): uid=1000(system) batterystats-sy expire 1 line
03-04 21:25:33.252 W/ContextImpl( 5112): Calling a method in the system process without a qualified user: android.app.ContextImpl.startService:1371 android.content.ContextWrapper.startService:616 android.content.ContextWrapper.startService:616 com.android.settings.fuelgauge.BatteryChangeReceiver.tL:-1 com.android.settings.fuelgauge.BatteryChangeReceiver.tO:-1
03-04 21:25:39.645 I/chatty ( 1315): uid=1000(system) android.bg expire 3 lines
03-04 21:25:48.996 I/chatty ( 1315): uid=1000(system) ActivityManager expire 3 lines
03-04 21:26:18.225 I/chatty ( 1315): uid=1000(system) Binder:1315_14 expire 5 lines
03-04 21:26:18.226 I/chatty ( 1315): uid=1000(system) Binder:1315_C expire 2 lines
03-04 21:26:18.228 I/chatty ( 1315): uid=1000(system) ConnectivitySer expire 10 lines
03-04 21:26:18.237 I/chatty ( 1315): uid=1000(system) Binder:1315_8 expire 9 lines
03-04 21:26:18.379 I/chatty ( 1315): uid=1000(system) Binder:1315_1 expire 1 line
03-04 21:26:18.407 I/chatty ( 1315): uid=1000(system) Binder:1315_18 expire 3 lines
03-04 21:26:18.981 I/chatty ( 1315): uid=1000(system) ActivityManager expire 14 lines
03-04 21:26:19.024 I/chatty ( 1315): uid=1000(system) Binder:1315_B expire 8 lines
03-04 21:26:21.589 I/chatty ( 1315): uid=1000(system) Binder:1315_5 expire 7 lines
03-04 21:26:22.506 I/PackageParser( 6062): com.tencent.x5sdk.res: compat added android.permission.WRITE_EXTERNAL_STORAGE android.permission.READ_PHONE_STATE
03-04 21:26:22.554 I/PackageParser( 6062): com.tencent.x5sdk.res: compat added android.permission.WRITE_EXTERNAL_STORAGE android.permission.READ_PHONE_STATE
03-04 21:26:22.576 I/PackageParser( 5945): com.tencent.x5sdk.res: compat added android.permission.WRITE_EXTERNAL_STORAGE android.permission.READ_PHONE_STATE
03-04 21:26:22.629 I/chatty ( 1315): uid=1000(system) Binder:1315_20 expire 11 lines
03-04 21:26:22.646 I/PackageParser( 5945): com.tencent.x5sdk.res: compat added android.permission.WRITE_EXTERNAL_STORAGE android.permission.READ_PHONE_STATE
03-04 21:26:24.674 I/chatty ( 1315): uid=1000(system) android.bg expire 11 lines
03-04 21:26:24.711 I/chatty ( 1315): uid=1000(system) Binder:1315_1A expire 9 lines
03-04 21:26:25.246 I/chatty ( 1315): uid=1000(system) Binder:1315_1D expire 12 lines
03-04 21:26:26.843 I/chatty ( 1315): uid=1000(system) android.io expire 10 lines
03-04 21:26:27.562 I/chatty ( 1315): uid=1000(system) Binder:1315_3 expire 3 lines
03-04 21:26:28.711 I/chatty ( 1315): uid=1000(system) Binder:1315_11 expire 9 lines
03-04 21:26:28.861 I/chatty ( 1315): uid=1000(system) Binder:1315_E expire 4 lines
03-04 21:26:28.986 I/chatty ( 1315): uid=1000(system) Binder:1315_1B expire 3 lines
03-04 21:26:28.986 I/chatty ( 1315): uid=1000(system) Binder:1315_9 expire 5 lines
03-04 21:26:28.988 I/chatty ( 1315): uid=1000(system) Binder:1315_7 expire 3 lines
03-04 21:26:39.001 I/chatty ( 1315): uid=1000(system) Binder:1315_6 expire 4 lines
03-04 21:26:55.070 I/chatty ( 1315): uid=1000(system) InputReader expire 18 lines
03-04 21:26:55.129 I/chatty ( 1315): uid=1000(system) InputDispatcher expire 3 lines
03-04 21:26:56.705 I/chatty ( 1315): uid=1000(system) Binder:1315_F expire 2 lines
03-04 21:26:56.806 I/chatty ( 1315): uid=1000(system) Binder:1315_1E expire 30 lines
03-04 21:26:57.190 I/chatty ( 1315): uid=1000(system) android.display expire 15 lines
03-04 21:26:57.515 I/chatty ( 1315): uid=1000(system) Binder:1315_4 expire 4 lines
03-04 21:26:57.714 I/chatty ( 1315): uid=1000(system) Binder:1315_10 expire 6 lines
03-04 21:26:57.798 I/chatty ( 1315): uid=1000(system) Binder:1315_2 expire 2 lines
03-04 21:26:57.800 I/chatty ( 1315): uid=1000 system_server expire 1 line
03-04 21:26:57.917 I/chatty ( 1315): uid=1000(system) Binder:1315_D expire 1 line
03-04 21:26:58.060 I/chatty ( 1315): uid=1000(system) Binder:1315_16 expire 10 lines
03-04 21:26:58.077 I/chatty ( 1315): uid=1000(system) Binder:1315_19 expire 3 lines
03-04 21:26:59.201 E/ActivityThread( 6988): Failed to find provider info for com.tencent.mm.coolassist.debugprovider
03-04 21:27:03.109 E/ActivityThread( 7168): Failed to find provider info for com.tencent.mm.coolassist.debugprovider
03-04 21:27:03.109 E/ActivityThread( 7156): Failed to find provider info for com.tencent.mm.coolassist.debugprovider
03-04 21:27:04.016 I/chatty ( 1315): uid=1000(system) Binder:1315_13 expire 1 line
03-04 21:27:04.154 E/ActivityThread( 7280): Failed to find provider info for com.tencent.mm.coolassist.debugprovider
03-04 21:27:07.192 I/chatty ( 1315): uid=1000(system) Binder:1315_20 expire 4 lines
03-04 21:27:29.061 I/chatty ( 1315): uid=1000(system) Binder:1315_1C expire 6 lines
03-04 21:27:48.399 I/chatty ( 1315): uid=1000(system) Binder:1315_15 expire 5 lines
03-04 21:27:58.530 I/chatty ( 1315): uid=1000(system) Binder:1315_A expire 1 line
03-04 21:28:15.530 W/ViewRootImpl[LauncherUI](17421): Cancelling event due to no window focus: KeyEvent { action=ACTION_UP, keyCode=KEYCODE_BACK, scanCode=158, metaState=0, flags=0x28, repeatCount=0, eventTime=1037874806, downTime=1037874783, deviceId=3, source=0x101 }
03-04 21:28:15.531 W/ViewRootImpl[LauncherUI](17421): Cancelling event due to no window focus: KeyEvent { action=ACTION_UP, keyCode=KEYCODE_BACK, scanCode=158, metaState=0, flags=0x28, repeatCount=0, eventTime=1037874806, downTime=1037874783, deviceId=3, source=0x101 }
03-04 21:28:15.531 W/ViewRootImpl[LauncherUI](17421): Cancelling event due to no window focus: KeyEvent { action=ACTION_UP, keyCode=KEYCODE_BACK, scanCode=158, metaState=0, flags=0x28, repeatCount=0, eventTime=1037874806, downTime=1037874783, deviceId=3, source=0x101 }
03-04 21:28:15.555 W/ViewRootImpl[LauncherUI](17421): Cancelling event due to no window focus: KeyEvent { action=ACTION_UP, keyCode=KEYCODE_BACK, scanCode=158, metaState=0, flags=0x28, repeatCount=0, eventTime=1037874806, downTime=1037874783, deviceId=3, source=0x101 }
03-04 21:28:15.556 W/ViewRootImpl[LauncherUI](17421): Cancelling event due to no window focus: KeyEvent { action=ACTION_UP, keyCode=KEYCODE_BACK, scanCode=158, metaState=0, flags=0x28, repeatCount=0, eventTime=1037874806, downTime=1037874783, deviceId=3, source=0x101 }
03-04 21:28:15.556 W/ViewRootImpl[LauncherUI](17421): Cancelling event due to no window focus: KeyEvent { action=ACTION_UP, keyCode=KEYCODE_BACK, scanCode=158, metaState=0, flags=0x28, repeatCount=0, eventTime=1037874806, downTime=1037874783, deviceId=3, source=0x101 }
03-04 21:28:15.557 W/ViewRootImpl[LauncherUI](17421): Cancelling event due to no window focus: KeyEvent { action=ACTION_UP, keyCode=KEYCODE_BACK, scanCode=158, metaState=0, flags=0x28, repeatCount=0, eventTime=1037874806, downTime=1037874783, deviceId=3, source=0x101 }
03-04 21:28:15.557 W/ViewRootImpl[LauncherUI](17421): Cancelling event due to no window focus: KeyEvent { action=ACTION_UP, keyCode=KEYCODE_BACK, scanCode=158, metaState=0, flags=0x28, repeatCount=0, eventTime=1037874806, downTime=1037874783, deviceId=3, source=0x101 }
03-04 21:28:15.558 W/ViewRootImpl[LauncherUI](17421): Cancelling event due to no window focus: KeyEvent { action=ACTION_UP, keyCode=KEYCODE_BACK, scanCode=158, metaState=0, flags=0x28, repeatCount=0, eventTime=1037874806, downTime=1037874783, deviceId=3, source=0x101 }
03-04 21:28:15.620 W/ViewRootImpl[smt_launcher]( 2651): Cancelling event due to no window focus: KeyEvent { action=ACTION_UP, keyCode=KEYCODE_BACK, scanCode=158, metaState=0, flags=0x28, repeatCount=0, eventTime=1037874783, downTime=1037874783, deviceId=3, source=0x101 }
03-04 21:28:15.620 W/ViewRootImpl[smt_launcher]( 2651): Cancelling event due to no window focus: KeyEvent { action=ACTION_UP, keyCode=KEYCODE_BACK, scanCode=158, metaState=0, flags=0x28, repeatCount=0, eventTime=1037874783, downTime=1037874783, deviceId=3, source=0x101 }
03-04 21:28:15.620 W/ViewRootImpl[smt_launcher]( 2651): Cancelling event due to no window focus: KeyEvent { action=ACTION_UP, keyCode=KEYCODE_BACK, scanCode=158, metaState=0, flags=0x28, repeatCount=0, eventTime=1037874783, downTime=1037874783, deviceId=3, source=0x101 }
03-04 21:28:15.620 W/ViewRootImpl[smt_launcher]( 2651): Cancelling event due to no window focus: KeyEvent { action=ACTION_UP, keyCode=KEYCODE_BACK, scanCode=158, metaState=0, flags=0x28, repeatCount=0, eventTime=1037874783, downTime=1037874783, deviceId=3, source=0x101 }
03-04 21:28:15.621 W/ViewRootImpl[smt_launcher]( 2651): Cancelling event due to no window focus: KeyEvent { action=ACTION_UP, keyCode=KEYCODE_BACK, scanCode=158, metaState=0, flags=0x28, repeatCount=0, eventTime=1037874783, downTime=1037874783, deviceId=3, source=0x101 }
03-04 21:28:15.621 W/ViewRootImpl[smt_launcher]( 2651): Cancelling event due to no window focus: KeyEvent { action=ACTION_UP, keyCode=KEYCODE_BACK, scanCode=158, metaState=0, flags=0x28, repeatCount=0, eventTime=1037874783, downTime=1037874783, deviceId=3, source=0x101 }
03-04 21:28:18.542 I/chatty ( 1315): uid=1000(system) Binder:1315_1F expire 7 lines
03-04 21:28:18.545 I/chatty ( 1315): uid=1000(system) Binder:1315_20 expire 6 lines
03-04 21:28:18.573 I/chatty ( 1315): uid=1000(system) android.display expire 32 lines
03-04 21:28:18.598 I/chatty ( 1315): uid=1000(system) Binder:1315_5 expire 9 lines
03-04 21:28:18.612 I/chatty ( 1315): uid=1000(system) Binder:1315_A expire 7 lines
03-04 21:28:18.859 I/chatty ( 1315): uid=1000(system) Binder:1315_18 expire 8 lines
03-04 21:28:18.962 I/chatty ( 1315): uid=1000(system) ActivityManager expire 9 lines
03-04 21:28:19.820 I/chatty ( 1315): uid=1000(system) android.bg expire 10 lines
03-04 21:28:20.279 I/chatty ( 1315): uid=1000(system) Binder:1315_3 expire 11 lines
03-04 21:28:20.461 I/chatty ( 1315): uid=1000(system) Binder:1315_16 expire 6 lines
03-04 21:28:21.085 I/chatty ( 1315): uid=1000(system) Binder:1315_1E expire 4 lines
03-04 21:28:21.308 I/chatty ( 1315): uid=1000(system) Binder:1315_1B expire 5 lines
03-04 21:28:21.324 I/chatty ( 1315): uid=1000(system) Binder:1315_F expire 4 lines
03-04 21:28:22.444 I/chatty ( 1315): uid=1000(system) Binder:1315_11 expire 5 lines
03-04 21:28:22.463 I/chatty ( 1315): uid=1000(system) Binder:1315_1D expire 2 lines
03-04 21:28:23.197 I/chatty ( 1315): uid=1000(system) Binder:1315_9 expire 3 lines
03-04 21:28:23.719 I/chatty ( 1315): uid=1000(system) Binder:1315_4 expire 1 line
03-04 21:28:24.366 E/ActivityThread( 8157): Failed to find provider info for com.vivo.push.sdk.service.SystemPushConfig
03-04 21:28:24.490 I/chatty ( 1315): uid=1000(system) Binder:1315_B expire 4 lines
03-04 21:28:26.129 I/chatty ( 1315): uid=1000(system) Binder:1315_13 expire 22 lines
03-04 21:28:29.314 I/chatty ( 1315): uid=1000(system) InputReader expire 4 lines
03-04 21:28:29.538 I/chatty ( 1315): uid=1000(system) InputDispatcher expire 4 lines
03-04 21:28:29.581 I/chatty ( 1315): uid=1000(system) android.io expire 10 lines
03-04 21:28:29.763 I/chatty ( 1315): uid=1000(system) Binder:1315_6 expire 5 lines
03-04 21:28:29.824 I/chatty ( 1315): uid=1000(system) Binder:1315_1A expire 2 lines
03-04 21:28:31.492 E/ActivityThread( 7853): Failed to find provider info for com.vivo.push.sdk.service.SystemPushConfig
03-04 21:28:31.526 E/ActivityThread( 7853): Failed to find provider info for com.vivo.push.sdk.service.SystemPushConfig
03-04 21:28:31.692 I/chatty ( 1315): uid=1000(system) Binder:1315_17 expire 10 lines
03-04 21:28:31.880 I/chatty ( 1315): uid=1000(system) Binder:1315_D expire 7 lines
03-04 21:28:31.900 I/chatty ( 1315): uid=1000(system) Binder:1315_7 expire 5 lines
03-04 21:28:33.413 I/chatty ( 1315): uid=1000(system) batterystats-sy expire 1 line
03-04 21:28:33.615 W/ContextImpl( 5112): Calling a method in the system process without a qualified user: android.app.ContextImpl.startService:1371 android.content.ContextWrapper.startService:616 android.content.ContextWrapper.startService:616 com.android.settings.fuelgauge.BatteryChangeReceiver.tL:-1 com.android.settings.fuelgauge.BatteryChangeReceiver.tO:-1
03-04 21:28:34.834 I/chatty ( 1315): uid=1000(system) android.bg expire 7 lines
03-04 21:28:35.445 I/chatty ( 1315): uid=1000(system) Binder:1315_8 expire 10 lines
03-04 21:28:35.665 I/chatty ( 1315): uid=1000(system) ConnectivitySer expire 7 lines
03-04 21:28:35.738 I/chatty ( 1315): uid=1000(system) Binder:1315_10 expire 1 line
03-04 21:28:39.009 I/chatty ( 1315): uid=1000(system) Binder:1315_12 expire 5 lines
03-04 21:28:46.621 I/chatty ( 1315): uid=1000(system) Binder:1315_19 expire 5 lines
03-04 21:28:51.034 I/chatty ( 1315): uid=1000(system) Binder:1315_1 expire 3 lines
03-04 21:28:56.333 I/chatty ( 1315): uid=1000(system) Binder:1315_15 expire 2 lines
03-04 21:28:58.713 I/chatty ( 1315): uid=1000(system) Binder:1315_C expire 1 line
03-04 21:28:59.023 I/chatty ( 1315): uid=1000(system) Binder:1315_2 expire 2 lines
03-04 21:29:00.830 I/PackageParser( 9381): com.tencent.x5sdk.res: compat added android.permission.WRITE_EXTERNAL_STORAGE android.permission.READ_PHONE_STATE
03-04 21:29:00.859 I/PackageParser( 9381): com.tencent.x5sdk.res: compat added android.permission.WRITE_EXTERNAL_STORAGE android.permission.READ_PHONE_STATE
03-04 21:29:02.516 I/PackageParser( 9537): com.tencent.x5sdk.res: compat added android.permission.WRITE_EXTERNAL_STORAGE android.permission.READ_PHONE_STATE
03-04 21:29:02.522 I/chatty ( 1315): uid=1000(system) Binder:1315_17 expire 2 lines
03-04 21:29:02.563 I/PackageParser( 9537): com.tencent.x5sdk.res: compat added android.permission.WRITE_EXTERNAL_STORAGE android.permission.READ_PHONE_STATE
03-04 21:29:03.208 I/chatty ( 1315): uid=1000(system) Binder:1315_8 expire 1 line
03-04 21:29:06.133 I/chatty ( 1315): uid=1000(system) Binder:1315_E expire 4 lines
03-04 21:29:06.161 I/chatty ( 1315): uid=1000(system) Binder:1315_1C expire 16 lines
03-04 21:29:07.244 I/chatty ( 1315): uid=1000(system) Binder:1315_3 expire 7 lines
03-04 21:29:07.245 I/chatty ( 1315): uid=1000(system) Binder:1315_1A expire 11 lines
03-04 21:29:07.246 I/chatty ( 1315): uid=1000(system) ConnectivitySer expire 11 lines
03-04 21:29:07.286 I/chatty ( 1315): uid=1000(system) Binder:1315_E expire 14 lines
03-04 21:29:07.317 I/chatty ( 1315): uid=1000(system) Binder:1315_14 expire 12 lines
03-04 21:29:08.212 I/chatty ( 1315): uid=1000(system) android.io expire 6 lines
03-04 21:29:08.294 I/chatty ( 1315): uid=1000(system) Binder:1315_8 expire 2 lines
03-04 21:29:08.321 I/chatty ( 1315): uid=1000(system) Binder:1315_18 expire 7 lines
03-04 21:29:08.995 I/chatty ( 1315): uid=1000(system) ActivityManager expire 10 lines
03-04 21:29:09.069 I/chatty ( 1315): uid=1000(system) Binder:1315_19 expire 7 lines
03-04 21:29:09.236 I/chatty ( 1315): uid=1000(system) Binder:1315_1B expire 5 lines
03-04 21:29:09.401 I/chatty ( 1315): uid=1000(system) Binder:1315_B expire 5 lines
03-04 21:29:09.619 I/chatty ( 1315): uid=1000(system) Binder:1315_15 expire 9 lines
03-04 21:29:09.624 I/chatty ( 1315): uid=1000(system) Binder:1315_F expire 8 lines
03-04 21:29:10.473 I/chatty ( 1315): uid=1000(system) Binder:1315_1E expire 12 lines
03-04 21:29:16.317 I/chatty ( 1315): uid=1000(system) Binder:1315_1D expire 4 lines
03-04 21:29:17.791 I/chatty ( 1315): uid=1000(system) Binder:1315_6 expire 3 lines
03-04 21:29:18.594 I/chatty ( 1315): uid=1000(system) Binder:1315_5 expire 13 lines
03-04 21:29:18.782 I/chatty ( 1315): uid=1000(system) Binder:1315_C expire 6 lines
03-04 21:29:19.895 I/chatty ( 1315): uid=1000(system) android.bg expire 5 lines
03-04 21:29:21.523 I/chatty ( 1315): uid=1000(system) Binder:1315_1 expire 5 lines
03-04 21:29:22.065 I/chatty ( 1315): uid=1000(system) Binder:1315_9 expire 6 lines
03-04 21:29:24.934 I/chatty ( 1315): uid=1000(system) Binder:1315_13 expire 6 lines
03-04 21:29:24.983 I/chatty ( 1315): uid=1000(system) Binder:1315_16 expire 6 lines
03-04 21:29:26.573 I/chatty ( 1315): uid=1000(system) Binder:1315_1F expire 2 lines
03-04 21:29:27.553 I/chatty ( 1315): uid=1000(system) AlarmManager expire 1 line
03-04 21:29:29.019 I/chatty ( 1315): uid=1000(system) Binder:1315_12 expire 1 line
03-04 21:29:30.479 I/chatty ( 1315): uid=1000(system) Binder:1315_7 expire 7 lines
03-04 21:29:30.602 I/chatty ( 1315): uid=1000(system) Binder:1315_11 expire 11 lines
03-04 21:29:31.193 I/PackageParser(10895): com.tencent.x5sdk.res: compat added android.permission.WRITE_EXTERNAL_STORAGE android.permission.READ_PHONE_STATE
03-04 21:29:31.248 I/PackageParser(10895): com.tencent.x5sdk.res: compat added android.permission.WRITE_EXTERNAL_STORAGE android.permission.READ_PHONE_STATE
03-04 21:29:32.067 I/chatty ( 1315): uid=1000(system) Binder:1315_2 expire 1 line
03-04 21:29:32.160 I/chatty ( 1315): uid=1000(system) Binder:1315_20 expire 8 lines
03-04 21:29:32.522 I/chatty ( 1315): uid=1000(system) Binder:1315_1A expire 6 lines
03-04 21:29:32.914 I/chatty ( 1315): uid=1000(system) Binder:1315_A expire 13 lines
03-04 21:29:33.631 I/PackageParser(11043): com.tencent.x5sdk.res: compat added android.permission.WRITE_EXTERNAL_STORAGE android.permission.READ_PHONE_STATE
03-04 21:29:33.668 I/PackageParser(11043): com.tencent.x5sdk.res: compat added android.permission.WRITE_EXTERNAL_STORAGE android.permission.READ_PHONE_STATE
03-04 21:29:37.836 W/SocketClient( 586): write error (Broken pipe)
03-04 21:29:53.541 I/chatty ( 1315): uid=1000(system) InputReader expire 2 lines
03-04 21:29:59.089 I/chatty ( 1315): uid=1000(system) Binder:1315_14 expire 1 line
03-04 21:29:59.846 I/chatty ( 1315): uid=1000(system) Binder:1315_4 expire 2 lines
03-04 21:30:11.182 I/chatty ( 1315): uid=1000(system) Binder:1315_17 expire 4 lines
03-04 21:30:11.690 W/ContextImpl( 2630): Calling a method in the system process without a qualified user: android.app.ContextImpl.bindService:1435 android.content.ContextWrapper.bindService:639 smartisanos.app.tracker.TrackerServiceConnection.connect:34 smartisanos.app.tracker.Agent.connectService:65 smartisanos.app.tracker.Agent.flush:388
03-04 21:30:20.404 I/chatty ( 1315): uid=1000(system) Binder:1315_D expire 2 lines
03-04 21:30:30.195 I/chatty ( 1315): uid=1000(system) Binder:1315_10 expire 7 lines
03-04 21:30:31.142 I/chatty ( 1315): uid=1000(system) Binder:1315_14 expire 9 lines
03-04 21:30:31.237 I/chatty ( 1315): uid=1000(system) Binder:1315_15 expire 4 lines
03-04 21:30:31.264 I/chatty ( 1315): uid=1000(system) Binder:1315_5 expire 1 line
03-04 21:30:34.937 I/chatty ( 1315): uid=1000(system) android.bg expire 8 lines
03-04 21:30:38.599 I/chatty ( 1315): uid=1000(system) ActivityManager expire 14 lines
03-04 21:30:39.003 I/chatty ( 1315): uid=1000(system) Binder:1315_C expire 7 lines
03-04 21:30:39.214 I/chatty ( 1315): uid=1000(system) Binder:1315_20 expire 11 lines
03-04 21:30:39.215 I/chatty ( 1315): uid=1000(system) ConnectivitySer expire 10 lines
03-04 21:30:39.279 I/chatty ( 1315): uid=1000(system) Binder:1315_17 expire 8 lines
03-04 21:30:39.977 I/chatty ( 1315): uid=1000(system) Binder:1315_9 expire 5 lines
03-04 21:30:39.999 I/chatty ( 1315): uid=1000(system) Binder:1315_1E expire 11 lines
03-04 21:30:40.955 I/chatty ( 1315): uid=1000(system) Binder:1315_8 expire 8 lines
03-04 21:30:46.602 I/chatty ( 1315): uid=1000(system) Binder:1315_13 expire 4 lines
03-04 21:30:47.703 I/chatty ( 1315): uid=1000(system) Binder:1315_1F expire 6 lines
03-04 21:30:48.362 I/chatty ( 1315): uid=1000(system) Binder:1315_1D expire 7 lines
03-04 21:30:48.381 I/chatty ( 1315): uid=1000(system) Binder:1315_19 expire 7 lines
03-04 21:30:50.495 I/chatty ( 1315): uid=1000(system) Binder:1315_1 expire 6 lines
03-04 21:30:50.517 I/chatty ( 1315): uid=1000(system) Binder:1315_7 expire 3 lines
03-04 21:30:52.015 I/chatty ( 1315): uid=1000(system) batterystats-sy expire 1 line
03-04 21:30:52.423 I/chatty ( 1315): uid=1000(system) Binder:1315_1C expire 14 lines
03-04 21:30:56.483 I/chatty ( 1315): uid=1000(system) Binder:1315_E expire 15 lines
03-04 21:30:56.518 I/chatty ( 1315): uid=1000(system) Binder:1315_F expire 11 lines
03-04 21:30:59.026 I/chatty ( 1315): uid=1000(system) Binder:1315_1A expire 10 lines
03-04 21:30:59.349 W/ContextImpl(13244): Calling a method in the system process without a qualified user: android.app.ContextImpl.startService:1371 android.content.ContextWrapper.startService:616 android.content.ContextWrapper.startService:616 com.android.settings.fuelgauge.BatteryChangeReceiver.tL:-1 com.android.settings.fuelgauge.BatteryChangeReceiver.tO:-1
03-04 21:31:00.653 I/PackageParser(13625): com.tencent.x5sdk.res: compat added android.permission.WRITE_EXTERNAL_STORAGE android.permission.READ_PHONE_STATE
03-04 21:31:00.704 I/PackageParser(13625): com.tencent.x5sdk.res: compat added android.permission.WRITE_EXTERNAL_STORAGE android.permission.READ_PHONE_STATE
03-04 21:31:01.084 I/PackageParser(13757): com.tencent.x5sdk.res: compat added android.permission.WRITE_EXTERNAL_STORAGE android.permission.READ_PHONE_STATE
03-04 21:31:01.151 I/PackageParser(13757): com.tencent.x5sdk.res: compat added android.permission.WRITE_EXTERNAL_STORAGE android.permission.READ_PHONE_STATE
03-04 21:31:01.344 I/chatty ( 1315): uid=1000(system) Binder:1315_3 expire 5 lines
03-04 21:31:01.389 I/chatty ( 1315): uid=1000(system) Binder:1315_2 expire 4 lines
03-04 21:31:05.323 I/chatty ( 1315): uid=1000(system) android.io expire 4 lines
03-04 21:31:07.488 I/chatty ( 1315): uid=1000(system) Binder:1315_A expire 8 lines
03-04 21:31:22.811 I/chatty ( 1315): uid=1000(system) Binder:1315_B expire 7 lines
03-04 21:31:26.901 I/chatty ( 1315): uid=1000(system) Binder:1315_16 expire 8 lines
03-04 21:31:27.110 I/chatty ( 1315): uid=1000(system) InputReader expire 2 lines
03-04 21:31:27.381 I/chatty ( 1315): uid=1000(system) Binder:1315_1B expire 6 lines
03-04 21:31:31.581 I/chatty ( 1315): uid=1000(system) Binder:1315_4 expire 4 lines
03-04 21:31:35.794 I/chatty ( 1315): uid=1000(system) Binder:1315_12 expire 2 lines
03-04 21:31:41.520 I/chatty ( 1315): uid=1000(system) Binder:1315_6 expire 2 lines
03-04 21:31:42.572 I/chatty ( 1315): uid=1000(system) Binder:1315_11 expire 8 lines
03-04 21:31:45.749 I/chatty ( 1315): uid=1000(system) Binder:1315_18 expire 7 lines
03-04 21:32:21.245 I/ActivityThread(14562): Removing dead content provider:android.content.ContentProviderProxy@5a2f704
03-04 21:32:24.831 I/chatty ( 1315): uid=1000(system) ConnectivitySer expire 1 line
03-04 21:32:25.762 I/chatty ( 1315): uid=1000(system) AlarmManager expire 1 line
03-04 21:32:28.779 I/chatty ( 1315): uid=1000(system) Binder:1315_B expire 10 lines
03-04 21:32:28.979 I/chatty ( 1315): uid=1000(system) ActivityManager expire 11 lines
03-04 21:32:29.019 I/chatty ( 1315): uid=1000(system) Binder:1315_15 expire 2 lines
03-04 21:32:29.369 I/PackageParser(15552): com.tencent.x5sdk.res: compat added android.permission.WRITE_EXTERNAL_STORAGE android.permission.READ_PHONE_STATE
03-04 21:32:29.390 I/chatty ( 1315): uid=1000(system) Binder:1315_1F expire 2 lines
03-04 21:32:29.424 I/PackageParser(15552): com.tencent.x5sdk.res: compat added android.permission.WRITE_EXTERNAL_STORAGE android.permission.READ_PHONE_STATE
03-04 21:32:31.662 I/PackageParser(15704): com.tencent.x5sdk.res: compat added android.permission.WRITE_EXTERNAL_STORAGE android.permission.READ_PHONE_STATE
03-04 21:32:31.706 I/chatty ( 1315): uid=1000(system) Binder:1315_20 expire 10 lines
03-04 21:32:31.726 I/PackageParser(15704): com.tencent.x5sdk.res: compat added android.permission.WRITE_EXTERNAL_STORAGE android.permission.READ_PHONE_STATE
03-04 21:32:31.781 I/chatty ( 1315): uid=1000(system) Binder:1315_C expire 15 lines
03-04 21:32:31.964 I/chatty ( 1315): uid=1000(system) Binder:1315_E expire 10 lines
03-04 21:32:33.464 I/chatty ( 1315): uid=1000(system) Binder:1315_17 expire 9 lines
03-04 21:32:33.754 I/chatty ( 1315): uid=1000(system) android.io expire 8 lines
03-04 21:32:35.106 I/chatty ( 1315): uid=1000(system) android.bg expire 13 lines
03-04 21:32:36.930 I/chatty ( 1315): uid=1000(system) Binder:1315_14 expire 11 lines
03-04 21:32:37.225 I/chatty ( 1315): uid=1000(system) Binder:1315_1A expire 3 lines
03-04 21:32:51.196 I/chatty ( 1315): uid=1000(system) Binder:1315_1B expire 2 lines
03-04 21:32:51.196 I/chatty ( 1315): uid=1000(system) Binder:1315_19 expire 4 lines
03-04 21:32:51.205 I/chatty ( 1315): uid=1000(system) ConnectivitySer expire 10 lines
03-04 21:32:58.297 I/chatty ( 1315): uid=1000(system) Binder:1315_1D expire 10 lines
03-04 21:33:09.004 I/chatty ( 1315): uid=1000(system) Binder:1315_1E expire 1 line
03-04 21:33:19.004 I/chatty ( 1315): uid=1000(system) Binder:1315_3 expire 7 lines
03-04 21:33:34.276 I/chatty ( 1315): uid=1000(system) Binder:1315_13 expire 6 lines
03-04 21:33:34.280 I/chatty ( 1315): uid=1000(system) Binder:1315_D expire 5 lines
03-04 21:33:34.354 I/chatty ( 1315): uid=1000(system) batterystats-sy expire 1 line
03-04 21:33:34.627 I/chatty ( 1315): uid=1000(system) Binder:1315_18 expire 10 lines
03-04 21:33:34.805 W/ContextImpl(16737): Calling a method in the system process without a qualified user: android.app.ContextImpl.startService:1371 android.content.ContextWrapper.startService:616 android.content.ContextWrapper.startService:616 com.android.settings.fuelgauge.BatteryChangeReceiver.tL:-1 com.android.settings.fuelgauge.BatteryChangeReceiver.tO:-1
03-04 21:33:35.364 I/chatty ( 1315): uid=1000(system) Binder:1315_9 expire 3 lines
03-04 21:33:35.379 I/chatty ( 1315): uid=1000(system) Binder:1315_6 expire 1 line
03-04 21:33:39.006 I/chatty ( 1315): uid=1000(system) Binder:1315_8 expire 11 lines
03-04 21:34:09.001 I/chatty ( 1315): uid=1000(system) Binder:1315_4 expire 7 lines
03-04 21:34:16.625 I/chatty ( 1315): uid=1000(system) Binder:1315_7 expire 6 lines
03-04 21:34:19.581 I/chatty ( 1315): uid=1000(system) Binder:1315_1 expire 1 line
