03-05 10:39:18.269 W/ViewRootImpl[smt_launcher]( 2651): Cancelling event due to no window focus: KeyEvent { action=ACTION_UP, keyCode=KEYCODE_BACK, scanCode=158, metaState=0, flags=0x28, repeatCount=0, eventTime=1056310717, downTime=1056310717, deviceId=3, source=0x101 }
03-05 10:39:18.269 W/ViewRootImpl[smt_launcher]( 2651): Cancelling event due to no window focus: KeyEvent { action=ACTION_UP, keyCode=KEYCODE_BACK, scanCode=158, metaState=0, flags=0x28, repeatCount=0, eventTime=1056310717, downTime=1056310717, deviceId=3, source=0x101 }
03-05 10:39:18.312 I/chatty ( 1315): uid=1000(system) android.display expire 6 lines
03-05 10:39:19.018 I/chatty ( 1315): uid=1000(system) ActivityManager expire 6 lines
03-05 10:39:37.669 I/chatty ( 1315): uid=1000(system) Binder:1315_13 expire 2 lines
03-05 10:40:23.664 I/chatty ( 1315): uid=1000(system) Binder:1315_1B expire 5 lines
03-05 10:40:26.034 I/chatty ( 1315): uid=1000(system) Binder:1315_5 expire 2 lines
03-05 10:40:26.034 I/chatty ( 1315): uid=1000(system) Binder:1315_2 expire 5 lines
03-05 10:40:26.061 I/chatty ( 1315): uid=1000(system) Binder:1315_C expire 5 lines
03-05 10:40:26.141 I/chatty ( 1315): uid=1000(system) android.display expire 45 lines
03-05 10:40:26.205 I/chatty ( 1315): uid=1000(system) InputReader expire 10 lines
03-05 10:40:26.231 I/chatty ( 1315): uid=1000(system) Binder:1315_A expire 7 lines
03-05 10:40:26.292 W/ViewRootImpl[SplashActivity](31560): Cancelling event due to no window focus: KeyEvent { action=ACTION_UP, keyCode=KEYCODE_BACK, scanCode=158, metaState=0, flags=0x28, repeatCount=0, eventTime=1056379290, downTime=1056379258, deviceId=3, source=0x101 }
03-05 10:40:26.292 W/ViewRootImpl[SplashActivity](31560): Cancelling event due to no window focus: KeyEvent { action=ACTION_UP, keyCode=KEYCODE_BACK, scanCode=158, metaState=0, flags=0x28, repeatCount=0, eventTime=1056379290, downTime=1056379258, deviceId=3, source=0x101 }
03-05 10:40:26.292 W/ViewRootImpl[SplashActivity](31560): Cancelling event due to no window focus: KeyEvent { action=ACTION_UP, keyCode=KEYCODE_BACK, scanCode=158, metaState=0, flags=0x28, repeatCount=0, eventTime=1056379290, downTime=1056379258, deviceId=3, source=0x101 }
03-05 10:40:26.292 W/ViewRootImpl[SplashActivity](31560): Cancelling event due to no window focus: KeyEvent { action=ACTION_UP, keyCode=KEYCODE_BACK, scanCode=158, metaState=0, flags=0x28, repeatCount=0, eventTime=1056379290, downTime=1056379258, deviceId=3, source=0x101 }
03-05 10:40:26.292 W/ViewRootImpl[SplashActivity](31560): Cancelling event due to no window focus: KeyEvent { action=ACTION_UP, keyCode=KEYCODE_BACK, scanCode=158, metaState=0, flags=0x28, repeatCount=0, eventTime=1056379290, downTime=1056379258, deviceId=3, source=0x101 }
03-05 10:40:26.293 W/ViewRootImpl[SplashActivity](31560): Cancelling event due to no window focus: KeyEvent { action=ACTION_UP, keyCode=KEYCODE_BACK, scanCode=158, metaState=0, flags=0x28, repeatCount=0, eventTime=1056379290, downTime=1056379258, deviceId=3, source=0x101 }
03-05 10:40:26.335 W/ViewRootImpl[smt_launcher]( 2651): Cancelling event due to no window focus: KeyEvent { action=ACTION_UP, keyCode=KEYCODE_BACK, scanCode=158, metaState=0, flags=0x28, repeatCount=0, eventTime=1056379258, downTime=1056379258, deviceId=3, source=0x101 }
03-05 10:40:26.335 W/ViewRootImpl[smt_launcher]( 2651): Cancelling event due to no window focus: KeyEvent { action=ACTION_UP, keyCode=KEYCODE_BACK, scanCode=158, metaState=0, flags=0x28, repeatCount=0, eventTime=1056379258, downTime=1056379258, deviceId=3, source=0x101 }
03-05 10:40:26.336 W/ViewRootImpl[smt_launcher]( 2651): Cancelling event due to no window focus: KeyEvent { action=ACTION_UP, keyCode=KEYCODE_BACK, scanCode=158, metaState=0, flags=0x28, repeatCount=0, eventTime=1056379258, downTime=1056379258, deviceId=3, source=0x101 }
03-05 10:40:26.336 W/ViewRootImpl[smt_launcher]( 2651): Cancelling event due to no window focus: KeyEvent { action=ACTION_UP, keyCode=KEYCODE_BACK, scanCode=158, metaState=0, flags=0x28, repeatCount=0, eventTime=1056379258, downTime=1056379258, deviceId=3, source=0x101 }
03-05 10:40:26.336 W/ViewRootImpl[smt_launcher]( 2651): Cancelling event due to no window focus: KeyEvent { action=ACTION_UP, keyCode=KEYCODE_BACK, scanCode=158, metaState=0, flags=0x28, repeatCount=0, eventTime=1056379258, downTime=1056379258, deviceId=3, source=0x101 }
03-05 10:40:26.336 W/ViewRootImpl[smt_launcher]( 2651): Cancelling event due to no window focus: KeyEvent { action=ACTION_UP, keyCode=KEYCODE_BACK, scanCode=158, metaState=0, flags=0x28, repeatCount=0, eventTime=1056379258, downTime=1056379258, deviceId=3, source=0x101 }
03-05 10:40:26.369 I/chatty ( 1315): uid=1000(system) Binder:1315_15 expire 7 lines
03-05 10:40:27.636 I/chatty ( 1315): uid=1000(system) ActivityManager expire 9 lines
03-05 10:40:27.658 I/chatty ( 1315): uid=1000(system) Binder:1315_16 expire 10 lines
03-05 10:40:30.766 I/chatty ( 1315): uid=1000(system) Binder:1315_1E expire 10 lines
03-05 10:40:30.798 I/chatty ( 1315): uid=1000(system) Binder:1315_18 expire 11 lines
03-05 10:40:37.675 I/chatty ( 1315): uid=1000(system) android.bg expire 13 lines
03-05 10:40:55.587 I/chatty ( 1315): uid=1000(system) Binder:1315_E expire 6 lines
03-05 10:40:55.647 W/ViewRootImpl[SplashActivity](31560): Cancelling event due to no window focus: KeyEvent { action=ACTION_UP, keyCode=KEYCODE_BACK, scanCode=158, metaState=0, flags=0x28, repeatCount=0, eventTime=1056408644, downTime=1056408623, deviceId=3, source=0x101 }
03-05 10:40:55.647 W/ViewRootImpl[SplashActivity](31560): Cancelling event due to no window focus: KeyEvent { action=ACTION_UP, keyCode=KEYCODE_BACK, scanCode=158, metaState=0, flags=0x28, repeatCount=0, eventTime=1056408644, downTime=1056408623, deviceId=3, source=0x101 }
03-05 10:40:55.647 W/ViewRootImpl[SplashActivity](31560): Cancelling event due to no window focus: KeyEvent { action=ACTION_UP, keyCode=KEYCODE_BACK, scanCode=158, metaState=0, flags=0x28, repeatCount=0, eventTime=1056408644, downTime=1056408623, deviceId=3, source=0x101 }
03-05 10:40:55.653 W/ViewRootImpl[SplashActivity](31560): Cancelling event due to no window focus: KeyEvent { action=ACTION_UP, keyCode=KEYCODE_BACK, scanCode=158, metaState=0, flags=0x28, repeatCount=0, eventTime=1056408644, downTime=1056408623, deviceId=3, source=0x101 }
03-05 10:40:55.653 W/ViewRootImpl[SplashActivity](31560): Cancelling event due to no window focus: KeyEvent { action=ACTION_UP, keyCode=KEYCODE_BACK, scanCode=158, metaState=0, flags=0x28, repeatCount=0, eventTime=1056408644, downTime=1056408623, deviceId=3, source=0x101 }
03-05 10:40:55.653 W/ViewRootImpl[SplashActivity](31560): Cancelling event due to no window focus: KeyEvent { action=ACTION_UP, keyCode=KEYCODE_BACK, scanCode=158, metaState=0, flags=0x28, repeatCount=0, eventTime=1056408644, downTime=1056408623, deviceId=3, source=0x101 }
03-05 10:40:55.713 W/ViewRootImpl[smt_launcher]( 2651): Cancelling event due to no window focus: KeyEvent { action=ACTION_UP, keyCode=KEYCODE_BACK, scanCode=158, metaState=0, flags=0x28, repeatCount=0, eventTime=1056408623, downTime=1056408623, deviceId=3, source=0x101 }
03-05 10:40:55.714 W/ViewRootImpl[smt_launcher]( 2651): Cancelling event due to no window focus: KeyEvent { action=ACTION_UP, keyCode=KEYCODE_BACK, scanCode=158, metaState=0, flags=0x28, repeatCount=0, eventTime=1056408623, downTime=1056408623, deviceId=3, source=0x101 }
03-05 10:40:55.714 W/ViewRootImpl[smt_launcher]( 2651): Cancelling event due to no window focus: KeyEvent { action=ACTION_UP, keyCode=KEYCODE_BACK, scanCode=158, metaState=0, flags=0x28, repeatCount=0, eventTime=1056408623, downTime=1056408623, deviceId=3, source=0x101 }
03-05 10:40:55.714 W/ViewRootImpl[smt_launcher]( 2651): Cancelling event due to no window focus: KeyEvent { action=ACTION_UP, keyCode=KEYCODE_BACK, scanCode=158, metaState=0, flags=0x28, repeatCount=0, eventTime=1056408623, downTime=1056408623, deviceId=3, source=0x101 }
03-05 10:40:55.714 W/ViewRootImpl[smt_launcher]( 2651): Cancelling event due to no window focus: KeyEvent { action=ACTION_UP, keyCode=KEYCODE_BACK, scanCode=158, metaState=0, flags=0x28, repeatCount=0, eventTime=1056408623, downTime=1056408623, deviceId=3, source=0x101 }
03-05 10:40:55.714 W/ViewRootImpl[smt_launcher]( 2651): Cancelling event due to no window focus: KeyEvent { action=ACTION_UP, keyCode=KEYCODE_BACK, scanCode=158, metaState=0, flags=0x28, repeatCount=0, eventTime=1056408623, downTime=1056408623, deviceId=3, source=0x101 }
03-05 10:40:57.325 I/chatty ( 1315): uid=1000(system) Binder:1315_3 expire 8 lines
03-05 10:41:00.005 I/chatty ( 1315): uid=1000(system) AlarmManager expire 1 line
03-05 10:41:01.162 I/chatty ( 1315): uid=1000(system) Binder:1315_9 expire 5 lines
03-05 10:41:02.415 W/ViewRootImpl[LauncherUI](17393): Cancelling event due to no window focus: KeyEvent { action=ACTION_UP, keyCode=KEYCODE_BACK, scanCode=158, metaState=0, flags=0x28, repeatCount=0, eventTime=1056415380, downTime=1056415360, deviceId=3, source=0x101 }
03-05 10:41:02.415 W/ViewRootImpl[LauncherUI](17393): Cancelling event due to no window focus: KeyEvent { action=ACTION_UP, keyCode=KEYCODE_BACK, scanCode=158, metaState=0, flags=0x28, repeatCount=0, eventTime=1056415380, downTime=1056415360, deviceId=3, source=0x101 }
03-05 10:41:02.415 W/ViewRootImpl[LauncherUI](17393): Cancelling event due to no window focus: KeyEvent { action=ACTION_UP, keyCode=KEYCODE_BACK, scanCode=158, metaState=0, flags=0x28, repeatCount=0, eventTime=1056415380, downTime=1056415360, deviceId=3, source=0x101 }
03-05 10:41:02.435 W/ViewRootImpl[LauncherUI](17393): Cancelling event due to no window focus: KeyEvent { action=ACTION_UP, keyCode=KEYCODE_BACK, scanCode=158, metaState=0, flags=0x28, repeatCount=0, eventTime=1056415380, downTime=1056415360, deviceId=3, source=0x101 }
03-05 10:41:02.435 W/ViewRootImpl[LauncherUI](17393): Cancelling event due to no window focus: KeyEvent { action=ACTION_UP, keyCode=KEYCODE_BACK, scanCode=158, metaState=0, flags=0x28, repeatCount=0, eventTime=1056415380, downTime=1056415360, deviceId=3, source=0x101 }
03-05 10:41:02.435 W/ViewRootImpl[LauncherUI](17393): Cancelling event due to no window focus: KeyEvent { action=ACTION_UP, keyCode=KEYCODE_BACK, scanCode=158, metaState=0, flags=0x28, repeatCount=0, eventTime=1056415380, downTime=1056415360, deviceId=3, source=0x101 }
03-05 10:41:02.436 W/ViewRootImpl[LauncherUI](17393): Cancelling event due to no window focus: KeyEvent { action=ACTION_UP, keyCode=KEYCODE_BACK, scanCode=158, metaState=0, flags=0x28, repeatCount=0, eventTime=1056415380, downTime=1056415360, deviceId=3, source=0x101 }
03-05 10:41:02.436 W/ViewRootImpl[LauncherUI](17393): Cancelling event due to no window focus: KeyEvent { action=ACTION_UP, keyCode=KEYCODE_BACK, scanCode=158, metaState=0, flags=0x28, repeatCount=0, eventTime=1056415380, downTime=1056415360, deviceId=3, source=0x101 }
03-05 10:41:02.436 W/ViewRootImpl[LauncherUI](17393): Cancelling event due to no window focus: KeyEvent { action=ACTION_UP, keyCode=KEYCODE_BACK, scanCode=158, metaState=0, flags=0x28, repeatCount=0, eventTime=1056415380, downTime=1056415360, deviceId=3, source=0x101 }
03-05 10:41:02.472 W/ViewRootImpl[smt_launcher]( 2651): Cancelling event due to no window focus: KeyEvent { action=ACTION_UP, keyCode=KEYCODE_BACK, scanCode=158, metaState=0, flags=0x28, repeatCount=0, eventTime=1056415360, downTime=1056415360, deviceId=3, source=0x101 }
03-05 10:41:02.472 W/ViewRootImpl[smt_launcher]( 2651): Cancelling event due to no window focus: KeyEvent { action=ACTION_UP, keyCode=KEYCODE_BACK, scanCode=158, metaState=0, flags=0x28, repeatCount=0, eventTime=1056415360, downTime=1056415360, deviceId=3, source=0x101 }
03-05 10:41:02.472 W/ViewRootImpl[smt_launcher]( 2651): Cancelling event due to no window focus: KeyEvent { action=ACTION_UP, keyCode=KEYCODE_BACK, scanCode=158, metaState=0, flags=0x28, repeatCount=0, eventTime=1056415360, downTime=1056415360, deviceId=3, source=0x101 }
03-05 10:41:02.472 W/ViewRootImpl[smt_launcher]( 2651): Cancelling event due to no window focus: KeyEvent { action=ACTION_UP, keyCode=KEYCODE_BACK, scanCode=158, metaState=0, flags=0x28, repeatCount=0, eventTime=1056415360, downTime=1056415360, deviceId=3, source=0x101 }
03-05 10:41:02.472 W/ViewRootImpl[smt_launcher]( 2651): Cancelling event due to no window focus: KeyEvent { action=ACTION_UP, keyCode=KEYCODE_BACK, scanCode=158, metaState=0, flags=0x28, repeatCount=0, eventTime=1056415360, downTime=1056415360, deviceId=3, source=0x101 }
03-05 10:41:02.472 W/ViewRootImpl[smt_launcher]( 2651): Cancelling event due to no window focus: KeyEvent { action=ACTION_UP, keyCode=KEYCODE_BACK, scanCode=158, metaState=0, flags=0x28, repeatCount=0, eventTime=1056415360, downTime=1056415360, deviceId=3, source=0x101 }
03-05 10:41:03.088 I/chatty ( 1315): uid=1000(system) Binder:1315_1A expire 6 lines
03-05 10:41:34.225 I/chatty ( 1315): uid=1000(system) Binder:1315_6 expire 6 lines
03-05 10:41:34.850 W/ViewRootImpl[SplashActivity](31560): Cancelling event due to no window focus: KeyEvent { action=ACTION_UP, keyCode=KEYCODE_BACK, scanCode=158, metaState=0, flags=0x28, repeatCount=0, eventTime=1056447862, downTime=1056447838, deviceId=3, source=0x101 }
03-05 10:41:34.850 W/ViewRootImpl[SplashActivity](31560): Cancelling event due to no window focus: KeyEvent { action=ACTION_UP, keyCode=KEYCODE_BACK, scanCode=158, metaState=0, flags=0x28, repeatCount=0, eventTime=1056447862, downTime=1056447838, deviceId=3, source=0x101 }
03-05 10:41:34.850 W/ViewRootImpl[SplashActivity](31560): Cancelling event due to no window focus: KeyEvent { action=ACTION_UP, keyCode=KEYCODE_BACK, scanCode=158, metaState=0, flags=0x28, repeatCount=0, eventTime=1056447862, downTime=1056447838, deviceId=3, source=0x101 }
03-05 10:41:34.881 W/ViewRootImpl[SplashActivity](31560): Cancelling event due to no window focus: KeyEvent { action=ACTION_UP, keyCode=KEYCODE_BACK, scanCode=158, metaState=0, flags=0x28, repeatCount=0, eventTime=1056447862, downTime=1056447838, deviceId=3, source=0x101 }
03-05 10:41:34.881 W/ViewRootImpl[SplashActivity](31560): Cancelling event due to no window focus: KeyEvent { action=ACTION_UP, keyCode=KEYCODE_BACK, scanCode=158, metaState=0, flags=0x28, repeatCount=0, eventTime=1056447862, downTime=1056447838, deviceId=3, source=0x101 }
03-05 10:41:34.881 W/ViewRootImpl[SplashActivity](31560): Cancelling event due to no window focus: KeyEvent { action=ACTION_UP, keyCode=KEYCODE_BACK, scanCode=158, metaState=0, flags=0x28, repeatCount=0, eventTime=1056447862, downTime=1056447838, deviceId=3, source=0x101 }
03-05 10:41:34.882 W/ViewRootImpl[SplashActivity](31560): Cancelling event due to no window focus: KeyEvent { action=ACTION_UP, keyCode=KEYCODE_BACK, scanCode=158, metaState=0, flags=0x28, repeatCount=0, eventTime=1056447862, downTime=1056447838, deviceId=3, source=0x101 }
03-05 10:41:34.882 W/ViewRootImpl[SplashActivity](31560): Cancelling event due to no window focus: KeyEvent { action=ACTION_UP, keyCode=KEYCODE_BACK, scanCode=158, metaState=0, flags=0x28, repeatCount=0, eventTime=1056447862, downTime=1056447838, deviceId=3, source=0x101 }
03-05 10:41:34.882 W/ViewRootImpl[SplashActivity](31560): Cancelling event due to no window focus: KeyEvent { action=ACTION_UP, keyCode=KEYCODE_BACK, scanCode=158, metaState=0, flags=0x28, repeatCount=0, eventTime=1056447862, downTime=1056447838, deviceId=3, source=0x101 }
03-05 10:41:34.912 W/ViewRootImpl[smt_launcher]( 2651): Cancelling event due to no window focus: KeyEvent { action=ACTION_UP, keyCode=KEYCODE_BACK, scanCode=158, metaState=0, flags=0x28, repeatCount=0, eventTime=1056447838, downTime=1056447838, deviceId=3, source=0x101 }
03-05 10:41:34.912 W/ViewRootImpl[smt_launcher]( 2651): Cancelling event due to no window focus: KeyEvent { action=ACTION_UP, keyCode=KEYCODE_BACK, scanCode=158, metaState=0, flags=0x28, repeatCount=0, eventTime=1056447838, downTime=1056447838, deviceId=3, source=0x101 }
03-05 10:41:34.912 W/ViewRootImpl[smt_launcher]( 2651): Cancelling event due to no window focus: KeyEvent { action=ACTION_UP, keyCode=KEYCODE_BACK, scanCode=158, metaState=0, flags=0x28, repeatCount=0, eventTime=1056447838, downTime=1056447838, deviceId=3, source=0x101 }
03-05 10:41:34.912 W/ViewRootImpl[smt_launcher]( 2651): Cancelling event due to no window focus: KeyEvent { action=ACTION_UP, keyCode=KEYCODE_BACK, scanCode=158, metaState=0, flags=0x28, repeatCount=0, eventTime=1056447838, downTime=1056447838, deviceId=3, source=0x101 }
03-05 10:41:34.912 W/ViewRootImpl[smt_launcher]( 2651): Cancelling event due to no window focus: KeyEvent { action=ACTION_UP, keyCode=KEYCODE_BACK, scanCode=158, metaState=0, flags=0x28, repeatCount=0, eventTime=1056447838, downTime=1056447838, deviceId=3, source=0x101 }
03-05 10:41:34.912 W/ViewRootImpl[smt_launcher]( 2651): Cancelling event due to no window focus: KeyEvent { action=ACTION_UP, keyCode=KEYCODE_BACK, scanCode=158, metaState=0, flags=0x28, repeatCount=0, eventTime=1056447838, downTime=1056447838, deviceId=3, source=0x101 }
03-05 10:41:40.048 I/chatty ( 1315): uid=1000(system) Binder:1315_1D expire 2 lines
03-05 10:41:40.079 I/chatty ( 1315): uid=1000(system) Binder:1315_4 expire 2 lines
03-05 10:41:56.010 I/chatty ( 1315): uid=1000(system) Binder:1315_19 expire 4 lines
03-05 10:42:09.141 I/chatty ( 1315): uid=1000(system) InputReader expire 8 lines
03-05 10:42:18.184 I/chatty ( 1315): uid=1000(system) Binder:1315_10 expire 2 lines
03-05 10:42:18.269 W/ViewRootImpl[SplashActivity](31560): Cancelling event due to no window focus: KeyEvent { action=ACTION_UP, keyCode=KEYCODE_BACK, scanCode=158, metaState=0, flags=0x28, repeatCount=0, eventTime=1056491244, downTime=1056491228, deviceId=3, source=0x101 }
03-05 10:42:18.270 W/ViewRootImpl[SplashActivity](31560): Cancelling event due to no window focus: KeyEvent { action=ACTION_UP, keyCode=KEYCODE_BACK, scanCode=158, metaState=0, flags=0x28, repeatCount=0, eventTime=1056491244, downTime=1056491228, deviceId=3, source=0x101 }
03-05 10:42:18.270 W/ViewRootImpl[SplashActivity](31560): Cancelling event due to no window focus: KeyEvent { action=ACTION_UP, keyCode=KEYCODE_BACK, scanCode=158, metaState=0, flags=0x28, repeatCount=0, eventTime=1056491244, downTime=1056491228, deviceId=3, source=0x101 }
03-05 10:42:18.270 W/ViewRootImpl[SplashActivity](31560): Cancelling event due to no window focus: KeyEvent { action=ACTION_UP, keyCode=KEYCODE_BACK, scanCode=158, metaState=0, flags=0x28, repeatCount=0, eventTime=1056491244, downTime=1056491228, deviceId=3, source=0x101 }
03-05 10:42:18.270 W/ViewRootImpl[SplashActivity](31560): Cancelling event due to no window focus: KeyEvent { action=ACTION_UP, keyCode=KEYCODE_BACK, scanCode=158, metaState=0, flags=0x28, repeatCount=0, eventTime=1056491244, downTime=1056491228, deviceId=3, source=0x101 }
03-05 10:42:18.270 W/ViewRootImpl[SplashActivity](31560): Cancelling event due to no window focus: KeyEvent { action=ACTION_UP, keyCode=KEYCODE_BACK, scanCode=158, metaState=0, flags=0x28, repeatCount=0, eventTime=1056491244, downTime=1056491228, deviceId=3, source=0x101 }
03-05 10:42:18.308 W/ViewRootImpl[smt_launcher]( 2651): Cancelling event due to no window focus: KeyEvent { action=ACTION_UP, keyCode=KEYCODE_BACK, scanCode=158, metaState=0, flags=0x28, repeatCount=0, eventTime=1056491228, downTime=1056491228, deviceId=3, source=0x101 }
03-05 10:42:18.309 W/ViewRootImpl[smt_launcher]( 2651): Cancelling event due to no window focus: KeyEvent { action=ACTION_UP, keyCode=KEYCODE_BACK, scanCode=158, metaState=0, flags=0x28, repeatCount=0, eventTime=1056491228, downTime=1056491228, deviceId=3, source=0x101 }
03-05 10:42:18.309 W/ViewRootImpl[smt_launcher]( 2651): Cancelling event due to no window focus: KeyEvent { action=ACTION_UP, keyCode=KEYCODE_BACK, scanCode=158, metaState=0, flags=0x28, repeatCount=0, eventTime=1056491228, downTime=1056491228, deviceId=3, source=0x101 }
03-05 10:42:18.309 W/ViewRootImpl[smt_launcher]( 2651): Cancelling event due to no window focus: KeyEvent { action=ACTION_UP, keyCode=KEYCODE_BACK, scanCode=158, metaState=0, flags=0x28, repeatCount=0, eventTime=1056491228, downTime=1056491228, deviceId=3, source=0x101 }
03-05 10:42:18.309 W/ViewRootImpl[smt_launcher]( 2651): Cancelling event due to no window focus: KeyEvent { action=ACTION_UP, keyCode=KEYCODE_BACK, scanCode=158, metaState=0, flags=0x28, repeatCount=0, eventTime=1056491228, downTime=1056491228, deviceId=3, source=0x101 }
03-05 10:42:18.309 W/ViewRootImpl[smt_launcher]( 2651): Cancelling event due to no window focus: KeyEvent { action=ACTION_UP, keyCode=KEYCODE_BACK, scanCode=158, metaState=0, flags=0x28, repeatCount=0, eventTime=1056491228, downTime=1056491228, deviceId=3, source=0x101 }
03-05 10:42:18.903 I/chatty ( 1315): uid=1000(system) Binder:1315_1C expire 4 lines
03-05 10:42:19.060 I/chatty ( 1315): uid=1000(system) Binder:1315_F expire 9 lines
03-05 10:42:19.115 I/chatty ( 1315): uid=1000(system) Binder:1315_D expire 8 lines
03-05 10:42:19.447 I/chatty ( 1315): uid=1000(system) Binder:1315_13 expire 2 lines
03-05 10:42:20.350 I/chatty ( 1315): uid=1000(system) Binder:1315_14 expire 2 lines
03-05 10:42:20.729 I/chatty ( 1315): uid=1000(system) android.io expire 4 lines
03-05 10:42:21.192 I/chatty ( 1315): uid=1000(system) batterystats-sy expire 1 line
03-05 10:42:21.594 I/chatty ( 1315): uid=1000(system) Binder:1315_12 expire 4 lines
03-05 10:42:21.749 W/ContextImpl( 6606): Calling a method in the system process without a qualified user: android.app.ContextImpl.startService:1371 android.content.ContextWrapper.startService:616 android.content.ContextWrapper.startService:616 com.android.settings.fuelgauge.BatteryChangeReceiver.tL:-1 com.android.settings.fuelgauge.BatteryChangeReceiver.tO:-1
03-05 10:42:22.219 I/chatty ( 1315): uid=1000(system) android.display expire 1 line
03-05 10:42:23.754 I/chatty ( 1315): uid=1000(system) Binder:1315_11 expire 10 lines
03-05 10:42:23.900 I/chatty ( 1315): uid=1000(system) Binder:1315_1 expire 1 line
03-05 10:42:23.934 I/chatty ( 1315): uid=1000(system) Binder:1315_1F expire 4 lines
03-05 10:42:24.174 I/chatty ( 1315): uid=1000(system) Binder:1315_8 expire 8 lines
03-05 10:42:24.376 I/chatty ( 1315): uid=1000(system) NetworkStatsObs expire 1 line
03-05 10:42:24.384 E/ActivityThread( 8716): Failed to find provider info for com.tencent.mm.coolassist.debugprovider
03-05 10:42:24.447 I/chatty ( 1315): uid=1000(system) ConnectivitySer expire 1 line
03-05 10:42:24.631 E/ActivityThread( 7035): Failed to find provider info for com.android.partnerbookmarks
03-05 10:42:24.658 I/chatty ( 1315): uid=1000(system) Binder:1315_20 expire 7 lines
03-05 10:42:35.360 I/chatty ( 1315): uid=1000(system) Binder:1315_1E expire 9 lines
03-05 10:42:46.274 I/chatty ( 1315): uid=1000(system) Binder:1315_4 expire 11 lines
03-05 10:42:46.284 I/chatty ( 1315): uid=1000(system) Binder:1315_8 expire 14 lines
03-05 10:42:47.139 I/chatty ( 1315): uid=1000(system) Binder:1315_7 expire 6 lines
03-05 10:42:47.788 I/chatty ( 1315): uid=1000(system) android.bg expire 13 lines
03-05 10:42:48.850 I/chatty ( 1315): uid=1000(system) PowerManagerSer expire 5 lines
03-05 10:42:49.051 I/chatty ( 1315): uid=1000 system_server expire 19 lines
03-05 10:42:49.465 I/chatty ( 1315): uid=1000(system) android.display expire 3 lines
03-05 10:42:50.360 I/chatty ( 1315): uid=1000(system) ActivityManager expire 14 lines
03-05 10:42:50.953 I/chatty ( 1315): uid=1000(system) Binder:1315_1D expire 2 lines
03-05 10:42:50.971 I/chatty ( 1315): uid=1000(system) Binder:1315_1C expire 8 lines
03-05 10:42:51.636 I/chatty ( 1315): uid=1000(system) Binder:1315_9 expire 9 lines
03-05 10:42:51.654 I/chatty ( 1315): uid=1000(system) Binder:1315_11 expire 11 lines
03-05 10:42:51.699 I/chatty ( 1315): uid=1000(system) Binder:1315_16 expire 7 lines
03-05 10:42:51.738 I/chatty ( 1315): uid=1000(system) Binder:1315_F expire 1 line
03-05 10:42:52.597 I/chatty ( 1315): uid=1000(system) Binder:1315_A expire 12 lines
03-05 10:42:52.606 I/chatty ( 1315): uid=1000(system) Binder:1315_15 expire 5 lines
03-05 10:42:53.474 I/chatty ( 1315): uid=1000(system) PackageManager expire 1 line
03-05 10:43:15.582 I/chatty ( 1315): uid=1000(system) Binder:1315_18 expire 3 lines
03-05 10:43:15.684 I/chatty ( 1315): uid=1000(system) Binder:1315_19 expire 5 lines
03-05 10:43:15.934 D/ActivityThread( 9442): Loading provider com.android.email.provider;com.android.email.notifier: com.android.email.provider.EmailProvider
03-05 10:43:16.190 I/chatty ( 1315): uid=1000(system) Binder:1315_1F expire 14 lines
03-05 10:43:17.274 I/chatty ( 1315): uid=1000(system) Binder:1315_C expire 4 lines
03-05 10:43:17.289 I/chatty ( 1315): uid=1000(system) Binder:1315_D expire 7 lines
03-05 10:43:17.313 I/chatty ( 1315): uid=1000(system) Binder:1315_20 expire 2 lines
03-05 10:43:17.973 I/chatty ( 1315): uid=1000(system) Binder:1315_3 expire 14 lines
03-05 10:43:18.108 W/ContextImpl( 1697): Calling a method in the system process without a qualified user: android.app.ContextImpl.bindService:1435 android.content.ContextWrapper.bindService:639 smartisanos.app.tracker.TrackerServiceConnection.connect:34 smartisanos.app.tracker.Agent.connectService:65 smartisanos.app.tracker.Agent.flush:388
03-05 10:43:18.342 I/chatty ( 1315): uid=1000(system) ConnectivitySer expire 2 lines
03-05 10:43:18.858 D/ActivityThread( 9521): Loading provider com.baidu.netdisk.account: com.baidu.netdisk.account.storage.AccountProvider
03-05 10:43:20.155 I/chatty ( 1315): uid=1000(system) Binder:1315_13 expire 6 lines
03-05 10:43:20.322 E/ActivityThread( 9521): Failed to find provider info for com.baidu.netdisk.BaiduGidContentProvider
03-05 10:43:20.345 I/chatty ( 1315): uid=1000(system) android.io expire 4 lines
03-05 10:43:20.403 I/chatty ( 1315): uid=1000(system) Binder:1315_2 expire 2 lines
03-05 10:43:20.542 I/chatty ( 1315): uid=1000(system) Binder:1315_12 expire 1 line
03-05 10:43:20.705 I/chatty ( 1315): uid=1000(system) Binder:1315_1B expire 4 lines
03-05 10:43:20.775 I/chatty ( 1315): uid=1000(system) Binder:1315_10 expire 10 lines
03-05 10:43:21.122 I/ActivityThread( 8988): Removing dead content provider:android.content.ContentProviderProxy@4d3cf22
03-05 10:43:22.175 I/chatty ( 1315): uid=1000(system) Binder:1315_B expire 6 lines
03-05 10:43:22.200 I/chatty ( 1315): uid=1000(system) Binder:1315_14 expire 4 lines
03-05 10:43:22.417 I/chatty ( 1315): uid=1000(system) Binder:1315_17 expire 4 lines
03-05 10:43:22.678 I/chatty ( 1315): uid=1000(system) Binder:1315_5 expire 5 lines
03-05 10:43:22.909 I/chatty ( 1315): uid=1000(system) Binder:1315_E expire 2 lines
03-05 10:43:23.270 I/chatty ( 1315): uid=1000(system) android.bg expire 2 lines
03-05 10:43:25.133 E/ActivityThread( 9521): Failed to find provider info for com.vivo.push.sdk.service.SystemPushConfig
03-05 10:43:25.146 E/ActivityThread( 9521): Failed to find provider info for com.vivo.push.sdk.service.SystemPushConfig
03-05 10:43:27.064 I/chatty ( 1315): uid=1000(system) Binder:1315_1A expire 1 line
03-05 10:43:27.568 I/chatty ( 1315): uid=1000(system) Binder:1315_1 expire 1 line
03-05 10:43:27.577 E/ActivityThread( 9521): Failed to find provider info for com.baidu.netdisk.BaiduGidContentProvider
03-05 10:43:27.582 E/ActivityThread( 9521): Failed to find provider info for com.baidu.netdisk.BaiduGidContentProvider
03-05 10:43:28.045 I/chatty ( 1315): uid=1000(system) ActivityManager expire 2 lines
03-05 10:43:29.493 I/chatty ( 1315): uid=1000(system) Binder:1315_8 expire 10 lines
03-05 10:43:30.913 I/chatty ( 1315): uid=1000(system) ActivityManager expire 15 lines
03-05 10:43:37.707 I/chatty ( 1315): uid=1000(system) android.bg expire 22 lines
03-05 10:43:38.335 I/chatty ( 1315): uid=1000(system) Binder:1315_19 expire 6 lines
03-05 10:43:43.331 I/chatty ( 1315): uid=1000(system) Binder:1315_17 expire 11 lines
03-05 10:43:43.954 I/chatty ( 1315): uid=1000(system) Binder:1315_6 expire 2 lines
03-05 10:43:44.074 I/chatty ( 1315): uid=1000(system) Binder:1315_1C expire 2 lines
03-05 10:43:44.112 I/chatty ( 1315): uid=1000(system) Binder:1315_15 expire 4 lines
03-05 10:43:45.002 I/chatty ( 1315): uid=1000(system) android.display expire 2 lines
03-05 10:43:45.487 I/chatty ( 1315): uid=1000(system) Binder:1315_4 expire 8 lines
03-05 10:43:46.487 I/chatty ( 1315): uid=1000 system_server expire 13 lines
03-05 10:43:46.541 I/chatty ( 1315): uid=1000(system) Binder:1315_12 expire 10 lines
03-05 10:43:48.477 I/chatty ( 1315): uid=1000(system) Binder:1315_E expire 10 lines
03-05 10:43:56.945 I/chatty ( 1315): uid=1000(system) batterystats-sy expire 3 lines
03-05 10:43:57.674 I/chatty ( 1315): uid=1000(system) Binder:1315_F expire 7 lines
03-05 10:44:00.747 W/ContextImpl(10928): Calling a method in the system process without a qualified user: android.app.ContextImpl.startService:1371 android.content.ContextWrapper.startService:616 android.content.ContextWrapper.startService:616 com.android.settings.fuelgauge.BatteryChangeReceiver.tL:-1 com.android.settings.fuelgauge.BatteryChangeReceiver.tO:-1
03-05 10:44:01.606 I/chatty ( 1315): uid=1000(system) Binder:1315_16 expire 9 lines
03-05 10:44:02.426 I/chatty ( 1315): uid=1000(system) Binder:1315_A expire 10 lines
03-05 10:44:02.841 I/chatty ( 1315): uid=1000(system) Binder:1315_10 expire 10 lines
03-05 10:44:08.812 I/chatty ( 1315): uid=1000(system) Binder:1315_1B expire 5 lines
03-05 10:44:08.848 I/chatty ( 1315): uid=1000(system) Binder:1315_5 expire 7 lines
03-05 10:44:09.276 I/chatty ( 1315): uid=1000(system) Binder:1315_9 expire 4 lines
03-05 10:44:09.501 I/chatty ( 1315): uid=1000(system) NetworkStatsObs expire 1 line
03-05 10:44:09.644 I/chatty ( 1315): uid=1000(system) Binder:1315_1F expire 6 lines
03-05 10:44:11.485 I/chatty ( 1315): uid=1000(system) Binder:1315_7 expire 2 lines
03-05 10:44:14.038 I/chatty ( 1315): uid=1000(system) Binder:1315_11 expire 1 line
03-05 10:44:18.198 I/chatty ( 1315): uid=1000(system) Binder:1315_C expire 10 lines
03-05 10:44:18.324 I/chatty ( 1315): uid=1000(system) Binder:1315_14 expire 5 lines
03-05 10:44:22.789 I/chatty ( 1315): uid=1000(system) Binder:1315_2 expire 4 lines
03-05 10:44:24.569 I/chatty ( 1315): uid=1000(system) Binder:1315_3 expire 3 lines
03-05 10:44:26.577 I/chatty ( 1315): uid=1000(system) Binder:1315_1A expire 9 lines
03-05 10:44:31.358 I/chatty ( 1315): uid=1000(system) Binder:1315_1D expire 9 lines
03-05 10:44:31.362 I/ActivityThread(11066): Removing dead content provider:android.content.ContentProviderProxy@5360c6f
03-05 10:44:36.027 I/chatty ( 1315): uid=1000(system) ConnectivitySer expire 5 lines
03-05 10:44:36.647 I/chatty ( 1315): uid=1000(system) Binder:1315_1E expire 7 lines
03-05 10:44:36.671 I/chatty ( 1315): uid=1000(system) Binder:1315_18 expire 9 lines
03-05 10:44:38.385 I/chatty ( 1315): uid=1000(system) ActivityManager expire 6 lines
03-05 10:44:39.317 I/chatty ( 1315): uid=1000(system) Binder:1315_D expire 5 lines
03-05 10:45:00.402 I/chatty ( 1315): uid=1000(system) PowerManagerSer expire 3 lines
03-05 10:45:06.415 I/chatty ( 1315): uid=1000(system) PackageManager expire 1 line
03-05 10:45:27.185 I/chatty ( 1315): uid=1000(system) Binder:1315_D expire 8 lines
03-05 10:45:27.186 I/chatty ( 1315): uid=1000(system) Binder:1315_11 expire 5 lines
03-05 10:45:28.297 I/chatty ( 1315): uid=1000(system) ActivityManager expire 13 lines
03-05 10:45:28.441 I/chatty ( 1315): uid=1000(system) Binder:1315_1D expire 4 lines
03-05 10:45:29.397 W/ContextImpl(11790): Calling a method in the system process without a qualified user: android.app.ContextImpl.startService:1371 android.content.ContextWrapper.startService:616 android.content.ContextWrapper.startService:616 com.android.settings.fuelgauge.BatteryChangeReceiver.tL:-1 com.android.settings.fuelgauge.BatteryChangeReceiver.tO:-1
03-05 10:45:30.186 I/chatty ( 1315): uid=1000(system) Binder:1315_F expire 5 lines
03-05 10:45:37.252 I/chatty ( 1315): uid=1000(system) android.bg expire 10 lines
03-05 10:45:38.337 I/chatty ( 1315): uid=1000(system) Binder:1315_1F expire 9 lines
03-05 10:45:48.603 I/chatty ( 1315): uid=1000(system) Binder:1315_20 expire 10 lines
03-05 10:45:50.073 I/chatty ( 1315): uid=1000(system) AlarmManager expire 1 line
03-05 10:45:50.137 I/chatty ( 1315): uid=1000(system) Binder:1315_15 expire 9 lines
03-05 10:46:21.070 I/chatty ( 1315): uid=1000(system) Binder:1315_6 expire 10 lines
03-05 10:46:21.105 I/chatty ( 1315): uid=1000(system) Binder:1315_18 expire 4 lines
03-05 10:46:21.137 I/chatty ( 1315): uid=1000(system) Binder:1315_10 expire 7 lines
03-05 10:46:21.150 I/chatty ( 1315): uid=1000(system) ConnectivitySer expire 1 line
03-05 10:46:21.163 I/chatty ( 1315): uid=1000(system) Binder:1315_1C expire 6 lines
03-05 10:46:21.187 I/chatty ( 1315): uid=1000(system) Binder:1315_13 expire 3 lines
03-05 10:46:21.223 I/chatty ( 1315): uid=1000(system) Binder:1315_2 expire 11 lines
03-05 10:46:21.275 I/chatty ( 1315): uid=1000(system) Binder:1315_9 expire 8 lines
03-05 10:46:21.353 I/chatty ( 1315): uid=1000(system) Binder:1315_3 expire 2 lines
03-05 10:46:21.362 I/chatty ( 1315): uid=1000(system) Binder:1315_17 expire 11 lines
03-05 10:46:21.525 I/chatty ( 1315): uid=1000(system) Binder:1315_8 expire 1 line
03-05 10:46:22.041 I/chatty ( 1315): uid=1000(system) Binder:1315_14 expire 6 lines
03-05 10:46:28.504 I/chatty ( 1315): uid=1000(system) Binder:1315_1E expire 2 lines
03-05 10:46:28.853 I/chatty ( 1315): uid=1000(system) Binder:1315_19 expire 6 lines
03-05 10:46:30.608 I/chatty ( 1315): uid=1000 system_server expire 8 lines
03-05 10:46:30.617 I/chatty ( 1315): uid=1000(system) Binder:1315_A expire 5 lines
03-05 10:46:30.734 I/chatty ( 1315): uid=1000(system) Binder:1315_B expire 3 lines
03-05 10:46:30.766 I/chatty ( 1315): uid=1000(system) Binder:1315_7 expire 7 lines
03-05 10:46:30.825 I/chatty ( 1315): uid=1000(system) PowerManagerSer expire 3 lines
03-05 10:46:30.828 I/chatty ( 1315): uid=1000(system) Binder:1315_1B expire 7 lines
03-05 10:46:30.861 I/chatty ( 1315): uid=1000(system) android.display expire 3 lines
03-05 10:46:30.862 I/chatty ( 1315): uid=1000(system) Binder:1315_4 expire 10 lines
03-05 10:46:30.868 I/chatty ( 1315): uid=1000(system) Binder:1315_E expire 5 lines
03-05 10:46:31.336 I/chatty ( 1315): uid=1000(system) Binder:1315_1A expire 7 lines
03-05 10:46:31.573 I/chatty ( 1315): uid=1000(system) Binder:1315_C expire 7 lines
03-05 10:46:32.241 E/ActivityThread( 9521): Failed to find provider info for com.baidu.netdisk.BaiduGidContentProvider
03-05 10:46:32.370 I/chatty ( 1315): uid=1000(system) android.bg expire 5 lines
03-05 10:46:33.513 I/chatty ( 1315): uid=1000(system) Binder:1315_12 expire 3 lines
03-05 10:46:33.686 W/ContextImpl( 1697): Calling a method in the system process without a qualified user: android.app.ContextImpl.bindService:1435 android.content.ContextWrapper.bindService:639 smartisanos.app.tracker.TrackerServiceConnection.connect:34 smartisanos.app.tracker.Agent.connectService:65 smartisanos.app.tracker.Agent.flush:388
03-05 10:46:40.310 I/chatty ( 1315): uid=1000(system) Binder:1315_20 expire 3 lines
03-05 10:46:50.456 I/chatty ( 1315): uid=1000(system) InputReader expire 10 lines
03-05 10:46:51.891 W/ViewRootImpl[MainActivity]( 9521): Cancelling event due to no window focus: KeyEvent { action=ACTION_UP, keyCode=KEYCODE_BACK, scanCode=158, metaState=0, flags=0x28, repeatCount=0, eventTime=1056754697, downTime=1056754674, deviceId=3, source=0x101 }
03-05 10:46:51.891 W/ViewRootImpl[MainActivity]( 9521): Cancelling event due to no window focus: KeyEvent { action=ACTION_UP, keyCode=KEYCODE_BACK, scanCode=158, metaState=0, flags=0x28, repeatCount=0, eventTime=1056754697, downTime=1056754674, deviceId=3, source=0x101 }
03-05 10:46:51.891 W/ViewRootImpl[MainActivity]( 9521): Cancelling event due to no window focus: KeyEvent { action=ACTION_UP, keyCode=KEYCODE_BACK, scanCode=158, metaState=0, flags=0x28, repeatCount=0, eventTime=1056754697, downTime=1056754674, deviceId=3, source=0x101 }
03-05 10:46:51.896 W/ViewRootImpl[MainActivity]( 9521): Cancelling event due to no window focus: KeyEvent { action=ACTION_UP, keyCode=KEYCODE_BACK, scanCode=158, metaState=0, flags=0x28, repeatCount=0, eventTime=1056754697, downTime=1056754674, deviceId=3, source=0x101 }
03-05 10:46:51.896 W/ViewRootImpl[MainActivity]( 9521): Cancelling event due to no window focus: KeyEvent { action=ACTION_UP, keyCode=KEYCODE_BACK, scanCode=158, metaState=0, flags=0x28, repeatCount=0, eventTime=1056754697, downTime=1056754674, deviceId=3, source=0x101 }
03-05 10:46:51.896 W/ViewRootImpl[MainActivity]( 9521): Cancelling event due to no window focus: KeyEvent { action=ACTION_UP, keyCode=KEYCODE_BACK, scanCode=158, metaState=0, flags=0x28, repeatCount=0, eventTime=1056754697, downTime=1056754674, deviceId=3, source=0x101 }
03-05 10:46:51.896 W/ViewRootImpl[MainActivity]( 9521): Cancelling event due to no window focus: KeyEvent { action=ACTION_UP, keyCode=KEYCODE_BACK, scanCode=158, metaState=0, flags=0x28, repeatCount=0, eventTime=1056754697, downTime=1056754674, deviceId=3, source=0x101 }
03-05 10:46:51.896 W/ViewRootImpl[MainActivity]( 9521): Cancelling event due to no window focus: KeyEvent { action=ACTION_UP, keyCode=KEYCODE_BACK, scanCode=158, metaState=0, flags=0x28, repeatCount=0, eventTime=1056754697, downTime=1056754674, deviceId=3, source=0x101 }
03-05 10:46:51.896 W/ViewRootImpl[MainActivity]( 9521): Cancelling event due to no window focus: KeyEvent { action=ACTION_UP, keyCode=KEYCODE_BACK, scanCode=158, metaState=0, flags=0x28, repeatCount=0, eventTime=1056754697, downTime=1056754674, deviceId=3, source=0x101 }
03-05 10:46:52.734 W/ViewRootImpl[ChromeTabbedActivity]( 7035): Cancelling event due to no window focus: KeyEvent { action=ACTION_UP, keyCode=KEYCODE_BACK, scanCode=158, metaState=0, flags=0x28, repeatCount=0, eventTime=1056754674, downTime=1056754674, deviceId=3, source=0x101 }
03-05 10:46:52.734 W/ViewRootImpl[ChromeTabbedActivity]( 7035): Cancelling event due to no window focus: KeyEvent { action=ACTION_UP, keyCode=KEYCODE_BACK, scanCode=158, metaState=0, flags=0x28, repeatCount=0, eventTime=1056754674, downTime=1056754674, deviceId=3, source=0x101 }
03-05 10:46:52.735 W/ViewRootImpl[ChromeTabbedActivity]( 7035): Cancelling event due to no window focus: KeyEvent { action=ACTION_UP, keyCode=KEYCODE_BACK, scanCode=158, metaState=0, flags=0x28, repeatCount=0, eventTime=1056754674, downTime=1056754674, deviceId=3, source=0x101 }
03-05 10:46:52.735 W/ViewRootImpl[ChromeTabbedActivity]( 7035): Cancelling event due to no window focus: KeyEvent { action=ACTION_UP, keyCode=KEYCODE_BACK, scanCode=158, metaState=0, flags=0x28, repeatCount=0, eventTime=1056754674, downTime=1056754674, deviceId=3, source=0x101 }
03-05 10:46:52.735 W/ViewRootImpl[ChromeTabbedActivity]( 7035): Cancelling event due to no window focus: KeyEvent { action=ACTION_UP, keyCode=KEYCODE_BACK, scanCode=158, metaState=0, flags=0x28, repeatCount=0, eventTime=1056754674, downTime=1056754674, deviceId=3, source=0x101 }
03-05 10:46:52.735 W/ViewRootImpl[ChromeTabbedActivity]( 7035): Cancelling event due to no window focus: KeyEvent { action=ACTION_UP, keyCode=KEYCODE_BACK, scanCode=158, metaState=0, flags=0x28, repeatCount=0, eventTime=1056754674, downTime=1056754674, deviceId=3, source=0x101 }
03-05 10:46:52.773 W/ViewRootImpl[ChromeTabbedActivity]( 7035): Cancelling event due to no window focus: KeyEvent { action=ACTION_UP, keyCode=KEYCODE_BACK, scanCode=158, metaState=0, flags=0x28, repeatCount=0, eventTime=1056754674, downTime=1056754674, deviceId=3, source=0x101 }
03-05 10:46:52.773 W/ViewRootImpl[ChromeTabbedActivity]( 7035): Cancelling event due to no window focus: KeyEvent { action=ACTION_UP, keyCode=KEYCODE_BACK, scanCode=158, metaState=0, flags=0x28, repeatCount=0, eventTime=1056754674, downTime=1056754674, deviceId=3, source=0x101 }
03-05 10:46:52.773 W/ViewRootImpl[ChromeTabbedActivity]( 7035): Cancelling event due to no window focus: KeyEvent { action=ACTION_UP, keyCode=KEYCODE_BACK, scanCode=158, metaState=0, flags=0x28, repeatCount=0, eventTime=1056754674, downTime=1056754674, deviceId=3, source=0x101 }
03-05 10:46:52.784 W/ViewRootImpl[ChromeTabbedActivity]( 7035): Dropping event due to no window focus: KeyEvent { action=ACTION_DOWN, keyCode=KEYCODE_BACK, scanCode=158, metaState=0, flags=0x8, repeatCount=0, eventTime=1056754854, downTime=1056754854, deviceId=3, source=0x101 }
03-05 10:46:52.784 I/chatty ( 1315): uid=1000(system) InputDispatcher expire 8 lines
03-05 10:46:52.788 W/ViewRootImpl[ChromeTabbedActivity]( 7035): Cancelling event due to no window focus: KeyEvent { action=ACTION_UP, keyCode=KEYCODE_BACK, scanCode=158, metaState=0, flags=0x28, repeatCount=0, eventTime=1056754854, downTime=1056754854, deviceId=3, source=0x101 }
03-05 10:46:52.788 W/ViewRootImpl[ChromeTabbedActivity]( 7035): Cancelling event due to no window focus: KeyEvent { action=ACTION_UP, keyCode=KEYCODE_BACK, scanCode=158, metaState=0, flags=0x28, repeatCount=0, eventTime=1056754854, downTime=1056754854, deviceId=3, source=0x101 }
03-05 10:46:52.788 W/ViewRootImpl[ChromeTabbedActivity]( 7035): Cancelling event due to no window focus: KeyEvent { action=ACTION_UP, keyCode=KEYCODE_BACK, scanCode=158, metaState=0, flags=0x28, repeatCount=0, eventTime=1056754854, downTime=1056754854, deviceId=3, source=0x101 }
03-05 10:46:52.788 W/ViewRootImpl[ChromeTabbedActivity]( 7035): Cancelling event due to no window focus: KeyEvent { action=ACTION_UP, keyCode=KEYCODE_BACK, scanCode=158, metaState=0, flags=0x28, repeatCount=0, eventTime=1056754854, downTime=1056754854, deviceId=3, source=0x101 }
03-05 10:46:52.788 W/ViewRootImpl[ChromeTabbedActivity]( 7035): Cancelling event due to no window focus: KeyEvent { action=ACTION_UP, keyCode=KEYCODE_BACK, scanCode=158, metaState=0, flags=0x28, repeatCount=0, eventTime=1056754854, downTime=1056754854, deviceId=3, source=0x101 }
03-05 10:46:52.789 W/ViewRootImpl[ChromeTabbedActivity]( 7035): Cancelling event due to no window focus: KeyEvent { action=ACTION_UP, keyCode=KEYCODE_BACK, scanCode=158, metaState=0, flags=0x28, repeatCount=0, eventTime=1056754854, downTime=1056754854, deviceId=3, source=0x101 }
03-05 10:46:52.789 W/ViewRootImpl[ChromeTabbedActivity]( 7035): Cancelling event due to no window focus: KeyEvent { action=ACTION_UP, keyCode=KEYCODE_BACK, scanCode=158, metaState=0, flags=0x28, repeatCount=0, eventTime=1056754854, downTime=1056754854, deviceId=3, source=0x101 }
03-05 10:46:52.789 W/ViewRootImpl[ChromeTabbedActivity]( 7035): Cancelling event due to no window focus: KeyEvent { action=ACTION_UP, keyCode=KEYCODE_BACK, scanCode=158, metaState=0, flags=0x28, repeatCount=0, eventTime=1056754854, downTime=1056754854, deviceId=3, source=0x101 }
03-05 10:46:52.790 W/ViewRootImpl[ChromeTabbedActivity]( 7035): Cancelling event due to no window focus: KeyEvent { action=ACTION_UP, keyCode=KEYCODE_BACK, scanCode=158, metaState=0, flags=0x28, repeatCount=0, eventTime=1056754854, downTime=1056754854, deviceId=3, source=0x101 }
03-05 10:46:52.900 W/ViewRootImpl[ChromeTabbedActivity]( 7035): Dropping event due to no window focus: KeyEvent { action=ACTION_DOWN, keyCode=KEYCODE_BACK, scanCode=158, metaState=0, flags=0x8, repeatCount=0, eventTime=1056755158, downTime=1056755158, deviceId=3, source=0x101 }
03-05 10:46:52.901 W/ViewRootImpl[ChromeTabbedActivity]( 7035): Cancelling event due to no window focus: KeyEvent { action=ACTION_UP, keyCode=KEYCODE_BACK, scanCode=158, metaState=0, flags=0x28, repeatCount=0, eventTime=1056755158, downTime=1056755158, deviceId=3, source=0x101 }
03-05 10:46:52.901 W/ViewRootImpl[ChromeTabbedActivity]( 7035): Cancelling event due to no window focus: KeyEvent { action=ACTION_UP, keyCode=KEYCODE_BACK, scanCode=158, metaState=0, flags=0x28, repeatCount=0, eventTime=1056755158, downTime=1056755158, deviceId=3, source=0x101 }
03-05 10:46:52.901 W/ViewRootImpl[ChromeTabbedActivity]( 7035): Cancelling event due to no window focus: KeyEvent { action=ACTION_UP, keyCode=KEYCODE_BACK, scanCode=158, metaState=0, flags=0x28, repeatCount=0, eventTime=1056755158, downTime=1056755158, deviceId=3, source=0x101 }
03-05 10:46:52.901 W/ViewRootImpl[ChromeTabbedActivity]( 7035): Cancelling event due to no window focus: KeyEvent { action=ACTION_UP, keyCode=KEYCODE_BACK, scanCode=158, metaState=0, flags=0x28, repeatCount=0, eventTime=1056755158, downTime=1056755158, deviceId=3, source=0x101 }
03-05 10:46:52.901 W/ViewRootImpl[ChromeTabbedActivity]( 7035): Cancelling event due to no window focus: KeyEvent { action=ACTION_UP, keyCode=KEYCODE_BACK, scanCode=158, metaState=0, flags=0x28, repeatCount=0, eventTime=1056755158, downTime=1056755158, deviceId=3, source=0x101 }
03-05 10:46:52.901 W/ViewRootImpl[ChromeTabbedActivity]( 7035): Cancelling event due to no window focus: KeyEvent { action=ACTION_UP, keyCode=KEYCODE_BACK, scanCode=158, metaState=0, flags=0x28, repeatCount=0, eventTime=1056755158, downTime=1056755158, deviceId=3, source=0x101 }
03-05 10:46:52.902 W/ViewRootImpl[ChromeTabbedActivity]( 7035): Cancelling event due to no window focus: KeyEvent { action=ACTION_UP, keyCode=KEYCODE_BACK, scanCode=158, metaState=0, flags=0x28, repeatCount=0, eventTime=1056755158, downTime=1056755158, deviceId=3, source=0x101 }
03-05 10:46:52.902 W/ViewRootImpl[ChromeTabbedActivity]( 7035): Cancelling event due to no window focus: KeyEvent { action=ACTION_UP, keyCode=KEYCODE_BACK, scanCode=158, metaState=0, flags=0x28, repeatCount=0, eventTime=1056755158, downTime=1056755158, deviceId=3, source=0x101 }
03-05 10:46:52.903 W/ViewRootImpl[ChromeTabbedActivity]( 7035): Cancelling event due to no window focus: KeyEvent { action=ACTION_UP, keyCode=KEYCODE_BACK, scanCode=158, metaState=0, flags=0x28, repeatCount=0, eventTime=1056755158, downTime=1056755158, deviceId=3, source=0x101 }
03-05 10:46:54.082 I/chatty ( 1315): uid=1000(system) Binder:1315_16 expire 5 lines
03-05 10:46:54.206 I/chatty ( 1315): uid=1000(system) Binder:1315_1 expire 1 line
03-05 10:46:54.249 I/chatty ( 1315): uid=1000(system) Binder:1315_6 expire 7 lines
03-05 10:46:54.269 I/chatty ( 1315): uid=1000(system) Binder:1315_F expire 8 lines
03-05 10:46:54.269 I/chatty ( 1315): uid=1000(system) NetworkStatsObs expire 1 line
03-05 10:46:54.311 I/chatty ( 1315): uid=1000(system) Binder:1315_A expire 15 lines
03-05 10:46:54.397 I/chatty ( 1315): uid=1000(system) Binder:1315_10 expire 12 lines
03-05 10:46:54.435 I/chatty ( 1315): uid=1000(system) Binder:1315_D expire 8 lines
03-05 10:46:54.458 I/chatty ( 1315): uid=1000(system) Binder:1315_20 expire 4 lines
03-05 10:46:54.521 I/chatty ( 1315): uid=1000(system) Binder:1315_19 expire 9 lines
03-05 10:46:54.655 I/chatty ( 1315): uid=1000(system) Binder:1315_1F expire 10 lines
03-05 10:46:54.882 I/chatty ( 1315): uid=1000(system) Binder:1315_14 expire 5 lines
03-05 10:46:55.031 I/chatty ( 1315): uid=1000 system_server expire 13 lines
03-05 10:46:55.077 I/chatty ( 1315): uid=1000(system) Binder:1315_1 expire 2 lines
03-05 10:46:55.409 E/ActivityThread(13084): Failed to find provider info for com.tencent.mm.coolassist.debugprovider
03-05 10:46:56.119 I/chatty ( 1315): uid=1000(system) InputReader expire 2 lines
03-05 10:46:58.548 I/chatty ( 1315): uid=1000(system) ActivityManager expire 13 lines
03-05 10:46:58.643 I/chatty ( 1315): uid=1000(system) Binder:1315_7 expire 10 lines
03-05 10:46:59.380 I/chatty ( 1315): uid=1000(system) Binder:1315_13 expire 4 lines
03-05 10:47:06.455 I/chatty ( 1315): uid=1000(system) android.bg expire 12 lines
03-05 10:47:06.976 I/chatty ( 1315): uid=1000(system) Binder:1315_2 expire 8 lines
03-05 10:47:07.033 I/chatty ( 1315): uid=1000(system) Binder:1315_11 expire 14 lines
03-05 10:47:08.600 I/chatty ( 1315): uid=1000(system) Binder:1315_C expire 7 lines
03-05 10:47:08.731 I/chatty ( 1315): uid=1000(system) Binder:1315_9 expire 9 lines
03-05 10:47:08.760 I/chatty ( 1315): uid=1000(system) Binder:1315_1A expire 5 lines
03-05 10:47:08.967 I/chatty ( 1315): uid=1000(system) Binder:1315_1C expire 4 lines
03-05 10:47:11.324 I/chatty ( 1315): uid=1000(system) Binder:1315_1E expire 10 lines
03-05 10:47:11.339 I/chatty ( 1315): uid=1000(system) Binder:1315_17 expire 1 line
03-05 10:47:12.736 I/chatty ( 1315): uid=1000(system) Binder:1315_1D expire 7 lines
03-05 10:47:15.689 I/chatty ( 1315): uid=1000(system) Binder:1315_E expire 1 line
03-05 10:47:21.183 I/chatty ( 1315): uid=1000(system) Binder:1315_B expire 4 lines
03-05 10:47:24.080 I/chatty ( 1315): uid=1000(system) Binder:1315_3 expire 5 lines
03-05 10:47:25.309 I/chatty ( 1315): uid=1000(system) Binder:1315_16 expire 1 line
03-05 10:47:27.242 I/chatty ( 1315): uid=1000(system) batterystats-sy expire 1 line
03-05 10:47:28.443 W/ContextImpl(13887): Calling a method in the system process without a qualified user: android.app.ContextImpl.startService:1371 android.content.ContextWrapper.startService:616 android.content.ContextWrapper.startService:616 com.android.settings.fuelgauge.BatteryChangeReceiver.tL:-1 com.android.settings.fuelgauge.BatteryChangeReceiver.tO:-1
03-05 10:47:28.497 I/chatty ( 1315): uid=1000(system) Binder:1315_4 expire 7 lines
03-05 10:47:28.885 I/chatty ( 1315): uid=1000(system) Binder:1315_18 expire 5 lines
03-05 10:47:29.011 I/chatty ( 1315): uid=1000(system) Binder:1315_5 expire 2 lines
03-05 10:47:29.115 I/chatty ( 1315): uid=1000(system) Binder:1315_A expire 3 lines
03-05 10:47:29.909 I/chatty ( 1315): uid=1000(system) android.display expire 3 lines
03-05 10:47:29.975 I/chatty ( 1315): uid=1000(system) Binder:1315_12 expire 3 lines
03-05 10:47:58.009 I/chatty ( 1315): uid=1000(system) PowerManagerSer expire 5 lines
03-05 10:48:01.815 I/chatty ( 1315): uid=1000(system) PackageManager expire 1 line
03-05 10:48:02.272 E/ActivityThread( 9521): Failed to find provider info for com.baidu.netdisk.BaiduGidContentProvider
03-05 10:48:02.273 I/chatty ( 1315): uid=1000 system_server expire 3 lines
