03-05 09:29:28.409 I/chatty ( 1315): uid=1000(system) NetworkStatsObs expire 1 line
03-05 09:29:28.692 I/chatty ( 1315): uid=1000(system) Binder:1315_1A expire 4 lines
03-05 09:29:29.487 I/chatty ( 1315): uid=1000(system) android.io expire 4 lines
03-05 09:29:33.327 I/chatty ( 1315): uid=1000(system) InputReader expire 10 lines
03-05 09:29:33.401 I/chatty ( 1315): uid=1000(system) Binder:1315_20 expire 5 lines
03-05 09:29:36.252 I/chatty ( 1315): uid=1000(system) Binder:1315_17 expire 4 lines
03-05 09:29:37.382 W/ViewRootImpl[SplashActivity](29337): Cancelling event due to no window focus: KeyEvent { action=ACTION_UP, keyCode=KEYCODE_BACK, scanCode=158, metaState=0, flags=0x28, repeatCount=0, eventTime=1053154568, downTime=1053154547, deviceId=3, source=0x101 }
03-05 09:29:37.382 W/ViewRootImpl[SplashActivity](29337): Cancelling event due to no window focus: KeyEvent { action=ACTION_UP, keyCode=KEYCODE_BACK, scanCode=158, metaState=0, flags=0x28, repeatCount=0, eventTime=1053154568, downTime=1053154547, deviceId=3, source=0x101 }
03-05 09:29:37.383 W/ViewRootImpl[SplashActivity](29337): Cancelling event due to no window focus: KeyEvent { action=ACTION_UP, keyCode=KEYCODE_BACK, scanCode=158, metaState=0, flags=0x28, repeatCount=0, eventTime=1053154568, downTime=1053154547, deviceId=3, source=0x101 }
03-05 09:29:37.383 W/ViewRootImpl[SplashActivity](29337): Cancelling event due to no window focus: KeyEvent { action=ACTION_UP, keyCode=KEYCODE_BACK, scanCode=158, metaState=0, flags=0x28, repeatCount=0, eventTime=1053154568, downTime=1053154547, deviceId=3, source=0x101 }
03-05 09:29:37.384 W/ViewRootImpl[SplashActivity](29337): Cancelling event due to no window focus: KeyEvent { action=ACTION_UP, keyCode=KEYCODE_BACK, scanCode=158, metaState=0, flags=0x28, repeatCount=0, eventTime=1053154568, downTime=1053154547, deviceId=3, source=0x101 }
03-05 09:29:37.384 W/ViewRootImpl[SplashActivity](29337): Cancelling event due to no window focus: KeyEvent { action=ACTION_UP, keyCode=KEYCODE_BACK, scanCode=158, metaState=0, flags=0x28, repeatCount=0, eventTime=1053154568, downTime=1053154547, deviceId=3, source=0x101 }
03-05 09:29:37.384 W/ViewRootImpl[SplashActivity](29337): Cancelling event due to no window focus: KeyEvent { action=ACTION_UP, keyCode=KEYCODE_BACK, scanCode=158, metaState=0, flags=0x28, repeatCount=0, eventTime=1053154568, downTime=1053154547, deviceId=3, source=0x101 }
03-05 09:29:37.384 W/ViewRootImpl[SplashActivity](29337): Cancelling event due to no window focus: KeyEvent { action=ACTION_UP, keyCode=KEYCODE_BACK, scanCode=158, metaState=0, flags=0x28, repeatCount=0, eventTime=1053154568, downTime=1053154547, deviceId=3, source=0x101 }
03-05 09:29:37.384 W/ViewRootImpl[SplashActivity](29337): Cancelling event due to no window focus: KeyEvent { action=ACTION_UP, keyCode=KEYCODE_BACK, scanCode=158, metaState=0, flags=0x28, repeatCount=0, eventTime=1053154568, downTime=1053154547, deviceId=3, source=0x101 }
03-05 09:29:37.587 W/ViewRootImpl[smt_launcher]( 2651): Cancelling event due to no window focus: KeyEvent { action=ACTION_UP, keyCode=KEYCODE_BACK, scanCode=158, metaState=0, flags=0x28, repeatCount=0, eventTime=1053154547, downTime=1053154547, deviceId=3, source=0x101 }
03-05 09:29:37.587 W/ViewRootImpl[smt_launcher]( 2651): Cancelling event due to no window focus: KeyEvent { action=ACTION_UP, keyCode=KEYCODE_BACK, scanCode=158, metaState=0, flags=0x28, repeatCount=0, eventTime=1053154547, downTime=1053154547, deviceId=3, source=0x101 }
03-05 09:29:37.587 W/ViewRootImpl[smt_launcher]( 2651): Cancelling event due to no window focus: KeyEvent { action=ACTION_UP, keyCode=KEYCODE_BACK, scanCode=158, metaState=0, flags=0x28, repeatCount=0, eventTime=1053154547, downTime=1053154547, deviceId=3, source=0x101 }
03-05 09:29:37.589 W/ViewRootImpl[smt_launcher]( 2651): Cancelling event due to no window focus: KeyEvent { action=ACTION_UP, keyCode=KEYCODE_BACK, scanCode=158, metaState=0, flags=0x28, repeatCount=0, eventTime=1053154547, downTime=1053154547, deviceId=3, source=0x101 }
03-05 09:29:37.595 W/ViewRootImpl[smt_launcher]( 2651): Cancelling event due to no window focus: KeyEvent { action=ACTION_UP, keyCode=KEYCODE_BACK, scanCode=158, metaState=0, flags=0x28, repeatCount=0, eventTime=1053154547, downTime=1053154547, deviceId=3, source=0x101 }
03-05 09:29:37.595 W/ViewRootImpl[smt_launcher]( 2651): Cancelling event due to no window focus: KeyEvent { action=ACTION_UP, keyCode=KEYCODE_BACK, scanCode=158, metaState=0, flags=0x28, repeatCount=0, eventTime=1053154547, downTime=1053154547, deviceId=3, source=0x101 }
03-05 09:29:46.221 I/chatty ( 1315): uid=1000(system) Binder:1315_13 expire 4 lines
03-05 09:30:06.718 I/chatty ( 1315): uid=1000(system) PowerManagerSer expire 5 lines
03-05 09:30:06.828 I/chatty ( 1315): uid=1000 system_server expire 16 lines
03-05 09:30:09.596 I/chatty ( 1315): uid=1000(system) Binder:1315_9 expire 1 line
03-05 09:30:10.038 I/chatty ( 1315): uid=1000(system) PackageManager expire 1 line
03-05 09:30:31.452 I/chatty ( 1315): uid=1000(system) Binder:1315_10 expire 1 line
03-05 09:30:31.777 I/chatty ( 1315): uid=1000(system) Binder:1315_3 expire 9 lines
03-05 09:30:32.358 I/chatty ( 1315): uid=1000(system) Binder:1315_12 expire 4 lines
03-05 09:30:34.376 W/ContextImpl( 1697): Calling a method in the system process without a qualified user: android.app.ContextImpl.bindService:1435 android.content.ContextWrapper.bindService:639 smartisanos.app.tracker.TrackerServiceConnection.connect:34 smartisanos.app.tracker.Agent.connectService:65 smartisanos.app.tracker.Agent.flush:388
03-05 09:30:34.470 I/chatty ( 1315): uid=1000(system) Binder:1315_14 expire 5 lines
03-05 09:30:35.530 I/chatty ( 1315): uid=1000(system) Binder:1315_E expire 3 lines
03-05 09:30:36.355 I/chatty ( 1315): uid=1000(system) Binder:1315_6 expire 2 lines
03-05 09:30:36.412 I/chatty ( 1315): uid=1000(system) ConnectivitySer expire 3 lines
03-05 09:30:36.588 I/chatty ( 1315): uid=1000(system) InputReader expire 10 lines
03-05 09:30:37.149 W/ViewRootImpl[smt_launcher]( 2651): Cancelling event due to no window focus: KeyEvent { action=ACTION_UP, keyCode=KEYCODE_BACK, scanCode=158, metaState=0, flags=0x28, repeatCount=0, eventTime=1053199906, downTime=1053199906, deviceId=3, source=0x101 }
03-05 09:30:37.149 W/ViewRootImpl[smt_launcher]( 2651): Cancelling event due to no window focus: KeyEvent { action=ACTION_UP, keyCode=KEYCODE_BACK, scanCode=158, metaState=0, flags=0x28, repeatCount=0, eventTime=1053199906, downTime=1053199906, deviceId=3, source=0x101 }
03-05 09:30:37.149 W/ViewRootImpl[smt_launcher]( 2651): Cancelling event due to no window focus: KeyEvent { action=ACTION_UP, keyCode=KEYCODE_BACK, scanCode=158, metaState=0, flags=0x28, repeatCount=0, eventTime=1053199906, downTime=1053199906, deviceId=3, source=0x101 }
03-05 09:30:37.149 W/ViewRootImpl[smt_launcher]( 2651): Cancelling event due to no window focus: KeyEvent { action=ACTION_UP, keyCode=KEYCODE_BACK, scanCode=158, metaState=0, flags=0x28, repeatCount=0, eventTime=1053199906, downTime=1053199906, deviceId=3, source=0x101 }
03-05 09:30:37.149 W/ViewRootImpl[smt_launcher]( 2651): Cancelling event due to no window focus: KeyEvent { action=ACTION_UP, keyCode=KEYCODE_BACK, scanCode=158, metaState=0, flags=0x28, repeatCount=0, eventTime=1053199906, downTime=1053199906, deviceId=3, source=0x101 }
03-05 09:30:37.150 W/ViewRootImpl[smt_launcher]( 2651): Cancelling event due to no window focus: KeyEvent { action=ACTION_UP, keyCode=KEYCODE_BACK, scanCode=158, metaState=0, flags=0x28, repeatCount=0, eventTime=1053199906, downTime=1053199906, deviceId=3, source=0x101 }
03-05 09:30:37.188 W/ViewRootImpl[smt_launcher]( 2651): Dropping event due to no window focus: KeyEvent { action=ACTION_DOWN, keyCode=KEYCODE_BACK, scanCode=158, metaState=0, flags=0x8, repeatCount=0, eventTime=1053200090, downTime=1053200090, deviceId=3, source=0x101 }
03-05 09:30:37.189 I/chatty ( 1315): uid=1000(system) InputDispatcher expire 4 lines
03-05 09:30:37.193 I/chatty ( 1315): uid=1000(system) android.display expire 23 lines
03-05 09:31:05.703 I/chatty ( 1315): uid=1000(system) Binder:1315_5 expire 7 lines
03-05 09:31:05.789 I/chatty ( 1315): uid=1000(system) Binder:1315_B expire 17 lines
03-05 09:31:05.943 I/chatty ( 1315): uid=1000(system) android.display expire 22 lines
03-05 09:31:05.949 I/chatty ( 1315): uid=1000(system) Binder:1315_C expire 9 lines
03-05 09:31:05.959 I/chatty ( 1315): uid=1000(system) Binder:1315_9 expire 4 lines
03-05 09:31:06.534 I/chatty ( 1315): uid=1000(system) Binder:1315_1D expire 4 lines
03-05 09:31:06.615 I/chatty ( 1315): uid=1000(system) Binder:1315_18 expire 3 lines
03-05 09:31:07.197 W/FileUtils( 8899): Failed to chmod(/data/user/0/com.tencent.mobileqq/app_tbs): android.system.ErrnoException: chmod failed: EACCES (Permission denied)
03-05 09:31:07.207 W/FileUtils( 8899): Failed to chmod(/data/user/0/com.tencent.mobileqq/app_tbs): android.system.ErrnoException: chmod failed: EACCES (Permission denied)
03-05 09:31:07.212 I/chatty ( 1315): uid=1000(system) Binder:1315_5 expire 8 lines
03-05 09:31:07.283 I/chatty ( 1315): uid=1000(system) Binder:1315_19 expire 17 lines
03-05 09:31:07.689 W/FileUtils( 8899): Failed to chmod(/data/user/0/com.tencent.mobileqq/app_tbs): android.system.ErrnoException: chmod failed: EACCES (Permission denied)
03-05 09:31:07.690 W/FileUtils( 8899): Failed to chmod(/data/user/0/com.tencent.mobileqq/app_tbs): android.system.ErrnoException: chmod failed: EACCES (Permission denied)
03-05 09:31:07.694 I/chatty ( 1315): uid=1000(system) Binder:1315_1B expire 6 lines
03-05 09:31:07.896 I/chatty ( 1315): uid=1000(system) Binder:1315_3 expire 1 line
03-05 09:31:07.911 I/chatty ( 1315): uid=1000(system) Binder:1315_E expire 3 lines
03-05 09:31:08.028 I/chatty ( 1315): uid=1000(system) android.io expire 6 lines
03-05 09:31:08.192 I/chatty ( 1315): uid=1000(system) Binder:1315_14 expire 4 lines
03-05 09:31:08.259 I/chatty ( 1315): uid=1000(system) Binder:1315_1 expire 1 line
03-05 09:31:08.275 I/chatty ( 1315): uid=1000(system) Binder:1315_2 expire 9 lines
03-05 09:31:08.576 E/ActivityThread( 9065): Failed to find provider info for com.tencent.mm.coolassist.debugprovider
03-05 09:31:11.896 I/chatty ( 1315): uid=1000(system) android.bg expire 10 lines
03-05 09:31:13.912 I/chatty ( 1315): uid=1000(system) Binder:1315_13 expire 3 lines
03-05 09:31:24.549 I/chatty ( 1315): uid=1000(system) Binder:1315_1E expire 7 lines
03-05 09:31:25.193 I/chatty ( 1315): uid=1000(system) Binder:1315_1A expire 2 lines
03-05 09:31:26.544 E/ActivityThread( 9280): Failed to find provider info for com.vivo.push.sdk.service.SystemPushConfig
03-05 09:31:26.552 I/chatty ( 1315): uid=1000(system) android.display expire 55 lines
03-05 09:31:26.638 I/chatty ( 1315): uid=1000(system) Binder:1315_16 expire 3 lines
03-05 09:31:26.684 I/chatty ( 1315): uid=1000(system) Binder:1315_20 expire 10 lines
03-05 09:31:27.365 I/chatty ( 1315): uid=1000(system) Binder:1315_11 expire 2 lines
03-05 09:31:33.110 I/chatty ( 1315): uid=1000(system) Binder:1315_12 expire 2 lines
03-05 09:31:36.219 I/chatty ( 1315): uid=1000(system) Binder:1315_8 expire 5 lines
03-05 09:31:42.212 I/chatty ( 1315): uid=1000(system) Binder:1315_17 expire 4 lines
03-05 09:32:14.667 I/chatty ( 1315): uid=1000(system) Binder:1315_A expire 4 lines
03-05 09:32:20.851 I/chatty ( 1315): uid=1000(system) Binder:1315_1C expire 4 lines
03-05 09:32:21.977 I/chatty ( 1315): uid=1000(system) Binder:1315_15 expire 5 lines
03-05 09:32:21.993 I/chatty ( 1315): uid=1000(system) Binder:1315_4 expire 4 lines
03-05 09:32:23.920 I/chatty ( 1315): uid=1000(system) InputReader expire 10 lines
03-05 09:32:24.041 I/chatty ( 1315): uid=1000(system) Binder:1315_D expire 6 lines
03-05 09:32:38.405 I/chatty ( 1315): uid=1000(system) Binder:1315_1F expire 1 line
03-05 09:32:40.713 I/chatty ( 1315): uid=1000(system) Binder:1315_10 expire 1 line
03-05 09:32:43.155 I/chatty ( 1315): uid=1000(system) batterystats-sy expire 1 line
03-05 09:32:43.248 W/ContextImpl(29153): Calling a method in the system process without a qualified user: android.app.ContextImpl.startService:1371 android.content.ContextWrapper.startService:616 android.content.ContextWrapper.startService:616 com.android.settings.fuelgauge.BatteryChangeReceiver.tL:-1 com.android.settings.fuelgauge.BatteryChangeReceiver.tO:-1
03-05 09:32:43.486 I/chatty ( 1315): uid=1000(system) Binder:1315_20 expire 11 lines
03-05 09:32:43.755 I/chatty ( 1315): uid=1000(system) Binder:1315_17 expire 5 lines
03-05 09:32:43.767 I/chatty ( 1315): uid=1000(system) Binder:1315_D expire 21 lines
03-05 09:32:44.050 I/chatty ( 1315): uid=1000(system) android.display expire 10 lines
03-05 09:32:44.910 I/chatty ( 1315): uid=1000(system) Binder:1315_13 expire 16 lines
03-05 09:32:44.942 I/chatty ( 1315): uid=1000(system) Binder:1315_C expire 2 lines
03-05 09:32:45.615 I/chatty ( 1315): uid=1000(system) Binder:1315_1A expire 8 lines
03-05 09:32:45.627 I/chatty ( 1315): uid=1000(system) Binder:1315_E expire 8 lines
03-05 09:32:49.011 I/chatty ( 1315): uid=1000(system) Binder:1315_A expire 4 lines
03-05 09:32:49.895 I/chatty ( 1315): uid=1000(system) InputReader expire 22 lines
03-05 09:32:49.920 I/chatty ( 1315): uid=1000(system) Binder:1315_1B expire 4 lines
03-05 09:32:49.949 I/chatty ( 1315): uid=1000(system) Binder:1315_3 expire 2 lines
03-05 09:32:50.198 W/ViewRootImpl[HomeActivity]( 8899): Dropping event due to no window focus: KeyEvent { action=ACTION_DOWN, keyCode=KEYCODE_BACK, scanCode=158, metaState=0, flags=0x8, repeatCount=0, eventTime=1053333087, downTime=1053333087, deviceId=3, source=0x101 }
03-05 09:32:50.198 I/chatty ( 1315): uid=1000(system) InputDispatcher expire 4 lines
03-05 09:32:52.617 I/chatty ( 1315): uid=1000 system_server expire 1 line
03-05 09:32:53.786 I/chatty ( 1315): uid=1000(system) Binder:1315_5 expire 5 lines
03-05 09:32:53.804 I/chatty ( 1315): uid=1000(system) Binder:1315_10 expire 10 lines
03-05 09:32:54.590 I/chatty ( 1315): uid=1000(system) Binder:1315_15 expire 5 lines
03-05 09:32:54.601 I/chatty ( 1315): uid=1000(system) Binder:1315_B expire 8 lines
03-05 09:33:00.009 I/chatty ( 1315): uid=1000(system) AlarmManager expire 2 lines
03-05 09:33:00.121 I/chatty ( 1315): uid=1000(system) Binder:1315_2 expire 12 lines
03-05 09:33:05.519 I/chatty ( 1315): uid=1000(system) Binder:1315_12 expire 8 lines
03-05 09:33:06.218 I/chatty ( 1315): uid=1000(system) android.bg expire 10 lines
03-05 09:33:16.268 I/chatty ( 1315): uid=1000(system) ActivityManager expire 6 lines
03-05 09:33:16.517 E/ActivityThread( 9936): Failed to find provider info for com.tencent.mm.coolassist.debugprovider
03-05 09:33:17.655 I/chatty ( 1315): uid=1000(system) Binder:1315_1D expire 8 lines
03-05 09:33:18.098 I/chatty ( 1315): uid=1000(system) Binder:1315_1C expire 10 lines
03-05 09:33:18.134 E/ActivityThread(10003): Failed to find provider info for com.tencent.mm.coolassist.debugprovider
03-05 09:33:18.324 I/chatty ( 1315): uid=1000(system) Binder:1315_7 expire 4 lines
03-05 09:33:18.363 I/chatty ( 1315): uid=1000(system) Binder:1315_6 expire 13 lines
03-05 09:33:18.457 I/chatty ( 1315): uid=1000(system) NetworkStatsObs expire 1 line
03-05 09:33:19.157 I/chatty ( 1315): uid=1000(system) Binder:1315_11 expire 6 lines
03-05 09:33:19.204 I/chatty ( 1315): uid=1000(system) Binder:1315_18 expire 1 line
03-05 09:33:20.025 I/chatty ( 1315): uid=1000(system) ConnectivitySer expire 1 line
03-05 09:33:20.286 I/chatty ( 1315): uid=1000(system) Binder:1315_1E expire 5 lines
03-05 09:33:20.521 I/chatty ( 1315): uid=1000(system) Binder:1315_19 expire 9 lines
03-05 09:33:33.634 I/chatty ( 1315): uid=1000(system) Binder:1315_9 expire 3 lines
03-05 09:33:34.506 I/chatty ( 1315): uid=1000(system) Binder:1315_1F expire 2 lines
03-05 09:33:45.901 I/chatty ( 1315): uid=1000(system) Binder:1315_8 expire 1 line
03-05 09:33:48.241 I/chatty ( 1315): uid=1000(system) Binder:1315_14 expire 1 line
03-05 09:33:49.157 I/chatty ( 1315): uid=1000(system) Binder:1315_16 expire 4 lines
03-05 09:33:53.883 I/chatty ( 1315): uid=1000(system) Binder:1315_4 expire 1 line
03-05 09:34:13.854 I/chatty ( 1315): uid=1000(system) android.io expire 2 lines
03-05 09:34:14.151 I/chatty ( 1315): uid=1000(system) android.display expire 3 lines
03-05 09:34:26.072 I/chatty ( 1315): uid=1000(system) Binder:1315_6 expire 8 lines
03-05 09:34:26.198 I/chatty ( 1315): uid=1000(system) Binder:1315_14 expire 8 lines
03-05 09:34:26.567 I/chatty ( 1315): uid=1000(system) Binder:1315_4 expire 13 lines
03-05 09:34:26.571 I/ActivityThread( 8899): Removing dead content provider:android.content.ContentProviderProxy@7f346a3
03-05 09:34:26.572 I/ActivityThread(10289): Removing dead content provider:android.content.ContentProviderProxy@ebe94ed
03-05 09:34:29.138 I/chatty ( 1315): uid=1000(system) ActivityManager expire 10 lines
03-05 09:34:29.157 I/chatty ( 1315): uid=1000(system) Binder:1315_10 expire 6 lines
03-05 09:34:29.215 I/chatty ( 1315): uid=1000(system) Binder:1315_1A expire 8 lines
03-05 09:34:30.367 I/chatty ( 1315): uid=1000(system) Binder:1315_2 expire 9 lines
03-05 09:34:31.487 I/chatty ( 1315): uid=1000(system) Binder:1315_1D expire 7 lines
03-05 09:34:32.101 I/chatty ( 1315): uid=1000(system) android.bg expire 7 lines
03-05 09:34:32.257 I/chatty ( 1315): uid=1000(system) Binder:1315_3 expire 10 lines
03-05 09:34:32.566 I/chatty ( 1315): uid=1000(system) Binder:1315_17 expire 5 lines
03-05 09:34:32.737 I/chatty ( 1315): uid=1000(system) Binder:1315_1B expire 5 lines
03-05 09:34:33.757 I/chatty ( 1315): uid=1000(system) Binder:1315_19 expire 9 lines
03-05 09:34:33.816 I/chatty ( 1315): uid=1000(system) android.io expire 2 lines
03-05 09:34:33.988 I/chatty ( 1315): uid=1000(system) Binder:1315_1F expire 14 lines
03-05 09:34:34.094 I/chatty ( 1315): uid=1000(system) Binder:1315_A expire 10 lines
03-05 09:34:34.104 I/chatty ( 1315): uid=1000(system) Binder:1315_D expire 11 lines
03-05 09:34:34.603 I/chatty ( 1315): uid=1000(system) Binder:1315_16 expire 7 lines
03-05 09:34:36.036 I/chatty ( 1315): uid=1000(system) Binder:1315_8 expire 9 lines
03-05 09:34:37.171 I/chatty ( 1315): uid=1000(system) Binder:1315_15 expire 8 lines
03-05 09:34:37.556 I/chatty ( 1315): uid=1000(system) Binder:1315_E expire 9 lines
03-05 09:34:37.874 I/chatty ( 1315): uid=1000(system) Binder:1315_B expire 10 lines
03-05 09:34:37.877 I/chatty ( 1315): uid=1000(system) ConnectivitySer expire 5 lines
03-05 09:34:38.653 I/chatty ( 1315): uid=1000(system) Binder:1315_1C expire 3 lines
03-05 09:34:38.797 I/chatty ( 1315): uid=1000(system) Binder:1315_F expire 9 lines
03-05 09:34:38.887 I/chatty ( 1315): uid=1000(system) Binder:1315_C expire 2 lines
03-05 09:34:42.755 I/chatty ( 1315): uid=1000(system) Binder:1315_13 expire 5 lines
03-05 09:34:45.374 I/chatty ( 1315): uid=1000(system) Binder:1315_18 expire 3 lines
03-05 09:34:47.274 I/chatty ( 1315): uid=1000(system) Binder:1315_20 expire 2 lines
03-05 09:34:47.291 I/chatty ( 1315): uid=1000(system) Binder:1315_7 expire 7 lines
03-05 09:34:49.288 I/chatty ( 1315): uid=1000(system) Binder:1315_5 expire 4 lines
03-05 09:34:53.504 I/chatty ( 1315): uid=1000(system) Binder:1315_9 expire 5 lines
03-05 09:34:53.529 I/chatty ( 1315): uid=1000(system) Binder:1315_12 expire 5 lines
03-05 09:34:54.590 W/SocketClient( 586): write error (Broken pipe)
03-05 09:34:59.135 I/chatty ( 1315): uid=1000(system) ActivityManager expire 10 lines
03-05 09:35:22.402 I/chatty ( 1315): uid=1000(system) Binder:1315_11 expire 1 line
03-05 09:35:43.695 I/chatty ( 1315): uid=1000(system) batterystats-sy expire 1 line
03-05 09:35:44.077 W/ContextImpl(11844): Calling a method in the system process without a qualified user: android.app.ContextImpl.startService:1371 android.content.ContextWrapper.startService:616 android.content.ContextWrapper.startService:616 com.android.settings.fuelgauge.BatteryChangeReceiver.tL:-1 com.android.settings.fuelgauge.BatteryChangeReceiver.tO:-1
03-05 09:35:44.955 I/chatty ( 1315): uid=1000(system) Binder:1315_D expire 11 lines
03-05 09:35:46.023 I/chatty ( 1315): uid=1000(system) Binder:1315_18 expire 5 lines
03-05 09:35:50.207 I/chatty ( 1315): uid=1000(system) android.bg expire 10 lines
03-05 09:35:50.227 I/chatty ( 1315): uid=1000(system) Binder:1315_9 expire 2 lines
03-05 09:35:54.200 I/chatty ( 1315): uid=1000(system) Binder:1315_B expire 17 lines
03-05 09:35:56.405 I/chatty ( 1315): uid=1000(system) Binder:1315_A expire 5 lines
03-05 09:35:56.429 I/chatty ( 1315): uid=1000(system) Binder:1315_14 expire 1 line
03-05 09:35:56.585 I/chatty ( 1315): uid=1000(system) Binder:1315_1B expire 9 lines
03-05 09:35:57.079 I/chatty ( 1315): uid=1000(system) Binder:1315_1A expire 3 lines
03-05 09:35:57.079 I/chatty ( 1315): uid=1000(system) ConnectivitySer expire 3 lines
03-05 09:35:57.587 I/chatty ( 1315): uid=1000(system) Binder:1315_16 expire 5 lines
03-05 09:35:57.619 I/chatty ( 1315): uid=1000(system) ActivityManager expire 14 lines
03-05 09:35:57.622 I/chatty ( 1315): uid=1000(system) Binder:1315_13 expire 5 lines
03-05 09:35:57.665 I/chatty ( 1315): uid=1000(system) Binder:1315_3 expire 7 lines
03-05 09:35:58.468 I/chatty ( 1315): uid=1000(system) Binder:1315_11 expire 10 lines
03-05 09:35:59.457 I/chatty ( 1315): uid=1000(system) Binder:1315_17 expire 11 lines
03-05 09:36:13.069 I/chatty ( 1315): uid=1000(system) Binder:1315_12 expire 13 lines
03-05 09:36:14.036 I/chatty ( 1315): uid=1000(system) Binder:1315_7 expire 1 line
03-05 09:36:16.123 I/chatty ( 1315): uid=1000(system) Binder:1315_6 expire 1 line
03-05 09:36:17.270 I/chatty ( 1315): uid=1000(system) Binder:1315_1D expire 1 line
03-05 09:36:17.324 I/chatty ( 1315): uid=1000(system) Binder:1315_2 expire 2 lines
03-05 09:36:33.290 I/chatty ( 1315): uid=1000(system) Binder:1315_19 expire 10 lines
03-05 09:36:39.161 I/chatty ( 1315): uid=1000(system) Binder:1315_F expire 3 lines
03-05 09:36:41.739 I/chatty ( 1315): uid=1000(system) Binder:1315_10 expire 11 lines
03-05 09:36:43.721 I/chatty ( 1315): uid=1000(system) batterystats-sy expire 1 line
03-05 09:36:43.989 I/chatty ( 1315): uid=1000(system) Binder:1315_15 expire 11 lines
03-05 09:36:43.998 W/ContextImpl(12216): Calling a method in the system process without a qualified user: android.app.ContextImpl.startService:1371 android.content.ContextWrapper.startService:616 android.content.ContextWrapper.startService:616 com.android.settings.fuelgauge.BatteryChangeReceiver.tL:-1 com.android.settings.fuelgauge.BatteryChangeReceiver.tO:-1
03-05 09:36:59.189 I/chatty ( 1315): uid=1000(system) Binder:1315_4 expire 13 lines
03-05 09:37:03.595 I/chatty ( 1315): uid=1000(system) Binder:1315_E expire 4 lines
03-05 09:37:07.864 I/chatty ( 1315): uid=1000(system) Binder:1315_1E expire 9 lines
03-05 09:37:19.639 I/chatty ( 1315): uid=1000(system) Binder:1315_1C expire 6 lines
03-05 09:37:19.639 I/chatty ( 1315): uid=1000(system) Binder:1315_D expire 8 lines
03-05 09:37:29.160 I/chatty ( 1315): uid=1000(system) Binder:1315_1F expire 5 lines
03-05 09:37:34.409 I/chatty ( 1315): uid=1000(system) PowerManagerSer expire 5 lines
03-05 09:37:34.686 I/chatty ( 1315): uid=1000 system_server expire 16 lines
03-05 09:37:35.012 I/chatty ( 1315): uid=1000(system) android.display expire 2 lines
03-05 09:37:36.638 I/chatty ( 1315): uid=1000(system) Binder:1315_5 expire 7 lines
03-05 09:37:37.077 I/chatty ( 1315): uid=1000(system) PackageManager expire 1 line
03-05 09:37:59.516 I/chatty ( 1315): uid=1000(system) AlarmManager expire 1 line
03-05 09:37:59.550 I/chatty ( 1315): uid=1000(system) Binder:1315_20 expire 4 lines
03-05 09:38:19.272 I/chatty ( 1315): uid=1000(system) Binder:1315_C expire 1 line
03-05 09:38:19.641 I/chatty ( 1315): uid=1000(system) Binder:1315_8 expire 5 lines
03-05 09:38:19.935 I/chatty ( 1315): uid=1000(system) Binder:1315_1 expire 1 line
03-05 09:38:20.040 E/ActivityThread(12852): Failed to find provider info for com.tencent.mm.coolassist.debugprovider
03-05 09:38:20.044 E/ActivityThread(12869): Failed to find provider info for com.tencent.mm.coolassist.debugprovider
03-05 09:38:21.428 I/chatty ( 1315): uid=1000(system) ActivityManager expire 1 line
03-05 09:38:21.948 W/SocketClient( 586): write error (Broken pipe)
03-05 09:38:22.054 W/ContextImpl( 1697): Calling a method in the system process without a qualified user: android.app.ContextImpl.bindService:1435 android.content.ContextWrapper.bindService:639 smartisanos.app.tracker.TrackerServiceConnection.connect:34 smartisanos.app.tracker.Agent.connectService:65 smartisanos.app.tracker.Agent.flush:388
03-05 09:38:22.198 I/chatty ( 1315): uid=1000(system) Binder:1315_10 expire 7 lines
03-05 09:38:22.650 I/chatty ( 1315): uid=1000(system) Binder:1315_17 expire 4 lines
03-05 09:38:23.204 I/chatty ( 1315): uid=1000(system) Binder:1315_5 expire 6 lines
03-05 09:38:23.353 I/chatty ( 1315): uid=1000(system) Binder:1315_16 expire 8 lines
03-05 09:38:23.384 I/chatty ( 1315): uid=1000(system) Binder:1315_C expire 7 lines
03-05 09:38:23.458 I/chatty ( 1315): uid=1000(system) Binder:1315_1A expire 10 lines
03-05 09:38:23.489 I/chatty ( 1315): uid=1000(system) Binder:1315_12 expire 2 lines
03-05 09:38:23.507 I/chatty ( 1315): uid=1000(system) Binder:1315_8 expire 7 lines
03-05 09:38:23.804 I/chatty ( 1315): uid=1000(system) Binder:1315_1D expire 8 lines
03-05 09:38:24.542 I/chatty ( 1315): uid=1000(system) ActivityManager expire 11 lines
03-05 09:38:24.575 I/chatty ( 1315): uid=1000(system) Binder:1315_13 expire 3 lines
03-05 09:38:25.174 I/chatty ( 1315): uid=1000(system) Binder:1315_7 expire 9 lines
03-05 09:38:25.973 I/chatty ( 1315): uid=1000(system) Binder:1315_3 expire 7 lines
03-05 09:38:26.216 I/chatty ( 1315): uid=1000(system) Binder:1315_18 expire 6 lines
03-05 09:38:30.381 I/chatty ( 1315): uid=1000(system) Binder:1315_9 expire 4 lines
03-05 09:38:30.770 I/chatty ( 1315): uid=1000(system) Binder:1315_19 expire 4 lines
03-05 09:38:30.962 I/chatty ( 1315): uid=1000(system) Binder:1315_E expire 5 lines
03-05 09:38:30.984 I/chatty ( 1315): uid=1000(system) Binder:1315_A expire 12 lines
03-05 09:38:31.848 I/chatty ( 1315): uid=1000(system) Binder:1315_11 expire 6 lines
03-05 09:38:32.136 I/chatty ( 1315): uid=1000(system) Binder:1315_F expire 2 lines
03-05 09:38:32.179 I/chatty ( 1315): uid=1000(system) Binder:1315_1E expire 6 lines
03-05 09:38:33.296 I/chatty ( 1315): uid=1000(system) Binder:1315_15 expire 10 lines
03-05 09:38:34.328 I/chatty ( 1315): uid=1000(system) Binder:1315_D expire 4 lines
03-05 09:38:34.462 I/chatty ( 1315): uid=1000(system) android.bg expire 11 lines
03-05 09:38:38.031 I/chatty ( 1315): uid=1000(system) InputReader expire 10 lines
03-05 09:38:38.358 I/chatty ( 1315): uid=1000(system) Binder:1315_1F expire 1 line
03-05 09:38:38.513 W/ViewRootImpl[TmplWebViewTooLMpUI]( 7748): Cancelling event due to no window focus: KeyEvent { action=ACTION_UP, keyCode=KEYCODE_BACK, scanCode=158, metaState=0, flags=0x28, repeatCount=0, eventTime=1053648943, downTime=1053648943, deviceId=3, source=0x101 }
03-05 09:38:38.513 W/ViewRootImpl[TmplWebViewTooLMpUI]( 7748): Cancelling event due to no window focus: KeyEvent { action=ACTION_UP, keyCode=KEYCODE_BACK, scanCode=158, metaState=0, flags=0x28, repeatCount=0, eventTime=1053648943, downTime=1053648943, deviceId=3, source=0x101 }
03-05 09:38:38.513 W/ViewRootImpl[TmplWebViewTooLMpUI]( 7748): Cancelling event due to no window focus: KeyEvent { action=ACTION_UP, keyCode=KEYCODE_BACK, scanCode=158, metaState=0, flags=0x28, repeatCount=0, eventTime=1053648943, downTime=1053648943, deviceId=3, source=0x101 }
03-05 09:38:38.513 W/ViewRootImpl[TmplWebViewTooLMpUI]( 7748): Cancelling event due to no window focus: KeyEvent { action=ACTION_UP, keyCode=KEYCODE_BACK, scanCode=158, metaState=0, flags=0x28, repeatCount=0, eventTime=1053648943, downTime=1053648943, deviceId=3, source=0x101 }
03-05 09:38:38.513 W/ViewRootImpl[TmplWebViewTooLMpUI]( 7748): Cancelling event due to no window focus: KeyEvent { action=ACTION_UP, keyCode=KEYCODE_BACK, scanCode=158, metaState=0, flags=0x28, repeatCount=0, eventTime=1053648943, downTime=1053648943, deviceId=3, source=0x101 }
03-05 09:38:38.514 W/ViewRootImpl[TmplWebViewTooLMpUI]( 7748): Cancelling event due to no window focus: KeyEvent { action=ACTION_UP, keyCode=KEYCODE_BACK, scanCode=158, metaState=0, flags=0x28, repeatCount=0, eventTime=1053648943, downTime=1053648943, deviceId=3, source=0x101 }
03-05 09:38:38.518 W/ViewRootImpl[TmplWebViewTooLMpUI]( 7748): Cancelling event due to no window focus: KeyEvent { action=ACTION_UP, keyCode=KEYCODE_BACK, scanCode=158, metaState=0, flags=0x28, repeatCount=0, eventTime=1053648943, downTime=1053648943, deviceId=3, source=0x101 }
03-05 09:38:38.518 W/ViewRootImpl[TmplWebViewTooLMpUI]( 7748): Cancelling event due to no window focus: KeyEvent { action=ACTION_UP, keyCode=KEYCODE_BACK, scanCode=158, metaState=0, flags=0x28, repeatCount=0, eventTime=1053648943, downTime=1053648943, deviceId=3, source=0x101 }
03-05 09:38:38.518 W/ViewRootImpl[TmplWebViewTooLMpUI]( 7748): Cancelling event due to no window focus: KeyEvent { action=ACTION_UP, keyCode=KEYCODE_BACK, scanCode=158, metaState=0, flags=0x28, repeatCount=0, eventTime=1053648943, downTime=1053648943, deviceId=3, source=0x101 }
03-05 09:38:38.689 I/chatty ( 1315): uid=1000(system) Binder:1315_4 expire 4 lines
03-05 09:38:39.069 I/chatty ( 1315): uid=1000(system) android.display expire 11 lines
03-05 09:38:39.495 W/ViewRootImpl[LauncherUI](17393): Dropping event due to no window focus: KeyEvent { action=ACTION_DOWN, keyCode=KEYCODE_BACK, scanCode=158, metaState=0, flags=0x8, repeatCount=0, eventTime=1053649856, downTime=1053649856, deviceId=3, source=0x101 }
03-05 09:38:39.496 I/chatty ( 1315): uid=1000(system) InputDispatcher expire 4 lines
03-05 09:38:39.535 W/ViewRootImpl[LauncherUI](17393): Cancelling event due to no window focus: KeyEvent { action=ACTION_UP, keyCode=KEYCODE_BACK, scanCode=158, metaState=0, flags=0x28, repeatCount=0, eventTime=1053649856, downTime=1053649856, deviceId=3, source=0x101 }
03-05 09:38:39.536 W/ViewRootImpl[LauncherUI](17393): Cancelling event due to no window focus: KeyEvent { action=ACTION_UP, keyCode=KEYCODE_BACK, scanCode=158, metaState=0, flags=0x28, repeatCount=0, eventTime=1053649856, downTime=1053649856, deviceId=3, source=0x101 }
03-05 09:38:39.536 W/ViewRootImpl[LauncherUI](17393): Cancelling event due to no window focus: KeyEvent { action=ACTION_UP, keyCode=KEYCODE_BACK, scanCode=158, metaState=0, flags=0x28, repeatCount=0, eventTime=1053649856, downTime=1053649856, deviceId=3, source=0x101 }
03-05 09:38:39.536 W/ViewRootImpl[LauncherUI](17393): Cancelling event due to no window focus: KeyEvent { action=ACTION_UP, keyCode=KEYCODE_BACK, scanCode=158, metaState=0, flags=0x28, repeatCount=0, eventTime=1053649856, downTime=1053649856, deviceId=3, source=0x101 }
03-05 09:38:39.537 W/ViewRootImpl[LauncherUI](17393): Cancelling event due to no window focus: KeyEvent { action=ACTION_UP, keyCode=KEYCODE_BACK, scanCode=158, metaState=0, flags=0x28, repeatCount=0, eventTime=1053649856, downTime=1053649856, deviceId=3, source=0x101 }
03-05 09:38:39.537 W/ViewRootImpl[LauncherUI](17393): Cancelling event due to no window focus: KeyEvent { action=ACTION_UP, keyCode=KEYCODE_BACK, scanCode=158, metaState=0, flags=0x28, repeatCount=0, eventTime=1053649856, downTime=1053649856, deviceId=3, source=0x101 }
03-05 09:38:39.538 W/ViewRootImpl[LauncherUI](17393): Cancelling event due to no window focus: KeyEvent { action=ACTION_UP, keyCode=KEYCODE_BACK, scanCode=158, metaState=0, flags=0x28, repeatCount=0, eventTime=1053649856, downTime=1053649856, deviceId=3, source=0x101 }
03-05 09:38:39.538 W/ViewRootImpl[LauncherUI](17393): Cancelling event due to no window focus: KeyEvent { action=ACTION_UP, keyCode=KEYCODE_BACK, scanCode=158, metaState=0, flags=0x28, repeatCount=0, eventTime=1053649856, downTime=1053649856, deviceId=3, source=0x101 }
03-05 09:38:39.538 W/ViewRootImpl[LauncherUI](17393): Cancelling event due to no window focus: KeyEvent { action=ACTION_UP, keyCode=KEYCODE_BACK, scanCode=158, metaState=0, flags=0x28, repeatCount=0, eventTime=1053649856, downTime=1053649856, deviceId=3, source=0x101 }
03-05 09:38:39.645 I/chatty ( 1315): uid=1000(system) ConnectivitySer expire 1 line
03-05 09:38:39.668 E/ActivityThread(10003): Service com.tencent.mm.service.ProcessService$SandBoxProcessService has leaked IntentReceiver com.tencent.mm.sandbox.updater.UpdaterService$a@7bdec that was originally registered here. Are you missing a call to unregisterReceiver()?
03-05 09:38:39.668 E/ActivityThread(10003): android.app.IntentReceiverLeaked: Service com.tencent.mm.service.ProcessService$SandBoxProcessService has leaked IntentReceiver com.tencent.mm.sandbox.updater.UpdaterService$a@7bdec that was originally registered here. Are you missing a call to unregisterReceiver()?
03-05 09:38:39.668 E/ActivityThread(10003): at android.app.LoadedApk$ReceiverDispatcher.(LoadedApk.java:1157)
03-05 09:38:39.668 E/ActivityThread(10003): at android.app.LoadedApk.getReceiverDispatcher(LoadedApk.java:944)
03-05 09:38:39.668 E/ActivityThread(10003): at android.app.ContextImpl.registerReceiverInternal(ContextImpl.java:1316)
03-05 09:38:39.668 E/ActivityThread(10003): at android.app.ContextImpl.registerReceiver(ContextImpl.java:1296)
03-05 09:38:39.668 E/ActivityThread(10003): at android.app.ContextImpl.registerReceiver(ContextImpl.java:1290)
03-05 09:38:39.668 E/ActivityThread(10003): at android.content.ContextWrapper.registerReceiver(ContextWrapper.java:589)
03-05 09:38:39.668 E/ActivityThread(10003): at com.tencent.mm.sandbox.updater.UpdaterService.onCreate(SourceFile:4113)
03-05 09:38:39.668 E/ActivityThread(10003): at com.tencent.mm.service.MMService.r(SourceFile:153)
03-05 09:38:39.668 E/ActivityThread(10003): at com.tencent.mm.service.CommonProcessService$1$3.run(SourceFile:110)
03-05 09:38:39.668 E/ActivityThread(10003): at android.os.Handler.handleCallback(Handler.java:751)
03-05 09:38:39.668 E/ActivityThread(10003): at android.os.Handler.dispatchMessage(Handler.java:95)
03-05 09:38:39.668 E/ActivityThread(10003): at android.os.Looper.loop(Looper.java:159)
03-05 09:38:39.668 E/ActivityThread(10003): at android.app.ActivityThread.main(ActivityThread.java:6364)
03-05 09:38:39.668 E/ActivityThread(10003): at java.lang.reflect.Method.invoke(Native Method)
03-05 09:38:39.668 E/ActivityThread(10003): at com.android.internal.os.ZygoteInit$MethodAndArgsCaller.run(ZygoteInit.java:1096)
03-05 09:38:39.668 E/ActivityThread(10003): at com.android.internal.os.ZygoteInit.main(ZygoteInit.java:883)
03-05 09:38:40.963 I/chatty ( 1315): uid=1000(system) Binder:1315_20 expire 2 lines
03-05 09:38:51.448 I/chatty ( 1315): uid=1000(system) Binder:1315_B expire 3 lines
03-05 09:39:08.133 E/ActivityThread(13908): Failed to find provider info for com.tencent.mm.coolassist.debugprovider
03-05 09:39:11.450 I/chatty ( 1315): uid=1000(system) ActivityManager expire 9 lines
03-05 09:39:15.259 I/chatty ( 1315): uid=1000(system) InputReader expire 14 lines
03-05 09:39:37.220 I/chatty ( 1315): uid=1000(system) Binder:1315_14 expire 1 line
03-05 09:39:37.324 W/ViewRootImpl[LauncherUI](17393): Cancelling event due to no window focus: KeyEvent { action=ACTION_UP, keyCode=KEYCODE_BACK, scanCode=158, metaState=0, flags=0x28, repeatCount=0, eventTime=1053707887, downTime=1053707809, deviceId=3, source=0x101 }
03-05 09:39:37.324 W/ViewRootImpl[LauncherUI](17393): Cancelling event due to no window focus: KeyEvent { action=ACTION_UP, keyCode=KEYCODE_BACK, scanCode=158, metaState=0, flags=0x28, repeatCount=0, eventTime=1053707887, downTime=1053707809, deviceId=3, source=0x101 }
03-05 09:39:37.324 W/ViewRootImpl[LauncherUI](17393): Cancelling event due to no window focus: KeyEvent { action=ACTION_UP, keyCode=KEYCODE_BACK, scanCode=158, metaState=0, flags=0x28, repeatCount=0, eventTime=1053707887, downTime=1053707809, deviceId=3, source=0x101 }
03-05 09:39:37.325 W/ViewRootImpl[LauncherUI](17393): Cancelling event due to no window focus: KeyEvent { action=ACTION_UP, keyCode=KEYCODE_BACK, scanCode=158, metaState=0, flags=0x28, repeatCount=0, eventTime=1053707887, downTime=1053707809, deviceId=3, source=0x101 }
03-05 09:39:37.326 W/ViewRootImpl[LauncherUI](17393): Cancelling event due to no window focus: KeyEvent { action=ACTION_UP, keyCode=KEYCODE_BACK, scanCode=158, metaState=0, flags=0x28, repeatCount=0, eventTime=1053707887, downTime=1053707809, deviceId=3, source=0x101 }
03-05 09:39:37.326 W/ViewRootImpl[LauncherUI](17393): Cancelling event due to no window focus: KeyEvent { action=ACTION_UP, keyCode=KEYCODE_BACK, scanCode=158, metaState=0, flags=0x28, repeatCount=0, eventTime=1053707887, downTime=1053707809, deviceId=3, source=0x101 }
03-05 09:39:37.911 W/ViewRootImpl[TerminalActivity]( 8899): Cancelling event due to no window focus: KeyEvent { action=ACTION_UP, keyCode=KEYCODE_BACK, scanCode=158, metaState=0, flags=0x28, repeatCount=0, eventTime=1053707810, downTime=1053707809, deviceId=3, source=0x101 }
03-05 09:39:37.911 W/ViewRootImpl[TerminalActivity]( 8899): Cancelling event due to no window focus: KeyEvent { action=ACTION_UP, keyCode=KEYCODE_BACK, scanCode=158, metaState=0, flags=0x28, repeatCount=0, eventTime=1053707810, downTime=1053707809, deviceId=3, source=0x101 }
03-05 09:39:37.911 W/ViewRootImpl[TerminalActivity]( 8899): Cancelling event due to no window focus: KeyEvent { action=ACTION_UP, keyCode=KEYCODE_BACK, scanCode=158, metaState=0, flags=0x28, repeatCount=0, eventTime=1053707810, downTime=1053707809, deviceId=3, source=0x101 }
03-05 09:39:37.911 W/ViewRootImpl[TerminalActivity]( 8899): Cancelling event due to no window focus: KeyEvent { action=ACTION_UP, keyCode=KEYCODE_BACK, scanCode=158, metaState=0, flags=0x28, repeatCount=0, eventTime=1053707810, downTime=1053707809, deviceId=3, source=0x101 }
03-05 09:39:37.911 W/ViewRootImpl[TerminalActivity]( 8899): Cancelling event due to no window focus: KeyEvent { action=ACTION_UP, keyCode=KEYCODE_BACK, scanCode=158, metaState=0, flags=0x28, repeatCount=0, eventTime=1053707810, downTime=1053707809, deviceId=3, source=0x101 }
03-05 09:39:37.911 W/ViewRootImpl[TerminalActivity]( 8899): Cancelling event due to no window focus: KeyEvent { action=ACTION_UP, keyCode=KEYCODE_BACK, scanCode=158, metaState=0, flags=0x28, repeatCount=0, eventTime=1053707810, downTime=1053707809, deviceId=3, source=0x101 }
03-05 09:39:37.911 W/ViewRootImpl[TerminalActivity]( 8899): Cancelling event due to no window focus: KeyEvent { action=ACTION_UP, keyCode=KEYCODE_BACK, scanCode=158, metaState=0, flags=0x28, repeatCount=0, eventTime=1053707810, downTime=1053707809, deviceId=3, source=0x101 }
03-05 09:39:37.911 W/ViewRootImpl[TerminalActivity]( 8899): Cancelling event due to no window focus: KeyEvent { action=ACTION_UP, keyCode=KEYCODE_BACK, scanCode=158, metaState=0, flags=0x28, repeatCount=0, eventTime=1053707810, downTime=1053707809, deviceId=3, source=0x101 }
03-05 09:39:37.912 W/ViewRootImpl[TerminalActivity]( 8899): Cancelling event due to no window focus: KeyEvent { action=ACTION_UP, keyCode=KEYCODE_BACK, scanCode=158, metaState=0, flags=0x28, repeatCount=0, eventTime=1053707810, downTime=1053707809, deviceId=3, source=0x101 }
03-05 09:39:41.704 I/chatty ( 1315): uid=1000(system) Binder:1315_2 expire 2 lines
03-05 09:39:44.056 I/chatty ( 1315): uid=1000(system) Binder:1315_15 expire 3 lines
03-05 09:39:47.839 I/chatty ( 1315): uid=1000(system) Binder:1315_1C expire 2 lines
03-05 09:40:24.267 I/chatty ( 1315): uid=1000(system) PowerManagerSer expire 6 lines
03-05 09:40:24.514 I/chatty ( 1315): uid=1000 system_server expire 18 lines
03-05 09:40:28.185 I/chatty ( 1315): uid=1000(system) PackageManager expire 1 line
03-05 09:41:00.003 I/chatty ( 1315): uid=1000(system) AlarmManager expire 1 line
03-05 09:41:15.162 I/chatty ( 1315): uid=1000(system) Binder:1315_6 expire 7 lines
03-05 09:41:15.177 I/chatty ( 1315): uid=1000(system) android.bg expire 15 lines
03-05 09:41:15.179 I/chatty ( 1315): uid=1000(system) Binder:1315_14 expire 4 lines
03-05 09:41:15.475 I/chatty ( 1315): uid=1000(system) android.display expire 13 lines
03-05 09:41:16.426 W/ContextImpl( 1697): Calling a method in the system process without a qualified user: android.app.ContextImpl.bindService:1435 android.content.ContextWrapper.bindService:639 smartisanos.app.tracker.TrackerServiceConnection.connect:34 smartisanos.app.tracker.Agent.connectService:65 smartisanos.app.tracker.Agent.flush:388
03-05 09:41:18.091 I/chatty ( 1315): uid=1000(system) InputReader expire 12 lines
03-05 09:41:18.113 I/chatty ( 1315): uid=1000(system) Binder:1315_15 expire 2 lines
03-05 09:41:18.142 I/chatty ( 1315): uid=1000(system) Binder:1315_19 expire 2 lines
03-05 09:41:18.154 I/chatty ( 1315): uid=1000(system) Binder:1315_1D expire 3 lines
03-05 09:41:39.110 I/chatty ( 1315): uid=1000(system) Binder:1315_7 expire 9 lines
03-05 09:41:39.125 I/chatty ( 1315): uid=1000(system) Binder:1315_9 expire 2 lines
03-05 09:41:39.677 I/chatty ( 1315): uid=1000(system) ActivityManager expire 5 lines
03-05 09:41:39.699 I/chatty ( 1315): uid=1000(system) Binder:1315_16 expire 12 lines
03-05 09:41:39.704 I/chatty ( 1315): uid=1000(system) Binder:1315_D expire 3 lines
03-05 09:41:50.710 I/chatty ( 1315): uid=1000(system) Binder:1315_20 expire 4 lines
03-05 09:41:50.721 I/chatty ( 1315): uid=1000(system) Binder:1315_A expire 1 line
03-05 09:41:52.810 I/chatty ( 1315): uid=1000(system) Binder:1315_1B expire 6 lines
03-05 09:41:52.924 I/chatty ( 1315): uid=1000(system) Binder:1315_3 expire 2 lines
03-05 09:41:53.261 I/chatty ( 1315): uid=1000(system) Binder:1315_C expire 3 lines
03-05 09:41:53.491 E/ActivityThread(14693): Failed to find provider info for com.tencent.mm.coolassist.debugprovider
03-05 09:41:53.548 E/ActivityThread(14705): Failed to find provider info for com.tencent.mm.coolassist.debugprovider
03-05 09:41:56.118 I/chatty ( 1315): uid=1000(system) android.io expire 4 lines
03-05 09:41:56.438 I/chatty ( 1315): uid=1000(system) Binder:1315_E expire 6 lines
03-05 09:41:58.431 I/chatty ( 1315): uid=1000(system) Binder:1315_F expire 2 lines
03-05 09:41:58.433 I/chatty ( 1315): uid=1000(system) Binder:1315_B expire 3 lines
03-05 09:41:59.173 I/chatty ( 1315): uid=1000(system) Binder:1315_1 expire 1 line
03-05 09:42:17.580 I/chatty ( 1315): uid=1000(system) Binder:1315_2 expire 2 lines
03-05 09:42:17.615 I/chatty ( 1315): uid=1000(system) Binder:1315_1C expire 1 line
03-05 09:42:17.654 I/chatty ( 1315): uid=1000(system) ConnectivitySer expire 1 line
03-05 09:42:42.090 W/ViewRootImpl[LauncherUI](17393): Cancelling event due to no window focus: KeyEvent { action=ACTION_UP, keyCode=KEYCODE_BACK, scanCode=158, metaState=0, flags=0x28, repeatCount=0, eventTime=1053857167, downTime=1053857147, deviceId=3, source=0x101 }
03-05 09:42:42.090 W/ViewRootImpl[LauncherUI](17393): Cancelling event due to no window focus: KeyEvent { action=ACTION_UP, keyCode=KEYCODE_BACK, scanCode=158, metaState=0, flags=0x28, repeatCount=0, eventTime=1053857167, downTime=1053857147, deviceId=3, source=0x101 }
03-05 09:42:42.090 W/ViewRootImpl[LauncherUI](17393): Cancelling event due to no window focus: KeyEvent { action=ACTION_UP, keyCode=KEYCODE_BACK, scanCode=158, metaState=0, flags=0x28, repeatCount=0, eventTime=1053857167, downTime=1053857147, deviceId=3, source=0x101 }
03-05 09:42:42.130 I/chatty ( 1315): uid=1000(system) Binder:1315_8 expire 5 lines
03-05 09:42:42.145 W/ViewRootImpl[LauncherUI](17393): Cancelling event due to no window focus: KeyEvent { action=ACTION_UP, keyCode=KEYCODE_BACK, scanCode=158, metaState=0, flags=0x28, repeatCount=0, eventTime=1053857167, downTime=1053857147, deviceId=3, source=0x101 }
03-05 09:42:42.145 W/ViewRootImpl[LauncherUI](17393): Cancelling event due to no window focus: KeyEvent { action=ACTION_UP, keyCode=KEYCODE_BACK, scanCode=158, metaState=0, flags=0x28, repeatCount=0, eventTime=1053857167, downTime=1053857147, deviceId=3, source=0x101 }
03-05 09:42:42.145 W/ViewRootImpl[LauncherUI](17393): Cancelling event due to no window focus: KeyEvent { action=ACTION_UP, keyCode=KEYCODE_BACK, scanCode=158, metaState=0, flags=0x28, repeatCount=0, eventTime=1053857167, downTime=1053857147, deviceId=3, source=0x101 }
03-05 09:42:42.164 W/ViewRootImpl[LauncherUI](17393): Cancelling event due to no window focus: KeyEvent { action=ACTION_UP, keyCode=KEYCODE_BACK, scanCode=158, metaState=0, flags=0x28, repeatCount=0, eventTime=1053857167, downTime=1053857147, deviceId=3, source=0x101 }
03-05 09:42:42.164 W/ViewRootImpl[LauncherUI](17393): Cancelling event due to no window focus: KeyEvent { action=ACTION_UP, keyCode=KEYCODE_BACK, scanCode=158, metaState=0, flags=0x28, repeatCount=0, eventTime=1053857167, downTime=1053857147, deviceId=3, source=0x101 }
03-05 09:42:42.165 W/ViewRootImpl[LauncherUI](17393): Cancelling event due to no window focus: KeyEvent { action=ACTION_UP, keyCode=KEYCODE_BACK, scanCode=158, metaState=0, flags=0x28, repeatCount=0, eventTime=1053857167, downTime=1053857147, deviceId=3, source=0x101 }
03-05 09:42:42.274 W/ViewRootImpl[HomeActivity]( 8899): Cancelling event due to no window focus: KeyEvent { action=ACTION_UP, keyCode=KEYCODE_BACK, scanCode=158, metaState=0, flags=0x28, repeatCount=0, eventTime=1053857147, downTime=1053857147, deviceId=3, source=0x101 }
03-05 09:42:42.274 W/ViewRootImpl[HomeActivity]( 8899): Cancelling event due to no window focus: KeyEvent { action=ACTION_UP, keyCode=KEYCODE_BACK, scanCode=158, metaState=0, flags=0x28, repeatCount=0, eventTime=1053857147, downTime=1053857147, deviceId=3, source=0x101 }
03-05 09:42:42.274 W/ViewRootImpl[HomeActivity]( 8899): Cancelling event due to no window focus: KeyEvent { action=ACTION_UP, keyCode=KEYCODE_BACK, scanCode=158, metaState=0, flags=0x28, repeatCount=0, eventTime=1053857147, downTime=1053857147, deviceId=3, source=0x101 }
03-05 09:42:42.274 W/ViewRootImpl[HomeActivity]( 8899): Cancelling event due to no window focus: KeyEvent { action=ACTION_UP, keyCode=KEYCODE_BACK, scanCode=158, metaState=0, flags=0x28, repeatCount=0, eventTime=1053857147, downTime=1053857147, deviceId=3, source=0x101 }
03-05 09:42:42.274 W/ViewRootImpl[HomeActivity]( 8899): Cancelling event due to no window focus: KeyEvent { action=ACTION_UP, keyCode=KEYCODE_BACK, scanCode=158, metaState=0, flags=0x28, repeatCount=0, eventTime=1053857147, downTime=1053857147, deviceId=3, source=0x101 }
03-05 09:42:42.274 W/ViewRootImpl[HomeActivity]( 8899): Cancelling event due to no window focus: KeyEvent { action=ACTION_UP, keyCode=KEYCODE_BACK, scanCode=158, metaState=0, flags=0x28, repeatCount=0, eventTime=1053857147, downTime=1053857147, deviceId=3, source=0x101 }
03-05 09:42:42.282 W/ViewRootImpl[HomeActivity]( 8899): Cancelling event due to no window focus: KeyEvent { action=ACTION_UP, keyCode=KEYCODE_BACK, scanCode=158, metaState=0, flags=0x28, repeatCount=0, eventTime=1053857147, downTime=1053857147, deviceId=3, source=0x101 }
03-05 09:42:42.283 W/ViewRootImpl[HomeActivity]( 8899): Cancelling event due to no window focus: KeyEvent { action=ACTION_UP, keyCode=KEYCODE_BACK, scanCode=158, metaState=0, flags=0x28, repeatCount=0, eventTime=1053857147, downTime=1053857147, deviceId=3, source=0x101 }
03-05 09:42:42.283 W/ViewRootImpl[HomeActivity]( 8899): Cancelling event due to no window focus: KeyEvent { action=ACTION_UP, keyCode=KEYCODE_BACK, scanCode=158, metaState=0, flags=0x28, repeatCount=0, eventTime=1053857147, downTime=1053857147, deviceId=3, source=0x101 }
03-05 09:42:43.502 I/chatty ( 1315): uid=1000(system) Binder:1315_11 expire 5 lines
03-05 09:42:44.377 I/chatty ( 1315): uid=1000(system) InputReader expire 12 lines
03-05 09:42:44.430 I/chatty ( 1315): uid=1000(system) Binder:1315_1E expire 11 lines
03-05 09:42:46.170 I/chatty ( 1315): uid=1000(system) Binder:1315_1A expire 1 line
03-05 09:43:09.007 I/chatty ( 1315): uid=1000(system) batterystats-sy expire 2 lines
03-05 09:43:16.123 I/chatty ( 1315): uid=1000(system) PowerManagerSer expire 16 lines
03-05 09:43:16.153 I/chatty ( 1315): uid=1000 system_server expire 21 lines
03-05 09:43:19.830 I/chatty ( 1315): uid=1000(system) PackageManager expire 1 line
03-05 09:43:22.952 I/chatty ( 1315): uid=1000(system) Binder:1315_4 expire 1 line
03-05 09:43:47.512 I/chatty ( 1315): uid=1000(system) Binder:1315_12 expire 2 lines
03-05 09:43:49.807 I/chatty ( 1315): uid=1000(system) InputDispatcher expire 6 lines
03-05 09:43:50.552 W/ContextImpl( 1697): Calling a method in the system process without a qualified user: android.app.ContextImpl.bindService:1435 android.content.ContextWrapper.bindService:639 smartisanos.app.tracker.TrackerServiceConnection.connect:34 smartisanos.app.tracker.Agent.connectService:65 smartisanos.app.tracker.Agent.flush:388
03-05 09:43:50.718 I/chatty ( 1315): uid=1000(system) android.display expire 41 lines
03-05 09:43:50.721 I/chatty ( 1315): uid=1000(system) android.bg expire 1 line
03-05 09:43:50.791 I/chatty ( 1315): uid=1000(system) Binder:1315_18 expire 6 lines
03-05 09:43:50.893 I/chatty ( 1315): uid=1000(system) Binder:1315_1F expire 2 lines
03-05 09:43:52.854 I/chatty ( 1315): uid=1000 system_server expire 1 line
03-05 09:43:52.874 I/chatty ( 1315): uid=1000(system) Binder:1315_A expire 9 lines
03-05 09:43:53.303 I/chatty ( 1315): uid=1000(system) Binder:1315_F expire 10 lines
03-05 09:43:53.305 I/chatty ( 1315): uid=1000(system) android.display expire 45 lines
03-05 09:43:53.375 I/chatty ( 1315): uid=1000(system) Binder:1315_5 expire 14 lines
03-05 09:43:53.475 I/chatty ( 1315): uid=1000(system) Binder:1315_1E expire 9 lines
03-05 09:43:53.501 I/chatty ( 1315): uid=1000(system) Binder:1315_8 expire 6 lines
03-05 09:43:53.696 I/chatty ( 1315): uid=1000(system) Binder:1315_7 expire 5 lines
03-05 09:43:53.756 I/chatty ( 1315): uid=1000(system) Binder:1315_19 expire 3 lines
03-05 09:43:53.763 I/chatty ( 1315): uid=1000(system) Binder:1315_1C expire 11 lines
