03-05 09:06:50.897 W/ViewRootImpl[TBMainActivity](24640): Cancelling event due to no window focus: KeyEvent { action=ACTION_UP, keyCode=KEYCODE_BACK, scanCode=158, metaState=0, flags=0x28, repeatCount=0, eventTime=1052016593, downTime=1052016593, deviceId=3, source=0x101 }
03-05 09:06:50.898 W/ViewRootImpl[TBMainActivity](24640): Cancelling event due to no window focus: KeyEvent { action=ACTION_UP, keyCode=KEYCODE_BACK, scanCode=158, metaState=0, flags=0x28, repeatCount=0, eventTime=1052016593, downTime=1052016593, deviceId=3, source=0x101 }
03-05 09:06:51.120 W/ViewRootImpl[TBMainActivity](24640): Dropping event due to no window focus: KeyEvent { action=ACTION_DOWN, keyCode=KEYCODE_BACK, scanCode=158, metaState=0, flags=0x8, repeatCount=0, eventTime=1052016777, downTime=1052016777, deviceId=3, source=0x101 }
03-05 09:06:51.124 W/ViewRootImpl[TBMainActivity](24640): Cancelling event due to no window focus: KeyEvent { action=ACTION_UP, keyCode=KEYCODE_BACK, scanCode=158, metaState=0, flags=0x28, repeatCount=0, eventTime=1052016777, downTime=1052016777, deviceId=3, source=0x101 }
03-05 09:06:51.124 W/ViewRootImpl[TBMainActivity](24640): Cancelling event due to no window focus: KeyEvent { action=ACTION_UP, keyCode=KEYCODE_BACK, scanCode=158, metaState=0, flags=0x28, repeatCount=0, eventTime=1052016777, downTime=1052016777, deviceId=3, source=0x101 }
03-05 09:06:51.124 W/ViewRootImpl[TBMainActivity](24640): Cancelling event due to no window focus: KeyEvent { action=ACTION_UP, keyCode=KEYCODE_BACK, scanCode=158, metaState=0, flags=0x28, repeatCount=0, eventTime=1052016777, downTime=1052016777, deviceId=3, source=0x101 }
03-05 09:06:51.464 I/chatty ( 1315): uid=1000(system) Binder:1315_C expire 2 lines
03-05 09:06:51.823 W/ViewRootImpl[smt_launcher]( 2651): Cancelling event due to no window focus: KeyEvent { action=ACTION_UP, keyCode=KEYCODE_BACK, scanCode=158, metaState=0, flags=0x28, repeatCount=0, eventTime=1052017233, downTime=1052017233, deviceId=3, source=0x101 }
03-05 09:06:51.824 W/ViewRootImpl[smt_launcher]( 2651): Cancelling event due to no window focus: KeyEvent { action=ACTION_UP, keyCode=KEYCODE_BACK, scanCode=158, metaState=0, flags=0x28, repeatCount=0, eventTime=1052017233, downTime=1052017233, deviceId=3, source=0x101 }
03-05 09:06:51.824 W/ViewRootImpl[smt_launcher]( 2651): Cancelling event due to no window focus: KeyEvent { action=ACTION_UP, keyCode=KEYCODE_BACK, scanCode=158, metaState=0, flags=0x28, repeatCount=0, eventTime=1052017233, downTime=1052017233, deviceId=3, source=0x101 }
03-05 09:06:51.826 W/ViewRootImpl[smt_launcher]( 2651): Cancelling event due to no window focus: KeyEvent { action=ACTION_UP, keyCode=KEYCODE_BACK, scanCode=158, metaState=0, flags=0x28, repeatCount=0, eventTime=1052017233, downTime=1052017233, deviceId=3, source=0x101 }
03-05 09:06:51.828 W/ViewRootImpl[smt_launcher]( 2651): Cancelling event due to no window focus: KeyEvent { action=ACTION_UP, keyCode=KEYCODE_BACK, scanCode=158, metaState=0, flags=0x28, repeatCount=0, eventTime=1052017233, downTime=1052017233, deviceId=3, source=0x101 }
03-05 09:06:51.829 W/ViewRootImpl[smt_launcher]( 2651): Cancelling event due to no window focus: KeyEvent { action=ACTION_UP, keyCode=KEYCODE_BACK, scanCode=158, metaState=0, flags=0x28, repeatCount=0, eventTime=1052017233, downTime=1052017233, deviceId=3, source=0x101 }
03-05 09:06:51.832 W/ViewRootImpl[smt_launcher]( 2651): Dropping event due to no window focus: KeyEvent { action=ACTION_DOWN, keyCode=KEYCODE_BACK, scanCode=158, metaState=0, flags=0x8, repeatCount=0, eventTime=1052017519, downTime=1052017519, deviceId=3, source=0x101 }
03-05 09:06:51.874 W/ViewRootImpl[smt_launcher]( 2651): Cancelling event due to no window focus: KeyEvent { action=ACTION_UP, keyCode=KEYCODE_BACK, scanCode=158, metaState=0, flags=0x28, repeatCount=0, eventTime=1052017519, downTime=1052017519, deviceId=3, source=0x101 }
03-05 09:06:51.874 W/ViewRootImpl[smt_launcher]( 2651): Cancelling event due to no window focus: KeyEvent { action=ACTION_UP, keyCode=KEYCODE_BACK, scanCode=158, metaState=0, flags=0x28, repeatCount=0, eventTime=1052017519, downTime=1052017519, deviceId=3, source=0x101 }
03-05 09:06:51.874 W/ViewRootImpl[smt_launcher]( 2651): Cancelling event due to no window focus: KeyEvent { action=ACTION_UP, keyCode=KEYCODE_BACK, scanCode=158, metaState=0, flags=0x28, repeatCount=0, eventTime=1052017519, downTime=1052017519, deviceId=3, source=0x101 }
03-05 09:06:51.874 W/ViewRootImpl[smt_launcher]( 2651): Cancelling event due to no window focus: KeyEvent { action=ACTION_UP, keyCode=KEYCODE_BACK, scanCode=158, metaState=0, flags=0x28, repeatCount=0, eventTime=1052017519, downTime=1052017519, deviceId=3, source=0x101 }
03-05 09:06:51.874 W/ViewRootImpl[smt_launcher]( 2651): Cancelling event due to no window focus: KeyEvent { action=ACTION_UP, keyCode=KEYCODE_BACK, scanCode=158, metaState=0, flags=0x28, repeatCount=0, eventTime=1052017519, downTime=1052017519, deviceId=3, source=0x101 }
03-05 09:06:51.874 W/ViewRootImpl[smt_launcher]( 2651): Cancelling event due to no window focus: KeyEvent { action=ACTION_UP, keyCode=KEYCODE_BACK, scanCode=158, metaState=0, flags=0x28, repeatCount=0, eventTime=1052017519, downTime=1052017519, deviceId=3, source=0x101 }
03-05 09:06:51.976 I/chatty ( 1315): uid=1000(system) Binder:1315_1D expire 5 lines
03-05 09:06:52.035 I/chatty ( 1315): uid=1000(system) android.bg expire 11 lines
03-05 09:06:52.083 I/chatty ( 1315): uid=1000(system) Binder:1315_17 expire 2 lines
03-05 09:06:52.455 I/chatty ( 1315): uid=1000(system) Binder:1315_4 expire 2 lines
03-05 09:06:52.952 I/chatty ( 1315): uid=1000(system) Binder:1315_14 expire 3 lines
03-05 09:06:52.985 I/chatty ( 1315): uid=1000(system) Binder:1315_3 expire 4 lines
03-05 09:06:53.425 I/chatty ( 1315): uid=1000 system_server expire 19 lines
03-05 09:06:56.030 I/chatty ( 1315): uid=1000(system) Binder:1315_6 expire 11 lines
03-05 09:06:56.079 I/chatty ( 1315): uid=1000(system) Binder:1315_8 expire 5 lines
03-05 09:06:56.082 I/chatty ( 1315): uid=1000 system_server expire 2 lines
03-05 09:06:56.089 I/chatty ( 1315): uid=1000 system_server expire 1 line
03-05 09:06:56.118 I/chatty ( 1315): uid=1000(system) ActivityManager expire 9 lines
03-05 09:06:56.190 I/chatty ( 1315): uid=1000(system) Binder:1315_20 expire 5 lines
03-05 09:06:56.415 I/chatty ( 1315): uid=1000(system) Binder:1315_7 expire 3 lines
03-05 09:06:56.415 I/chatty ( 1315): uid=1000(system) Binder:1315_1C expire 21 lines
03-05 09:06:56.416 I/chatty ( 1315): uid=1000(system) ConnectivitySer expire 10 lines
03-05 09:06:56.901 I/chatty ( 1315): uid=1000(system) AlarmManager expire 1 line
03-05 09:06:57.046 I/chatty ( 1315): uid=1000(system) Binder:1315_19 expire 1 line
03-05 09:06:57.201 I/chatty ( 1315): uid=1000(system) Binder:1315_10 expire 6 lines
03-05 09:06:57.213 I/chatty ( 1315): uid=1000(system) Binder:1315_1F expire 7 lines
03-05 09:06:57.265 I/chatty ( 1315): uid=1000(system) Binder:1315_12 expire 1 line
03-05 09:06:57.432 I/chatty ( 1315): uid=1000(system) ActivityManager expire 1 line
03-05 09:07:02.811 I/chatty ( 1315): uid=1000(system) PowerManagerSer expire 4 lines
03-05 09:07:05.406 I/chatty ( 1315): uid=1000(system) Binder:1315_D expire 1 line
03-05 09:07:05.442 I/chatty ( 1315): uid=1000(system) Binder:1315_15 expire 3 lines
03-05 09:07:05.851 I/chatty ( 1315): uid=1000(system) PackageManager expire 1 line
03-05 09:07:16.944 I/chatty ( 1315): uid=1000(system) Binder:1315_1B expire 4 lines
03-05 09:07:16.965 I/chatty ( 1315): uid=1000(system) Binder:1315_A expire 1 line
03-05 09:07:46.052 I/chatty ( 1315): uid=1000(system) Binder:1315_F expire 3 lines
03-05 09:07:46.259 I/chatty ( 1315): uid=1000(system) Binder:1315_1E expire 1 line
03-05 09:07:46.276 I/chatty ( 1315): uid=1000(system) Binder:1315_5 expire 1 line
03-05 09:07:46.424 D/ActivityThread(29273): Loading provider com.android.email.provider;com.android.email.notifier: com.android.email.provider.EmailProvider
03-05 09:07:46.427 D/ActivityThread(29273): Loading provider com.android.email.provider;com.android.email.notifier: com.android.email.provider.EmailProvider
03-05 09:07:46.429 D/ActivityThread(29273): Loading provider com.android.email.provider;com.android.email.notifier: com.android.email.provider.EmailProvider
03-05 09:07:47.154 I/chatty ( 1315): uid=1000(system) android.bg expire 1 line
03-05 09:07:47.374 W/ContextImpl( 1697): Calling a method in the system process without a qualified user: android.app.ContextImpl.bindService:1435 android.content.ContextWrapper.bindService:639 smartisanos.app.tracker.TrackerServiceConnection.connect:34 smartisanos.app.tracker.Agent.connectService:65 smartisanos.app.tracker.Agent.flush:388
03-05 09:07:47.649 I/chatty ( 1315): uid=1000(system) batterystats-sy expire 2 lines
03-05 09:07:48.939 W/ContextImpl( 1697): Calling a method in the system process without a qualified user: android.app.ContextImpl.bindService:1435 android.content.ContextWrapper.bindService:639 smartisanos.app.tracker.TrackerServiceConnection.connect:34 smartisanos.app.tracker.Agent.connectService:65 smartisanos.app.tracker.Agent.flush:388
03-05 09:07:56.420 I/chatty ( 1315): uid=1000(system) InputReader expire 4 lines
03-05 09:07:56.955 I/chatty ( 1315): uid=1000(system) Binder:1315_1C expire 1 line
03-05 09:07:57.008 I/chatty ( 1315): uid=1000(system) Binder:1315_13 expire 2 lines
03-05 09:07:57.070 W/ViewRootImpl[SplashActivity](29337): Cancelling event due to no window focus: KeyEvent { action=ACTION_UP, keyCode=KEYCODE_BACK, scanCode=158, metaState=0, flags=0x28, repeatCount=0, eventTime=1052069374, downTime=1052069347, deviceId=3, source=0x101 }
03-05 09:07:57.070 W/ViewRootImpl[SplashActivity](29337): Cancelling event due to no window focus: KeyEvent { action=ACTION_UP, keyCode=KEYCODE_BACK, scanCode=158, metaState=0, flags=0x28, repeatCount=0, eventTime=1052069374, downTime=1052069347, deviceId=3, source=0x101 }
03-05 09:07:57.070 W/ViewRootImpl[SplashActivity](29337): Cancelling event due to no window focus: KeyEvent { action=ACTION_UP, keyCode=KEYCODE_BACK, scanCode=158, metaState=0, flags=0x28, repeatCount=0, eventTime=1052069374, downTime=1052069347, deviceId=3, source=0x101 }
03-05 09:07:57.074 W/ViewRootImpl[SplashActivity](29337): Cancelling event due to no window focus: KeyEvent { action=ACTION_UP, keyCode=KEYCODE_BACK, scanCode=158, metaState=0, flags=0x28, repeatCount=0, eventTime=1052069374, downTime=1052069347, deviceId=3, source=0x101 }
03-05 09:07:57.074 W/ViewRootImpl[SplashActivity](29337): Cancelling event due to no window focus: KeyEvent { action=ACTION_UP, keyCode=KEYCODE_BACK, scanCode=158, metaState=0, flags=0x28, repeatCount=0, eventTime=1052069374, downTime=1052069347, deviceId=3, source=0x101 }
03-05 09:07:57.074 W/ViewRootImpl[SplashActivity](29337): Cancelling event due to no window focus: KeyEvent { action=ACTION_UP, keyCode=KEYCODE_BACK, scanCode=158, metaState=0, flags=0x28, repeatCount=0, eventTime=1052069374, downTime=1052069347, deviceId=3, source=0x101 }
03-05 09:07:57.074 W/ViewRootImpl[SplashActivity](29337): Cancelling event due to no window focus: KeyEvent { action=ACTION_UP, keyCode=KEYCODE_BACK, scanCode=158, metaState=0, flags=0x28, repeatCount=0, eventTime=1052069374, downTime=1052069347, deviceId=3, source=0x101 }
03-05 09:07:57.075 W/ViewRootImpl[SplashActivity](29337): Cancelling event due to no window focus: KeyEvent { action=ACTION_UP, keyCode=KEYCODE_BACK, scanCode=158, metaState=0, flags=0x28, repeatCount=0, eventTime=1052069374, downTime=1052069347, deviceId=3, source=0x101 }
03-05 09:07:57.075 W/ViewRootImpl[SplashActivity](29337): Cancelling event due to no window focus: KeyEvent { action=ACTION_UP, keyCode=KEYCODE_BACK, scanCode=158, metaState=0, flags=0x28, repeatCount=0, eventTime=1052069374, downTime=1052069347, deviceId=3, source=0x101 }
03-05 09:07:57.136 W/ViewRootImpl[smt_launcher]( 2651): Cancelling event due to no window focus: KeyEvent { action=ACTION_UP, keyCode=KEYCODE_BACK, scanCode=158, metaState=0, flags=0x28, repeatCount=0, eventTime=1052069347, downTime=1052069347, deviceId=3, source=0x101 }
03-05 09:07:57.136 W/ViewRootImpl[smt_launcher]( 2651): Cancelling event due to no window focus: KeyEvent { action=ACTION_UP, keyCode=KEYCODE_BACK, scanCode=158, metaState=0, flags=0x28, repeatCount=0, eventTime=1052069347, downTime=1052069347, deviceId=3, source=0x101 }
03-05 09:07:57.136 W/ViewRootImpl[smt_launcher]( 2651): Cancelling event due to no window focus: KeyEvent { action=ACTION_UP, keyCode=KEYCODE_BACK, scanCode=158, metaState=0, flags=0x28, repeatCount=0, eventTime=1052069347, downTime=1052069347, deviceId=3, source=0x101 }
03-05 09:07:57.136 W/ViewRootImpl[smt_launcher]( 2651): Cancelling event due to no window focus: KeyEvent { action=ACTION_UP, keyCode=KEYCODE_BACK, scanCode=158, metaState=0, flags=0x28, repeatCount=0, eventTime=1052069347, downTime=1052069347, deviceId=3, source=0x101 }
03-05 09:07:57.136 W/ViewRootImpl[smt_launcher]( 2651): Cancelling event due to no window focus: KeyEvent { action=ACTION_UP, keyCode=KEYCODE_BACK, scanCode=158, metaState=0, flags=0x28, repeatCount=0, eventTime=1052069347, downTime=1052069347, deviceId=3, source=0x101 }
03-05 09:07:57.136 W/ViewRootImpl[smt_launcher]( 2651): Cancelling event due to no window focus: KeyEvent { action=ACTION_UP, keyCode=KEYCODE_BACK, scanCode=158, metaState=0, flags=0x28, repeatCount=0, eventTime=1052069347, downTime=1052069347, deviceId=3, source=0x101 }
03-05 09:07:58.357 I/chatty ( 1315): uid=1000(system) Binder:1315_1 expire 2 lines
03-05 09:07:59.658 I/chatty ( 1315): uid=1000(system) Binder:1315_11 expire 11 lines
03-05 09:08:01.013 I/chatty ( 1315): uid=1000(system) Binder:1315_15 expire 16 lines
03-05 09:08:01.013 I/chatty ( 1315): uid=1000(system) android.display expire 41 lines
03-05 09:08:01.034 I/chatty ( 1315): uid=1000(system) Binder:1315_1F expire 4 lines
03-05 09:08:01.180 I/chatty ( 1315): uid=1000(system) Binder:1315_1B expire 20 lines
03-05 09:08:01.221 I/chatty ( 1315): uid=1000(system) Binder:1315_17 expire 4 lines
03-05 09:08:01.243 I/chatty ( 1315): uid=1000(system) Binder:1315_16 expire 10 lines
03-05 09:08:01.279 I/chatty ( 1315): uid=1000(system) android.bg expire 14 lines
03-05 09:08:01.498 I/chatty ( 1315): uid=1000(system) Binder:1315_20 expire 2 lines
03-05 09:08:01.541 I/chatty ( 1315): uid=1000(system) Binder:1315_1 expire 1 line
03-05 09:08:01.554 I/chatty ( 1315): uid=1000(system) Binder:1315_5 expire 8 lines
03-05 09:08:02.077 E/ActivityThread(30162): Failed to find provider info for com.vivo.push.sdk.service.SystemPushConfig
03-05 09:08:02.082 E/ActivityThread(30162): Failed to find provider info for com.vivo.push.sdk.service.SystemPushConfig
03-05 09:08:02.117 I/chatty ( 1315): uid=1000(system) Binder:1315_C expire 7 lines
03-05 09:08:02.130 I/chatty ( 1315): uid=1000(system) Binder:1315_4 expire 1 line
03-05 09:08:02.437 W/FileUtils(30162): Failed to chmod(/storage/emulated/0/sina/weibo/.database/weibolog): android.system.ErrnoException: chmod failed: EPERM (Operation not permitted)
03-05 09:08:02.579 I/chatty ( 1315): uid=1000(system) Binder:1315_10 expire 10 lines
03-05 09:08:02.996 I/chatty ( 1315): uid=1000(system) Binder:1315_6 expire 8 lines
03-05 09:08:06.132 I/chatty ( 1315): uid=1000(system) Binder:1315_12 expire 3 lines
03-05 09:08:06.133 I/chatty ( 1315): uid=1000(system) Binder:1315_3 expire 1 line
03-05 09:08:06.142 I/chatty ( 1315): uid=1000(system) Binder:1315_19 expire 16 lines
03-05 09:08:06.754 I/chatty ( 1315): uid=1000(system) Binder:1315_A expire 7 lines
03-05 09:08:07.363 I/chatty ( 1315): uid=1000(system) Binder:1315_1E expire 2 lines
03-05 09:08:07.379 I/chatty ( 1315): uid=1000(system) Binder:1315_D expire 2 lines
03-05 09:08:07.723 I/chatty ( 1315): uid=1000(system) Binder:1315_1A expire 2 lines
03-05 09:08:08.912 I/chatty ( 1315): uid=1000(system) Binder:1315_7 expire 2 lines
03-05 09:08:09.335 I/chatty ( 1315): uid=1000(system) Binder:1315_B expire 10 lines
03-05 09:08:09.522 I/chatty ( 1315): uid=1000(system) Binder:1315_9 expire 1 line
03-05 09:08:09.527 I/chatty ( 1315): uid=1000(system) Binder:1315_1C expire 3 lines
03-05 09:08:12.142 I/PackageParser(29918): com.tencent.x5sdk.res: compat added android.permission.WRITE_EXTERNAL_STORAGE android.permission.READ_PHONE_STATE
03-05 09:08:12.211 I/PackageParser(29918): com.tencent.x5sdk.res: compat added android.permission.WRITE_EXTERNAL_STORAGE android.permission.READ_PHONE_STATE
03-05 09:08:12.283 I/PackageParser(30009): com.tencent.x5sdk.res: compat added android.permission.WRITE_EXTERNAL_STORAGE android.permission.READ_PHONE_STATE
03-05 09:08:12.315 I/chatty ( 1315): uid=1000(system) Binder:1315_2 expire 8 lines
03-05 09:08:12.360 I/PackageParser(30009): com.tencent.x5sdk.res: compat added android.permission.WRITE_EXTERNAL_STORAGE android.permission.READ_PHONE_STATE
03-05 09:08:14.010 I/chatty ( 1315): uid=1000(system) ActivityManager expire 17 lines
03-05 09:08:15.761 I/chatty ( 1315): uid=1000(system) android.io expire 4 lines
03-05 09:08:18.102 E/ActivityThread(30162): Failed to find provider info for com.vivo.push.sdk.service.SystemPushConfig
03-05 09:08:18.156 E/ActivityThread(30162): Failed to find provider info for com.vivo.push.sdk.service.SystemPushConfig
03-05 09:08:18.369 I/chatty ( 1315): uid=1000(system) batterystats-sy expire 1 line
03-05 09:08:18.885 W/ContextImpl(29153): Calling a method in the system process without a qualified user: android.app.ContextImpl.startService:1371 android.content.ContextWrapper.startService:616 android.content.ContextWrapper.startService:616 com.android.settings.fuelgauge.BatteryChangeReceiver.tL:-1 com.android.settings.fuelgauge.BatteryChangeReceiver.tO:-1
03-05 09:08:18.953 W/ProcessCpuTracker(29153): Skipping unknown process pid 1
03-05 09:08:18.953 W/ProcessCpuTracker(29153): Skipping unknown process pid 2
03-05 09:08:18.954 W/ProcessCpuTracker(29153): Skipping unknown process pid 3
03-05 09:08:18.954 W/ProcessCpuTracker(29153): Skipping unknown process pid 5
03-05 09:08:18.955 W/ProcessCpuTracker(29153): Skipping unknown process pid 7
03-05 09:08:18.956 W/ProcessCpuTracker(29153): Skipping unknown process pid 8
03-05 09:08:18.956 W/ProcessCpuTracker(29153): Skipping unknown process pid 9
03-05 09:08:18.958 W/ProcessCpuTracker(29153): Skipping unknown process pid 10
03-05 09:08:18.959 W/ProcessCpuTracker(29153): Skipping unknown process pid 11
03-05 09:08:18.960 W/ProcessCpuTracker(29153): Skipping unknown process pid 12
03-05 09:08:18.961 W/ProcessCpuTracker(29153): Skipping unknown process pid 13
03-05 09:08:18.962 W/ProcessCpuTracker(29153): Skipping unknown process pid 14
03-05 09:08:18.963 W/ProcessCpuTracker(29153): Skipping unknown process pid 15
03-05 09:08:18.963 W/ProcessCpuTracker(29153): Skipping unknown process pid 17
03-05 09:08:18.964 W/ProcessCpuTracker(29153): Skipping unknown process pid 18
03-05 09:08:18.965 W/ProcessCpuTracker(29153): Skipping unknown process pid 19
03-05 09:08:18.966 W/ProcessCpuTracker(29153): Skipping unknown process pid 20
03-05 09:08:18.966 W/ProcessCpuTracker(29153): Skipping unknown process pid 21
03-05 09:08:18.967 W/ProcessCpuTracker(29153): Skipping unknown process pid 22
03-05 09:08:18.967 W/ProcessCpuTracker(29153): Skipping unknown process pid 24
03-05 09:08:18.968 W/ProcessCpuTracker(29153): Skipping unknown process pid 25
03-05 09:08:18.968 W/ProcessCpuTracker(29153): Skipping unknown process pid 26
03-05 09:08:18.969 W/ProcessCpuTracker(29153): Skipping unknown process pid 27
03-05 09:08:18.969 W/ProcessCpuTracker(29153): Skipping unknown process pid 28
03-05 09:08:18.970 W/ProcessCpuTracker(29153): Skipping unknown process pid 29
03-05 09:08:18.970 W/ProcessCpuTracker(29153): Skipping unknown process pid 31
03-05 09:08:18.970 W/ProcessCpuTracker(29153): Skipping unknown process pid 32
03-05 09:08:18.971 W/ProcessCpuTracker(29153): Skipping unknown process pid 33
03-05 09:08:18.971 W/ProcessCpuTracker(29153): Skipping unknown process pid 34
03-05 09:08:18.972 W/ProcessCpuTracker(29153): Skipping unknown process pid 35
03-05 09:08:18.972 W/ProcessCpuTracker(29153): Skipping unknown process pid 36
03-05 09:08:18.973 W/ProcessCpuTracker(29153): Skipping unknown process pid 38
03-05 09:08:18.973 W/ProcessCpuTracker(29153): Skipping unknown process pid 39
03-05 09:08:18.974 W/ProcessCpuTracker(29153): Skipping unknown process pid 40
03-05 09:08:18.974 W/ProcessCpuTracker(29153): Skipping unknown process pid 41
03-05 09:08:18.975 W/ProcessCpuTracker(29153): Skipping unknown process pid 42
03-05 09:08:18.975 W/ProcessCpuTracker(29153): Skipping unknown process pid 43
03-05 09:08:18.975 W/ProcessCpuTracker(29153): Skipping unknown process pid 45
03-05 09:08:18.976 W/ProcessCpuTracker(29153): Skipping unknown process pid 46
03-05 09:08:18.977 W/ProcessCpuTracker(29153): Skipping unknown process pid 47
03-05 09:08:18.978 W/ProcessCpuTracker(29153): Skipping unknown process pid 48
03-05 09:08:18.978 W/ProcessCpuTracker(29153): Skipping unknown process pid 49
03-05 09:08:18.979 W/ProcessCpuTracker(29153): Skipping unknown process pid 50
03-05 09:08:18.980 W/ProcessCpuTracker(29153): Skipping unknown process pid 52
03-05 09:08:18.980 W/ProcessCpuTracker(29153): Skipping unknown process pid 53
03-05 09:08:18.981 W/ProcessCpuTracker(29153): Skipping unknown process pid 54
03-05 09:08:18.981 W/ProcessCpuTracker(29153): Skipping unknown process pid 55
03-05 09:08:18.981 W/ProcessCpuTracker(29153): Skipping unknown process pid 56
03-05 09:08:18.982 W/ProcessCpuTracker(29153): Skipping unknown process pid 57
03-05 09:08:18.982 W/ProcessCpuTracker(29153): Skipping unknown process pid 59
03-05 09:08:18.983 W/ProcessCpuTracker(29153): Skipping unknown process pid 60
03-05 09:08:18.983 W/ProcessCpuTracker(29153): Skipping unknown process pid 61
03-05 09:08:18.983 W/ProcessCpuTracker(29153): Skipping unknown process pid 62
03-05 09:08:18.984 W/ProcessCpuTracker(29153): Skipping unknown process pid 63
03-05 09:08:18.984 W/ProcessCpuTracker(29153): Skipping unknown process pid 64
03-05 09:08:18.985 W/ProcessCpuTracker(29153): Skipping unknown process pid 65
03-05 09:08:18.985 W/ProcessCpuTracker(29153): Skipping unknown process pid 66
03-05 09:08:18.985 W/ProcessCpuTracker(29153): Skipping unknown process pid 67
03-05 09:08:18.986 W/ProcessCpuTracker(29153): Skipping unknown process pid 68
03-05 09:08:18.986 W/ProcessCpuTracker(29153): Skipping unknown process pid 69
03-05 09:08:18.986 W/ProcessCpuTracker(29153): Skipping unknown process pid 70
03-05 09:08:18.987 W/ProcessCpuTracker(29153): Skipping unknown process pid 71
03-05 09:08:18.988 W/ProcessCpuTracker(29153): Skipping unknown process pid 72
03-05 09:08:18.988 W/ProcessCpuTracker(29153): Skipping unknown process pid 73
03-05 09:08:18.989 W/ProcessCpuTracker(29153): Skipping unknown process pid 74
03-05 09:08:18.989 W/ProcessCpuTracker(29153): Skipping unknown process pid 75
03-05 09:08:18.989 W/ProcessCpuTracker(29153): Skipping unknown process pid 76
03-05 09:08:18.990 W/ProcessCpuTracker(29153): Skipping unknown process pid 79
03-05 09:08:18.990 W/ProcessCpuTracker(29153): Skipping unknown process pid 100
03-05 09:08:18.991 W/ProcessCpuTracker(29153): Skipping unknown process pid 101
03-05 09:08:18.991 W/ProcessCpuTracker(29153): Skipping unknown process pid 102
03-05 09:08:18.992 W/ProcessCpuTracker(29153): Skipping unknown process pid 103
03-05 09:08:18.992 W/ProcessCpuTracker(29153): Skipping unknown process pid 104
03-05 09:08:18.993 W/ProcessCpuTracker(29153): Skipping unknown process pid 105
03-05 09:08:18.994 W/ProcessCpuTracker(29153): Skipping unknown process pid 106
03-05 09:08:18.994 W/ProcessCpuTracker(29153): Skipping unknown process pid 107
03-05 09:08:18.995 W/ProcessCpuTracker(29153): Skipping unknown process pid 109
03-05 09:08:18.996 W/ProcessCpuTracker(29153): Skipping unknown process pid 110
03-05 09:08:18.997 W/ProcessCpuTracker(29153): Skipping unknown process pid 112
03-05 09:08:18.997 W/ProcessCpuTracker(29153): Skipping unknown process pid 113
03-05 09:08:18.998 W/ProcessCpuTracker(29153): Skipping unknown process pid 114
03-05 09:08:18.999 W/ProcessCpuTracker(29153): Skipping unknown process pid 115
03-05 09:08:19.000 W/ProcessCpuTracker(29153): Skipping unknown process pid 116
03-05 09:08:19.000 W/ProcessCpuTracker(29153): Skipping unknown process pid 117
03-05 09:08:19.001 W/ProcessCpuTracker(29153): Skipping unknown process pid 118
03-05 09:08:19.002 W/ProcessCpuTracker(29153): Skipping unknown process pid 119
03-05 09:08:19.003 W/ProcessCpuTracker(29153): Skipping unknown process pid 120
03-05 09:08:19.003 W/ProcessCpuTracker(29153): Skipping unknown process pid 121
03-05 09:08:19.004 W/ProcessCpuTracker(29153): Skipping unknown process pid 122
03-05 09:08:19.005 W/ProcessCpuTracker(29153): Skipping unknown process pid 123
03-05 09:08:19.005 W/ProcessCpuTracker(29153): Skipping unknown process pid 124
03-05 09:08:19.006 W/ProcessCpuTracker(29153): Skipping unknown process pid 125
03-05 09:08:19.008 W/ProcessCpuTracker(29153): Skipping unknown process pid 126
03-05 09:08:19.009 W/ProcessCpuTracker(29153): Skipping unknown process pid 127
03-05 09:08:19.009 W/ProcessCpuTracker(29153): Skipping unknown process pid 128
03-05 09:08:19.010 W/ProcessCpuTracker(29153): Skipping unknown process pid 129
03-05 09:08:19.011 W/ProcessCpuTracker(29153): Skipping unknown process pid 130
03-05 09:08:19.011 W/ProcessCpuTracker(29153): Skipping unknown process pid 131
03-05 09:08:19.012 W/ProcessCpuTracker(29153): Skipping unknown process pid 132
03-05 09:08:19.013 W/ProcessCpuTracker(29153): Skipping unknown process pid 133
03-05 09:08:19.013 W/ProcessCpuTracker(29153): Skipping unknown process pid 134
03-05 09:08:19.014 W/ProcessCpuTracker(29153): Skipping unknown process pid 135
03-05 09:08:19.014 W/ProcessCpuTracker(29153): Skipping unknown process pid 136
03-05 09:08:19.015 W/ProcessCpuTracker(29153): Skipping unknown process pid 137
03-05 09:08:19.015 W/ProcessCpuTracker(29153): Skipping unknown process pid 138
03-05 09:08:19.016 W/ProcessCpuTracker(29153): Skipping unknown process pid 139
03-05 09:08:19.017 W/ProcessCpuTracker(29153): Skipping unknown process pid 140
03-05 09:08:19.017 W/ProcessCpuTracker(29153): Skipping unknown process pid 141
03-05 09:08:19.018 W/ProcessCpuTracker(29153): Skipping unknown process pid 142
03-05 09:08:19.019 W/ProcessCpuTracker(29153): Skipping unknown process pid 143
03-05 09:08:19.019 W/ProcessCpuTracker(29153): Skipping unknown process pid 145
03-05 09:08:19.020 W/ProcessCpuTracker(29153): Skipping unknown process pid 146
03-05 09:08:19.020 W/ProcessCpuTracker(29153): Skipping unknown process pid 147
03-05 09:08:19.021 W/ProcessCpuTracker(29153): Skipping unknown process pid 170
03-05 09:08:19.021 W/ProcessCpuTracker(29153): Skipping unknown process pid 171
03-05 09:08:19.022 W/ProcessCpuTracker(29153): Skipping unknown process pid 172
03-05 09:08:19.022 W/ProcessCpuTracker(29153): Skipping unknown process pid 192
03-05 09:08:19.022 W/ProcessCpuTracker(29153): Skipping unknown process pid 193
03-05 09:08:19.023 W/ProcessCpuTracker(29153): Skipping unknown process pid 194
03-05 09:08:19.023 W/ProcessCpuTracker(29153): Skipping unknown process pid 195
03-05 09:08:19.023 W/ProcessCpuTracker(29153): Skipping unknown process pid 196
03-05 09:08:19.024 W/ProcessCpuTracker(29153): Skipping unknown process pid 197
03-05 09:08:19.024 W/ProcessCpuTracker(29153): Skipping unknown process pid 198
03-05 09:08:19.024 W/ProcessCpuTracker(29153): Skipping unknown process pid 199
03-05 09:08:19.025 W/ProcessCpuTracker(29153): Skipping unknown process pid 200
03-05 09:08:19.025 W/ProcessCpuTracker(29153): Skipping unknown process pid 201
03-05 09:08:19.025 W/ProcessCpuTracker(29153): Skipping unknown process pid 202
03-05 09:08:19.026 W/ProcessCpuTracker(29153): Skipping unknown process pid 206
03-05 09:08:19.026 W/ProcessCpuTracker(29153): Skipping unknown process pid 207
03-05 09:08:19.026 W/ProcessCpuTracker(29153): Skipping unknown process pid 208
03-05 09:08:19.028 W/ProcessCpuTracker(29153): Skipping unknown process pid 209
03-05 09:08:19.029 W/ProcessCpuTracker(29153): Skipping unknown process pid 210
03-05 09:08:19.030 W/ProcessCpuTracker(29153): Skipping unknown process pid 211
03-05 09:08:19.030 W/ProcessCpuTracker(29153): Skipping unknown process pid 212
03-05 09:08:19.031 W/ProcessCpuTracker(29153): Skipping unknown process pid 213
03-05 09:08:19.031 W/ProcessCpuTracker(29153): Skipping unknown process pid 214
03-05 09:08:19.032 W/ProcessCpuTracker(29153): Skipping unknown process pid 215
03-05 09:08:19.033 W/ProcessCpuTracker(29153): Skipping unknown process pid 216
03-05 09:08:19.034 W/ProcessCpuTracker(29153): Skipping unknown process pid 217
03-05 09:08:19.034 W/ProcessCpuTracker(29153): Skipping unknown process pid 218
03-05 09:08:19.035 W/ProcessCpuTracker(29153): Skipping unknown process pid 219
03-05 09:08:19.035 W/ProcessCpuTracker(29153): Skipping unknown process pid 220
03-05 09:08:19.035 W/ProcessCpuTracker(29153): Skipping unknown process pid 221
03-05 09:08:19.036 W/ProcessCpuTracker(29153): Skipping unknown process pid 222
03-05 09:08:19.036 W/ProcessCpuTracker(29153): Skipping unknown process pid 223
03-05 09:08:19.037 W/ProcessCpuTracker(29153): Skipping unknown process pid 224
03-05 09:08:19.037 W/ProcessCpuTracker(29153): Skipping unknown process pid 225
03-05 09:08:19.038 W/ProcessCpuTracker(29153): Skipping unknown process pid 226
03-05 09:08:19.039 W/ProcessCpuTracker(29153): Skipping unknown process pid 227
03-05 09:08:19.039 W/ProcessCpuTracker(29153): Skipping unknown process pid 228
03-05 09:08:19.040 W/ProcessCpuTracker(29153): Skipping unknown process pid 229
03-05 09:08:19.041 W/ProcessCpuTracker(29153): Skipping unknown process pid 230
03-05 09:08:19.041 W/ProcessCpuTracker(29153): Skipping unknown process pid 231
03-05 09:08:19.042 W/ProcessCpuTracker(29153): Skipping unknown process pid 232
03-05 09:08:19.042 W/ProcessCpuTracker(29153): Skipping unknown process pid 233
03-05 09:08:19.043 W/ProcessCpuTracker(29153): Skipping unknown process pid 234
03-05 09:08:19.044 W/ProcessCpuTracker(29153): Skipping unknown process pid 235
03-05 09:08:19.044 W/ProcessCpuTracker(29153): Skipping unknown process pid 236
03-05 09:08:19.045 W/ProcessCpuTracker(29153): Skipping unknown process pid 237
03-05 09:08:19.046 W/ProcessCpuTracker(29153): Skipping unknown process pid 238
03-05 09:08:19.046 W/ProcessCpuTracker(29153): Skipping unknown process pid 239
03-05 09:08:19.048 W/ProcessCpuTracker(29153): Skipping unknown process pid 240
03-05 09:08:19.049 W/ProcessCpuTracker(29153): Skipping unknown process pid 241
03-05 09:08:19.050 W/ProcessCpuTracker(29153): Skipping unknown process pid 242
03-05 09:08:19.050 W/ProcessCpuTracker(29153): Skipping unknown process pid 243
03-05 09:08:19.051 W/ProcessCpuTracker(29153): Skipping unknown process pid 244
03-05 09:08:19.052 W/ProcessCpuTracker(29153): Skipping unknown process pid 245
03-05 09:08:19.052 W/ProcessCpuTracker(29153): Skipping unknown process pid 246
03-05 09:08:19.053 W/ProcessCpuTracker(29153): Skipping unknown process pid 247
03-05 09:08:19.053 W/ProcessCpuTracker(29153): Skipping unknown process pid 248
03-05 09:08:19.054 W/ProcessCpuTracker(29153): Skipping unknown process pid 249
03-05 09:08:19.055 W/ProcessCpuTracker(29153): Skipping unknown process pid 250
03-05 09:08:19.055 W/ProcessCpuTracker(29153): Skipping unknown process pid 251
03-05 09:08:19.056 W/ProcessCpuTracker(29153): Skipping unknown process pid 252
03-05 09:08:19.057 W/ProcessCpuTracker(29153): Skipping unknown process pid 253
03-05 09:08:19.057 W/ProcessCpuTracker(29153): Skipping unknown process pid 254
03-05 09:08:19.058 W/ProcessCpuTracker(29153): Skipping unknown process pid 255
03-05 09:08:19.059 W/ProcessCpuTracker(29153): Skipping unknown process pid 256
03-05 09:08:19.059 W/ProcessCpuTracker(29153): Skipping unknown process pid 277
03-05 09:08:19.060 W/ProcessCpuTracker(29153): Skipping unknown process pid 279
03-05 09:08:19.060 W/ProcessCpuTracker(29153): Skipping unknown process pid 280
03-05 09:08:19.061 W/ProcessCpuTracker(29153): Skipping unknown process pid 284
03-05 09:08:19.062 W/ProcessCpuTracker(29153): Skipping unknown process pid 285
03-05 09:08:19.063 W/ProcessCpuTracker(29153): Skipping unknown process pid 286
03-05 09:08:19.063 W/ProcessCpuTracker(29153): Skipping unknown process pid 287
03-05 09:08:19.064 W/ProcessCpuTracker(29153): Skipping unknown process pid 288
03-05 09:08:19.064 W/ProcessCpuTracker(29153): Skipping unknown process pid 289
03-05 09:08:19.065 W/ProcessCpuTracker(29153): Skipping unknown process pid 290
03-05 09:08:19.066 W/ProcessCpuTracker(29153): Skipping unknown process pid 291
03-05 09:08:19.066 W/ProcessCpuTracker(29153): Skipping unknown process pid 292
03-05 09:08:19.068 W/ProcessCpuTracker(29153): Skipping unknown process pid 293
03-05 09:08:19.069 W/ProcessCpuTracker(29153): Skipping unknown process pid 294
03-05 09:08:19.070 W/ProcessCpuTracker(29153): Skipping unknown process pid 295
03-05 09:08:19.071 W/ProcessCpuTracker(29153): Skipping unknown process pid 296
03-05 09:08:19.071 W/ProcessCpuTracker(29153): Skipping unknown process pid 297
03-05 09:08:19.073 W/ProcessCpuTracker(29153): Skipping unknown process pid 298
03-05 09:08:19.073 W/ProcessCpuTracker(29153): Skipping unknown process pid 299
03-05 09:08:19.074 W/ProcessCpuTracker(29153): Skipping unknown process pid 300
03-05 09:08:19.075 W/ProcessCpuTracker(29153): Skipping unknown process pid 301
03-05 09:08:19.076 W/ProcessCpuTracker(29153): Skipping unknown process pid 302
03-05 09:08:19.078 W/ProcessCpuTracker(29153): Skipping unknown process pid 303
03-05 09:08:19.079 W/ProcessCpuTracker(29153): Skipping unknown process pid 304
03-05 09:08:19.080 W/ProcessCpuTracker(29153): Skipping unknown process pid 305
03-05 09:08:19.081 W/ProcessCpuTracker(29153): Skipping unknown process pid 306
03-05 09:08:19.082 W/ProcessCpuTracker(29153): Skipping unknown process pid 307
03-05 09:08:19.082 W/ProcessCpuTracker(29153): Skipping unknown process pid 308
03-05 09:08:19.083 W/ProcessCpuTracker(29153): Skipping unknown process pid 309
03-05 09:08:19.084 W/ProcessCpuTracker(29153): Skipping unknown process pid 310
03-05 09:08:19.085 W/ProcessCpuTracker(29153): Skipping unknown process pid 311
03-05 09:08:19.086 W/ProcessCpuTracker(29153): Skipping unknown process pid 312
03-05 09:08:19.087 W/ProcessCpuTracker(29153): Skipping unknown process pid 313
03-05 09:08:19.088 W/ProcessCpuTracker(29153): Skipping unknown process pid 314
03-05 09:08:19.089 W/ProcessCpuTracker(29153): Skipping unknown process pid 315
03-05 09:08:19.090 W/ProcessCpuTracker(29153): Skipping unknown process pid 316
03-05 09:08:19.091 W/ProcessCpuTracker(29153): Skipping unknown process pid 317
03-05 09:08:19.091 W/ProcessCpuTracker(29153): Skipping unknown process pid 318
03-05 09:08:19.092 W/ProcessCpuTracker(29153): Skipping unknown process pid 319
03-05 09:08:19.096 W/ProcessCpuTracker(29153): Skipping unknown process pid 320
03-05 09:08:19.097 W/ProcessCpuTracker(29153): Skipping unknown process pid 321
03-05 09:08:19.097 W/ProcessCpuTracker(29153): Skipping unknown process pid 322
03-05 09:08:19.098 W/ProcessCpuTracker(29153): Skipping unknown process pid 323
03-05 09:08:19.099 W/ProcessCpuTracker(29153): Skipping unknown process pid 324
03-05 09:08:19.099 W/ProcessCpuTracker(29153): Skipping unknown process pid 325
03-05 09:08:19.100 W/ProcessCpuTracker(29153): Skipping unknown process pid 326
03-05 09:08:19.101 W/ProcessCpuTracker(29153): Skipping unknown process pid 327
03-05 09:08:19.101 W/ProcessCpuTracker(29153): Skipping unknown process pid 328
03-05 09:08:19.102 W/ProcessCpuTracker(29153): Skipping unknown process pid 329
03-05 09:08:19.103 W/ProcessCpuTracker(29153): Skipping unknown process pid 330
03-05 09:08:19.104 W/ProcessCpuTracker(29153): Skipping unknown process pid 331
03-05 09:08:19.105 W/ProcessCpuTracker(29153): Skipping unknown process pid 332
03-05 09:08:19.106 W/ProcessCpuTracker(29153): Skipping unknown process pid 333
03-05 09:08:19.106 W/ProcessCpuTracker(29153): Skipping unknown process pid 335
03-05 09:08:19.107 W/ProcessCpuTracker(29153): Skipping unknown process pid 336
03-05 09:08:19.108 W/ProcessCpuTracker(29153): Skipping unknown process pid 337
03-05 09:08:19.109 W/ProcessCpuTracker(29153): Skipping unknown process pid 338
03-05 09:08:19.110 W/ProcessCpuTracker(29153): Skipping unknown process pid 339
03-05 09:08:19.112 W/ProcessCpuTracker(29153): Skipping unknown process pid 340
03-05 09:08:19.112 W/ProcessCpuTracker(29153): Skipping unknown process pid 342
03-05 09:08:19.113 W/ProcessCpuTracker(29153): Skipping unknown process pid 344
03-05 09:08:19.114 W/ProcessCpuTracker(29153): Skipping unknown process pid 350
03-05 09:08:19.114 W/ProcessCpuTracker(29153): Skipping unknown process pid 351
03-05 09:08:19.115 W/ProcessCpuTracker(29153): Skipping unknown process pid 352
03-05 09:08:19.115 W/ProcessCpuTracker(29153): Skipping unknown process pid 353
03-05 09:08:19.116 W/ProcessCpuTracker(29153): Skipping unknown process pid 354
03-05 09:08:19.116 W/ProcessCpuTracker(29153): Skipping unknown process pid 355
03-05 09:08:19.117 W/ProcessCpuTracker(29153): Skipping unknown process pid 356
03-05 09:08:19.118 W/ProcessCpuTracker(29153): Skipping unknown process pid 357
03-05 09:08:19.118 W/ProcessCpuTracker(29153): Skipping unknown process pid 358
03-05 09:08:19.119 W/ProcessCpuTracker(29153): Skipping unknown process pid 359
03-05 09:08:19.120 W/ProcessCpuTracker(29153): Skipping unknown process pid 360
03-05 09:08:19.120 W/ProcessCpuTracker(29153): Skipping unknown process pid 361
03-05 09:08:19.121 W/ProcessCpuTracker(29153): Skipping unknown process pid 362
03-05 09:08:19.122 W/ProcessCpuTracker(29153): Skipping unknown process pid 363
03-05 09:08:19.122 W/ProcessCpuTracker(29153): Skipping unknown process pid 364
03-05 09:08:19.123 W/ProcessCpuTracker(29153): Skipping unknown process pid 365
03-05 09:08:19.123 W/ProcessCpuTracker(29153): Skipping unknown process pid 366
03-05 09:08:19.124 W/ProcessCpuTracker(29153): Skipping unknown process pid 367
03-05 09:08:19.125 W/ProcessCpuTracker(29153): Skipping unknown process pid 368
03-05 09:08:19.125 W/ProcessCpuTracker(29153): Skipping unknown process pid 369
03-05 09:08:19.126 W/ProcessCpuTracker(29153): Skipping unknown process pid 370
03-05 09:08:19.126 W/ProcessCpuTracker(29153): Skipping unknown process pid 371
03-05 09:08:19.128 W/ProcessCpuTracker(29153): Skipping unknown process pid 372
03-05 09:08:19.128 W/ProcessCpuTracker(29153): Skipping unknown process pid 373
03-05 09:08:19.129 W/ProcessCpuTracker(29153): Skipping unknown process pid 374
03-05 09:08:19.130 W/ProcessCpuTracker(29153): Skipping unknown process pid 375
03-05 09:08:19.130 W/ProcessCpuTracker(29153): Skipping unknown process pid 376
03-05 09:08:19.131 W/ProcessCpuTracker(29153): Skipping unknown process pid 377
03-05 09:08:19.132 W/ProcessCpuTracker(29153): Skipping unknown process pid 378
03-05 09:08:19.132 W/ProcessCpuTracker(29153): Skipping unknown process pid 379
03-05 09:08:19.133 W/ProcessCpuTracker(29153): Skipping unknown process pid 380
03-05 09:08:19.134 W/ProcessCpuTracker(29153): Skipping unknown process pid 381
03-05 09:08:19.135 W/ProcessCpuTracker(29153): Skipping unknown process pid 382
03-05 09:08:19.135 W/ProcessCpuTracker(29153): Skipping unknown process pid 383
03-05 09:08:19.136 W/ProcessCpuTracker(29153): Skipping unknown process pid 384
03-05 09:08:19.137 W/ProcessCpuTracker(29153): Skipping unknown process pid 385
03-05 09:08:19.137 W/ProcessCpuTracker(29153): Skipping unknown process pid 386
03-05 09:08:19.138 W/ProcessCpuTracker(29153): Skipping unknown process pid 387
03-05 09:08:19.139 W/ProcessCpuTracker(29153): Skipping unknown process pid 388
03-05 09:08:19.140 W/ProcessCpuTracker(29153): Skipping unknown process pid 389
03-05 09:08:19.140 W/ProcessCpuTracker(29153): Skipping unknown process pid 390
03-05 09:08:19.141 W/ProcessCpuTracker(29153): Skipping unknown process pid 391
03-05 09:08:19.142 W/ProcessCpuTracker(29153): Skipping unknown process pid 392
03-05 09:08:19.142 W/ProcessCpuTracker(29153): Skipping unknown process pid 393
03-05 09:08:19.143 W/ProcessCpuTracker(29153): Skipping unknown process pid 394
03-05 09:08:19.144 W/ProcessCpuTracker(29153): Skipping unknown process pid 395
03-05 09:08:19.144 W/ProcessCpuTracker(29153): Skipping unknown process pid 396
03-05 09:08:19.145 W/ProcessCpuTracker(29153): Skipping unknown process pid 397
03-05 09:08:19.146 W/ProcessCpuTracker(29153): Skipping unknown process pid 398
03-05 09:08:19.147 W/ProcessCpuTracker(29153): Skipping unknown process pid 400
03-05 09:08:19.147 W/ProcessCpuTracker(29153): Skipping unknown process pid 401
03-05 09:08:19.148 W/ProcessCpuTracker(29153): Skipping unknown process pid 404
03-05 09:08:19.149 W/ProcessCpuTracker(29153): Skipping unknown process pid 405
03-05 09:08:19.150 W/ProcessCpuTracker(29153): Skipping unknown process pid 406
03-05 09:08:19.150 W/ProcessCpuTracker(29153): Skipping unknown process pid 407
03-05 09:08:19.151 W/ProcessCpuTracker(29153): Skipping unknown process pid 409
03-05 09:08:19.152 W/ProcessCpuTracker(29153): Skipping unknown process pid 410
03-05 09:08:19.153 W/ProcessCpuTracker(29153): Skipping unknown process pid 420
03-05 09:08:19.154 W/ProcessCpuTracker(29153): Skipping unknown process pid 421
03-05 09:08:19.155 W/ProcessCpuTracker(29153): Skipping unknown process pid 423
03-05 09:08:19.155 W/ProcessCpuTracker(29153): Skipping unknown process pid 424
03-05 09:08:19.156 W/ProcessCpuTracker(29153): Skipping unknown process pid 425
03-05 09:08:19.158 W/ProcessCpuTracker(29153): Skipping unknown process pid 426
03-05 09:08:19.159 W/ProcessCpuTracker(29153): Skipping unknown process pid 427
03-05 09:08:19.160 W/ProcessCpuTracker(29153): Skipping unknown process pid 428
03-05 09:08:19.161 W/ProcessCpuTracker(29153): Skipping unknown process pid 429
03-05 09:08:19.161 W/ProcessCpuTracker(29153): Skipping unknown process pid 430
03-05 09:08:19.162 W/ProcessCpuTracker(29153): Skipping unknown process pid 431
03-05 09:08:19.163 W/ProcessCpuTracker(29153): Skipping unknown process pid 432
03-05 09:08:19.164 W/ProcessCpuTracker(29153): Skipping unknown process pid 441
03-05 09:08:19.165 W/ProcessCpuTracker(29153): Skipping unknown process pid 444
03-05 09:08:19.165 W/ProcessCpuTracker(29153): Skipping unknown process pid 454
03-05 09:08:19.166 W/ProcessCpuTracker(29153): Skipping unknown process pid 455
03-05 09:08:19.167 W/ProcessCpuTracker(29153): Skipping unknown process pid 456
03-05 09:08:19.167 W/ProcessCpuTracker(29153): Skipping unknown process pid 457
03-05 09:08:19.168 W/ProcessCpuTracker(29153): Skipping unknown process pid 472
03-05 09:08:19.169 W/ProcessCpuTracker(29153): Skipping unknown process pid 473
03-05 09:08:19.170 W/ProcessCpuTracker(29153): Skipping unknown process pid 480
03-05 09:08:19.171 W/ProcessCpuTracker(29153): Skipping unknown process pid 481
03-05 09:08:19.172 W/ProcessCpuTracker(29153): Skipping unknown process pid 482
03-05 09:08:19.172 W/ProcessCpuTracker(29153): Skipping unknown process pid 483
03-05 09:08:19.173 W/ProcessCpuTracker(29153): Skipping unknown process pid 484
03-05 09:08:19.174 W/ProcessCpuTracker(29153): Skipping unknown process pid 485
03-05 09:08:19.175 W/ProcessCpuTracker(29153): Skipping unknown process pid 486
03-05 09:08:19.175 W/ProcessCpuTracker(29153): Skipping unknown process pid 500
03-05 09:08:19.177 W/ProcessCpuTracker(29153): Skipping unknown process pid 521
03-05 09:08:19.178 W/ProcessCpuTracker(29153): Skipping unknown process pid 522
03-05 09:08:19.179 W/ProcessCpuTracker(29153): Skipping unknown process pid 525
03-05 09:08:19.180 W/ProcessCpuTracker(29153): Skipping unknown process pid 526
03-05 09:08:19.181 W/ProcessCpuTracker(29153): Skipping unknown process pid 528
03-05 09:08:19.182 W/ProcessCpuTracker(29153): Skipping unknown process pid 530
03-05 09:08:19.182 W/ProcessCpuTracker(29153): Skipping unknown process pid 532
03-05 09:08:19.183 W/ProcessCpuTracker(29153): Skipping unknown process pid 533
03-05 09:08:19.184 W/ProcessCpuTracker(29153): Skipping unknown process pid 534
03-05 09:08:19.185 W/ProcessCpuTracker(29153): Skipping unknown process pid 535
03-05 09:08:19.186 W/ProcessCpuTracker(29153): Skipping unknown process pid 537
03-05 09:08:19.187 W/ProcessCpuTracker(29153): Skipping unknown process pid 547
03-05 09:08:19.188 W/ProcessCpuTracker(29153): Skipping unknown process pid 549
03-05 09:08:19.188 W/ProcessCpuTracker(29153): Skipping unknown process pid 550
03-05 09:08:19.189 W/ProcessCpuTracker(29153): Skipping unknown process pid 552
03-05 09:08:19.191 W/ProcessCpuTracker(29153): Skipping unknown process pid 553
03-05 09:08:19.192 W/ProcessCpuTracker(29153): Skipping unknown process pid 558
03-05 09:08:19.193 W/ProcessCpuTracker(29153): Skipping unknown process pid 561
03-05 09:08:19.195 W/ProcessCpuTracker(29153): Skipping unknown process pid 565
03-05 09:08:19.196 W/ProcessCpuTracker(29153): Skipping unknown process pid 566
03-05 09:08:19.199 W/ProcessCpuTracker(29153): Skipping unknown process pid 567
03-05 09:08:19.200 W/ProcessCpuTracker(29153): Skipping unknown process pid 568
03-05 09:08:19.201 W/ProcessCpuTracker(29153): Skipping unknown process pid 570
03-05 09:08:19.202 W/ProcessCpuTracker(29153): Skipping unknown process pid 572
03-05 09:08:19.204 W/ProcessCpuTracker(29153): Skipping unknown process pid 573
03-05 09:08:19.205 W/ProcessCpuTracker(29153): Skipping unknown process pid 575
03-05 09:08:19.205 W/ProcessCpuTracker(29153): Skipping unknown process pid 576
03-05 09:08:19.206 W/ProcessCpuTracker(29153): Skipping unknown process pid 577
03-05 09:08:19.207 W/ProcessCpuTracker(29153): Skipping unknown process pid 578
03-05 09:08:19.208 W/ProcessCpuTracker(29153): Skipping unknown process pid 580
03-05 09:08:19.209 W/ProcessCpuTracker(29153): Skipping unknown process pid 581
03-05 09:08:19.210 W/ProcessCpuTracker(29153): Skipping unknown process pid 582
03-05 09:08:19.211 W/ProcessCpuTracker(29153): Skipping unknown process pid 583
03-05 09:08:19.212 W/ProcessCpuTracker(29153): Skipping unknown process pid 585
03-05 09:08:19.213 W/ProcessCpuTracker(29153): Skipping unknown process pid 586
03-05 09:08:19.214 W/ProcessCpuTracker(29153): Skipping unknown process pid 589
03-05 09:08:19.215 W/ProcessCpuTracker(29153): Skipping unknown process pid 594
03-05 09:08:19.216 W/ProcessCpuTracker(29153): Skipping unknown process pid 595
03-05 09:08:19.217 W/ProcessCpuTracker(29153): Skipping unknown process pid 597
03-05 09:08:19.218 W/ProcessCpuTracker(29153): Skipping unknown process pid 599
03-05 09:08:19.219 W/ProcessCpuTracker(29153): Skipping unknown process pid 601
03-05 09:08:19.220 W/ProcessCpuTracker(29153): Skipping unknown process pid 605
03-05 09:08:19.220 W/ProcessCpuTracker(29153): Skipping unknown process pid 606
03-05 09:08:19.221 W/ProcessCpuTracker(29153): Skipping unknown process pid 607
03-05 09:08:19.222 W/ProcessCpuTracker(29153): Skipping unknown process pid 608
03-05 09:08:19.223 W/ProcessCpuTracker(29153): Skipping unknown process pid 609
03-05 09:08:19.224 W/ProcessCpuTracker(29153): Skipping unknown process pid 611
03-05 09:08:19.225 W/ProcessCpuTracker(29153): Skipping unknown process pid 641
03-05 09:08:19.226 W/ProcessCpuTracker(29153): Skipping unknown process pid 695
03-05 09:08:19.227 W/ProcessCpuTracker(29153): Skipping unknown process pid 709
03-05 09:08:19.228 W/ProcessCpuTracker(29153): Skipping unknown process pid 713
03-05 09:08:19.229 W/ProcessCpuTracker(29153): Skipping unknown process pid 714
03-05 09:08:19.229 W/ProcessCpuTracker(29153): Skipping unknown process pid 715
03-05 09:08:19.230 W/ProcessCpuTracker(29153): Skipping unknown process pid 716
03-05 09:08:19.231 W/ProcessCpuTracker(29153): Skipping unknown process pid 729
03-05 09:08:19.232 W/ProcessCpuTracker(29153): Skipping unknown process pid 735
03-05 09:08:19.232 W/ProcessCpuTracker(29153): Skipping unknown process pid 737
03-05 09:08:19.233 W/ProcessCpuTracker(29153): Skipping unknown process pid 791
03-05 09:08:19.234 W/ProcessCpuTracker(29153): Skipping unknown process pid 796
03-05 09:08:19.235 W/ProcessCpuTracker(29153): Skipping unknown process pid 801
03-05 09:08:19.236 W/ProcessCpuTracker(29153): Skipping unknown process pid 879
03-05 09:08:19.236 W/ProcessCpuTracker(29153): Skipping unknown process pid 905
03-05 09:08:19.237 W/ProcessCpuTracker(29153): Skipping unknown process pid 906
03-05 09:08:19.238 W/ProcessCpuTracker(29153): Skipping unknown process pid 907
03-05 09:08:19.239 W/ProcessCpuTracker(29153): Skipping unknown process pid 921
03-05 09:08:19.239 W/ProcessCpuTracker(29153): Skipping unknown process pid 922
03-05 09:08:19.240 W/ProcessCpuTracker(29153): Skipping unknown process pid 928
03-05 09:08:19.241 W/ProcessCpuTracker(29153): Skipping unknown process pid 964
03-05 09:08:19.242 W/ProcessCpuTracker(29153): Skipping unknown process pid 1017
03-05 09:08:19.242 W/ProcessCpuTracker(29153): Skipping unknown process pid 1025
03-05 09:08:19.243 W/ProcessCpuTracker(29153): Skipping unknown process pid 1142
03-05 09:08:19.244 W/ProcessCpuTracker(29153): Skipping unknown process pid 1144
03-05 09:08:19.245 W/ProcessCpuTracker(29153): Skipping unknown process pid 1190
03-05 09:08:19.246 W/ProcessCpuTracker(29153): Skipping unknown process pid 1191
03-05 09:08:19.247 W/ProcessCpuTracker(29153): Skipping unknown process pid 1315
03-05 09:08:19.249 W/ProcessCpuTracker(29153): Skipping unknown process pid 1768
03-05 09:08:19.250 W/ProcessCpuTracker(29153): Skipping unknown process pid 1859
03-05 09:08:19.251 W/ProcessCpuTracker(29153): Skipping unknown process pid 1875
03-05 09:08:19.252 W/ProcessCpuTracker(29153): Skipping unknown process pid 1992
03-05 09:08:19.253 W/ProcessCpuTracker(29153): Skipping unknown process pid 2067
