03-04 22:47:40.751 W/ContextImpl(10327): Calling a method in the system process without a qualified user: android.app.ContextImpl.startService:1371 android.content.ContextWrapper.startService:616 android.content.ContextWrapper.startService:616 com.android.settings.fuelgauge.BatteryChangeReceiver.tL:-1 com.android.settings.fuelgauge.BatteryChangeReceiver.tO:-1
03-04 22:47:45.816 I/chatty ( 1315): uid=1000(system) Binder:1315_1C expire 4 lines
03-04 22:47:49.343 W/SocketClient( 586): write error (Broken pipe)
03-04 22:47:49.998 I/chatty ( 1315): uid=1000(system) Binder:1315_1E expire 4 lines
03-04 22:47:51.040 I/chatty ( 1315): uid=1000(system) InputReader expire 11 lines
03-04 22:47:53.779 I/chatty ( 1315): uid=1000(system) Binder:1315_20 expire 2 lines
03-04 22:47:53.940 W/ContextImpl(10327): Calling a method in the system process without a qualified user: android.app.ContextImpl.startService:1371 android.content.ContextWrapper.startService:616 android.content.ContextWrapper.startService:616 com.android.settings.settingitemsprovider.SettingItemsReceiver.onReceive:-1 android.app.ActivityThread.handleReceiver:3241
03-04 22:47:54.471 I/chatty ( 1315): uid=1000(system) Binder:1315_D expire 1 line
03-04 22:47:54.749 W/ContextImpl(10327): Calling a method in the system process without a qualified user: android.app.ContextImpl.startService:1371 android.content.ContextWrapper.startService:616 android.content.ContextWrapper.startService:616 com.android.settings.settingitemsprovider.SettingItemsReceiver.onReceive:-1 android.app.ActivityThread.handleReceiver:3241
03-04 22:47:54.776 I/chatty ( 1315): uid=1000(system) ConnectivitySer expire 9 lines
03-04 22:47:55.367 I/chatty ( 1315): uid=1000(system) NetworkPolicy expire 1 line
03-04 22:47:59.040 I/chatty ( 1315): uid=1000(system) android.io expire 2 lines
03-04 22:48:09.792 I/chatty ( 1315): uid=1000(system) Binder:1315_B expire 1 line
03-04 22:48:13.158 I/chatty ( 1315): uid=1000(system) Binder:1315_7 expire 1 line
03-04 22:48:14.230 I/chatty ( 1315): uid=1000(system) PackageManager expire 1 line
03-04 22:48:16.970 I/chatty ( 1315): uid=1000(system) Binder:1315_13 expire 5 lines
03-04 22:48:18.241 I/PackageParser(16812): com.tencent.x5sdk.res: compat added android.permission.WRITE_EXTERNAL_STORAGE android.permission.READ_PHONE_STATE
03-04 22:48:18.265 I/chatty ( 1315): uid=1000(system) Binder:1315_11 expire 8 lines
03-04 22:48:18.280 I/PackageParser(16812): com.tencent.x5sdk.res: compat added android.permission.WRITE_EXTERNAL_STORAGE android.permission.READ_PHONE_STATE
03-04 22:48:18.766 I/PackageParser(16946): com.tencent.x5sdk.res: compat added android.permission.WRITE_EXTERNAL_STORAGE android.permission.READ_PHONE_STATE
03-04 22:48:18.787 I/chatty ( 1315): uid=1000(system) Binder:1315_1E expire 2 lines
03-04 22:48:18.836 I/PackageParser(16946): com.tencent.x5sdk.res: compat added android.permission.WRITE_EXTERNAL_STORAGE android.permission.READ_PHONE_STATE
03-04 22:48:18.921 I/chatty ( 1315): uid=1000(system) Binder:1315_20 expire 10 lines
03-04 22:48:19.132 I/chatty ( 1315): uid=1000(system) Binder:1315_12 expire 10 lines
03-04 22:48:19.671 I/chatty ( 1315): uid=1000(system) Binder:1315_14 expire 11 lines
03-04 22:48:19.715 I/chatty ( 1315): uid=1000(system) Binder:1315_19 expire 11 lines
03-04 22:48:19.749 I/chatty ( 1315): uid=1000(system) NetworkStatsObs expire 1 line
03-04 22:48:19.772 I/chatty ( 1315): uid=1000(system) Binder:1315_1B expire 7 lines
03-04 22:48:19.939 I/chatty ( 1315): uid=1000(system) ActivityManager expire 16 lines
03-04 22:48:19.958 I/chatty ( 1315): uid=1000(system) Binder:1315_10 expire 2 lines
03-04 22:48:20.129 I/chatty ( 1315): uid=1000(system) batterystats-sy expire 1 line
03-04 22:48:20.172 W/ContextImpl(10327): Calling a method in the system process without a qualified user: android.app.ContextImpl.startService:1371 android.content.ContextWrapper.startService:616 android.content.ContextWrapper.startService:616 com.android.settings.fuelgauge.BatteryChangeReceiver.tL:-1 com.android.settings.fuelgauge.BatteryChangeReceiver.tO:-1
03-04 22:48:22.136 I/chatty ( 1315): uid=1000(system) Binder:1315_15 expire 12 lines
03-04 22:48:22.167 I/chatty ( 1315): uid=1000(system) Binder:1315_1C expire 10 lines
03-04 22:48:22.349 I/chatty ( 1315): uid=1000(system) android.io expire 6 lines
03-04 22:48:23.508 I/chatty ( 1315): uid=1000(system) Binder:1315_1A expire 10 lines
03-04 22:48:24.113 I/chatty ( 1315): uid=1000(system) Binder:1315_18 expire 18 lines
03-04 22:48:24.405 I/chatty ( 1315): uid=1000(system) Binder:1315_D expire 1 line
03-04 22:48:25.313 I/chatty ( 1315): uid=1000(system) Binder:1315_B expire 6 lines
03-04 22:48:25.444 I/chatty ( 1315): uid=1000(system) Binder:1315_6 expire 1 line
03-04 22:48:30.441 I/chatty ( 1315): uid=1000(system) android.bg expire 12 lines
03-04 22:48:56.525 I/chatty ( 1315): uid=1000(system) Binder:1315_17 expire 12 lines
03-04 22:49:04.220 I/chatty ( 1315): uid=1000(system) Binder:1315_4 expire 9 lines
03-04 22:49:12.220 I/chatty ( 1315): uid=1000(system) Binder:1315_7 expire 11 lines
03-04 22:49:40.268 I/chatty ( 1315): uid=1000(system) Binder:1315_5 expire 1 line
03-04 22:49:41.396 I/chatty ( 1315): uid=1000(system) NetworkPolicy expire 1 line
03-04 22:50:03.315 I/chatty ( 1315): uid=1000(system) Binder:1315_3 expire 3 lines
03-04 22:50:35.424 I/chatty ( 1315): uid=1000 system_server expire 8 lines
03-04 22:50:35.643 I/chatty ( 1315): uid=1000(system) PowerManagerSer expire 2 lines
03-04 22:50:35.654 I/chatty ( 1315): uid=1000(system) android.display expire 3 lines
03-04 22:50:35.713 I/chatty ( 1315): uid=1000(system) Binder:1315_F expire 1 line
03-04 22:50:35.733 I/chatty ( 1315): uid=1000(system) Binder:1315_2 expire 1 line
03-04 22:50:35.777 I/chatty ( 1315): uid=1000(system) Binder:1315_1D expire 7 lines
03-04 22:50:36.089 I/chatty ( 1315): uid=1000(system) Binder:1315_16 expire 3 lines
03-04 22:50:36.223 I/chatty ( 1315): uid=1000(system) Binder:1315_E expire 6 lines
03-04 22:50:36.277 I/chatty ( 1315): uid=1000(system) ConnectivitySer expire 1 line
03-04 22:50:36.437 I/chatty ( 1315): uid=1000(system) Binder:1315_8 expire 1 line
03-04 22:50:38.705 W/ContextImpl( 1697): Calling a method in the system process without a qualified user: android.app.ContextImpl.bindService:1435 android.content.ContextWrapper.bindService:639 smartisanos.app.tracker.TrackerServiceConnection.connect:34 smartisanos.app.tracker.Agent.connectService:65 smartisanos.app.tracker.Agent.flush:388
03-04 22:50:43.518 I/chatty ( 1315): uid=1000(system) ActivityManager expire 3 lines
03-04 22:50:43.563 I/chatty ( 1315): uid=1000(system) Binder:1315_1F expire 7 lines
03-04 22:50:47.645 I/chatty ( 1315): uid=1000(system) Binder:1315_A expire 7 lines
03-04 22:50:50.787 I/chatty ( 1315): uid=1000(system) Binder:1315_9 expire 3 lines
03-04 22:50:50.969 E/ActivityThread(18963): Failed to find provider info for com.tencent.mm.coolassist.debugprovider
03-04 22:50:53.911 I/chatty ( 1315): uid=1000(system) android.bg expire 1 line
03-04 22:50:57.021 I/chatty ( 1315): uid=1000(system) Binder:1315_19 expire 5 lines
03-04 22:50:57.412 I/chatty ( 1315): uid=1000(system) Binder:1315_12 expire 4 lines
03-04 22:50:57.464 I/chatty ( 1315): uid=1000(system) ActivityManager expire 13 lines
03-04 22:50:57.478 I/chatty ( 1315): uid=1000(system) Binder:1315_8 expire 2 lines
03-04 22:50:57.708 I/chatty ( 1315): uid=1000(system) Binder:1315_E expire 4 lines
03-04 22:50:58.057 I/chatty ( 1315): uid=1000(system) InputReader expire 14 lines
03-04 22:50:58.125 I/chatty ( 1315): uid=1000(system) Binder:1315_1E expire 1 line
03-04 22:50:58.324 I/chatty ( 1315): uid=1000(system) Binder:1315_17 expire 3 lines
03-04 22:50:58.792 I/chatty ( 1315): uid=1000(system) Binder:1315_3 expire 4 lines
03-04 22:50:58.856 W/ViewRootImpl[LauncherUI](17421): Cancelling event due to no window focus: KeyEvent { action=ACTION_UP, keyCode=KEYCODE_BACK, scanCode=158, metaState=0, flags=0x28, repeatCount=0, eventTime=1041895548, downTime=1041895532, deviceId=3, source=0x101 }
03-04 22:50:58.856 W/ViewRootImpl[LauncherUI](17421): Cancelling event due to no window focus: KeyEvent { action=ACTION_UP, keyCode=KEYCODE_BACK, scanCode=158, metaState=0, flags=0x28, repeatCount=0, eventTime=1041895548, downTime=1041895532, deviceId=3, source=0x101 }
03-04 22:50:58.856 W/ViewRootImpl[LauncherUI](17421): Cancelling event due to no window focus: KeyEvent { action=ACTION_UP, keyCode=KEYCODE_BACK, scanCode=158, metaState=0, flags=0x28, repeatCount=0, eventTime=1041895548, downTime=1041895532, deviceId=3, source=0x101 }
03-04 22:50:58.868 W/ViewRootImpl[LauncherUI](17421): Cancelling event due to no window focus: KeyEvent { action=ACTION_UP, keyCode=KEYCODE_BACK, scanCode=158, metaState=0, flags=0x28, repeatCount=0, eventTime=1041895548, downTime=1041895532, deviceId=3, source=0x101 }
03-04 22:50:58.868 W/ViewRootImpl[LauncherUI](17421): Cancelling event due to no window focus: KeyEvent { action=ACTION_UP, keyCode=KEYCODE_BACK, scanCode=158, metaState=0, flags=0x28, repeatCount=0, eventTime=1041895548, downTime=1041895532, deviceId=3, source=0x101 }
03-04 22:50:58.868 W/ViewRootImpl[LauncherUI](17421): Cancelling event due to no window focus: KeyEvent { action=ACTION_UP, keyCode=KEYCODE_BACK, scanCode=158, metaState=0, flags=0x28, repeatCount=0, eventTime=1041895548, downTime=1041895532, deviceId=3, source=0x101 }
03-04 22:50:58.869 W/ViewRootImpl[LauncherUI](17421): Cancelling event due to no window focus: KeyEvent { action=ACTION_UP, keyCode=KEYCODE_BACK, scanCode=158, metaState=0, flags=0x28, repeatCount=0, eventTime=1041895548, downTime=1041895532, deviceId=3, source=0x101 }
03-04 22:50:58.869 W/ViewRootImpl[LauncherUI](17421): Cancelling event due to no window focus: KeyEvent { action=ACTION_UP, keyCode=KEYCODE_BACK, scanCode=158, metaState=0, flags=0x28, repeatCount=0, eventTime=1041895548, downTime=1041895532, deviceId=3, source=0x101 }
03-04 22:50:58.869 W/ViewRootImpl[LauncherUI](17421): Cancelling event due to no window focus: KeyEvent { action=ACTION_UP, keyCode=KEYCODE_BACK, scanCode=158, metaState=0, flags=0x28, repeatCount=0, eventTime=1041895548, downTime=1041895532, deviceId=3, source=0x101 }
03-04 22:50:59.057 W/ViewRootImpl[smt_launcher]( 2651): Cancelling event due to no window focus: KeyEvent { action=ACTION_UP, keyCode=KEYCODE_BACK, scanCode=158, metaState=0, flags=0x28, repeatCount=0, eventTime=1041895532, downTime=1041895532, deviceId=3, source=0x101 }
03-04 22:50:59.057 W/ViewRootImpl[smt_launcher]( 2651): Cancelling event due to no window focus: KeyEvent { action=ACTION_UP, keyCode=KEYCODE_BACK, scanCode=158, metaState=0, flags=0x28, repeatCount=0, eventTime=1041895532, downTime=1041895532, deviceId=3, source=0x101 }
03-04 22:50:59.057 W/ViewRootImpl[smt_launcher]( 2651): Cancelling event due to no window focus: KeyEvent { action=ACTION_UP, keyCode=KEYCODE_BACK, scanCode=158, metaState=0, flags=0x28, repeatCount=0, eventTime=1041895532, downTime=1041895532, deviceId=3, source=0x101 }
03-04 22:50:59.057 W/ViewRootImpl[smt_launcher]( 2651): Cancelling event due to no window focus: KeyEvent { action=ACTION_UP, keyCode=KEYCODE_BACK, scanCode=158, metaState=0, flags=0x28, repeatCount=0, eventTime=1041895532, downTime=1041895532, deviceId=3, source=0x101 }
03-04 22:50:59.057 W/ViewRootImpl[smt_launcher]( 2651): Cancelling event due to no window focus: KeyEvent { action=ACTION_UP, keyCode=KEYCODE_BACK, scanCode=158, metaState=0, flags=0x28, repeatCount=0, eventTime=1041895532, downTime=1041895532, deviceId=3, source=0x101 }
03-04 22:50:59.057 W/ViewRootImpl[smt_launcher]( 2651): Cancelling event due to no window focus: KeyEvent { action=ACTION_UP, keyCode=KEYCODE_BACK, scanCode=158, metaState=0, flags=0x28, repeatCount=0, eventTime=1041895532, downTime=1041895532, deviceId=3, source=0x101 }
03-04 22:50:59.089 I/chatty ( 1315): uid=1000(system) android.display expire 43 lines
03-04 22:50:59.346 I/chatty ( 1315): uid=1000(system) Binder:1315_5 expire 1 line
03-04 22:51:01.842 I/chatty ( 1315): uid=1000 system_server expire 25 lines
03-04 22:51:01.896 I/chatty ( 1315): uid=1000(system) PowerManagerSer expire 10 lines
03-04 22:51:01.994 I/chatty ( 1315): uid=1000(system) android.bg expire 11 lines
03-04 22:51:04.952 I/chatty ( 1315): uid=1000(system) PackageManager expire 3 lines
03-04 22:51:55.601 I/chatty ( 1315): uid=1000(system) Binder:1315_14 expire 5 lines
03-04 22:51:55.638 I/chatty ( 1315): uid=1000(system) Binder:1315_7 expire 10 lines
03-04 22:51:55.638 I/chatty ( 1315): uid=1000(system) Binder:1315_4 expire 6 lines
03-04 22:51:55.647 I/chatty ( 1315): uid=1000(system) ConnectivitySer expire 3 lines
03-04 22:51:59.026 I/chatty ( 1315): uid=1000(system) AlarmManager expire 3 lines
03-04 22:51:59.194 W/ContextImpl( 1697): Calling a method in the system process without a qualified user: android.app.ContextImpl.bindService:1435 android.content.ContextWrapper.bindService:639 smartisanos.app.tracker.TrackerServiceConnection.connect:34 smartisanos.app.tracker.Agent.connectService:65 smartisanos.app.tracker.Agent.flush:388
03-04 22:51:59.616 I/chatty ( 1315): uid=1000(system) Binder:1315_B expire 4 lines
03-04 22:51:59.652 I/chatty ( 1315): uid=1000(system) Binder:1315_20 expire 4 lines
03-04 22:51:59.658 I/ActivityThread( 9409): Removing dead content provider:android.content.ContentProviderProxy@7bece69
03-04 22:52:10.514 I/chatty ( 1315): uid=1000(system) Binder:1315_1A expire 1 line
03-04 22:52:40.061 I/chatty ( 1315): uid=1000(system) Binder:1315_16 expire 5 lines
03-04 22:53:09.436 I/chatty ( 1315): uid=1000(system) Binder:1315_13 expire 3 lines
03-04 22:53:48.065 E/ActivityThread(15755): Service com.tencent.mm.service.ProcessService$SandBoxProcessService has leaked IntentReceiver com.tencent.mm.sandbox.updater.UpdaterService$a@7bdec that was originally registered here. Are you missing a call to unregisterReceiver()?
03-04 22:53:48.065 E/ActivityThread(15755): android.app.IntentReceiverLeaked: Service com.tencent.mm.service.ProcessService$SandBoxProcessService has leaked IntentReceiver com.tencent.mm.sandbox.updater.UpdaterService$a@7bdec that was originally registered here. Are you missing a call to unregisterReceiver()?
03-04 22:53:48.065 E/ActivityThread(15755): at android.app.LoadedApk$ReceiverDispatcher.(LoadedApk.java:1157)
03-04 22:53:48.065 E/ActivityThread(15755): at android.app.LoadedApk.getReceiverDispatcher(LoadedApk.java:944)
03-04 22:53:48.065 E/ActivityThread(15755): at android.app.ContextImpl.registerReceiverInternal(ContextImpl.java:1316)
03-04 22:53:48.065 E/ActivityThread(15755): at android.app.ContextImpl.registerReceiver(ContextImpl.java:1296)
03-04 22:53:48.065 E/ActivityThread(15755): at android.app.ContextImpl.registerReceiver(ContextImpl.java:1290)
03-04 22:53:48.065 E/ActivityThread(15755): at android.content.ContextWrapper.registerReceiver(ContextWrapper.java:589)
03-04 22:53:48.065 E/ActivityThread(15755): at com.tencent.mm.sandbox.updater.UpdaterService.onCreate(SourceFile:4113)
03-04 22:53:48.065 E/ActivityThread(15755): at com.tencent.mm.service.MMService.r(SourceFile:153)
03-04 22:53:48.065 E/ActivityThread(15755): at com.tencent.mm.service.CommonProcessService$1$3.run(SourceFile:110)
03-04 22:53:48.065 E/ActivityThread(15755): at android.os.Handler.handleCallback(Handler.java:751)
03-04 22:53:48.065 E/ActivityThread(15755): at android.os.Handler.dispatchMessage(Handler.java:95)
03-04 22:53:48.065 E/ActivityThread(15755): at android.os.Looper.loop(Looper.java:159)
03-04 22:53:48.065 E/ActivityThread(15755): at android.app.ActivityThread.main(ActivityThread.java:6364)
03-04 22:53:48.065 E/ActivityThread(15755): at java.lang.reflect.Method.invoke(Native Method)
03-04 22:53:48.065 E/ActivityThread(15755): at com.android.internal.os.ZygoteInit$MethodAndArgsCaller.run(ZygoteInit.java:1096)
03-04 22:53:48.065 E/ActivityThread(15755): at com.android.internal.os.ZygoteInit.main(ZygoteInit.java:883)
03-04 22:53:48.136 I/chatty ( 1315): uid=1000(system) Binder:1315_F expire 3 lines
03-04 22:54:26.924 I/chatty ( 1315): uid=1000(system) Binder:1315_15 expire 2 lines
03-04 22:54:39.125 I/chatty ( 1315): uid=1000(system) Binder:1315_9 expire 3 lines
03-04 22:55:05.198 I/chatty ( 1315): uid=1000(system) Binder:1315_1D expire 3 lines
03-04 22:55:23.758 I/chatty ( 1315): uid=1000(system) android.bg expire 17 lines
03-04 22:56:52.193 I/chatty ( 1315): uid=1000(system) Binder:1315_C expire 1 line
03-04 22:56:55.041 I/chatty ( 1315): uid=1000(system) Binder:1315_1B expire 2 lines
03-04 23:04:51.978 I/chatty ( 1315): uid=1000 system_server expire 15 lines
03-04 23:04:51.984 I/chatty ( 1315): uid=1000(system) Binder:1315_11 expire 2 lines
03-04 23:04:52.254 I/chatty ( 1315): uid=1000(system) Binder:1315_1C expire 3 lines
03-04 23:04:55.075 W/ContextImpl( 1697): Calling a method in the system process without a qualified user: android.app.ContextImpl.bindService:1435 android.content.ContextWrapper.bindService:639 smartisanos.app.tracker.TrackerServiceConnection.connect:34 smartisanos.app.tracker.Agent.connectService:65 smartisanos.app.tracker.Agent.flush:388
03-04 23:04:55.630 I/chatty ( 1315): uid=1000(system) Binder:1315_2 expire 3 lines
03-04 23:04:55.880 I/chatty ( 1315): uid=1000(system) Binder:1315_10 expire 6 lines
03-04 23:05:14.498 I/chatty ( 1315): uid=1000(system) InputReader expire 7 lines
03-04 23:05:15.680 I/chatty ( 1315): uid=1000(system) InputDispatcher expire 4 lines
03-04 23:06:12.448 I/chatty ( 1315): uid=1000(system) Binder:1315_1 expire 1 line
03-04 23:06:31.606 I/chatty ( 1315): uid=1000(system) android.bg expire 33 lines
03-04 23:07:06.473 I/chatty ( 1315): uid=1000(system) ActivityManager expire 14 lines
03-04 23:07:06.512 I/chatty ( 1315): uid=1000(system) Binder:1315_1E expire 8 lines
03-04 23:07:25.796 I/chatty ( 1315): uid=1000(system) batterystats-sy expire 16 lines
03-04 23:09:10.293 I/chatty ( 1315): uid=1000 system_server expire 11 lines
03-04 23:09:10.297 I/chatty ( 1315): uid=1000(system) Binder:1315_13 expire 5 lines
03-04 23:09:10.333 I/chatty ( 1315): uid=1000(system) PowerManagerSer expire 7 lines
03-04 23:09:10.347 I/chatty ( 1315): uid=1000(system) android.display expire 4 lines
03-04 23:09:10.373 I/chatty ( 1315): uid=1000(system) Binder:1315_D expire 9 lines
03-04 23:09:10.382 I/chatty ( 1315): uid=1000(system) Binder:1315_8 expire 4 lines
03-04 23:09:10.512 I/chatty ( 1315): uid=1000(system) Binder:1315_18 expire 4 lines
03-04 23:09:13.327 W/ContextImpl( 1697): Calling a method in the system process without a qualified user: android.app.ContextImpl.bindService:1435 android.content.ContextWrapper.bindService:639 smartisanos.app.tracker.TrackerServiceConnection.connect:34 smartisanos.app.tracker.Agent.connectService:65 smartisanos.app.tracker.Agent.flush:388
03-04 23:09:16.933 I/chatty ( 1315): uid=1000(system) android.fg expire 4 lines
03-04 23:09:17.684 W/PowerUI ( 1859): unknown intent: Intent { act=android.intent.action.ACTION_POWER_CONNECTED flg=0x4000010 }
03-04 23:09:17.817 I/chatty ( 1315): uid=1000(system) Binder:1315_4 expire 7 lines
03-04 23:09:17.909 I/chatty ( 1315): uid=1000(system) Binder:1315_16 expire 4 lines
03-04 23:09:17.930 I/chatty ( 1315): uid=1000(system) Binder:1315_17 expire 4 lines
03-04 23:09:18.043 E/ActivityThread(20847): Failed to find provider info for com.google.android.gsf.gservices
03-04 23:09:18.056 I/chatty ( 1315): uid=1000(system) Binder:1315_12 expire 6 lines
03-04 23:09:18.076 I/chatty ( 1315): uid=1000(system) Binder:1315_F expire 3 lines
03-04 23:09:18.080 I/chatty ( 1315): uid=1000(system) Binder:1315_11 expire 5 lines
03-04 23:09:19.830 I/chatty ( 1315): uid=1000(system) Binder:1315_B expire 4 lines
03-04 23:09:20.674 W/ContextImpl(20042): Calling a method in the system process without a qualified user: android.app.ContextImpl.startService:1371 android.content.ContextWrapper.startService:616 android.content.ContextWrapper.startService:616 com.android.settings.settingitemsprovider.SettingItemsReceiver.onReceive:-1 android.app.ActivityThread.handleReceiver:3241
03-04 23:09:21.774 W/ContextImpl(20042): Calling a method in the system process without a qualified user: android.app.ContextImpl.startService:1371 android.content.ContextWrapper.startService:616 android.content.ContextWrapper.startService:616 com.android.settings.settingitemsprovider.SettingItemsReceiver.onReceive:-1 android.app.ActivityThread.handleReceiver:3241
03-04 23:09:23.315 I/chatty ( 1315): uid=1000(system) Binder:1315_E expire 2 lines
03-04 23:09:23.316 I/chatty ( 1315): uid=1000(system) Binder:1315_9 expire 3 lines
03-04 23:09:24.167 I/chatty ( 1315): uid=1000(system) Binder:1315_5 expire 6 lines
03-04 23:09:24.437 I/chatty ( 1315): uid=1000(system) WifiStateMachin expire 1 line
03-04 23:09:24.438 I/chatty ( 1315): uid=1000(system) ConnectivitySer expire 28 lines
03-04 23:09:25.155 I/chatty ( 1315): uid=1000(system) Binder:1315_6 expire 2 lines
03-04 23:09:25.220 I/chatty ( 1315): uid=1000(system) Binder:1315_A expire 4 lines
03-04 23:09:25.786 I/chatty ( 1315): uid=1000(system) NetworkPolicy expire 1 line
03-04 23:09:26.332 I/chatty ( 1315): uid=1000(system) Binder:1315_3 expire 1 line
03-04 23:09:27.256 I/chatty ( 1315): uid=1000(system) Binder:1315_19 expire 2 lines
03-04 23:09:28.130 I/chatty ( 1315): uid=1000(system) Binder:1315_14 expire 3 lines
03-04 23:09:28.465 I/chatty ( 1315): uid=1000(system) Binder:1315_1D expire 4 lines
03-04 23:09:30.505 I/chatty ( 1315): uid=1000(system) Binder:1315_10 expire 3 lines
03-04 23:09:40.509 I/chatty ( 1315): uid=1000(system) Binder:1315_7 expire 4 lines
03-04 23:09:40.534 I/chatty ( 1315): uid=1000(system) Binder:1315_15 expire 6 lines
03-04 23:09:49.822 I/chatty ( 1315): uid=1000 system_server expire 14 lines
03-04 23:09:52.169 I/chatty ( 1315): uid=1000(system) Binder:1315_1B expire 9 lines
03-04 23:09:53.890 I/chatty ( 1315): uid=1000(system) PackageManager expire 1 line
03-04 23:09:58.413 I/chatty ( 1315): uid=1000(system) Binder:1315_C expire 1 line
03-04 23:12:54.725 I/chatty ( 1315): uid=1000(system) NetworkStatsObs expire 1 line
03-04 23:13:38.826 I/chatty ( 1315): uid=1000(system) Binder:1315_1F expire 1 line
03-04 23:15:52.037 D/ActivityThread(21790): Loading provider com.android.email.provider;com.android.email.notifier: com.android.email.provider.EmailProvider
03-04 23:15:52.044 D/ActivityThread(21790): Loading provider com.android.email.provider;com.android.email.notifier: com.android.email.provider.EmailProvider
03-04 23:15:52.049 D/ActivityThread(21790): Loading provider com.android.email.provider;com.android.email.notifier: com.android.email.provider.EmailProvider
03-04 23:15:52.163 I/chatty ( 1315): uid=1000 system_server expire 3 lines
03-04 23:15:52.978 I/chatty ( 1315): uid=1000(system) android.bg expire 12 lines
03-04 23:15:54.790 W/ContextImpl( 1697): Calling a method in the system process without a qualified user: android.app.ContextImpl.bindService:1435 android.content.ContextWrapper.bindService:639 smartisanos.app.tracker.TrackerServiceConnection.connect:34 smartisanos.app.tracker.Agent.connectService:65 smartisanos.app.tracker.Agent.flush:388
03-04 23:15:58.563 I/chatty ( 1315): uid=1000(system) Binder:1315_15 expire 11 lines
03-04 23:15:58.631 I/chatty ( 1315): uid=1000(system) Binder:1315_1D expire 1 line
03-04 23:15:59.848 I/chatty ( 1315): uid=1000(system) Binder:1315_17 expire 3 lines
03-04 23:16:00.328 I/chatty ( 1315): uid=1000(system) Binder:1315_16 expire 10 lines
03-04 23:16:00.365 I/chatty ( 1315): uid=1000(system) Binder:1315_1C expire 8 lines
03-04 23:16:00.404 I/chatty ( 1315): uid=1000(system) Binder:1315_C expire 9 lines
03-04 23:16:00.730 I/chatty ( 1315): uid=1000(system) Binder:1315_20 expire 14 lines
03-04 23:16:00.907 I/chatty ( 1315): uid=1000(system) Binder:1315_3 expire 10 lines
03-04 23:16:01.331 I/chatty ( 1315): uid=1000(system) ActivityManager expire 8 lines
03-04 23:16:01.833 I/chatty ( 1315): uid=1000(system) Binder:1315_A expire 4 lines
03-04 23:16:01.972 I/chatty ( 1315): uid=1000(system) android.display expire 9 lines
03-04 23:16:02.057 I/chatty ( 1315): uid=1000(system) Binder:1315_6 expire 5 lines
03-04 23:16:02.314 I/chatty ( 1315): uid=1000(system) ConnectivitySer expire 28 lines
03-04 23:16:02.345 I/chatty ( 1315): uid=1000(system) Binder:1315_4 expire 12 lines
03-04 23:16:02.613 I/chatty ( 1315): uid=1000(system) InputReader expire 4 lines
03-04 23:16:02.695 I/chatty ( 1315): uid=1000(system) Binder:1315_9 expire 9 lines
03-04 23:16:02.825 I/chatty ( 1315): uid=1000(system) android.io expire 2 lines
03-04 23:16:02.884 I/chatty ( 1315): uid=1000(system) Binder:1315_E expire 5 lines
03-04 23:16:03.090 I/chatty ( 1315): uid=1000(system) Binder:1315_1A expire 5 lines
03-04 23:16:03.156 I/chatty ( 1315): uid=1000(system) Binder:1315_13 expire 2 lines
03-04 23:16:03.163 I/chatty ( 1315): uid=1000(system) Binder:1315_D expire 11 lines
03-04 23:16:03.649 I/chatty ( 1315): uid=1000(system) Binder:1315_8 expire 3 lines
03-04 23:16:03.830 I/chatty ( 1315): uid=1000(system) Binder:1315_5 expire 17 lines
03-04 23:16:04.179 I/chatty ( 1315): uid=1000(system) Binder:1315_B expire 5 lines
03-04 23:16:04.709 I/chatty ( 1315): uid=1000(system) Binder:1315_7 expire 6 lines
03-04 23:16:04.712 I/ActivityThread( 9409): Removing dead content provider:android.content.ContentProviderProxy@b4dc50a
03-04 23:16:05.350 I/chatty ( 1315): uid=1000(system) Binder:1315_1E expire 6 lines
03-04 23:16:05.375 I/chatty ( 1315): uid=1000(system) Binder:1315_18 expire 2 lines
03-04 23:16:05.467 I/chatty ( 1315): uid=1000(system) Binder:1315_F expire 7 lines
03-04 23:16:06.573 I/chatty ( 1315): uid=1000(system) Binder:1315_12 expire 5 lines
03-04 23:16:07.287 I/chatty ( 1315): uid=1000(system) Binder:1315_10 expire 1 line
03-04 23:16:13.330 I/chatty ( 1315): uid=1000(system) Binder:1315_2 expire 5 lines
03-04 23:16:25.853 I/chatty ( 1315): uid=1000(system) batterystats-sy expire 1 line
03-04 23:16:27.241 E/ActivityThread(22433): Activity com.tencent.mobileqq.gallery.view.AIOGalleryActivity has leaked IntentReceiver alxh@e563da that was originally registered here. Are you missing a call to unregisterReceiver()?
03-04 23:16:27.241 E/ActivityThread(22433): android.app.IntentReceiverLeaked: Activity com.tencent.mobileqq.gallery.view.AIOGalleryActivity has leaked IntentReceiver alxh@e563da that was originally registered here. Are you missing a call to unregisterReceiver()?
03-04 23:16:27.241 E/ActivityThread(22433): at android.app.LoadedApk$ReceiverDispatcher.(LoadedApk.java:1157)
03-04 23:16:27.241 E/ActivityThread(22433): at android.app.LoadedApk.getReceiverDispatcher(LoadedApk.java:944)
03-04 23:16:27.241 E/ActivityThread(22433): at android.app.ContextImpl.registerReceiverInternal(ContextImpl.java:1316)
03-04 23:16:27.241 E/ActivityThread(22433): at android.app.ContextImpl.registerReceiver(ContextImpl.java:1296)
03-04 23:16:27.241 E/ActivityThread(22433): at android.content.ContextWrapper.registerReceiver(ContextWrapper.java:596)
03-04 23:16:27.241 E/ActivityThread(22433): at alxg.a(P:91)
03-04 23:16:27.241 E/ActivityThread(22433): at amlr.b(P:78)
03-04 23:16:27.241 E/ActivityThread(22433): at amlr.(P:70)
03-04 23:16:27.241 E/ActivityThread(22433): at amll.a(P:109)
03-04 23:16:27.241 E/ActivityThread(22433): at aqnd.x(P:173)
03-04 23:16:27.241 E/ActivityThread(22433): at aqnd.d(P:160)
03-04 23:16:27.241 E/ActivityThread(22433): at aqlu.c(P:62)
03-04 23:16:27.241 E/ActivityThread(22433): at aqlw.a(P:49)
03-04 23:16:27.241 E/ActivityThread(22433): at com.tencent.mobileqq.gallery.view.AIOGalleryActivity.onCreate(P:90)
03-04 23:16:27.241 E/ActivityThread(22433): at android.app.Activity.performCreate(Activity.java:6813)
03-04 23:16:27.241 E/ActivityThread(22433): at android.app.Instrumentation.callActivityOnCreate(Instrumentation.java:1119)
03-04 23:16:27.241 E/ActivityThread(22433): at android.app.ActivityThread.performLaunchActivity(ActivityThread.java:2805)
03-04 23:16:27.241 E/ActivityThread(22433): at android.app.ActivityThread.handleLaunchActivity(ActivityThread.java:2927)
03-04 23:16:27.241 E/ActivityThread(22433): at android.app.ActivityThread.-wrap12(ActivityThread.java)
03-04 23:16:27.241 E/ActivityThread(22433): at android.app.ActivityThread$H.handleMessage(ActivityThread.java:1650)
03-04 23:16:27.241 E/ActivityThread(22433): at android.os.Handler.dispatchMessage(Handler.java:102)
03-04 23:16:27.241 E/ActivityThread(22433): at android.os.Looper.loop(Looper.java:159)
03-04 23:16:27.241 E/ActivityThread(22433): at android.app.ActivityThread.main(ActivityThread.java:6364)
03-04 23:16:27.241 E/ActivityThread(22433): at java.lang.reflect.Method.invoke(Native Method)
03-04 23:16:27.241 E/ActivityThread(22433): at com.android.internal.os.ZygoteInit$MethodAndArgsCaller.run(ZygoteInit.java:1096)
03-04 23:16:27.241 E/ActivityThread(22433): at com.android.internal.os.ZygoteInit.main(ZygoteInit.java:883)
03-04 23:16:29.714 I/chatty ( 1315): uid=1000(system) Binder:1315_20 expire 2 lines
03-04 23:16:31.133 I/chatty ( 1315): uid=1000(system) WifiStateMachin expire 2 lines
03-04 23:16:31.286 I/chatty ( 1315): uid=1000(system) Binder:1315_1B expire 1 line
03-04 23:16:31.429 I/chatty ( 1315): uid=1000(system) Binder:1315_1F expire 1 line
03-04 23:16:31.793 I/chatty ( 1315): uid=1000(system) Binder:1315_16 expire 2 lines
03-04 23:16:31.820 I/chatty ( 1315): uid=1000(system) Binder:1315_4 expire 1 line
03-04 23:16:32.679 I/chatty ( 1315): uid=1000(system) Binder:1315_11 expire 1 line
03-04 23:16:33.203 I/chatty ( 1315): uid=1000(system) Binder:1315_19 expire 1 line
03-04 23:16:33.484 I/chatty ( 1315): uid=1000(system) Binder:1315_14 expire 6 lines
03-04 23:16:37.573 I/chatty ( 1315): uid=1000(system) NetworkStatsObs expire 1 line
03-04 23:16:38.005 I/chatty ( 1315): uid=1000(system) Binder:1315_2 expire 9 lines
03-04 23:16:38.009 I/chatty ( 1315): uid=1000(system) Binder:1315_17 expire 12 lines
03-04 23:16:38.036 I/chatty ( 1315): uid=1000(system) Binder:1315_1C expire 11 lines
03-04 23:16:38.139 I/chatty ( 1315): uid=1000(system) Binder:1315_12 expire 3 lines
03-04 23:16:38.172 I/chatty ( 1315): uid=1000(system) Binder:1315_13 expire 5 lines
03-04 23:16:38.308 I/chatty ( 1315): uid=1000(system) android.bg expire 21 lines
03-04 23:16:38.582 I/chatty ( 1315): uid=1000(system) Binder:1315_1F expire 9 lines
03-04 23:16:38.600 I/chatty ( 1315): uid=1000(system) Binder:1315_1D expire 2 lines
03-04 23:16:39.385 I/chatty ( 1315): uid=1000(system) Binder:1315_D expire 14 lines
03-04 23:16:39.652 I/chatty ( 1315): uid=1000(system) Binder:1315_1E expire 10 lines
03-04 23:16:40.027 I/chatty ( 1315): uid=1000(system) Binder:1315_18 expire 1 line
03-04 23:16:40.043 I/chatty ( 1315): uid=1000(system) Binder:1315_8 expire 3 lines
03-04 23:16:40.094 I/chatty ( 1315): uid=1000(system) android.display expire 4 lines
03-04 23:16:40.137 I/chatty ( 1315): uid=1000(system) Binder:1315_4 expire 4 lines
03-04 23:16:40.264 I/chatty ( 1315): uid=1000(system) Binder:1315_15 expire 8 lines
03-04 23:16:40.636 I/chatty ( 1315): uid=1000(system) InputReader expire 7 lines
03-04 23:16:40.676 I/chatty ( 1315): uid=1000(system) Binder:1315_A expire 1 line
03-04 23:16:40.950 I/chatty ( 1315): uid=1000(system) Binder:1315_C expire 14 lines
03-04 23:16:41.152 W/ViewRootImpl[SplashActivity](18208): Cancelling event due to no window focus: KeyEvent { action=ACTION_UP, keyCode=KEYCODE_BACK, scanCode=158, metaState=0, flags=0x28, repeatCount=0, eventTime=1042446267, downTime=1042446236, deviceId=3, source=0x101 }
03-04 23:16:41.152 W/ViewRootImpl[SplashActivity](18208): Cancelling event due to no window focus: KeyEvent { action=ACTION_UP, keyCode=KEYCODE_BACK, scanCode=158, metaState=0, flags=0x28, repeatCount=0, eventTime=1042446267, downTime=1042446236, deviceId=3, source=0x101 }
03-04 23:16:41.152 W/ViewRootImpl[SplashActivity](18208): Cancelling event due to no window focus: KeyEvent { action=ACTION_UP, keyCode=KEYCODE_BACK, scanCode=158, metaState=0, flags=0x28, repeatCount=0, eventTime=1042446267, downTime=1042446236, deviceId=3, source=0x101 }
03-04 23:16:41.158 W/ViewRootImpl[SplashActivity](18208): Cancelling event due to no window focus: KeyEvent { action=ACTION_UP, keyCode=KEYCODE_BACK, scanCode=158, metaState=0, flags=0x28, repeatCount=0, eventTime=1042446267, downTime=1042446236, deviceId=3, source=0x101 }
03-04 23:16:41.159 W/ViewRootImpl[SplashActivity](18208): Cancelling event due to no window focus: KeyEvent { action=ACTION_UP, keyCode=KEYCODE_BACK, scanCode=158, metaState=0, flags=0x28, repeatCount=0, eventTime=1042446267, downTime=1042446236, deviceId=3, source=0x101 }
03-04 23:16:41.159 W/ViewRootImpl[SplashActivity](18208): Cancelling event due to no window focus: KeyEvent { action=ACTION_UP, keyCode=KEYCODE_BACK, scanCode=158, metaState=0, flags=0x28, repeatCount=0, eventTime=1042446267, downTime=1042446236, deviceId=3, source=0x101 }
03-04 23:16:41.159 W/ViewRootImpl[SplashActivity](18208): Cancelling event due to no window focus: KeyEvent { action=ACTION_UP, keyCode=KEYCODE_BACK, scanCode=158, metaState=0, flags=0x28, repeatCount=0, eventTime=1042446267, downTime=1042446236, deviceId=3, source=0x101 }
03-04 23:16:41.159 W/ViewRootImpl[SplashActivity](18208): Cancelling event due to no window focus: KeyEvent { action=ACTION_UP, keyCode=KEYCODE_BACK, scanCode=158, metaState=0, flags=0x28, repeatCount=0, eventTime=1042446267, downTime=1042446236, deviceId=3, source=0x101 }
03-04 23:16:41.168 W/ViewRootImpl[SplashActivity](18208): Cancelling event due to no window focus: KeyEvent { action=ACTION_UP, keyCode=KEYCODE_BACK, scanCode=158, metaState=0, flags=0x28, repeatCount=0, eventTime=1042446267, downTime=1042446236, deviceId=3, source=0x101 }
03-04 23:16:41.269 W/ViewRootImpl[smt_launcher]( 2651): Cancelling event due to no window focus: KeyEvent { action=ACTION_UP, keyCode=KEYCODE_BACK, scanCode=158, metaState=0, flags=0x28, repeatCount=0, eventTime=1042446236, downTime=1042446236, deviceId=3, source=0x101 }
03-04 23:16:41.269 W/ViewRootImpl[smt_launcher]( 2651): Cancelling event due to no window focus: KeyEvent { action=ACTION_UP, keyCode=KEYCODE_BACK, scanCode=158, metaState=0, flags=0x28, repeatCount=0, eventTime=1042446236, downTime=1042446236, deviceId=3, source=0x101 }
03-04 23:16:41.269 W/ViewRootImpl[smt_launcher]( 2651): Cancelling event due to no window focus: KeyEvent { action=ACTION_UP, keyCode=KEYCODE_BACK, scanCode=158, metaState=0, flags=0x28, repeatCount=0, eventTime=1042446236, downTime=1042446236, deviceId=3, source=0x101 }
03-04 23:16:41.269 W/ViewRootImpl[smt_launcher]( 2651): Cancelling event due to no window focus: KeyEvent { action=ACTION_UP, keyCode=KEYCODE_BACK, scanCode=158, metaState=0, flags=0x28, repeatCount=0, eventTime=1042446236, downTime=1042446236, deviceId=3, source=0x101 }
03-04 23:16:41.276 W/ViewRootImpl[smt_launcher]( 2651): Cancelling event due to no window focus: KeyEvent { action=ACTION_UP, keyCode=KEYCODE_BACK, scanCode=158, metaState=0, flags=0x28, repeatCount=0, eventTime=1042446236, downTime=1042446236, deviceId=3, source=0x101 }
03-04 23:16:41.276 W/ViewRootImpl[smt_launcher]( 2651): Cancelling event due to no window focus: KeyEvent { action=ACTION_UP, keyCode=KEYCODE_BACK, scanCode=158, metaState=0, flags=0x28, repeatCount=0, eventTime=1042446236, downTime=1042446236, deviceId=3, source=0x101 }
03-04 23:16:41.399 I/chatty ( 1315): uid=1000(system) ActivityManager expire 18 lines
03-04 23:16:41.429 I/chatty ( 1315): uid=1000(system) Binder:1315_5 expire 9 lines
03-04 23:16:41.519 I/chatty ( 1315): uid=1000(system) Binder:1315_19 expire 5 lines
03-04 23:16:42.147 I/chatty ( 1315): uid=1000 system_server expire 7 lines
03-04 23:16:42.152 I/chatty ( 1315): uid=1000(system) PowerManagerSer expire 2 lines
03-04 23:16:44.639 I/chatty ( 1315): uid=1000(system) Binder:1315_1A expire 5 lines
03-04 23:16:44.739 I/chatty ( 1315): uid=1000(system) Binder:1315_16 expire 3 lines
03-04 23:16:44.915 I/chatty ( 1315): uid=1000(system) Binder:1315_1B expire 3 lines
03-04 23:16:45.319 I/chatty ( 1315): uid=1000(system) PackageManager expire 1 line
03-04 23:16:45.508 I/chatty ( 1315): uid=1000(system) Binder:1315_F expire 3 lines
03-04 23:16:45.522 I/chatty ( 1315): uid=1000(system) Binder:1315_6 expire 10 lines
03-04 23:16:45.839 I/chatty ( 1315): uid=1000(system) Binder:1315_B expire 6 lines
03-04 23:16:45.866 I/chatty ( 1315): uid=1000(system) Binder:1315_9 expire 4 lines
03-04 23:16:52.077 I/chatty ( 1315): uid=1000(system) Binder:1315_7 expire 1 line
03-04 23:16:52.149 I/chatty ( 1315): uid=1000(system) Binder:1315_14 expire 1 line
03-04 23:16:54.546 I/chatty ( 1315): uid=1000(system) batterystats-sy expire 16 lines
03-04 23:17:03.526 I/chatty ( 1315): uid=1000(system) ConnectivitySer expire 3 lines
03-04 23:18:24.270 I/chatty ( 1315): uid=1000(system) Binder:1315_3 expire 4 lines
03-04 23:18:25.033 I/chatty ( 1315): uid=1000(system) Binder:1315_E expire 1 line
03-04 23:19:21.025 I/chatty ( 1315): uid=1000(system) Binder:1315_11 expire 9 lines
03-04 23:19:43.411 I/chatty ( 1315): uid=1000(system) NetworkPolicy expire 1 line
03-04 23:24:36.969 I/chatty ( 1315): uid=1000(system) Binder:1315_10 expire 1 line
03-04 23:24:47.886 I/chatty ( 1315): uid=1000(system) Binder:1315_20 expire 12 lines
03-04 23:24:49.018 I/chatty ( 1315): uid=1000(system) Binder:1315_D expire 9 lines
03-04 23:24:49.031 I/chatty ( 1315): uid=1000(system) Binder:1315_17 expire 3 lines
03-04 23:24:49.338 I/chatty ( 1315): uid=1000(system) ActivityManager expire 11 lines
03-04 23:24:49.377 I/chatty ( 1315): uid=1000(system) Binder:1315_5 expire 6 lines
03-04 23:24:49.378 I/chatty ( 1315): uid=1000(system) Binder:1315_1A expire 12 lines
03-04 23:24:49.408 I/chatty ( 1315): uid=1000(system) Binder:1315_6 expire 17 lines
03-04 23:24:49.490 I/chatty ( 1315): uid=1000(system) Binder:1315_1D expire 12 lines
03-04 23:24:50.527 I/chatty ( 1315): uid=1000(system) Binder:1315_14 expire 6 lines
03-04 23:24:50.680 I/chatty ( 1315): uid=1000(system) Binder:1315_7 expire 5 lines
03-04 23:24:50.757 I/chatty ( 1315): uid=1000(system) android.bg expire 13 lines
03-04 23:24:50.837 I/chatty ( 1315): uid=1000(system) Binder:1315_19 expire 10 lines
03-04 23:24:51.356 I/chatty ( 1315): uid=1000(system) Binder:1315_C expire 10 lines
03-04 23:24:52.117 I/chatty ( 1315): uid=1000(system) Binder:1315_3 expire 4 lines
03-04 23:24:52.498 I/chatty ( 1315): uid=1000(system) Binder:1315_1F expire 12 lines
03-04 23:24:55.893 I/chatty ( 1315): uid=1000(system) Binder:1315_A expire 7 lines
03-04 23:24:56.373 I/chatty ( 1315): uid=1000(system) Binder:1315_16 expire 10 lines
03-04 23:24:56.693 I/chatty ( 1315): uid=1000(system) Binder:1315_E expire 1 line
03-04 23:24:57.251 I/chatty ( 1315): uid=1000(system) Binder:1315_9 expire 6 lines
03-04 23:24:57.369 I/chatty ( 1315): uid=1000(system) Binder:1315_4 expire 1 line
03-04 23:24:57.519 I/chatty ( 1315): uid=1000(system) Binder:1315_1C expire 7 lines
03-04 23:24:57.531 I/chatty ( 1315): uid=1000(system) Binder:1315_18 expire 7 lines
03-04 23:25:18.211 I/chatty ( 1315): uid=1000(system) Binder:1315_2 expire 3 lines
03-04 23:25:19.548 I/chatty ( 1315): uid=1000(system) batterystats-sy expire 2 lines
03-04 23:25:59.188 I/chatty ( 1315): uid=1000 system_server expire 8 lines
03-04 23:25:59.270 I/chatty ( 1315): uid=1000(system) PowerManagerSer expire 2 lines
03-04 23:25:59.318 I/chatty ( 1315): uid=1000(system) android.display expire 13 lines
03-04 23:25:59.340 I/chatty ( 1315): uid=1000(system) Binder:1315_12 expire 2 lines
03-04 23:25:59.341 I/chatty ( 1315): uid=1000(system) Binder:1315_F expire 1 line
03-04 23:25:59.697 I/chatty ( 1315): uid=1000(system) Binder:1315_1B expire 5 lines
03-04 23:26:00.028 I/chatty ( 1315): uid=1000(system) Binder:1315_1E expire 2 lines
03-04 23:26:00.130 I/chatty ( 1315): uid=1000(system) Binder:1315_11 expire 1 line
03-04 23:26:00.247 I/chatty ( 1315): uid=1000(system) Binder:1315_8 expire 1 line
03-04 23:26:00.658 I/chatty ( 1315): uid=1000(system) Binder:1315_13 expire 10 lines
03-04 23:26:00.678 I/chatty ( 1315): uid=1000(system) ConnectivitySer expire 1 line
03-04 23:26:02.309 W/ContextImpl( 1697): Calling a method in the system process without a qualified user: android.app.ContextImpl.bindService:1435 android.content.ContextWrapper.bindService:639 smartisanos.app.tracker.TrackerServiceConnection.connect:34 smartisanos.app.tracker.Agent.connectService:65 smartisanos.app.tracker.Agent.flush:388
03-04 23:26:02.677 I/chatty ( 1315): uid=1000(system) InputReader expire 2 lines
03-04 23:26:02.723 I/chatty ( 1315): uid=1000(system) Binder:1315_15 expire 2 lines
03-04 23:26:02.797 W/ViewRootImpl[SplashActivity](18208): Cancelling event due to no window focus: KeyEvent { action=ACTION_UP, keyCode=KEYCODE_BACK, scanCode=158, metaState=0, flags=0x28, repeatCount=0, eventTime=1042658054, downTime=1042657994, deviceId=3, source=0x101 }
03-04 23:26:02.797 W/ViewRootImpl[SplashActivity](18208): Cancelling event due to no window focus: KeyEvent { action=ACTION_UP, keyCode=KEYCODE_BACK, scanCode=158, metaState=0, flags=0x28, repeatCount=0, eventTime=1042658054, downTime=1042657994, deviceId=3, source=0x101 }
03-04 23:26:02.797 W/ViewRootImpl[SplashActivity](18208): Cancelling event due to no window focus: KeyEvent { action=ACTION_UP, keyCode=KEYCODE_BACK, scanCode=158, metaState=0, flags=0x28, repeatCount=0, eventTime=1042658054, downTime=1042657994, deviceId=3, source=0x101 }
03-04 23:26:02.842 W/ViewRootImpl[SplashActivity](18208): Cancelling event due to no window focus: KeyEvent { action=ACTION_UP, keyCode=KEYCODE_BACK, scanCode=158, metaState=0, flags=0x28, repeatCount=0, eventTime=1042658054, downTime=1042657994, deviceId=3, source=0x101 }
03-04 23:26:02.842 W/ViewRootImpl[SplashActivity](18208): Cancelling event due to no window focus: KeyEvent { action=ACTION_UP, keyCode=KEYCODE_BACK, scanCode=158, metaState=0, flags=0x28, repeatCount=0, eventTime=1042658054, downTime=1042657994, deviceId=3, source=0x101 }
03-04 23:26:02.842 W/ViewRootImpl[SplashActivity](18208): Cancelling event due to no window focus: KeyEvent { action=ACTION_UP, keyCode=KEYCODE_BACK, scanCode=158, metaState=0, flags=0x28, repeatCount=0, eventTime=1042658054, downTime=1042657994, deviceId=3, source=0x101 }
03-04 23:26:02.843 W/ViewRootImpl[SplashActivity](18208): Cancelling event due to no window focus: KeyEvent { action=ACTION_UP, keyCode=KEYCODE_BACK, scanCode=158, metaState=0, flags=0x28, repeatCount=0, eventTime=1042658054, downTime=1042657994, deviceId=3, source=0x101 }
03-04 23:26:02.843 W/ViewRootImpl[SplashActivity](18208): Cancelling event due to no window focus: KeyEvent { action=ACTION_UP, keyCode=KEYCODE_BACK, scanCode=158, metaState=0, flags=0x28, repeatCount=0, eventTime=1042658054, downTime=1042657994, deviceId=3, source=0x101 }
03-04 23:26:02.843 W/ViewRootImpl[SplashActivity](18208): Cancelling event due to no window focus: KeyEvent { action=ACTION_UP, keyCode=KEYCODE_BACK, scanCode=158, metaState=0, flags=0x28, repeatCount=0, eventTime=1042658054, downTime=1042657994, deviceId=3, source=0x101 }
03-04 23:26:02.866 W/ViewRootImpl[smt_launcher]( 2651): Cancelling event due to no window focus: KeyEvent { action=ACTION_UP, keyCode=KEYCODE_BACK, scanCode=158, metaState=0, flags=0x28, repeatCount=0, eventTime=1042657994, downTime=1042657994, deviceId=3, source=0x101 }
03-04 23:26:02.866 W/ViewRootImpl[smt_launcher]( 2651): Cancelling event due to no window focus: KeyEvent { action=ACTION_UP, keyCode=KEYCODE_BACK, scanCode=158, metaState=0, flags=0x28, repeatCount=0, eventTime=1042657994, downTime=1042657994, deviceId=3, source=0x101 }
03-04 23:26:02.866 W/ViewRootImpl[smt_launcher]( 2651): Cancelling event due to no window focus: KeyEvent { action=ACTION_UP, keyCode=KEYCODE_BACK, scanCode=158, metaState=0, flags=0x28, repeatCount=0, eventTime=1042657994, downTime=1042657994, deviceId=3, source=0x101 }
03-04 23:26:02.866 W/ViewRootImpl[smt_launcher]( 2651): Cancelling event due to no window focus: KeyEvent { action=ACTION_UP, keyCode=KEYCODE_BACK, scanCode=158, metaState=0, flags=0x28, repeatCount=0, eventTime=1042657994, downTime=1042657994, deviceId=3, source=0x101 }
03-04 23:26:02.866 W/ViewRootImpl[smt_launcher]( 2651): Cancelling event due to no window focus: KeyEvent { action=ACTION_UP, keyCode=KEYCODE_BACK, scanCode=158, metaState=0, flags=0x28, repeatCount=0, eventTime=1042657994, downTime=1042657994, deviceId=3, source=0x101 }
03-04 23:26:02.866 W/ViewRootImpl[smt_launcher]( 2651): Cancelling event due to no window focus: KeyEvent { action=ACTION_UP, keyCode=KEYCODE_BACK, scanCode=158, metaState=0, flags=0x28, repeatCount=0, eventTime=1042657994, downTime=1042657994, deviceId=3, source=0x101 }
03-04 23:26:04.089 I/chatty ( 1315): uid=1000(system) android.bg expire 5 lines
03-04 23:26:05.000 I/chatty ( 1315): uid=1000(system) Binder:1315_C expire 8 lines
03-04 23:26:06.055 I/chatty ( 1315): uid=1000(system) Binder:1315_6 expire 9 lines
03-04 23:26:07.060 I/chatty ( 1315): uid=1000(system) Binder:1315_B expire 3 lines
03-04 23:26:07.145 I/chatty ( 1315): uid=1000(system) android.display expire 28 lines
03-04 23:26:07.146 I/chatty ( 1315): uid=1000(system) Binder:1315_6 expire 10 lines
03-04 23:26:07.160 I/chatty ( 1315): uid=1000(system) Binder:1315_2 expire 8 lines
03-04 23:26:07.177 I/chatty ( 1315): uid=1000(system) Binder:1315_1E expire 12 lines
03-04 23:26:07.425 I/chatty ( 1315): uid=1000(system) Binder:1315_3 expire 4 lines
03-04 23:26:07.943 I/chatty ( 1315): uid=1000(system) Binder:1315_A expire 2 lines
03-04 23:26:08.078 I/chatty ( 1315): uid=1000(system) Binder:1315_15 expire 5 lines
03-04 23:26:08.265 I/chatty ( 1315): uid=1000(system) Binder:1315_7 expire 10 lines
03-04 23:26:08.316 I/chatty ( 1315): uid=1000(system) Binder:1315_1F expire 3 lines
03-04 23:26:08.333 I/chatty ( 1315): uid=1000(system) Binder:1315_19 expire 3 lines
03-04 23:26:08.590 I/chatty ( 1315): uid=1000(system) Binder:1315_E expire 1 line
03-04 23:26:09.095 I/chatty ( 1315): uid=1000(system) android.bg expire 12 lines
03-04 23:26:09.483 I/chatty ( 1315): uid=1000(system) Binder:1315_9 expire 6 lines
03-04 23:26:10.314 I/chatty ( 1315): uid=1000(system) Binder:1315_1 expire 2 lines
03-04 23:26:10.333 I/chatty ( 1315): uid=1000(system) Binder:1315_5 expire 5 lines
03-04 23:26:10.349 I/chatty ( 1315): uid=1000(system) Binder:1315_13 expire 6 lines
03-04 23:26:10.385 I/chatty ( 1315): uid=1000(system) Binder:1315_C expire 8 lines
03-04 23:26:10.622 I/chatty ( 1315): uid=1000(system) ActivityManager expire 10 lines
03-04 23:26:10.977 I/chatty ( 1315): uid=1000(system) Binder:1315_16 expire 9 lines
03-04 23:26:10.977 I/chatty ( 1315): uid=1000(system) Binder:1315_1B expire 2 lines
03-04 23:26:10.993 I/chatty ( 1315): uid=1000(system) Binder:1315_1C expire 4 lines
03-04 23:26:11.034 I/chatty ( 1315): uid=1000(system) ConnectivitySer expire 7 lines
03-04 23:26:11.227 E/ActivityThread(25567): Failed to find provider info for com.tencent.mm.coolassist.debugprovider
03-04 23:26:11.341 I/chatty ( 1315): uid=1000(system) Binder:1315_4 expire 1 line
03-04 23:26:12.239 I/chatty ( 1315): uid=1000(system) android.io expire 2 lines
03-04 23:26:12.247 I/chatty ( 1315): uid=1000(system) Binder:1315_1D expire 2 lines
03-04 23:26:13.094 I/chatty ( 1315): uid=1000(system) Binder:1315_20 expire 7 lines
03-04 23:26:13.844 I/chatty ( 1315): uid=1000(system) AlarmManager expire 1 line
03-04 23:26:14.445 I/chatty ( 1315): uid=1000(system) Binder:1315_D expire 2 lines
03-04 23:26:17.635 I/chatty ( 1315): uid=1000(system) InputReader expire 7 lines
03-04 23:26:17.787 I/chatty ( 1315): uid=1000(system) InputDispatcher expire 3 lines
03-04 23:26:18.059 I/chatty ( 1315): uid=1000(system) Binder:1315_17 expire 1 line
03-04 23:26:19.062 I/chatty ( 1315): uid=1000 system_server expire 2 lines
03-04 23:26:19.062 I/chatty ( 1315): uid=1000 system_server expire 1 line
03-04 23:26:19.268 I/chatty ( 1315): uid=1000(system) Binder:1315_10 expire 1 line
03-04 23:26:19.677 I/chatty ( 1315): uid=1000(system) PowerManagerSer expire 2 lines
03-04 23:26:19.754 I/chatty ( 1315): uid=1000 system_server expire 7 lines
03-04 23:26:19.770 I/chatty ( 1315): uid=1000(system) Binder:1315_F expire 2 lines
03-04 23:26:19.904 I/chatty ( 1315): uid=1000(system) Binder:1315_14 expire 1 line
03-04 23:26:19.904 I/chatty ( 1315): uid=1000(system) Binder:1315_18 expire 16 lines
03-04 23:26:19.909 I/chatty ( 1315): uid=1000(system) Binder:1315_1A expire 2 lines
03-04 23:26:20.457 E/ActivityThread(26060): Failed to find provider info for com.tencent.mm.coolassist.debugprovider
03-04 23:26:20.538 I/chatty ( 1315): uid=1000(system) android.bg expire 24 lines
03-04 23:26:20.704 I/chatty ( 1315): uid=1000(system) Binder:1315_1E expire 1 line
03-04 23:26:21.151 I/chatty ( 1315): uid=1000(system) Binder:1315_6 expire 1 line
03-04 23:26:22.409 I/chatty ( 1315): uid=1000(system) Binder:1315_12 expire 1 line
03-04 23:26:22.950 I/chatty ( 1315): uid=1000(system) PackageManager expire 1 line
03-04 23:26:51.415 I/chatty ( 1315): uid=1000(system) batterystats-sy expire 7 lines
03-04 23:29:02.179 I/chatty ( 1315): uid=1000(system) Binder:1315_11 expire 13 lines
03-04 23:31:51.295 I/chatty ( 1315): uid=1000(system) android.bg expire 10 lines
03-04 23:31:51.407 I/chatty ( 1315): uid=1000(system) ActivityManager expire 10 lines
03-04 23:31:51.429 I/chatty ( 1315): uid=1000(system) Binder:1315_5 expire 4 lines
03-04 23:32:21.251 I/chatty ( 1315): uid=1000(system) batterystats-sy expire 5 lines
03-04 23:32:21.634 I/chatty ( 1315): uid=1000(system) Binder:1315_1C expire 2 lines
03-04 23:33:00.250 I/chatty ( 1315): uid=1000(system) Binder:1315_C expire 6 lines
03-04 23:33:05.417 I/chatty ( 1315): uid=1000(system) Binder:1315_1 expire 5 lines
03-04 23:33:05.439 I/chatty ( 1315): uid=1000(system) Binder:1315_8 expire 5 lines
03-04 23:33:21.530 I/chatty ( 1315): uid=1000(system) AlarmManager expire 2 lines
03-04 23:33:21.555 I/chatty ( 1315): uid=1000(system) Binder:1315_18 expire 7 lines
