03-05 09:00:10.473 W/ContextImpl( 1697): Calling a method in the system process without a qualified user: android.app.ContextImpl.bindService:1435 android.content.ContextWrapper.bindService:639 smartisanos.app.tracker.TrackerServiceConnection.connect:34 smartisanos.app.tracker.Agent.connectService:65 smartisanos.app.tracker.Agent.flush:388
03-05 09:00:10.862 I/chatty ( 1315): uid=1000(system) ActivityManager expire 4 lines
03-05 09:00:12.945 I/chatty ( 1315): uid=1000(system) Binder:1315_1D expire 4 lines
03-05 09:00:15.372 I/chatty ( 1315): uid=1000(system) Binder:1315_5 expire 11 lines
03-05 09:00:15.399 I/chatty ( 1315): uid=1000(system) Binder:1315_10 expire 2 lines
03-05 09:00:23.402 I/chatty ( 1315): uid=1000(system) Binder:1315_9 expire 12 lines
03-05 09:00:23.402 I/chatty ( 1315): uid=1000(system) Binder:1315_E expire 2 lines
03-05 09:00:23.403 I/chatty ( 1315): uid=1000(system) ConnectivitySer expire 2 lines
03-05 09:00:27.623 I/chatty ( 1315): uid=1000(system) android.ui expire 2 lines
03-05 09:00:27.683 I/chatty ( 1315): uid=1000(system) Binder:1315_1F expire 1 line
03-05 09:00:32.015 I/chatty ( 1315): uid=1000(system) Binder:1315_16 expire 11 lines
03-05 09:00:32.126 I/chatty ( 1315): uid=1000(system) Binder:1315_2 expire 1 line
03-05 09:00:32.144 I/chatty ( 1315): uid=1000(system) Binder:1315_19 expire 5 lines
03-05 09:00:32.152 I/chatty ( 1315): uid=1000(system) Binder:1315_7 expire 1 line
03-05 09:00:32.155 I/chatty ( 1315): uid=1000(system) Binder:1315_17 expire 5 lines
03-05 09:00:32.170 I/chatty ( 1315): uid=1000(system) Binder:1315_A expire 3 lines
03-05 09:00:32.216 I/chatty ( 1315): uid=1000(system) Binder:1315_8 expire 3 lines
03-05 09:00:32.482 I/chatty ( 1315): uid=1000(system) Binder:1315_20 expire 7 lines
03-05 09:00:33.689 I/chatty ( 1315): uid=1000(system) batterystats-sy expire 1 line
03-05 09:00:33.986 W/ContextImpl(31815): Calling a method in the system process without a qualified user: android.app.ContextImpl.startService:1371 android.content.ContextWrapper.startService:616 android.content.ContextWrapper.startService:616 com.android.settings.fuelgauge.BatteryChangeReceiver.tL:-1 com.android.settings.fuelgauge.BatteryChangeReceiver.tO:-1
03-05 09:00:34.170 I/chatty ( 1315): uid=1000(system) android.io expire 4 lines
03-05 09:00:37.200 I/chatty ( 1315): uid=1000(system) Binder:1315_D expire 3 lines
03-05 09:00:37.431 I/chatty ( 1315): uid=1000(system) Binder:1315_3 expire 1 line
03-05 09:00:38.285 I/chatty ( 1315): uid=1000(system) android.display expire 16 lines
03-05 09:00:48.321 I/chatty ( 1315): uid=1000(system) Binder:1315_18 expire 7 lines
03-05 09:00:48.344 I/chatty ( 1315): uid=1000(system) Binder:1315_14 expire 1 line
03-05 09:00:51.940 I/chatty ( 1315): uid=1000(system) Binder:1315_15 expire 1 line
03-05 09:00:52.069 I/chatty ( 1315): uid=1000(system) Binder:1315_1C expire 4 lines
03-05 09:00:54.794 I/chatty ( 1315): uid=1000(system) Binder:1315_12 expire 3 lines
03-05 09:00:54.813 I/chatty ( 1315): uid=1000(system) Binder:1315_8 expire 10 lines
03-05 09:00:55.174 I/chatty ( 1315): uid=1000(system) android.bg expire 11 lines
03-05 09:00:55.177 I/chatty ( 1315): uid=1000(system) Binder:1315_A expire 4 lines
03-05 09:00:55.397 I/chatty ( 1315): uid=1000(system) Binder:1315_14 expire 5 lines
03-05 09:00:55.590 I/chatty ( 1315): uid=1000(system) Binder:1315_10 expire 7 lines
03-05 09:00:55.930 I/chatty ( 1315): uid=1000(system) Binder:1315_3 expire 7 lines
03-05 09:00:55.982 I/chatty ( 1315): uid=1000(system) Binder:1315_16 expire 16 lines
03-05 09:00:56.052 I/chatty ( 1315): uid=1000(system) Binder:1315_D expire 11 lines
03-05 09:00:56.066 I/chatty ( 1315): uid=1000(system) android.io expire 2 lines
03-05 09:00:56.067 I/chatty ( 1315): uid=1000(system) Binder:1315_1E expire 1 line
03-05 09:00:56.074 I/chatty ( 1315): uid=1000(system) Binder:1315_2 expire 5 lines
03-05 09:00:56.401 E/ActivityThread(19891): Failed to find provider info for com.vivo.push.sdk.service.SystemPushConfig
03-05 09:00:56.479 I/chatty ( 1315): uid=1000(system) Binder:1315_1F expire 4 lines
03-05 09:00:56.929 I/chatty ( 1315): uid=1000(system) Binder:1315_17 expire 4 lines
03-05 09:00:57.713 I/chatty ( 1315): uid=1000(system) ActivityManager expire 24 lines
03-05 09:00:58.657 I/chatty ( 1315): uid=1000(system) Binder:1315_1B expire 5 lines
03-05 09:00:58.711 I/chatty ( 1315): uid=1000(system) Binder:1315_5 expire 6 lines
03-05 09:00:58.789 I/chatty ( 1315): uid=1000(system) Binder:1315_15 expire 5 lines
03-05 09:00:58.790 I/chatty ( 1315): uid=1000(system) NetworkStatsObs expire 1 line
03-05 09:00:58.876 I/chatty ( 1315): uid=1000(system) Binder:1315_4 expire 7 lines
03-05 09:00:59.068 I/chatty ( 1315): uid=1000(system) Binder:1315_1A expire 4 lines
03-05 09:00:59.079 I/chatty ( 1315): uid=1000(system) Binder:1315_20 expire 10 lines
03-05 09:00:59.889 I/chatty ( 1315): uid=1000(system) Binder:1315_B expire 3 lines
03-05 09:01:00.284 I/chatty ( 1315): uid=1000(system) Binder:1315_11 expire 5 lines
03-05 09:01:00.715 I/chatty ( 1315): uid=1000(system) InputReader expire 10 lines
03-05 09:01:01.184 I/chatty ( 1315): uid=1000(system) Binder:1315_19 expire 7 lines
03-05 09:01:01.578 I/chatty ( 1315): uid=1000(system) android.display expire 9 lines
03-05 09:01:03.556 I/chatty ( 1315): uid=1000(system) Binder:1315_F expire 5 lines
03-05 09:01:04.325 I/chatty ( 1315): uid=1000(system) Binder:1315_E expire 18 lines
03-05 09:01:04.910 I/chatty ( 1315): uid=1000(system) Binder:1315_18 expire 6 lines
03-05 09:01:04.913 I/chatty ( 1315): uid=1000(system) Binder:1315_9 expire 5 lines
03-05 09:01:04.932 I/chatty ( 1315): uid=1000(system) Binder:1315_1C expire 1 line
03-05 09:01:04.935 I/chatty ( 1315): uid=1000(system) Binder:1315_1D expire 6 lines
03-05 09:01:06.284 I/chatty ( 1315): uid=1000(system) Binder:1315_1 expire 2 lines
03-05 09:01:09.009 I/chatty ( 1315): uid=1000(system) Binder:1315_7 expire 6 lines
03-05 09:01:10.533 E/ActivityThread(20379): Failed to find provider info for com.tencent.mm.coolassist.debugprovider
03-05 09:01:11.048 W/ViewRootImpl[smt_launcher]( 2651): Dropping event due to no window focus: KeyEvent { action=ACTION_DOWN, keyCode=KEYCODE_BACK, scanCode=158, metaState=0, flags=0x8, repeatCount=0, eventTime=1051676510, downTime=1051676510, deviceId=3, source=0x101 }
03-05 09:01:11.057 I/chatty ( 1315): uid=1000(system) InputDispatcher expire 7 lines
03-05 09:01:11.335 I/chatty ( 1315): uid=1000(system) InputReader expire 4 lines
03-05 09:01:12.446 I/chatty ( 1315): uid=1000(system) android.bg expire 4 lines
03-05 09:01:13.932 I/chatty ( 1315): uid=1000(system) Binder:1315_6 expire 1 line
03-05 09:01:13.997 I/chatty ( 1315): uid=1000(system) ConnectivitySer expire 2 lines
03-05 09:01:17.456 I/chatty ( 1315): uid=1000(system) Binder:1315_16 expire 1 line
03-05 09:01:19.776 I/chatty ( 1315): uid=1000(system) Binder:1315_13 expire 1 line
03-05 09:01:19.823 I/chatty ( 1315): uid=1000(system) Binder:1315_C expire 5 lines
03-05 09:01:24.894 I/chatty ( 1315): uid=1000(system) Binder:1315_15 expire 9 lines
03-05 09:01:24.912 I/chatty ( 1315): uid=1000(system) Binder:1315_13 expire 8 lines
03-05 09:01:24.939 I/chatty ( 1315): uid=1000(system) Binder:1315_1F expire 7 lines
03-05 09:01:25.099 I/chatty ( 1315): uid=1000(system) Binder:1315_10 expire 7 lines
03-05 09:01:25.233 I/chatty ( 1315): uid=1000(system) Binder:1315_1A expire 7 lines
03-05 09:01:25.842 I/chatty ( 1315): uid=1000(system) android.display expire 11 lines
03-05 09:01:25.950 I/chatty ( 1315): uid=1000(system) Binder:1315_8 expire 9 lines
03-05 09:01:25.979 I/chatty ( 1315): uid=1000(system) Binder:1315_F expire 8 lines
03-05 09:01:26.421 I/chatty ( 1315): uid=1000(system) android.io expire 10 lines
03-05 09:01:26.609 I/chatty ( 1315): uid=1000(system) Binder:1315_1C expire 4 lines
03-05 09:01:26.875 I/chatty ( 1315): uid=1000(system) ActivityManager expire 10 lines
03-05 09:01:27.728 I/chatty ( 1315): uid=1000(system) Binder:1315_19 expire 7 lines
03-05 09:01:27.747 I/chatty ( 1315): uid=1000(system) Binder:1315_2 expire 4 lines
03-05 09:01:28.333 W/PackageParser(20534): Ignoring duplicate uses-permissions/uses-permissions-sdk-m: com.android.launcher2.permission.READ_SETTINGS in package: com.tencent.mobileqq at: Binary XML file line #82
03-05 09:01:28.334 W/PackageParser(20534): Ignoring duplicate uses-permissions/uses-permissions-sdk-m: android.permission.WRITE_CONTACTS in package: com.tencent.mobileqq at: Binary XML file line #113
03-05 09:01:28.335 W/PackageParser(20534): Ignoring duplicate uses-permissions/uses-permissions-sdk-m: com.tencent.msf.permission.account.sync in package: com.tencent.mobileqq at: Binary XML file line #177
03-05 09:01:28.335 W/PackageParser(20534): Ignoring duplicate uses-permissions/uses-permissions-sdk-m: android.permission.CHANGE_WIFI_STATE in package: com.tencent.mobileqq at: Binary XML file line #184
03-05 09:01:28.335 W/PackageParser(20534): Ignoring duplicate uses-permissions/uses-permissions-sdk-m: android.permission.INTERNET in package: com.tencent.mobileqq at: Binary XML file line #185
03-05 09:01:28.335 W/PackageParser(20534): Ignoring duplicate uses-permissions/uses-permissions-sdk-m: android.permission.ACCESS_WIFI_STATE in package: com.tencent.mobileqq at: Binary XML file line #186
03-05 09:01:28.335 W/PackageParser(20534): Ignoring duplicate uses-permissions/uses-permissions-sdk-m: android.permission.ACCESS_NETWORK_STATE in package: com.tencent.mobileqq at: Binary XML file line #187
03-05 09:01:28.335 W/PackageParser(20534): Ignoring duplicate uses-permissions/uses-permissions-sdk-m: android.permission.CAMERA in package: com.tencent.mobileqq at: Binary XML file line #191
03-05 09:01:28.335 W/PackageParser(20534): Ignoring duplicate uses-permissions/uses-permissions-sdk-m: android.permission.READ_PHONE_STATE in package: com.tencent.mobileqq at: Binary XML file line #192
03-05 09:01:28.335 W/PackageParser(20534): Ignoring duplicate uses-permissions/uses-permissions-sdk-m: android.permission.WAKE_LOCK in package: com.tencent.mobileqq at: Binary XML file line #193
03-05 09:01:28.335 W/PackageParser(20534): Ignoring duplicate uses-permissions/uses-permissions-sdk-m: com.android.launcher.permission.INSTALL_SHORTCUT in package: com.tencent.mobileqq at: Binary XML file line #194
03-05 09:01:28.335 W/PackageParser(20534): Ignoring duplicate uses-permissions/uses-permissions-sdk-m: android.permission.RECEIVE_BOOT_COMPLETED in package: com.tencent.mobileqq at: Binary XML file line #195
03-05 09:01:28.336 W/PackageParser(20534): Ignoring duplicate uses-permissions/uses-permissions-sdk-m: com.tencent.msf.permission.account.sync in package: com.tencent.mobileqq at: Binary XML file line #197
03-05 09:01:28.355 W/PackageParser(20534): No actions in intent filter at /data/app/com.tencent.mobileqq-2/base.apk Binary XML file line #2173
03-05 09:01:28.526 I/chatty ( 1315): uid=1000(system) Binder:1315_B expire 9 lines
03-05 09:01:29.942 I/chatty ( 1315): uid=1000(system) Binder:1315_1E expire 7 lines
03-05 09:01:29.996 I/chatty ( 1315): uid=1000(system) Binder:1315_11 expire 4 lines
03-05 09:01:30.033 I/chatty ( 1315): uid=1000(system) Binder:1315_7 expire 12 lines
03-05 09:01:33.039 I/chatty ( 1315): uid=1000(system) Binder:1315_A expire 5 lines
03-05 09:01:33.075 I/chatty ( 1315): uid=1000(system) Binder:1315_1B expire 12 lines
03-05 09:01:34.077 I/PackageParser(21099): com.tencent.x5sdk.res: compat added android.permission.WRITE_EXTERNAL_STORAGE android.permission.READ_PHONE_STATE
03-05 09:01:34.153 I/PackageParser(21099): com.tencent.x5sdk.res: compat added android.permission.WRITE_EXTERNAL_STORAGE android.permission.READ_PHONE_STATE
03-05 09:01:35.350 I/PackageParser(21258): com.tencent.x5sdk.res: compat added android.permission.WRITE_EXTERNAL_STORAGE android.permission.READ_PHONE_STATE
03-05 09:01:35.772 I/PackageParser(21258): com.tencent.x5sdk.res: compat added android.permission.WRITE_EXTERNAL_STORAGE android.permission.READ_PHONE_STATE
03-05 09:01:37.609 I/chatty ( 1315): uid=1000(system) android.bg expire 8 lines
03-05 09:01:42.735 I/chatty ( 1315): uid=1000(system) Binder:1315_4 expire 5 lines
03-05 09:01:52.157 E/ActivityThread(21506): Activity com.tencent.mobileqq.gallery.view.AIOGalleryActivity has leaked IntentReceiver alxh@5c82218 that was originally registered here. Are you missing a call to unregisterReceiver()?
03-05 09:01:52.157 E/ActivityThread(21506): android.app.IntentReceiverLeaked: Activity com.tencent.mobileqq.gallery.view.AIOGalleryActivity has leaked IntentReceiver alxh@5c82218 that was originally registered here. Are you missing a call to unregisterReceiver()?
03-05 09:01:52.157 E/ActivityThread(21506): at android.app.LoadedApk$ReceiverDispatcher.(LoadedApk.java:1157)
03-05 09:01:52.157 E/ActivityThread(21506): at android.app.LoadedApk.getReceiverDispatcher(LoadedApk.java:944)
03-05 09:01:52.157 E/ActivityThread(21506): at android.app.ContextImpl.registerReceiverInternal(ContextImpl.java:1316)
03-05 09:01:52.157 E/ActivityThread(21506): at android.app.ContextImpl.registerReceiver(ContextImpl.java:1296)
03-05 09:01:52.157 E/ActivityThread(21506): at android.content.ContextWrapper.registerReceiver(ContextWrapper.java:596)
03-05 09:01:52.157 E/ActivityThread(21506): at alxg.a(P:91)
03-05 09:01:52.157 E/ActivityThread(21506): at amlr.b(P:78)
03-05 09:01:52.157 E/ActivityThread(21506): at amlr.(P:70)
03-05 09:01:52.157 E/ActivityThread(21506): at amll.a(P:109)
03-05 09:01:52.157 E/ActivityThread(21506): at aqnd.x(P:173)
03-05 09:01:52.157 E/ActivityThread(21506): at aqnd.d(P:160)
03-05 09:01:52.157 E/ActivityThread(21506): at aqlu.c(P:62)
03-05 09:01:52.157 E/ActivityThread(21506): at aqlw.a(P:49)
03-05 09:01:52.157 E/ActivityThread(21506): at com.tencent.mobileqq.gallery.view.AIOGalleryActivity.onCreate(P:90)
03-05 09:01:52.157 E/ActivityThread(21506): at android.app.Activity.performCreate(Activity.java:6813)
03-05 09:01:52.157 E/ActivityThread(21506): at android.app.Instrumentation.callActivityOnCreate(Instrumentation.java:1119)
03-05 09:01:52.157 E/ActivityThread(21506): at android.app.ActivityThread.performLaunchActivity(ActivityThread.java:2805)
03-05 09:01:52.157 E/ActivityThread(21506): at android.app.ActivityThread.handleLaunchActivity(ActivityThread.java:2927)
03-05 09:01:52.157 E/ActivityThread(21506): at android.app.ActivityThread.-wrap12(ActivityThread.java)
03-05 09:01:52.157 E/ActivityThread(21506): at android.app.ActivityThread$H.handleMessage(ActivityThread.java:1650)
03-05 09:01:52.157 E/ActivityThread(21506): at android.os.Handler.dispatchMessage(Handler.java:102)
03-05 09:01:52.157 E/ActivityThread(21506): at android.os.Looper.loop(Looper.java:159)
03-05 09:01:52.157 E/ActivityThread(21506): at android.app.ActivityThread.main(ActivityThread.java:6364)
03-05 09:01:52.157 E/ActivityThread(21506): at java.lang.reflect.Method.invoke(Native Method)
03-05 09:01:52.157 E/ActivityThread(21506): at com.android.internal.os.ZygoteInit$MethodAndArgsCaller.run(ZygoteInit.java:1096)
03-05 09:01:52.157 E/ActivityThread(21506): at com.android.internal.os.ZygoteInit.main(ZygoteInit.java:883)
03-05 09:01:53.410 I/chatty ( 1315): uid=1000(system) InputReader expire 8 lines
03-05 09:01:57.492 I/chatty ( 1315): uid=1000(system) Binder:1315_20 expire 4 lines
03-05 09:02:16.309 I/chatty ( 1315): uid=1000(system) Binder:1315_18 expire 8 lines
03-05 09:02:19.853 I/chatty ( 1315): uid=1000(system) AlarmManager expire 2 lines
03-05 09:02:19.871 I/chatty ( 1315): uid=1000(system) Binder:1315_D expire 5 lines
03-05 09:02:22.589 I/chatty ( 1315): uid=1000(system) Binder:1315_14 expire 3 lines
03-05 09:02:22.974 I/chatty ( 1315): uid=1000(system) Binder:1315_3 expire 14 lines
03-05 09:02:23.052 I/chatty ( 1315): uid=1000(system) ConnectivitySer expire 4 lines
03-05 09:02:29.837 I/chatty ( 1315): uid=1000(system) Binder:1315_1D expire 2 lines
03-05 09:02:30.006 I/chatty ( 1315): uid=1000(system) Binder:1315_12 expire 2 lines
03-05 09:02:30.210 E/ActivityThread(21506): Activity com.tencent.mobileqq.gallery.view.AIOGalleryActivity has leaked IntentReceiver alxh@94029aa that was originally registered here. Are you missing a call to unregisterReceiver()?
03-05 09:02:30.210 E/ActivityThread(21506): android.app.IntentReceiverLeaked: Activity com.tencent.mobileqq.gallery.view.AIOGalleryActivity has leaked IntentReceiver alxh@94029aa that was originally registered here. Are you missing a call to unregisterReceiver()?
03-05 09:02:30.210 E/ActivityThread(21506): at android.app.LoadedApk$ReceiverDispatcher.(LoadedApk.java:1157)
03-05 09:02:30.210 E/ActivityThread(21506): at android.app.LoadedApk.getReceiverDispatcher(LoadedApk.java:944)
03-05 09:02:30.210 E/ActivityThread(21506): at android.app.ContextImpl.registerReceiverInternal(ContextImpl.java:1316)
03-05 09:02:30.210 E/ActivityThread(21506): at android.app.ContextImpl.registerReceiver(ContextImpl.java:1296)
03-05 09:02:30.210 E/ActivityThread(21506): at android.content.ContextWrapper.registerReceiver(ContextWrapper.java:596)
03-05 09:02:30.210 E/ActivityThread(21506): at alxg.a(P:91)
03-05 09:02:30.210 E/ActivityThread(21506): at amlr.b(P:78)
03-05 09:02:30.210 E/ActivityThread(21506): at amlr.(P:70)
03-05 09:02:30.210 E/ActivityThread(21506): at amll.a(P:109)
03-05 09:02:30.210 E/ActivityThread(21506): at aqnd.x(P:173)
03-05 09:02:30.210 E/ActivityThread(21506): at aqnd.d(P:160)
03-05 09:02:30.210 E/ActivityThread(21506): at aqlu.c(P:62)
03-05 09:02:30.210 E/ActivityThread(21506): at aqlw.a(P:49)
03-05 09:02:30.210 E/ActivityThread(21506): at com.tencent.mobileqq.gallery.view.AIOGalleryActivity.onCreate(P:90)
03-05 09:02:30.210 E/ActivityThread(21506): at android.app.Activity.performCreate(Activity.java:6813)
03-05 09:02:30.210 E/ActivityThread(21506): at android.app.Instrumentation.callActivityOnCreate(Instrumentation.java:1119)
03-05 09:02:30.210 E/ActivityThread(21506): at android.app.ActivityThread.performLaunchActivity(ActivityThread.java:2805)
03-05 09:02:30.210 E/ActivityThread(21506): at android.app.ActivityThread.handleLaunchActivity(ActivityThread.java:2927)
03-05 09:02:30.210 E/ActivityThread(21506): at android.app.ActivityThread.-wrap12(ActivityThread.java)
03-05 09:02:30.210 E/ActivityThread(21506): at android.app.ActivityThread$H.handleMessage(ActivityThread.java:1650)
03-05 09:02:30.210 E/ActivityThread(21506): at android.os.Handler.dispatchMessage(Handler.java:102)
03-05 09:02:30.210 E/ActivityThread(21506): at android.os.Looper.loop(Looper.java:159)
03-05 09:02:30.210 E/ActivityThread(21506): at android.app.ActivityThread.main(ActivityThread.java:6364)
03-05 09:02:30.210 E/ActivityThread(21506): at java.lang.reflect.Method.invoke(Native Method)
03-05 09:02:30.210 E/ActivityThread(21506): at com.android.internal.os.ZygoteInit$MethodAndArgsCaller.run(ZygoteInit.java:1096)
03-05 09:02:30.210 E/ActivityThread(21506): at com.android.internal.os.ZygoteInit.main(ZygoteInit.java:883)
03-05 09:02:31.310 I/chatty ( 1315): uid=1000(system) Binder:1315_17 expire 1 line
03-05 09:02:33.866 I/chatty ( 1315): uid=1000(system) Binder:1315_5 expire 7 lines
03-05 09:02:34.001 W/ViewRootImpl[SplashActivity](20534): Cancelling event due to no window focus: KeyEvent { action=ACTION_UP, keyCode=KEYCODE_BACK, scanCode=158, metaState=0, flags=0x28, repeatCount=0, eventTime=1051759713, downTime=1051759680, deviceId=3, source=0x101 }
03-05 09:02:34.001 W/ViewRootImpl[SplashActivity](20534): Cancelling event due to no window focus: KeyEvent { action=ACTION_UP, keyCode=KEYCODE_BACK, scanCode=158, metaState=0, flags=0x28, repeatCount=0, eventTime=1051759713, downTime=1051759680, deviceId=3, source=0x101 }
03-05 09:02:34.001 W/ViewRootImpl[SplashActivity](20534): Cancelling event due to no window focus: KeyEvent { action=ACTION_UP, keyCode=KEYCODE_BACK, scanCode=158, metaState=0, flags=0x28, repeatCount=0, eventTime=1051759713, downTime=1051759680, deviceId=3, source=0x101 }
03-05 09:02:34.008 W/ViewRootImpl[SplashActivity](20534): Cancelling event due to no window focus: KeyEvent { action=ACTION_UP, keyCode=KEYCODE_BACK, scanCode=158, metaState=0, flags=0x28, repeatCount=0, eventTime=1051759713, downTime=1051759680, deviceId=3, source=0x101 }
03-05 09:02:34.009 W/ViewRootImpl[SplashActivity](20534): Cancelling event due to no window focus: KeyEvent { action=ACTION_UP, keyCode=KEYCODE_BACK, scanCode=158, metaState=0, flags=0x28, repeatCount=0, eventTime=1051759713, downTime=1051759680, deviceId=3, source=0x101 }
03-05 09:02:34.009 W/ViewRootImpl[SplashActivity](20534): Cancelling event due to no window focus: KeyEvent { action=ACTION_UP, keyCode=KEYCODE_BACK, scanCode=158, metaState=0, flags=0x28, repeatCount=0, eventTime=1051759713, downTime=1051759680, deviceId=3, source=0x101 }
03-05 09:02:34.025 W/ViewRootImpl[SplashActivity](20534): Cancelling event due to no window focus: KeyEvent { action=ACTION_UP, keyCode=KEYCODE_BACK, scanCode=158, metaState=0, flags=0x28, repeatCount=0, eventTime=1051759713, downTime=1051759680, deviceId=3, source=0x101 }
03-05 09:02:34.026 W/ViewRootImpl[SplashActivity](20534): Cancelling event due to no window focus: KeyEvent { action=ACTION_UP, keyCode=KEYCODE_BACK, scanCode=158, metaState=0, flags=0x28, repeatCount=0, eventTime=1051759713, downTime=1051759680, deviceId=3, source=0x101 }
03-05 09:02:34.026 W/ViewRootImpl[SplashActivity](20534): Cancelling event due to no window focus: KeyEvent { action=ACTION_UP, keyCode=KEYCODE_BACK, scanCode=158, metaState=0, flags=0x28, repeatCount=0, eventTime=1051759713, downTime=1051759680, deviceId=3, source=0x101 }
03-05 09:02:34.202 W/ViewRootImpl[smt_launcher]( 2651): Cancelling event due to no window focus: KeyEvent { action=ACTION_UP, keyCode=KEYCODE_BACK, scanCode=158, metaState=0, flags=0x28, repeatCount=0, eventTime=1051759680, downTime=1051759680, deviceId=3, source=0x101 }
03-05 09:02:34.202 W/ViewRootImpl[smt_launcher]( 2651): Cancelling event due to no window focus: KeyEvent { action=ACTION_UP, keyCode=KEYCODE_BACK, scanCode=158, metaState=0, flags=0x28, repeatCount=0, eventTime=1051759680, downTime=1051759680, deviceId=3, source=0x101 }
03-05 09:02:34.202 W/ViewRootImpl[smt_launcher]( 2651): Cancelling event due to no window focus: KeyEvent { action=ACTION_UP, keyCode=KEYCODE_BACK, scanCode=158, metaState=0, flags=0x28, repeatCount=0, eventTime=1051759680, downTime=1051759680, deviceId=3, source=0x101 }
03-05 09:02:34.202 W/ViewRootImpl[smt_launcher]( 2651): Cancelling event due to no window focus: KeyEvent { action=ACTION_UP, keyCode=KEYCODE_BACK, scanCode=158, metaState=0, flags=0x28, repeatCount=0, eventTime=1051759680, downTime=1051759680, deviceId=3, source=0x101 }
03-05 09:02:34.204 W/ViewRootImpl[smt_launcher]( 2651): Cancelling event due to no window focus: KeyEvent { action=ACTION_UP, keyCode=KEYCODE_BACK, scanCode=158, metaState=0, flags=0x28, repeatCount=0, eventTime=1051759680, downTime=1051759680, deviceId=3, source=0x101 }
03-05 09:02:34.204 W/ViewRootImpl[smt_launcher]( 2651): Cancelling event due to no window focus: KeyEvent { action=ACTION_UP, keyCode=KEYCODE_BACK, scanCode=158, metaState=0, flags=0x28, repeatCount=0, eventTime=1051759680, downTime=1051759680, deviceId=3, source=0x101 }
03-05 09:02:34.273 I/chatty ( 1315): uid=1000(system) android.display expire 5 lines
03-05 09:02:36.302 I/PackageParser(23100): com.tencent.x5sdk.res: compat added android.permission.WRITE_EXTERNAL_STORAGE android.permission.READ_PHONE_STATE
03-05 09:02:36.418 I/PackageParser(23100): com.tencent.x5sdk.res: compat added android.permission.WRITE_EXTERNAL_STORAGE android.permission.READ_PHONE_STATE
03-05 09:02:36.569 I/chatty ( 1315): uid=1000(system) Binder:1315_6 expire 1 line
03-05 09:02:36.969 E/ActivityThread(23235): Failed to find provider info for com.tencent.mm.coolassist.debugprovider
03-05 09:02:36.969 E/ActivityThread(23243): Failed to find provider info for com.tencent.mm.coolassist.debugprovider
03-05 09:02:38.265 I/chatty ( 1315): uid=1000(system) Binder:1315_E expire 4 lines
03-05 09:02:38.986 I/chatty ( 1315): uid=1000(system) ActivityManager expire 7 lines
03-05 09:02:42.048 E/ActivityThread(23616): Failed to find provider info for com.tencent.mm.coolassist.debugprovider
03-05 09:02:43.699 I/chatty ( 1315): uid=1000(system) Binder:1315_16 expire 1 line
03-05 09:02:44.484 I/chatty ( 1315): uid=1000(system) android.io expire 4 lines
03-05 09:02:45.488 E/ActivityThread(23744): Failed to find provider info for com.tencent.mm.coolassist.debugprovider
03-05 09:02:45.713 I/chatty ( 1315): uid=1000(system) Binder:1315_7 expire 1 line
03-05 09:02:46.056 I/chatty ( 1315): uid=1000(system) Binder:1315_9 expire 4 lines
03-05 09:02:46.754 I/ActivityThread(20467): Removing dead content provider:android.content.ContentProviderProxy@7c92e9
03-05 09:03:04.205 I/chatty ( 1315): uid=1000(system) batterystats-sy expire 1 line
03-05 09:03:04.331 I/chatty ( 1315): uid=1000(system) ActivityManager expire 16 lines
03-05 09:03:04.388 I/chatty ( 1315): uid=1000(system) Binder:1315_6 expire 8 lines
03-05 09:03:04.929 W/ContextImpl(24160): Calling a method in the system process without a qualified user: android.app.ContextImpl.startService:1371 android.content.ContextWrapper.startService:616 android.content.ContextWrapper.startService:616 com.android.settings.fuelgauge.BatteryChangeReceiver.tL:-1 com.android.settings.fuelgauge.BatteryChangeReceiver.tO:-1
03-05 09:03:05.502 I/chatty ( 1315): uid=1000(system) Binder:1315_3 expire 4 lines
03-05 09:03:17.638 I/chatty ( 1315): uid=1000(system) android.bg expire 7 lines
03-05 09:03:19.303 I/chatty ( 1315): uid=1000(system) Binder:1315_16 expire 1 line
03-05 09:03:19.705 E/ActivityThread(24345): Failed to find provider info for com.tencent.mm.coolassist.debugprovider
03-05 09:03:35.928 I/chatty ( 1315): uid=1000(system) InputReader expire 6 lines
03-05 09:03:36.007 I/chatty ( 1315): uid=1000(system) Binder:1315_1B expire 4 lines
03-05 09:03:36.167 I/chatty ( 1315): uid=1000(system) android.display expire 43 lines
03-05 09:03:36.414 I/chatty ( 1315): uid=1000(system) Binder:1315_13 expire 4 lines
03-05 09:03:36.642 W/ViewRootImpl[LauncherUI](17393): Cancelling event due to no window focus: KeyEvent { action=ACTION_UP, keyCode=KEYCODE_BACK, scanCode=158, metaState=0, flags=0x28, repeatCount=0, eventTime=1051822260, downTime=1051822238, deviceId=3, source=0x101 }
03-05 09:03:36.642 W/ViewRootImpl[LauncherUI](17393): Cancelling event due to no window focus: KeyEvent { action=ACTION_UP, keyCode=KEYCODE_BACK, scanCode=158, metaState=0, flags=0x28, repeatCount=0, eventTime=1051822260, downTime=1051822238, deviceId=3, source=0x101 }
03-05 09:03:36.642 W/ViewRootImpl[LauncherUI](17393): Cancelling event due to no window focus: KeyEvent { action=ACTION_UP, keyCode=KEYCODE_BACK, scanCode=158, metaState=0, flags=0x28, repeatCount=0, eventTime=1051822260, downTime=1051822238, deviceId=3, source=0x101 }
03-05 09:03:36.656 W/ViewRootImpl[LauncherUI](17393): Cancelling event due to no window focus: KeyEvent { action=ACTION_UP, keyCode=KEYCODE_BACK, scanCode=158, metaState=0, flags=0x28, repeatCount=0, eventTime=1051822260, downTime=1051822238, deviceId=3, source=0x101 }
03-05 09:03:36.657 W/ViewRootImpl[LauncherUI](17393): Cancelling event due to no window focus: KeyEvent { action=ACTION_UP, keyCode=KEYCODE_BACK, scanCode=158, metaState=0, flags=0x28, repeatCount=0, eventTime=1051822260, downTime=1051822238, deviceId=3, source=0x101 }
03-05 09:03:36.657 W/ViewRootImpl[LauncherUI](17393): Cancelling event due to no window focus: KeyEvent { action=ACTION_UP, keyCode=KEYCODE_BACK, scanCode=158, metaState=0, flags=0x28, repeatCount=0, eventTime=1051822260, downTime=1051822238, deviceId=3, source=0x101 }
03-05 09:03:36.658 W/ViewRootImpl[LauncherUI](17393): Cancelling event due to no window focus: KeyEvent { action=ACTION_UP, keyCode=KEYCODE_BACK, scanCode=158, metaState=0, flags=0x28, repeatCount=0, eventTime=1051822260, downTime=1051822238, deviceId=3, source=0x101 }
03-05 09:03:36.658 W/ViewRootImpl[LauncherUI](17393): Cancelling event due to no window focus: KeyEvent { action=ACTION_UP, keyCode=KEYCODE_BACK, scanCode=158, metaState=0, flags=0x28, repeatCount=0, eventTime=1051822260, downTime=1051822238, deviceId=3, source=0x101 }
03-05 09:03:36.659 W/ViewRootImpl[LauncherUI](17393): Cancelling event due to no window focus: KeyEvent { action=ACTION_UP, keyCode=KEYCODE_BACK, scanCode=158, metaState=0, flags=0x28, repeatCount=0, eventTime=1051822260, downTime=1051822238, deviceId=3, source=0x101 }
03-05 09:03:36.972 W/ViewRootImpl[smt_launcher]( 2651): Cancelling event due to no window focus: KeyEvent { action=ACTION_UP, keyCode=KEYCODE_BACK, scanCode=158, metaState=0, flags=0x28, repeatCount=0, eventTime=1051822238, downTime=1051822238, deviceId=3, source=0x101 }
03-05 09:03:36.972 W/ViewRootImpl[smt_launcher]( 2651): Cancelling event due to no window focus: KeyEvent { action=ACTION_UP, keyCode=KEYCODE_BACK, scanCode=158, metaState=0, flags=0x28, repeatCount=0, eventTime=1051822238, downTime=1051822238, deviceId=3, source=0x101 }
03-05 09:03:36.972 W/ViewRootImpl[smt_launcher]( 2651): Cancelling event due to no window focus: KeyEvent { action=ACTION_UP, keyCode=KEYCODE_BACK, scanCode=158, metaState=0, flags=0x28, repeatCount=0, eventTime=1051822238, downTime=1051822238, deviceId=3, source=0x101 }
03-05 09:03:36.975 W/ViewRootImpl[smt_launcher]( 2651): Cancelling event due to no window focus: KeyEvent { action=ACTION_UP, keyCode=KEYCODE_BACK, scanCode=158, metaState=0, flags=0x28, repeatCount=0, eventTime=1051822238, downTime=1051822238, deviceId=3, source=0x101 }
03-05 09:03:36.983 W/ViewRootImpl[smt_launcher]( 2651): Cancelling event due to no window focus: KeyEvent { action=ACTION_UP, keyCode=KEYCODE_BACK, scanCode=158, metaState=0, flags=0x28, repeatCount=0, eventTime=1051822238, downTime=1051822238, deviceId=3, source=0x101 }
03-05 09:03:36.983 W/ViewRootImpl[smt_launcher]( 2651): Cancelling event due to no window focus: KeyEvent { action=ACTION_UP, keyCode=KEYCODE_BACK, scanCode=158, metaState=0, flags=0x28, repeatCount=0, eventTime=1051822238, downTime=1051822238, deviceId=3, source=0x101 }
03-05 09:03:36.986 W/ViewRootImpl[smt_launcher]( 2651): Dropping event due to no window focus: KeyEvent { action=ACTION_DOWN, keyCode=KEYCODE_BACK, scanCode=158, metaState=0, flags=0x8, repeatCount=0, eventTime=1051822791, downTime=1051822791, deviceId=3, source=0x101 }
03-05 09:03:36.994 I/chatty ( 1315): uid=1000(system) InputDispatcher expire 4 lines
03-05 09:03:36.997 W/ViewRootImpl[smt_launcher]( 2651): Cancelling event due to no window focus: KeyEvent { action=ACTION_UP, keyCode=KEYCODE_BACK, scanCode=158, metaState=0, flags=0x28, repeatCount=0, eventTime=1051822791, downTime=1051822791, deviceId=3, source=0x101 }
03-05 09:03:36.997 W/ViewRootImpl[smt_launcher]( 2651): Cancelling event due to no window focus: KeyEvent { action=ACTION_UP, keyCode=KEYCODE_BACK, scanCode=158, metaState=0, flags=0x28, repeatCount=0, eventTime=1051822791, downTime=1051822791, deviceId=3, source=0x101 }
03-05 09:03:36.998 W/ViewRootImpl[smt_launcher]( 2651): Cancelling event due to no window focus: KeyEvent { action=ACTION_UP, keyCode=KEYCODE_BACK, scanCode=158, metaState=0, flags=0x28, repeatCount=0, eventTime=1051822791, downTime=1051822791, deviceId=3, source=0x101 }
03-05 09:03:36.998 W/ViewRootImpl[smt_launcher]( 2651): Cancelling event due to no window focus: KeyEvent { action=ACTION_UP, keyCode=KEYCODE_BACK, scanCode=158, metaState=0, flags=0x28, repeatCount=0, eventTime=1051822791, downTime=1051822791, deviceId=3, source=0x101 }
03-05 09:03:36.998 W/ViewRootImpl[smt_launcher]( 2651): Cancelling event due to no window focus: KeyEvent { action=ACTION_UP, keyCode=KEYCODE_BACK, scanCode=158, metaState=0, flags=0x28, repeatCount=0, eventTime=1051822791, downTime=1051822791, deviceId=3, source=0x101 }
03-05 09:03:36.998 W/ViewRootImpl[smt_launcher]( 2651): Cancelling event due to no window focus: KeyEvent { action=ACTION_UP, keyCode=KEYCODE_BACK, scanCode=158, metaState=0, flags=0x28, repeatCount=0, eventTime=1051822791, downTime=1051822791, deviceId=3, source=0x101 }
03-05 09:03:37.055 I/chatty ( 1315): uid=1000(system) Binder:1315_17 expire 6 lines
03-05 09:03:37.056 I/chatty ( 1315): uid=1000(system) ConnectivitySer expire 7 lines
03-05 09:03:37.058 I/chatty ( 1315): uid=1000(system) Binder:1315_18 expire 4 lines
03-05 09:03:39.844 I/chatty ( 1315): uid=1000(system) Binder:1315_2 expire 7 lines
03-05 09:03:39.958 I/chatty ( 1315): uid=1000(system) Binder:1315_1D expire 9 lines
03-05 09:03:39.968 I/chatty ( 1315): uid=1000(system) Binder:1315_1A expire 5 lines
03-05 09:03:39.972 I/chatty ( 1315): uid=1000(system) Binder:1315_19 expire 5 lines
03-05 09:03:40.052 I/chatty ( 1315): uid=1000(system) Binder:1315_5 expire 4 lines
03-05 09:03:40.067 I/chatty ( 1315): uid=1000(system) Binder:1315_20 expire 8 lines
03-05 09:03:42.384 I/chatty ( 1315): uid=1000(system) Binder:1315_1E expire 12 lines
03-05 09:03:43.026 I/chatty ( 1315): uid=1000(system) Binder:1315_8 expire 6 lines
03-05 09:03:44.077 I/chatty ( 1315): uid=1000(system) android.io expire 2 lines
03-05 09:03:49.670 I/chatty ( 1315): uid=1000(system) Binder:1315_C expire 1 line
03-05 09:03:50.677 I/chatty ( 1315): uid=1000(system) Binder:1315_4 expire 7 lines
03-05 09:03:51.748 I/chatty ( 1315): uid=1000(system) Binder:1315_15 expire 11 lines
03-05 09:03:51.782 I/chatty ( 1315): uid=1000(system) Binder:1315_14 expire 6 lines
03-05 09:03:53.359 I/chatty ( 1315): uid=1000(system) Binder:1315_9 expire 3 lines
03-05 09:03:53.414 I/chatty ( 1315): uid=1000(system) Binder:1315_1F expire 4 lines
03-05 09:03:53.450 I/chatty ( 1315): uid=1000(system) Binder:1315_D expire 5 lines
03-05 09:03:53.585 I/chatty ( 1315): uid=1000(system) Binder:1315_12 expire 9 lines
03-05 09:03:54.161 E/ActivityThread(24640): Failed to find provider info for com.vivo.push.sdk.service.SystemPushConfig
03-05 09:03:54.489 I/chatty ( 1315): uid=1000(system) ActivityManager expire 2 lines
03-05 09:03:54.518 I/chatty ( 1315): uid=1000(system) Binder:1315_A expire 11 lines
03-05 09:03:55.075 E/ActivityThread(24640): Failed to find provider info for com.alipay.setting
03-05 09:03:55.372 I/chatty ( 1315): uid=1000(system) Binder:1315_11 expire 1 line
03-05 09:03:55.465 I/chatty ( 1315): uid=1000(system) Binder:1315_10 expire 3 lines
03-05 09:03:55.862 I/chatty ( 1315): uid=1000(system) Binder:1315_1E expire 12 lines
03-05 09:03:56.296 I/chatty ( 1315): uid=1000(system) Binder:1315_E expire 4 lines
03-05 09:03:56.306 I/chatty ( 1315): uid=1000(system) Binder:1315_7 expire 1 line
03-05 09:03:56.455 I/chatty ( 1315): uid=1000(system) Binder:1315_1C expire 1 line
03-05 09:03:56.694 E/ActivityThread(25377): Failed to find provider info for com.tencent.mm.coolassist.debugprovider
03-05 09:03:59.298 I/chatty ( 1315): uid=1000(system) Binder:1315_B expire 7 lines
03-05 09:03:59.683 I/chatty ( 1315): uid=1000(system) Binder:1315_12 expire 5 lines
03-05 09:04:00.351 I/chatty ( 1315): uid=1000(system) android.display expire 2 lines
03-05 09:04:00.355 I/chatty ( 1315): uid=1000(system) Binder:1315_15 expire 8 lines
03-05 09:04:01.905 I/chatty ( 1315): uid=1000(system) Binder:1315_E expire 11 lines
03-05 09:04:02.099 I/chatty ( 1315): uid=1000(system) Binder:1315_19 expire 10 lines
03-05 09:04:02.404 I/chatty ( 1315): uid=1000(system) Binder:1315_10 expire 10 lines
03-05 09:04:02.419 I/chatty ( 1315): uid=1000(system) Binder:1315_3 expire 10 lines
03-05 09:04:02.474 I/chatty ( 1315): uid=1000(system) Binder:1315_16 expire 11 lines
03-05 09:04:02.541 I/chatty ( 1315): uid=1000(system) Binder:1315_1 expire 2 lines
03-05 09:04:02.593 I/chatty ( 1315): uid=1000(system) Binder:1315_C expire 8 lines
03-05 09:04:04.204 I/chatty ( 1315): uid=1000(system) Binder:1315_11 expire 10 lines
03-05 09:04:04.426 I/chatty ( 1315): uid=1000(system) batterystats-sy expire 1 line
03-05 09:04:04.579 W/ContextImpl(24160): Calling a method in the system process without a qualified user: android.app.ContextImpl.startService:1371 android.content.ContextWrapper.startService:616 android.content.ContextWrapper.startService:616 com.android.settings.fuelgauge.BatteryChangeReceiver.tL:-1 com.android.settings.fuelgauge.BatteryChangeReceiver.tO:-1
03-05 09:04:06.209 I/chatty ( 1315): uid=1000(system) ActivityManager expire 13 lines
03-05 09:04:13.187 I/chatty ( 1315): uid=1000(system) Binder:1315_14 expire 6 lines
03-05 09:04:13.203 I/chatty ( 1315): uid=1000(system) Binder:1315_13 expire 2 lines
03-05 09:04:14.399 I/chatty ( 1315): uid=1000(system) Binder:1315_1E expire 9 lines
03-05 09:04:14.482 I/chatty ( 1315): uid=1000(system) Binder:1315_7 expire 4 lines
03-05 09:04:15.749 I/chatty ( 1315): uid=1000(system) android.bg expire 6 lines
03-05 09:04:16.237 I/chatty ( 1315): uid=1000(system) Binder:1315_F expire 5 lines
03-05 09:04:16.437 I/chatty ( 1315): uid=1000(system) Binder:1315_5 expire 6 lines
03-05 09:04:19.168 I/chatty ( 1315): uid=1000(system) AlarmManager expire 1 line
03-05 09:04:20.236 I/chatty ( 1315): uid=1000(system) Binder:1315_1A expire 9 lines
03-05 09:04:22.530 I/chatty ( 1315): uid=1000(system) Binder:1315_A expire 2 lines
03-05 09:04:22.609 I/chatty ( 1315): uid=1000(system) Binder:1315_4 expire 8 lines
03-05 09:04:22.613 I/chatty ( 1315): uid=1000(system) Binder:1315_1F expire 3 lines
03-05 09:04:29.350 I/chatty ( 1315): uid=1000(system) InputReader expire 2 lines
03-05 09:04:33.928 I/chatty ( 1315): uid=1000(system) Binder:1315_18 expire 4 lines
03-05 09:04:33.930 I/chatty ( 1315): uid=1000(system) ConnectivitySer expire 6 lines
03-05 09:04:38.785 I/ActivityThread(25981): Removing dead content provider:android.content.ContentProviderProxy@5a2f704
03-05 09:04:46.211 I/chatty ( 1315): uid=1000(system) Binder:1315_16 expire 4 lines
03-05 09:04:46.437 I/chatty ( 1315): uid=1000(system) Binder:1315_1C expire 10 lines
03-05 09:04:46.500 I/chatty ( 1315): uid=1000(system) Binder:1315_1B expire 7 lines
03-05 09:04:46.535 I/chatty ( 1315): uid=1000(system) Binder:1315_10 expire 8 lines
03-05 09:05:16.264 I/chatty ( 1315): uid=1000(system) Binder:1315_6 expire 4 lines
03-05 09:05:23.089 I/chatty ( 1315): uid=1000(system) Binder:1315_9 expire 12 lines
03-05 09:05:23.093 I/chatty ( 1315): uid=1000(system) Binder:1315_1D expire 4 lines
03-05 09:05:24.457 I/chatty ( 1315): uid=1000(system) Binder:1315_20 expire 5 lines
03-05 09:05:31.412 I/chatty ( 1315): uid=1000(system) Binder:1315_2 expire 8 lines
03-05 09:05:31.764 E/ActivityThread(26947): Failed to find provider info for com.tencent.mm.coolassist.debugprovider
03-05 09:05:32.889 I/chatty ( 1315): uid=1000(system) Binder:1315_1C expire 2 lines
03-05 09:05:35.485 I/chatty ( 1315): uid=1000(system) Binder:1315_17 expire 1 line
03-05 09:05:36.136 I/chatty ( 1315): uid=1000(system) ActivityManager expire 2 lines
03-05 09:05:38.119 I/chatty ( 1315): uid=1000(system) Binder:1315_3 expire 1 line
03-05 09:05:38.139 I/chatty ( 1315): uid=1000(system) Binder:1315_8 expire 1 line
03-05 09:05:40.838 I/chatty ( 1315): uid=1000(system) Binder:1315_D expire 5 lines
03-05 09:05:41.053 I/chatty ( 1315): uid=1000(system) Binder:1315_11 expire 4 lines
03-05 09:05:47.539 I/chatty ( 1315): uid=1000(system) Binder:1315_A expire 3 lines
03-05 09:05:47.598 I/chatty ( 1315): uid=1000(system) Binder:1315_B expire 6 lines
03-05 09:05:48.423 I/chatty ( 1315): uid=1000(system) Binder:1315_14 expire 2 lines
03-05 09:05:48.440 I/chatty ( 1315): uid=1000(system) Binder:1315_1C expire 2 lines
03-05 09:05:50.978 I/chatty ( 1315): uid=1000(system) Binder:1315_E expire 9 lines
03-05 09:05:51.016 I/chatty ( 1315): uid=1000(system) Binder:1315_20 expire 7 lines
03-05 09:05:52.091 I/chatty ( 1315): uid=1000(system) Binder:1315_5 expire 10 lines
03-05 09:05:52.105 I/chatty ( 1315): uid=1000(system) Binder:1315_1D expire 6 lines
03-05 09:05:52.863 I/chatty ( 1315): uid=1000(system) Binder:1315_3 expire 6 lines
03-05 09:05:55.225 I/chatty ( 1315): uid=1000(system) InputReader expire 13 lines
03-05 09:05:55.298 W/ViewRootImpl[DetailActivity](24640): Cancelling event due to no window focus: KeyEvent { action=ACTION_UP, keyCode=KEYCODE_BACK, scanCode=158, metaState=0, flags=0x28, repeatCount=0, eventTime=1051960987, downTime=1051960986, deviceId=3, source=0x101 }
03-05 09:05:55.298 W/ViewRootImpl[DetailActivity](24640): Cancelling event due to no window focus: KeyEvent { action=ACTION_UP, keyCode=KEYCODE_BACK, scanCode=158, metaState=0, flags=0x28, repeatCount=0, eventTime=1051960987, downTime=1051960986, deviceId=3, source=0x101 }
03-05 09:05:55.298 W/ViewRootImpl[DetailActivity](24640): Cancelling event due to no window focus: KeyEvent { action=ACTION_UP, keyCode=KEYCODE_BACK, scanCode=158, metaState=0, flags=0x28, repeatCount=0, eventTime=1051960987, downTime=1051960986, deviceId=3, source=0x101 }
03-05 09:05:55.329 I/chatty ( 1315): uid=1000(system) Binder:1315_12 expire 2 lines
03-05 09:05:55.345 W/ViewRootImpl[DetailActivity](24640): Cancelling event due to no window focus: KeyEvent { action=ACTION_UP, keyCode=KEYCODE_BACK, scanCode=158, metaState=0, flags=0x28, repeatCount=0, eventTime=1051960987, downTime=1051960986, deviceId=3, source=0x101 }
03-05 09:05:55.345 W/ViewRootImpl[DetailActivity](24640): Cancelling event due to no window focus: KeyEvent { action=ACTION_UP, keyCode=KEYCODE_BACK, scanCode=158, metaState=0, flags=0x28, repeatCount=0, eventTime=1051960987, downTime=1051960986, deviceId=3, source=0x101 }
03-05 09:05:55.345 W/ViewRootImpl[DetailActivity](24640): Cancelling event due to no window focus: KeyEvent { action=ACTION_UP, keyCode=KEYCODE_BACK, scanCode=158, metaState=0, flags=0x28, repeatCount=0, eventTime=1051960987, downTime=1051960986, deviceId=3, source=0x101 }
03-05 09:05:55.346 W/ViewRootImpl[DetailActivity](24640): Cancelling event due to no window focus: KeyEvent { action=ACTION_UP, keyCode=KEYCODE_BACK, scanCode=158, metaState=0, flags=0x28, repeatCount=0, eventTime=1051960987, downTime=1051960986, deviceId=3, source=0x101 }
03-05 09:05:55.346 W/ViewRootImpl[DetailActivity](24640): Cancelling event due to no window focus: KeyEvent { action=ACTION_UP, keyCode=KEYCODE_BACK, scanCode=158, metaState=0, flags=0x28, repeatCount=0, eventTime=1051960987, downTime=1051960986, deviceId=3, source=0x101 }
03-05 09:05:55.346 W/ViewRootImpl[DetailActivity](24640): Cancelling event due to no window focus: KeyEvent { action=ACTION_UP, keyCode=KEYCODE_BACK, scanCode=158, metaState=0, flags=0x28, repeatCount=0, eventTime=1051960987, downTime=1051960986, deviceId=3, source=0x101 }
03-05 09:05:57.749 I/chatty ( 1315): uid=1000(system) android.bg expire 5 lines
03-05 09:06:00.538 I/chatty ( 1315): uid=1000(system) Binder:1315_1A expire 6 lines
03-05 09:06:06.154 I/chatty ( 1315): uid=1000(system) ActivityManager expire 9 lines
03-05 09:06:06.167 I/chatty ( 1315): uid=1000(system) Binder:1315_C expire 6 lines
03-05 09:06:06.499 I/chatty ( 1315): uid=1000(system) Binder:1315_D expire 9 lines
03-05 09:06:07.385 I/chatty ( 1315): uid=1000(system) Binder:1315_F expire 13 lines
03-05 09:06:07.549 I/chatty ( 1315): uid=1000(system) Binder:1315_10 expire 16 lines
03-05 09:06:07.618 I/chatty ( 1315): uid=1000(system) Binder:1315_18 expire 10 lines
03-05 09:06:07.760 I/chatty ( 1315): uid=1000(system) Binder:1315_13 expire 11 lines
03-05 09:06:07.778 I/chatty ( 1315): uid=1000(system) Binder:1315_6 expire 8 lines
03-05 09:06:07.784 I/chatty ( 1315): uid=1000(system) Binder:1315_7 expire 20 lines
03-05 09:06:07.784 I/chatty ( 1315): uid=1000(system) Binder:1315_16 expire 4 lines
03-05 09:06:07.786 I/chatty ( 1315): uid=1000(system) ConnectivitySer expire 2 lines
03-05 09:06:08.007 I/chatty ( 1315): uid=1000(system) InputDispatcher expire 4 lines
03-05 09:06:08.762 I/chatty ( 1315): uid=1000(system) android.display expire 5 lines
03-05 09:06:11.843 I/chatty ( 1315): uid=1000(system) Binder:1315_1B expire 5 lines
03-05 09:06:18.548 I/chatty ( 1315): uid=1000(system) Binder:1315_1F expire 6 lines
03-05 09:06:20.492 I/chatty ( 1315): uid=1000(system) AlarmManager expire 2 lines
03-05 09:06:20.503 I/chatty ( 1315): uid=1000(system) Binder:1315_15 expire 6 lines
03-05 09:06:20.529 I/chatty ( 1315): uid=1000(system) Binder:1315_19 expire 7 lines
03-05 09:06:20.549 I/chatty ( 1315): uid=1000(system) Binder:1315_8 expire 3 lines
03-05 09:06:20.622 I/chatty ( 1315): uid=1000 system_server expire 1 line
03-05 09:06:20.808 I/chatty ( 1315): uid=1000(system) Binder:1315_4 expire 4 lines
03-05 09:06:20.938 I/chatty ( 1315): uid=1000(system) Binder:1315_9 expire 7 lines
03-05 09:06:27.310 I/chatty ( 1315): uid=1000(system) Binder:1315_1E expire 6 lines
03-05 09:06:32.724 E/ActivityThread(28364): Failed to find provider info for com.tencent.mm.coolassist.debugprovider
03-05 09:06:33.620 I/chatty ( 1315): uid=1000(system) Binder:1315_18 expire 12 lines
03-05 09:06:49.612 I/chatty ( 1315): uid=1000(system) InputReader expire 32 lines
03-05 09:06:49.624 W/ViewRootImpl[ShopRenderActivity](24640): Dropping event due to no window focus: KeyEvent { action=ACTION_DOWN, keyCode=KEYCODE_BACK, scanCode=158, metaState=0, flags=0x8, repeatCount=0, eventTime=1052015453, downTime=1052015453, deviceId=3, source=0x101 }
03-05 09:06:49.624 I/chatty ( 1315): uid=1000(system) InputDispatcher expire 35 lines
03-05 09:06:49.632 W/ViewRootImpl[ShopRenderActivity](24640): Cancelling event due to no window focus: KeyEvent { action=ACTION_UP, keyCode=KEYCODE_BACK, scanCode=158, metaState=0, flags=0x28, repeatCount=0, eventTime=1052015453, downTime=1052015453, deviceId=3, source=0x101 }
03-05 09:06:49.632 W/ViewRootImpl[ShopRenderActivity](24640): Cancelling event due to no window focus: KeyEvent { action=ACTION_UP, keyCode=KEYCODE_BACK, scanCode=158, metaState=0, flags=0x28, repeatCount=0, eventTime=1052015453, downTime=1052015453, deviceId=3, source=0x101 }
03-05 09:06:49.632 W/ViewRootImpl[ShopRenderActivity](24640): Cancelling event due to no window focus: KeyEvent { action=ACTION_UP, keyCode=KEYCODE_BACK, scanCode=158, metaState=0, flags=0x28, repeatCount=0, eventTime=1052015453, downTime=1052015453, deviceId=3, source=0x101 }
03-05 09:06:49.636 W/ViewRootImpl[ShopRenderActivity](24640): Cancelling event due to no window focus: KeyEvent { action=ACTION_UP, keyCode=KEYCODE_BACK, scanCode=158, metaState=0, flags=0x28, repeatCount=0, eventTime=1052015453, downTime=1052015453, deviceId=3, source=0x101 }
03-05 09:06:49.636 W/ViewRootImpl[ShopRenderActivity](24640): Cancelling event due to no window focus: KeyEvent { action=ACTION_UP, keyCode=KEYCODE_BACK, scanCode=158, metaState=0, flags=0x28, repeatCount=0, eventTime=1052015453, downTime=1052015453, deviceId=3, source=0x101 }
03-05 09:06:49.636 W/ViewRootImpl[ShopRenderActivity](24640): Cancelling event due to no window focus: KeyEvent { action=ACTION_UP, keyCode=KEYCODE_BACK, scanCode=158, metaState=0, flags=0x28, repeatCount=0, eventTime=1052015453, downTime=1052015453, deviceId=3, source=0x101 }
03-05 09:06:49.637 W/ViewRootImpl[ShopRenderActivity](24640): Cancelling event due to no window focus: KeyEvent { action=ACTION_UP, keyCode=KEYCODE_BACK, scanCode=158, metaState=0, flags=0x28, repeatCount=0, eventTime=1052015453, downTime=1052015453, deviceId=3, source=0x101 }
03-05 09:06:49.637 W/ViewRootImpl[ShopRenderActivity](24640): Cancelling event due to no window focus: KeyEvent { action=ACTION_UP, keyCode=KEYCODE_BACK, scanCode=158, metaState=0, flags=0x28, repeatCount=0, eventTime=1052015453, downTime=1052015453, deviceId=3, source=0x101 }
03-05 09:06:49.637 W/ViewRootImpl[ShopRenderActivity](24640): Cancelling event due to no window focus: KeyEvent { action=ACTION_UP, keyCode=KEYCODE_BACK, scanCode=158, metaState=0, flags=0x28, repeatCount=0, eventTime=1052015453, downTime=1052015453, deviceId=3, source=0x101 }
03-05 09:06:50.246 I/chatty ( 1315): uid=1000(system) Binder:1315_E expire 2 lines
03-05 09:06:50.609 I/chatty ( 1315): uid=1000(system) android.display expire 10 lines
03-05 09:06:50.748 I/chatty ( 1315): uid=1000(system) Binder:1315_9 expire 12 lines
03-05 09:06:50.894 W/ViewRootImpl[TBMainActivity](24640): Cancelling event due to no window focus: KeyEvent { action=ACTION_UP, keyCode=KEYCODE_BACK, scanCode=158, metaState=0, flags=0x28, repeatCount=0, eventTime=1052016593, downTime=1052016593, deviceId=3, source=0x101 }
03-05 09:06:50.894 W/ViewRootImpl[TBMainActivity](24640): Cancelling event due to no window focus: KeyEvent { action=ACTION_UP, keyCode=KEYCODE_BACK, scanCode=158, metaState=0, flags=0x28, repeatCount=0, eventTime=1052016593, downTime=1052016593, deviceId=3, source=0x101 }
03-05 09:06:50.894 W/ViewRootImpl[TBMainActivity](24640): Cancelling event due to no window focus: KeyEvent { action=ACTION_UP, keyCode=KEYCODE_BACK, scanCode=158, metaState=0, flags=0x28, repeatCount=0, eventTime=1052016593, downTime=1052016593, deviceId=3, source=0x101 }
03-05 09:06:50.897 W/ViewRootImpl[TBMainActivity](24640): Cancelling event due to no window focus: KeyEvent { action=ACTION_UP, keyCode=KEYCODE_BACK, scanCode=158, metaState=0, flags=0x28, repeatCount=0, eventTime=1052016593, downTime=1052016593, deviceId=3, source=0x101 }
03-05 09:06:50.897 W/ViewRootImpl[TBMainActivity](24640): Cancelling event due to no window focus: KeyEvent { action=ACTION_UP, keyCode=KEYCODE_BACK, scanCode=158, metaState=0, flags=0x28, repeatCount=0, eventTime=1052016593, downTime=1052016593, deviceId=3, source=0x101 }
03-05 09:06:50.897 W/ViewRootImpl[TBMainActivity](24640): Cancelling event due to no window focus: KeyEvent { action=ACTION_UP, keyCode=KEYCODE_BACK, scanCode=158, metaState=0, flags=0x28, repeatCount=0, eventTime=1052016593, downTime=1052016593, deviceId=3, source=0x101 }
03-05 09:06:50.897 W/ViewRootImpl[TBMainActivity](24640): Cancelling event due to no window focus: KeyEvent { action=ACTION_UP, keyCode=KEYCODE_BACK, scanCode=158, metaState=0, flags=0x28, repeatCount=0, eventTime=1052016593, downTime=1052016593, deviceId=3, source=0x101 }
