03-05 09:43:53.806 I/chatty ( 1315): uid=1000(system) Binder:1315_1F expire 13 lines
03-05 09:44:02.683 I/chatty ( 1315): uid=1000(system) ActivityManager expire 4 lines
03-05 09:44:03.140 I/chatty ( 1315): uid=1000(system) InputReader expire 10 lines
03-05 09:44:03.203 I/chatty ( 1315): uid=1000(system) Binder:1315_11 expire 5 lines
03-05 09:44:10.889 I/chatty ( 1315): uid=1000(system) android.bg expire 5 lines
03-05 09:44:18.045 I/chatty ( 1315): uid=1000(system) Binder:1315_B expire 4 lines
03-05 09:44:18.144 W/ViewRootImpl[LauncherUI](17393): Cancelling event due to no window focus: KeyEvent { action=ACTION_UP, keyCode=KEYCODE_BACK, scanCode=158, metaState=0, flags=0x28, repeatCount=0, eventTime=1053952565, downTime=1053952546, deviceId=3, source=0x101 }
03-05 09:44:18.144 W/ViewRootImpl[LauncherUI](17393): Cancelling event due to no window focus: KeyEvent { action=ACTION_UP, keyCode=KEYCODE_BACK, scanCode=158, metaState=0, flags=0x28, repeatCount=0, eventTime=1053952565, downTime=1053952546, deviceId=3, source=0x101 }
03-05 09:44:18.144 W/ViewRootImpl[LauncherUI](17393): Cancelling event due to no window focus: KeyEvent { action=ACTION_UP, keyCode=KEYCODE_BACK, scanCode=158, metaState=0, flags=0x28, repeatCount=0, eventTime=1053952565, downTime=1053952546, deviceId=3, source=0x101 }
03-05 09:44:18.157 W/ViewRootImpl[LauncherUI](17393): Cancelling event due to no window focus: KeyEvent { action=ACTION_UP, keyCode=KEYCODE_BACK, scanCode=158, metaState=0, flags=0x28, repeatCount=0, eventTime=1053952565, downTime=1053952546, deviceId=3, source=0x101 }
03-05 09:44:18.157 W/ViewRootImpl[LauncherUI](17393): Cancelling event due to no window focus: KeyEvent { action=ACTION_UP, keyCode=KEYCODE_BACK, scanCode=158, metaState=0, flags=0x28, repeatCount=0, eventTime=1053952565, downTime=1053952546, deviceId=3, source=0x101 }
03-05 09:44:18.157 W/ViewRootImpl[LauncherUI](17393): Cancelling event due to no window focus: KeyEvent { action=ACTION_UP, keyCode=KEYCODE_BACK, scanCode=158, metaState=0, flags=0x28, repeatCount=0, eventTime=1053952565, downTime=1053952546, deviceId=3, source=0x101 }
03-05 09:44:18.158 W/ViewRootImpl[LauncherUI](17393): Cancelling event due to no window focus: KeyEvent { action=ACTION_UP, keyCode=KEYCODE_BACK, scanCode=158, metaState=0, flags=0x28, repeatCount=0, eventTime=1053952565, downTime=1053952546, deviceId=3, source=0x101 }
03-05 09:44:18.158 W/ViewRootImpl[LauncherUI](17393): Cancelling event due to no window focus: KeyEvent { action=ACTION_UP, keyCode=KEYCODE_BACK, scanCode=158, metaState=0, flags=0x28, repeatCount=0, eventTime=1053952565, downTime=1053952546, deviceId=3, source=0x101 }
03-05 09:44:18.159 W/ViewRootImpl[LauncherUI](17393): Cancelling event due to no window focus: KeyEvent { action=ACTION_UP, keyCode=KEYCODE_BACK, scanCode=158, metaState=0, flags=0x28, repeatCount=0, eventTime=1053952565, downTime=1053952546, deviceId=3, source=0x101 }
03-05 09:44:18.348 W/ViewRootImpl[smt_launcher]( 2651): Cancelling event due to no window focus: KeyEvent { action=ACTION_UP, keyCode=KEYCODE_BACK, scanCode=158, metaState=0, flags=0x28, repeatCount=0, eventTime=1053952546, downTime=1053952546, deviceId=3, source=0x101 }
03-05 09:44:18.348 W/ViewRootImpl[smt_launcher]( 2651): Cancelling event due to no window focus: KeyEvent { action=ACTION_UP, keyCode=KEYCODE_BACK, scanCode=158, metaState=0, flags=0x28, repeatCount=0, eventTime=1053952546, downTime=1053952546, deviceId=3, source=0x101 }
03-05 09:44:18.348 W/ViewRootImpl[smt_launcher]( 2651): Cancelling event due to no window focus: KeyEvent { action=ACTION_UP, keyCode=KEYCODE_BACK, scanCode=158, metaState=0, flags=0x28, repeatCount=0, eventTime=1053952546, downTime=1053952546, deviceId=3, source=0x101 }
03-05 09:44:18.349 W/ViewRootImpl[smt_launcher]( 2651): Cancelling event due to no window focus: KeyEvent { action=ACTION_UP, keyCode=KEYCODE_BACK, scanCode=158, metaState=0, flags=0x28, repeatCount=0, eventTime=1053952546, downTime=1053952546, deviceId=3, source=0x101 }
03-05 09:44:18.349 W/ViewRootImpl[smt_launcher]( 2651): Cancelling event due to no window focus: KeyEvent { action=ACTION_UP, keyCode=KEYCODE_BACK, scanCode=158, metaState=0, flags=0x28, repeatCount=0, eventTime=1053952546, downTime=1053952546, deviceId=3, source=0x101 }
03-05 09:44:18.349 W/ViewRootImpl[smt_launcher]( 2651): Cancelling event due to no window focus: KeyEvent { action=ACTION_UP, keyCode=KEYCODE_BACK, scanCode=158, metaState=0, flags=0x28, repeatCount=0, eventTime=1053952546, downTime=1053952546, deviceId=3, source=0x101 }
03-05 09:44:18.395 I/chatty ( 1315): uid=1000(system) Binder:1315_9 expire 1 line
03-05 09:44:21.919 I/chatty ( 1315): uid=1000(system) Binder:1315_16 expire 2 lines
03-05 09:44:22.825 I/chatty ( 1315): uid=1000(system) Binder:1315_E expire 10 lines
03-05 09:44:22.846 I/chatty ( 1315): uid=1000(system) Binder:1315_18 expire 5 lines
03-05 09:44:23.096 I/chatty ( 1315): uid=1000(system) android.display expire 6 lines
03-05 09:44:23.972 I/chatty ( 1315): uid=1000(system) Binder:1315_3 expire 5 lines
03-05 09:44:23.985 I/chatty ( 1315): uid=1000(system) Binder:1315_13 expire 5 lines
03-05 09:44:38.847 I/chatty ( 1315): uid=1000(system) Binder:1315_C expire 2 lines
03-05 09:44:41.415 I/chatty ( 1315): uid=1000(system) Binder:1315_D expire 5 lines
03-05 09:44:41.430 I/chatty ( 1315): uid=1000(system) Binder:1315_20 expire 10 lines
03-05 09:44:42.149 I/chatty ( 1315): uid=1000(system) Binder:1315_12 expire 7 lines
03-05 09:44:42.181 I/chatty ( 1315): uid=1000(system) Binder:1315_17 expire 6 lines
03-05 09:44:42.209 I/chatty ( 1315): uid=1000(system) Binder:1315_1A expire 4 lines
03-05 09:44:42.619 I/chatty ( 1315): uid=1000(system) Binder:1315_10 expire 5 lines
03-05 09:44:43.363 I/chatty ( 1315): uid=1000(system) Binder:1315_1B expire 1 line
03-05 09:44:43.418 I/chatty ( 1315): uid=1000(system) Binder:1315_4 expire 3 lines
03-05 09:44:43.475 I/chatty ( 1315): uid=1000(system) Binder:1315_14 expire 9 lines
03-05 09:44:44.723 I/chatty ( 1315): uid=1000(system) Binder:1315_6 expire 2 lines
03-05 09:44:45.749 I/PackageParser(15883): com.tencent.x5sdk.res: compat added android.permission.WRITE_EXTERNAL_STORAGE android.permission.READ_PHONE_STATE
03-05 09:44:45.763 I/PackageParser(15883): com.tencent.x5sdk.res: compat added android.permission.WRITE_EXTERNAL_STORAGE android.permission.READ_PHONE_STATE
03-05 09:44:46.630 I/ActivityThread(13241): Removing dead content provider:android.content.ContentProviderProxy@1facc88
03-05 09:44:47.231 I/chatty ( 1315): uid=1000(system) Binder:1315_1D expire 4 lines
03-05 09:44:47.352 I/chatty ( 1315): uid=1000(system) android.io expire 2 lines
03-05 09:44:50.997 I/chatty ( 1315): uid=1000(system) NetworkStatsObs expire 1 line
03-05 09:44:50.997 I/chatty ( 1315): uid=1000(system) Binder:1315_2 expire 1 line
03-05 09:45:13.266 I/chatty ( 1315): uid=1000(system) Binder:1315_1C expire 9 lines
03-05 09:45:20.922 I/chatty ( 1315): uid=1000(system) android.bg expire 15 lines
03-05 09:45:22.252 I/chatty ( 1315): uid=1000(system) Binder:1315_20 expire 12 lines
03-05 09:45:22.402 I/chatty ( 1315): uid=1000(system) Binder:1315_9 expire 5 lines
03-05 09:45:22.569 I/chatty ( 1315): uid=1000(system) Binder:1315_19 expire 11 lines
03-05 09:45:23.297 I/chatty ( 1315): uid=1000(system) ActivityManager expire 10 lines
03-05 09:45:23.297 I/chatty ( 1315): uid=1000(system) Binder:1315_F expire 11 lines
03-05 09:45:23.317 I/chatty ( 1315): uid=1000(system) Binder:1315_3 expire 4 lines
03-05 09:45:23.440 I/chatty ( 1315): uid=1000(system) batterystats-sy expire 7 lines
03-05 09:45:23.464 I/chatty ( 1315): uid=1000(system) Binder:1315_15 expire 4 lines
03-05 09:45:23.836 W/ContextImpl(16223): Calling a method in the system process without a qualified user: android.app.ContextImpl.startService:1371 android.content.ContextWrapper.startService:616 android.content.ContextWrapper.startService:616 com.android.settings.fuelgauge.BatteryChangeReceiver.tL:-1 com.android.settings.fuelgauge.BatteryChangeReceiver.tO:-1
03-05 09:45:24.389 I/chatty ( 1315): uid=1000(system) Binder:1315_5 expire 3 lines
03-05 09:45:24.760 I/chatty ( 1315): uid=1000(system) Binder:1315_6 expire 6 lines
03-05 09:45:27.569 I/chatty ( 1315): uid=1000(system) Binder:1315_17 expire 9 lines
03-05 09:45:29.482 I/chatty ( 1315): uid=1000(system) Binder:1315_1A expire 5 lines
03-05 09:45:29.482 I/chatty ( 1315): uid=1000(system) Binder:1315_A expire 4 lines
03-05 09:45:29.531 I/chatty ( 1315): uid=1000(system) ConnectivitySer expire 3 lines
03-05 09:45:35.757 I/chatty ( 1315): uid=1000(system) InputReader expire 10 lines
03-05 09:45:35.818 I/chatty ( 1315): uid=1000(system) Binder:1315_1B expire 1 line
03-05 09:45:53.546 I/chatty ( 1315): uid=1000(system) Binder:1315_E expire 6 lines
03-05 09:45:57.729 I/chatty ( 1315): uid=1000(system) Binder:1315_4 expire 3 lines
03-05 09:46:05.757 I/chatty ( 1315): uid=1000(system) PowerManagerSer expire 10 lines
03-05 09:46:05.875 I/chatty ( 1315): uid=1000 system_server expire 15 lines
03-05 09:46:06.144 I/chatty ( 1315): uid=1000(system) android.display expire 10 lines
03-05 09:46:07.999 I/chatty ( 1315): uid=1000(system) Binder:1315_10 expire 1 line
03-05 09:46:08.014 I/chatty ( 1315): uid=1000(system) Binder:1315_18 expire 7 lines
03-05 09:46:08.422 I/chatty ( 1315): uid=1000(system) PackageManager expire 3 lines
03-05 09:46:20.284 I/chatty ( 1315): uid=1000(system) Binder:1315_1F expire 8 lines
03-05 09:46:20.603 I/chatty ( 1315): uid=1000(system) Binder:1315_1E expire 3 lines
03-05 09:46:21.558 I/chatty ( 1315): uid=1000(system) Binder:1315_1D expire 1 line
03-05 09:46:21.850 I/chatty ( 1315): uid=1000(system) Binder:1315_D expire 7 lines
03-05 09:46:21.924 I/chatty ( 1315): uid=1000(system) Binder:1315_1 expire 1 line
03-05 09:46:21.960 I/chatty ( 1315): uid=1000(system) Binder:1315_13 expire 3 lines
03-05 09:46:22.199 D/ActivityThread(16741): Loading provider com.android.email.provider;com.android.email.notifier: com.android.email.provider.EmailProvider
03-05 09:46:24.467 W/ContextImpl( 1697): Calling a method in the system process without a qualified user: android.app.ContextImpl.bindService:1435 android.content.ContextWrapper.bindService:639 smartisanos.app.tracker.TrackerServiceConnection.connect:34 smartisanos.app.tracker.Agent.connectService:65 smartisanos.app.tracker.Agent.flush:388
03-05 09:46:24.510 I/chatty ( 1315): uid=1000(system) Binder:1315_12 expire 2 lines
03-05 09:46:26.480 I/chatty ( 1315): uid=1000(system) Binder:1315_11 expire 2 lines
03-05 09:46:27.032 I/chatty ( 1315): uid=1000(system) Binder:1315_7 expire 2 lines
03-05 09:46:29.213 I/chatty ( 1315): uid=1000(system) Binder:1315_8 expire 4 lines
03-05 09:46:36.519 I/chatty ( 1315): uid=1000(system) Binder:1315_C expire 1 line
03-05 09:47:05.633 I/chatty ( 1315): uid=1000 system_server expire 16 lines
03-05 09:48:31.532 W/ViewRootImpl[SplashActivity](29337): Cancelling event due to no window focus: KeyEvent { action=ACTION_UP, keyCode=KEYCODE_BACK, scanCode=158, metaState=0, flags=0x28, repeatCount=0, eventTime=1054132620, downTime=1054132596, deviceId=3, source=0x101 }
03-05 09:48:31.532 W/ViewRootImpl[SplashActivity](29337): Cancelling event due to no window focus: KeyEvent { action=ACTION_UP, keyCode=KEYCODE_BACK, scanCode=158, metaState=0, flags=0x28, repeatCount=0, eventTime=1054132620, downTime=1054132596, deviceId=3, source=0x101 }
03-05 09:48:31.532 W/ViewRootImpl[SplashActivity](29337): Cancelling event due to no window focus: KeyEvent { action=ACTION_UP, keyCode=KEYCODE_BACK, scanCode=158, metaState=0, flags=0x28, repeatCount=0, eventTime=1054132620, downTime=1054132596, deviceId=3, source=0x101 }
03-05 09:48:31.537 W/ViewRootImpl[SplashActivity](29337): Cancelling event due to no window focus: KeyEvent { action=ACTION_UP, keyCode=KEYCODE_BACK, scanCode=158, metaState=0, flags=0x28, repeatCount=0, eventTime=1054132620, downTime=1054132596, deviceId=3, source=0x101 }
03-05 09:48:31.538 W/ViewRootImpl[SplashActivity](29337): Cancelling event due to no window focus: KeyEvent { action=ACTION_UP, keyCode=KEYCODE_BACK, scanCode=158, metaState=0, flags=0x28, repeatCount=0, eventTime=1054132620, downTime=1054132596, deviceId=3, source=0x101 }
03-05 09:48:31.538 W/ViewRootImpl[SplashActivity](29337): Cancelling event due to no window focus: KeyEvent { action=ACTION_UP, keyCode=KEYCODE_BACK, scanCode=158, metaState=0, flags=0x28, repeatCount=0, eventTime=1054132620, downTime=1054132596, deviceId=3, source=0x101 }
03-05 09:48:31.538 W/ViewRootImpl[SplashActivity](29337): Cancelling event due to no window focus: KeyEvent { action=ACTION_UP, keyCode=KEYCODE_BACK, scanCode=158, metaState=0, flags=0x28, repeatCount=0, eventTime=1054132620, downTime=1054132596, deviceId=3, source=0x101 }
03-05 09:48:31.538 W/ViewRootImpl[SplashActivity](29337): Cancelling event due to no window focus: KeyEvent { action=ACTION_UP, keyCode=KEYCODE_BACK, scanCode=158, metaState=0, flags=0x28, repeatCount=0, eventTime=1054132620, downTime=1054132596, deviceId=3, source=0x101 }
03-05 09:48:31.538 W/ViewRootImpl[SplashActivity](29337): Cancelling event due to no window focus: KeyEvent { action=ACTION_UP, keyCode=KEYCODE_BACK, scanCode=158, metaState=0, flags=0x28, repeatCount=0, eventTime=1054132620, downTime=1054132596, deviceId=3, source=0x101 }
03-05 09:48:31.581 W/ContextImpl( 1697): Calling a method in the system process without a qualified user: android.app.ContextImpl.bindService:1435 android.content.ContextWrapper.bindService:639 smartisanos.app.tracker.TrackerServiceConnection.connect:34 smartisanos.app.tracker.Agent.connectService:65 smartisanos.app.tracker.Agent.flush:388
03-05 09:48:31.639 W/ViewRootImpl[smt_launcher]( 2651): Cancelling event due to no window focus: KeyEvent { action=ACTION_UP, keyCode=KEYCODE_BACK, scanCode=158, metaState=0, flags=0x28, repeatCount=0, eventTime=1054132596, downTime=1054132596, deviceId=3, source=0x101 }
03-05 09:48:31.639 W/ViewRootImpl[smt_launcher]( 2651): Cancelling event due to no window focus: KeyEvent { action=ACTION_UP, keyCode=KEYCODE_BACK, scanCode=158, metaState=0, flags=0x28, repeatCount=0, eventTime=1054132596, downTime=1054132596, deviceId=3, source=0x101 }
03-05 09:48:31.639 W/ViewRootImpl[smt_launcher]( 2651): Cancelling event due to no window focus: KeyEvent { action=ACTION_UP, keyCode=KEYCODE_BACK, scanCode=158, metaState=0, flags=0x28, repeatCount=0, eventTime=1054132596, downTime=1054132596, deviceId=3, source=0x101 }
03-05 09:48:31.639 W/ViewRootImpl[smt_launcher]( 2651): Cancelling event due to no window focus: KeyEvent { action=ACTION_UP, keyCode=KEYCODE_BACK, scanCode=158, metaState=0, flags=0x28, repeatCount=0, eventTime=1054132596, downTime=1054132596, deviceId=3, source=0x101 }
03-05 09:48:31.639 W/ViewRootImpl[smt_launcher]( 2651): Cancelling event due to no window focus: KeyEvent { action=ACTION_UP, keyCode=KEYCODE_BACK, scanCode=158, metaState=0, flags=0x28, repeatCount=0, eventTime=1054132596, downTime=1054132596, deviceId=3, source=0x101 }
03-05 09:48:31.639 W/ViewRootImpl[smt_launcher]( 2651): Cancelling event due to no window focus: KeyEvent { action=ACTION_UP, keyCode=KEYCODE_BACK, scanCode=158, metaState=0, flags=0x28, repeatCount=0, eventTime=1054132596, downTime=1054132596, deviceId=3, source=0x101 }
03-05 09:48:31.677 I/chatty ( 1315): uid=1000(system) android.display expire 3 lines
03-05 09:48:31.873 I/chatty ( 1315): uid=1000(system) Binder:1315_19 expire 3 lines
03-05 09:49:01.286 I/chatty ( 1315): uid=1000(system) PowerManagerSer expire 5 lines
03-05 09:49:01.354 I/chatty ( 1315): uid=1000 system_server expire 13 lines
03-05 09:49:35.339 I/chatty ( 1315): uid=1000(system) android.bg expire 1 line
03-05 09:49:35.517 I/chatty ( 1315): uid=1000(system) Binder:1315_F expire 2 lines
03-05 09:49:35.763 I/chatty ( 1315): uid=1000 system_server expire 17 lines
03-05 09:49:36.580 I/chatty ( 1315): uid=1000(system) Binder:1315_1A expire 7 lines
03-05 09:49:36.592 I/chatty ( 1315): uid=1000(system) android.bg expire 10 lines
03-05 09:49:36.611 I/chatty ( 1315): uid=1000(system) Binder:1315_1F expire 14 lines
03-05 09:49:37.521 I/chatty ( 1315): uid=1000(system) Binder:1315_2 expire 10 lines
03-05 09:49:38.047 I/chatty ( 1315): uid=1000(system) Binder:1315_9 expire 5 lines
03-05 09:49:38.061 I/chatty ( 1315): uid=1000(system) Binder:1315_18 expire 4 lines
03-05 09:49:38.255 I/chatty ( 1315): uid=1000(system) android.display expire 10 lines
03-05 09:49:38.562 W/ContextImpl( 1697): Calling a method in the system process without a qualified user: android.app.ContextImpl.bindService:1435 android.content.ContextWrapper.bindService:639 smartisanos.app.tracker.TrackerServiceConnection.connect:34 smartisanos.app.tracker.Agent.connectService:65 smartisanos.app.tracker.Agent.flush:388
03-05 09:49:39.096 I/chatty ( 1315): uid=1000(system) Binder:1315_1D expire 6 lines
03-05 09:49:39.380 I/chatty ( 1315): uid=1000(system) Binder:1315_E expire 3 lines
03-05 09:49:39.399 I/chatty ( 1315): uid=1000(system) Binder:1315_3 expire 5 lines
03-05 09:49:40.034 I/chatty ( 1315): uid=1000(system) InputReader expire 10 lines
03-05 09:49:40.069 I/chatty ( 1315): uid=1000(system) Binder:1315_1C expire 2 lines
03-05 09:49:40.896 I/chatty ( 1315): uid=1000(system) Binder:1315_1E expire 7 lines
03-05 09:49:40.912 I/chatty ( 1315): uid=1000(system) Binder:1315_15 expire 9 lines
03-05 09:49:44.878 I/chatty ( 1315): uid=1000(system) Binder:1315_14 expire 5 lines
03-05 09:49:44.891 I/chatty ( 1315): uid=1000(system) Binder:1315_B expire 2 lines
03-05 09:50:02.901 I/chatty ( 1315): uid=1000(system) Binder:1315_10 expire 5 lines
03-05 09:50:03.176 I/chatty ( 1315): uid=1000(system) Binder:1315_4 expire 2 lines
03-05 09:50:03.246 W/ViewRootImpl[SplashActivity](29337): Cancelling event due to no window focus: KeyEvent { action=ACTION_UP, keyCode=KEYCODE_BACK, scanCode=158, metaState=0, flags=0x28, repeatCount=0, eventTime=1054201106, downTime=1054201093, deviceId=3, source=0x101 }
03-05 09:50:03.246 W/ViewRootImpl[SplashActivity](29337): Cancelling event due to no window focus: KeyEvent { action=ACTION_UP, keyCode=KEYCODE_BACK, scanCode=158, metaState=0, flags=0x28, repeatCount=0, eventTime=1054201106, downTime=1054201093, deviceId=3, source=0x101 }
03-05 09:50:03.246 W/ViewRootImpl[SplashActivity](29337): Cancelling event due to no window focus: KeyEvent { action=ACTION_UP, keyCode=KEYCODE_BACK, scanCode=158, metaState=0, flags=0x28, repeatCount=0, eventTime=1054201106, downTime=1054201093, deviceId=3, source=0x101 }
03-05 09:50:03.261 W/ViewRootImpl[SplashActivity](29337): Cancelling event due to no window focus: KeyEvent { action=ACTION_UP, keyCode=KEYCODE_BACK, scanCode=158, metaState=0, flags=0x28, repeatCount=0, eventTime=1054201106, downTime=1054201093, deviceId=3, source=0x101 }
03-05 09:50:03.261 W/ViewRootImpl[SplashActivity](29337): Cancelling event due to no window focus: KeyEvent { action=ACTION_UP, keyCode=KEYCODE_BACK, scanCode=158, metaState=0, flags=0x28, repeatCount=0, eventTime=1054201106, downTime=1054201093, deviceId=3, source=0x101 }
03-05 09:50:03.261 W/ViewRootImpl[SplashActivity](29337): Cancelling event due to no window focus: KeyEvent { action=ACTION_UP, keyCode=KEYCODE_BACK, scanCode=158, metaState=0, flags=0x28, repeatCount=0, eventTime=1054201106, downTime=1054201093, deviceId=3, source=0x101 }
03-05 09:50:03.262 W/ViewRootImpl[SplashActivity](29337): Cancelling event due to no window focus: KeyEvent { action=ACTION_UP, keyCode=KEYCODE_BACK, scanCode=158, metaState=0, flags=0x28, repeatCount=0, eventTime=1054201106, downTime=1054201093, deviceId=3, source=0x101 }
03-05 09:50:03.262 W/ViewRootImpl[SplashActivity](29337): Cancelling event due to no window focus: KeyEvent { action=ACTION_UP, keyCode=KEYCODE_BACK, scanCode=158, metaState=0, flags=0x28, repeatCount=0, eventTime=1054201106, downTime=1054201093, deviceId=3, source=0x101 }
03-05 09:50:03.262 W/ViewRootImpl[SplashActivity](29337): Cancelling event due to no window focus: KeyEvent { action=ACTION_UP, keyCode=KEYCODE_BACK, scanCode=158, metaState=0, flags=0x28, repeatCount=0, eventTime=1054201106, downTime=1054201093, deviceId=3, source=0x101 }
03-05 09:50:03.297 W/ViewRootImpl[smt_launcher]( 2651): Cancelling event due to no window focus: KeyEvent { action=ACTION_UP, keyCode=KEYCODE_BACK, scanCode=158, metaState=0, flags=0x28, repeatCount=0, eventTime=1054201093, downTime=1054201093, deviceId=3, source=0x101 }
03-05 09:50:03.297 W/ViewRootImpl[smt_launcher]( 2651): Cancelling event due to no window focus: KeyEvent { action=ACTION_UP, keyCode=KEYCODE_BACK, scanCode=158, metaState=0, flags=0x28, repeatCount=0, eventTime=1054201093, downTime=1054201093, deviceId=3, source=0x101 }
03-05 09:50:03.297 W/ViewRootImpl[smt_launcher]( 2651): Cancelling event due to no window focus: KeyEvent { action=ACTION_UP, keyCode=KEYCODE_BACK, scanCode=158, metaState=0, flags=0x28, repeatCount=0, eventTime=1054201093, downTime=1054201093, deviceId=3, source=0x101 }
03-05 09:50:03.297 W/ViewRootImpl[smt_launcher]( 2651): Cancelling event due to no window focus: KeyEvent { action=ACTION_UP, keyCode=KEYCODE_BACK, scanCode=158, metaState=0, flags=0x28, repeatCount=0, eventTime=1054201093, downTime=1054201093, deviceId=3, source=0x101 }
03-05 09:50:03.297 W/ViewRootImpl[smt_launcher]( 2651): Cancelling event due to no window focus: KeyEvent { action=ACTION_UP, keyCode=KEYCODE_BACK, scanCode=158, metaState=0, flags=0x28, repeatCount=0, eventTime=1054201093, downTime=1054201093, deviceId=3, source=0x101 }
03-05 09:50:03.297 W/ViewRootImpl[smt_launcher]( 2651): Cancelling event due to no window focus: KeyEvent { action=ACTION_UP, keyCode=KEYCODE_BACK, scanCode=158, metaState=0, flags=0x28, repeatCount=0, eventTime=1054201093, downTime=1054201093, deviceId=3, source=0x101 }
03-05 09:50:03.339 I/chatty ( 1315): uid=1000(system) Binder:1315_16 expire 1 line
03-05 09:50:13.279 I/chatty ( 1315): uid=1000(system) batterystats-sy expire 14 lines
03-05 09:50:33.438 I/chatty ( 1315): uid=1000(system) PowerManagerSer expire 10 lines
03-05 09:50:37.298 I/chatty ( 1315): uid=1000(system) PackageManager expire 2 lines
03-05 09:50:46.393 I/chatty ( 1315): uid=1000(system) Binder:1315_12 expire 3 lines
03-05 09:53:23.618 I/chatty ( 1315): uid=1000(system) Binder:1315_11 expire 1 line
03-05 09:53:23.637 I/chatty ( 1315): uid=1000(system) Binder:1315_5 expire 1 line
03-05 09:54:55.231 I/chatty ( 1315): uid=1000(system) Binder:1315_1 expire 2 lines
03-05 09:56:23.335 I/chatty ( 1315): uid=1000(system) Binder:1315_20 expire 4 lines
03-05 09:56:26.275 W/ContextImpl( 1697): Calling a method in the system process without a qualified user: android.app.ContextImpl.bindService:1435 android.content.ContextWrapper.bindService:639 smartisanos.app.tracker.TrackerServiceConnection.connect:34 smartisanos.app.tracker.Agent.connectService:65 smartisanos.app.tracker.Agent.flush:388
03-05 09:56:37.203 I/chatty ( 1315): uid=1000(system) android.bg expire 9 lines
03-05 09:56:53.313 I/chatty ( 1315): uid=1000 system_server expire 16 lines
03-05 09:56:53.559 I/chatty ( 1315): uid=1000(system) batterystats-sy expire 3 lines
03-05 09:56:53.600 I/chatty ( 1315): uid=1000(system) android.display expire 34 lines
03-05 09:56:57.164 W/ContextImpl(16223): Calling a method in the system process without a qualified user: android.app.ContextImpl.startService:1371 android.content.ContextWrapper.startService:616 android.content.ContextWrapper.startService:616 com.android.settings.fuelgauge.BatteryChangeReceiver.tL:-1 com.android.settings.fuelgauge.BatteryChangeReceiver.tO:-1
03-05 09:57:46.455 I/chatty ( 1315): uid=1000(system) Binder:1315_19 expire 2 lines
03-05 09:57:46.479 I/chatty ( 1315): uid=1000(system) Binder:1315_8 expire 3 lines
03-05 09:57:47.379 I/chatty ( 1315): uid=1000(system) Binder:1315_7 expire 6 lines
03-05 09:57:49.289 W/ContextImpl( 1697): Calling a method in the system process without a qualified user: android.app.ContextImpl.bindService:1435 android.content.ContextWrapper.bindService:639 smartisanos.app.tracker.TrackerServiceConnection.connect:34 smartisanos.app.tracker.Agent.connectService:65 smartisanos.app.tracker.Agent.flush:388
03-05 09:57:51.410 I/chatty ( 1315): uid=1000(system) InputReader expire 6 lines
03-05 09:57:51.798 I/chatty ( 1315): uid=1000(system) Binder:1315_13 expire 2 lines
03-05 09:57:51.995 W/ViewRootImpl[SplashActivity](29337): Cancelling event due to no window focus: KeyEvent { action=ACTION_UP, keyCode=KEYCODE_BACK, scanCode=158, metaState=0, flags=0x28, repeatCount=0, eventTime=1054381184, downTime=1054381169, deviceId=3, source=0x101 }
03-05 09:57:51.995 W/ViewRootImpl[SplashActivity](29337): Cancelling event due to no window focus: KeyEvent { action=ACTION_UP, keyCode=KEYCODE_BACK, scanCode=158, metaState=0, flags=0x28, repeatCount=0, eventTime=1054381184, downTime=1054381169, deviceId=3, source=0x101 }
03-05 09:57:51.995 W/ViewRootImpl[SplashActivity](29337): Cancelling event due to no window focus: KeyEvent { action=ACTION_UP, keyCode=KEYCODE_BACK, scanCode=158, metaState=0, flags=0x28, repeatCount=0, eventTime=1054381184, downTime=1054381169, deviceId=3, source=0x101 }
03-05 09:57:52.031 W/ViewRootImpl[SplashActivity](29337): Cancelling event due to no window focus: KeyEvent { action=ACTION_UP, keyCode=KEYCODE_BACK, scanCode=158, metaState=0, flags=0x28, repeatCount=0, eventTime=1054381184, downTime=1054381169, deviceId=3, source=0x101 }
03-05 09:57:52.031 W/ViewRootImpl[SplashActivity](29337): Cancelling event due to no window focus: KeyEvent { action=ACTION_UP, keyCode=KEYCODE_BACK, scanCode=158, metaState=0, flags=0x28, repeatCount=0, eventTime=1054381184, downTime=1054381169, deviceId=3, source=0x101 }
03-05 09:57:52.031 W/ViewRootImpl[SplashActivity](29337): Cancelling event due to no window focus: KeyEvent { action=ACTION_UP, keyCode=KEYCODE_BACK, scanCode=158, metaState=0, flags=0x28, repeatCount=0, eventTime=1054381184, downTime=1054381169, deviceId=3, source=0x101 }
03-05 09:57:52.032 W/ViewRootImpl[SplashActivity](29337): Cancelling event due to no window focus: KeyEvent { action=ACTION_UP, keyCode=KEYCODE_BACK, scanCode=158, metaState=0, flags=0x28, repeatCount=0, eventTime=1054381184, downTime=1054381169, deviceId=3, source=0x101 }
03-05 09:57:52.032 W/ViewRootImpl[SplashActivity](29337): Cancelling event due to no window focus: KeyEvent { action=ACTION_UP, keyCode=KEYCODE_BACK, scanCode=158, metaState=0, flags=0x28, repeatCount=0, eventTime=1054381184, downTime=1054381169, deviceId=3, source=0x101 }
03-05 09:57:52.032 W/ViewRootImpl[SplashActivity](29337): Cancelling event due to no window focus: KeyEvent { action=ACTION_UP, keyCode=KEYCODE_BACK, scanCode=158, metaState=0, flags=0x28, repeatCount=0, eventTime=1054381184, downTime=1054381169, deviceId=3, source=0x101 }
03-05 09:57:52.051 W/ViewRootImpl[smt_launcher]( 2651): Cancelling event due to no window focus: KeyEvent { action=ACTION_UP, keyCode=KEYCODE_BACK, scanCode=158, metaState=0, flags=0x28, repeatCount=0, eventTime=1054381169, downTime=1054381169, deviceId=3, source=0x101 }
03-05 09:57:52.051 W/ViewRootImpl[smt_launcher]( 2651): Cancelling event due to no window focus: KeyEvent { action=ACTION_UP, keyCode=KEYCODE_BACK, scanCode=158, metaState=0, flags=0x28, repeatCount=0, eventTime=1054381169, downTime=1054381169, deviceId=3, source=0x101 }
03-05 09:57:52.051 W/ViewRootImpl[smt_launcher]( 2651): Cancelling event due to no window focus: KeyEvent { action=ACTION_UP, keyCode=KEYCODE_BACK, scanCode=158, metaState=0, flags=0x28, repeatCount=0, eventTime=1054381169, downTime=1054381169, deviceId=3, source=0x101 }
03-05 09:57:52.051 W/ViewRootImpl[smt_launcher]( 2651): Cancelling event due to no window focus: KeyEvent { action=ACTION_UP, keyCode=KEYCODE_BACK, scanCode=158, metaState=0, flags=0x28, repeatCount=0, eventTime=1054381169, downTime=1054381169, deviceId=3, source=0x101 }
03-05 09:57:52.051 W/ViewRootImpl[smt_launcher]( 2651): Cancelling event due to no window focus: KeyEvent { action=ACTION_UP, keyCode=KEYCODE_BACK, scanCode=158, metaState=0, flags=0x28, repeatCount=0, eventTime=1054381169, downTime=1054381169, deviceId=3, source=0x101 }
03-05 09:57:52.051 W/ViewRootImpl[smt_launcher]( 2651): Cancelling event due to no window focus: KeyEvent { action=ACTION_UP, keyCode=KEYCODE_BACK, scanCode=158, metaState=0, flags=0x28, repeatCount=0, eventTime=1054381169, downTime=1054381169, deviceId=3, source=0x101 }
03-05 09:57:52.846 I/chatty ( 1315): uid=1000(system) Binder:1315_17 expire 1 line
03-05 09:57:53.796 E/ActivityThread(18643): Failed to find provider info for com.vivo.push.sdk.service.SystemPushConfig
03-05 09:57:53.803 E/ActivityThread(18643): Failed to find provider info for com.vivo.push.sdk.service.SystemPushConfig
03-05 09:57:53.826 I/chatty ( 1315): uid=1000(system) Binder:1315_A expire 1 line
03-05 09:57:53.839 I/chatty ( 1315): uid=1000(system) Binder:1315_1F expire 5 lines
03-05 09:57:54.062 W/FileUtils(18643): Failed to chmod(/storage/emulated/0/sina/weibo/.database/weibolog): android.system.ErrnoException: chmod failed: EPERM (Operation not permitted)
03-05 09:57:54.165 I/chatty ( 1315): uid=1000(system) Binder:1315_20 expire 8 lines
03-05 09:57:54.347 I/chatty ( 1315): uid=1000(system) android.display expire 13 lines
03-05 09:57:54.537 I/chatty ( 1315): uid=1000(system) Binder:1315_1B expire 6 lines
03-05 09:57:55.387 I/chatty ( 1315): uid=1000(system) Binder:1315_1C expire 6 lines
03-05 09:57:55.389 I/chatty ( 1315): uid=1000(system) Binder:1315_12 expire 7 lines
03-05 09:57:55.394 I/chatty ( 1315): uid=1000(system) Binder:1315_F expire 7 lines
03-05 09:57:57.619 I/chatty ( 1315): uid=1000(system) Binder:1315_9 expire 7 lines
03-05 09:57:57.653 I/chatty ( 1315): uid=1000(system) Binder:1315_13 expire 4 lines
03-05 09:57:57.696 I/chatty ( 1315): uid=1000(system) Binder:1315_18 expire 3 lines
03-05 09:57:58.027 I/chatty ( 1315): uid=1000(system) Binder:1315_1E expire 23 lines
03-05 09:57:58.205 I/chatty ( 1315): uid=1000(system) Binder:1315_4 expire 4 lines
03-05 09:57:58.206 I/chatty ( 1315): uid=1000(system) Binder:1315_14 expire 5 lines
03-05 09:57:59.007 I/chatty ( 1315): uid=1000(system) Binder:1315_1D expire 6 lines
03-05 09:58:01.007 I/chatty ( 1315): uid=1000(system) android.bg expire 8 lines
03-05 09:58:02.643 I/chatty ( 1315): uid=1000(system) ActivityManager expire 9 lines
03-05 09:58:08.336 E/ActivityThread(18643): Failed to find provider info for com.vivo.push.sdk.service.SystemPushConfig
03-05 09:58:08.342 E/ActivityThread(18643): Failed to find provider info for com.vivo.push.sdk.service.SystemPushConfig
03-05 09:58:31.147 I/chatty ( 1315): uid=1000(system) Binder:1315_6 expire 2 lines
03-05 09:58:37.727 I/chatty ( 1315): uid=1000(system) InputReader expire 10 lines
03-05 09:58:37.765 I/chatty ( 1315): uid=1000(system) Binder:1315_8 expire 4 lines
03-05 09:58:38.170 I/chatty ( 1315): uid=1000(system) InputDispatcher expire 13 lines
03-05 09:58:38.867 I/chatty ( 1315): uid=1000 system_server expire 1 line
03-05 09:58:38.884 I/chatty ( 1315): uid=1000 system_server expire 2 lines
03-05 09:58:38.890 I/chatty ( 1315): uid=1000 system_server expire 2 lines
03-05 09:58:38.891 I/chatty ( 1315): uid=1000 system_server expire 2 lines
03-05 09:58:39.043 I/chatty ( 1315): uid=1000(system) android.display expire 40 lines
03-05 09:58:39.061 I/chatty ( 1315): uid=1000(system) Binder:1315_7 expire 8 lines
03-05 09:58:39.131 I/chatty ( 1315): uid=1000(system) Binder:1315_D expire 3 lines
03-05 09:58:39.199 I/chatty ( 1315): uid=1000(system) Binder:1315_2 expire 9 lines
03-05 09:58:39.210 I/chatty ( 1315): uid=1000(system) ConnectivitySer expire 4 lines
03-05 09:58:39.330 I/chatty ( 1315): uid=1000(system) Binder:1315_B expire 3 lines
03-05 09:58:39.330 I/chatty ( 1315): uid=1000(system) Binder:1315_C expire 5 lines
03-05 09:58:39.839 I/chatty ( 1315): uid=1000(system) Binder:1315_17 expire 9 lines
03-05 09:58:40.286 I/chatty ( 1315): uid=1000(system) Binder:1315_1 expire 4 lines
03-05 09:58:49.685 I/chatty ( 1315): uid=1000(system) Binder:1315_10 expire 3 lines
03-05 09:58:50.103 I/chatty ( 1315): uid=1000(system) Binder:1315_1A expire 3 lines
03-05 09:58:50.112 I/chatty ( 1315): uid=1000(system) Binder:1315_11 expire 2 lines
03-05 09:58:50.494 I/chatty ( 1315): uid=1000(system) Binder:1315_3 expire 1 line
03-05 09:58:51.788 I/chatty ( 1315): uid=1000(system) Binder:1315_19 expire 2 lines
03-05 09:58:51.871 I/chatty ( 1315): uid=1000(system) android.io expire 2 lines
03-05 09:58:54.616 E/ActivityThread(20112): Failed to find provider info for com.vivo.push.sdk.service.SystemPushConfig
03-05 09:58:54.839 I/chatty ( 1315): uid=1000(system) android.display expire 23 lines
03-05 09:58:56.223 I/chatty ( 1315): uid=1000(system) Binder:1315_1 expire 3 lines
03-05 09:58:56.243 I/chatty ( 1315): uid=1000(system) Binder:1315_1F expire 3 lines
03-05 09:58:56.255 I/chatty ( 1315): uid=1000(system) Binder:1315_2 expire 2 lines
03-05 09:58:56.339 I/chatty ( 1315): uid=1000(system) android.bg expire 12 lines
03-05 09:59:00.200 I/chatty ( 1315): uid=1000(system) Binder:1315_1B expire 6 lines
03-05 09:59:01.224 I/PackageParser(19602): com.tencent.x5sdk.res: compat added android.permission.WRITE_EXTERNAL_STORAGE android.permission.READ_PHONE_STATE
03-05 09:59:01.259 I/chatty ( 1315): uid=1000(system) Binder:1315_19 expire 4 lines
03-05 09:59:01.282 I/PackageParser(19602): com.tencent.x5sdk.res: compat added android.permission.WRITE_EXTERNAL_STORAGE android.permission.READ_PHONE_STATE
03-05 09:59:03.066 I/PackageParser(19722): com.tencent.x5sdk.res: compat added android.permission.WRITE_EXTERNAL_STORAGE android.permission.READ_PHONE_STATE
03-05 09:59:03.109 I/chatty ( 1315): uid=1000(system) Binder:1315_7 expire 2 lines
03-05 09:59:03.137 I/PackageParser(19722): com.tencent.x5sdk.res: compat added android.permission.WRITE_EXTERNAL_STORAGE android.permission.READ_PHONE_STATE
03-05 09:59:04.509 I/chatty ( 1315): uid=1000(system) AlarmManager expire 2 lines
03-05 09:59:04.587 I/chatty ( 1315): uid=1000(system) Binder:1315_12 expire 1 line
03-05 09:59:04.595 I/chatty ( 1315): uid=1000(system) Binder:1315_A expire 2 lines
03-05 09:59:04.618 I/chatty ( 1315): uid=1000(system) Binder:1315_15 expire 7 lines
03-05 09:59:04.719 I/chatty ( 1315): uid=1000(system) Binder:1315_13 expire 4 lines
03-05 09:59:04.773 I/chatty ( 1315): uid=1000(system) Binder:1315_B expire 8 lines
03-05 09:59:04.856 I/chatty ( 1315): uid=1000(system) android.io expire 8 lines
03-05 09:59:04.945 I/chatty ( 1315): uid=1000(system) Binder:1315_5 expire 5 lines
03-05 09:59:04.947 I/chatty ( 1315): uid=1000(system) ConnectivitySer expire 3 lines
03-05 09:59:05.695 I/chatty ( 1315): uid=1000(system) Binder:1315_D expire 3 lines
03-05 09:59:05.805 I/chatty ( 1315): uid=1000(system) ActivityManager expire 4 lines
03-05 09:59:05.818 I/chatty ( 1315): uid=1000(system) Binder:1315_1C expire 10 lines
03-05 09:59:05.836 I/chatty ( 1315): uid=1000(system) Binder:1315_C expire 7 lines
03-05 09:59:06.055 I/chatty ( 1315): uid=1000(system) Binder:1315_4 expire 6 lines
03-05 09:59:06.194 I/chatty ( 1315): uid=1000(system) Binder:1315_3 expire 3 lines
03-05 09:59:06.242 I/chatty ( 1315): uid=1000(system) Binder:1315_8 expire 4 lines
03-05 09:59:06.964 I/chatty ( 1315): uid=1000(system) Binder:1315_11 expire 5 lines
03-05 09:59:07.039 I/chatty ( 1315): uid=1000(system) Binder:1315_F expire 4 lines
03-05 09:59:07.060 I/chatty ( 1315): uid=1000(system) NetworkStatsObs expire 1 line
03-05 09:59:08.302 I/chatty ( 1315): uid=1000(system) Binder:1315_6 expire 7 lines
03-05 09:59:08.302 I/chatty ( 1315): uid=1000(system) Binder:1315_14 expire 3 lines
03-05 09:59:21.468 I/chatty ( 1315): uid=1000(system) batterystats-sy expire 5 lines
03-05 09:59:21.587 W/ContextImpl(16223): Calling a method in the system process without a qualified user: android.app.ContextImpl.startService:1371 android.content.ContextWrapper.startService:616 android.content.ContextWrapper.startService:616 com.android.settings.fuelgauge.BatteryChangeReceiver.tL:-1 com.android.settings.fuelgauge.BatteryChangeReceiver.tO:-1
03-05 09:59:39.472 I/chatty ( 1315): uid=1000(system) PowerManagerSer expire 11 lines
03-05 09:59:39.693 I/chatty ( 1315): uid=1000 system_server expire 15 lines
03-05 09:59:42.895 I/chatty ( 1315): uid=1000(system) PackageManager expire 2 lines
03-05 09:59:58.359 W/FileUtils(19196): Failed to chmod(/data/user/0/com.tencent.mobileqq/shared_prefs/turingfd_conf_105668_xqMini.xml): android.system.ErrnoException: chmod failed: ENOENT (No such file or directory)
03-05 10:00:05.252 I/chatty ( 1315): uid=1000(system) Binder:1315_16 expire 7 lines
03-05 10:00:05.550 I/chatty ( 1315): uid=1000(system) Binder:1315_E expire 1 line
03-05 10:00:05.562 I/chatty ( 1315): uid=1000(system) Binder:1315_10 expire 1 line
03-05 10:00:06.572 I/chatty ( 1315): uid=1000(system) Binder:1315_1D expire 3 lines
03-05 10:00:08.164 W/ContextImpl( 1697): Calling a method in the system process without a qualified user: android.app.ContextImpl.bindService:1435 android.content.ContextWrapper.bindService:639 smartisanos.app.tracker.TrackerServiceConnection.connect:34 smartisanos.app.tracker.Agent.connectService:65 smartisanos.app.tracker.Agent.flush:388
03-05 10:00:15.360 I/chatty ( 1315): uid=1000 system_server expire 17 lines
03-05 10:00:21.078 I/chatty ( 1315): uid=1000(system) Binder:1315_18 expire 2 lines
03-05 10:00:22.070 I/chatty ( 1315): uid=1000(system) InputReader expire 4 lines
03-05 10:00:22.116 I/chatty ( 1315): uid=1000(system) Binder:1315_1A expire 2 lines
03-05 10:01:44.773 W/ContextImpl( 1697): Calling a method in the system process without a qualified user: android.app.ContextImpl.bindService:1435 android.content.ContextWrapper.bindService:639 smartisanos.app.tracker.TrackerServiceConnection.connect:34 smartisanos.app.tracker.Agent.connectService:65 smartisanos.app.tracker.Agent.flush:388
03-05 10:02:31.324 I/chatty ( 1315): uid=1000(system) android.bg expire 2 lines
03-05 10:02:31.335 I/chatty ( 1315): uid=1000(system) Binder:1315_1E expire 2 lines
03-05 10:02:36.382 I/chatty ( 1315): uid=1000 system_server expire 9 lines
03-05 10:02:38.752 I/chatty ( 1315): uid=1000(system) android.ui expire 1 line
03-05 10:02:38.819 W/ContextImpl( 1961): Calling a method in the system process without a qualified user: android.app.ContextImpl.sendBroadcast:891 android.content.ContextWrapper.sendBroadcast:424 com.smartisanos.sidebar.SidebarController.start:341 com.smartisanos.sidebar.SidebarController.-wrap1:-1 com.smartisanos.sidebar.SidebarController$2$1.run:705
03-05 10:02:39.121 I/chatty ( 1315): uid=1000(system) Binder:1315_9 expire 2 lines
03-05 10:02:52.897 W/ContextImpl( 1961): Calling a method in the system process without a qualified user: android.app.ContextImpl.sendBroadcast:891 android.content.ContextWrapper.sendBroadcast:424 com.smartisanos.sidebar.SidebarController.stop:372 com.smartisanos.sidebar.SidebarController.-wrap2:-1 com.smartisanos.sidebar.SidebarController$2$2.run:715
03-05 10:02:52.900 W/ContextImpl( 1961): Calling a method in the system process without a qualified user: android.app.ContextImpl.bindService:1435 android.content.ContextWrapper.bindService:639 smartisanos.app.tracker.TrackerServiceConnection.connect:34 smartisanos.app.tracker.Agent.connectService:65 smartisanos.app.tracker.Agent.flush:388
03-05 10:02:52.907 I/chatty ( 1315): uid=1000(system) android.display expire 15 lines
03-05 10:03:25.632 I/chatty ( 1315): uid=1000(system) PowerManagerSer expire 10 lines
03-05 10:03:28.895 I/chatty ( 1315): uid=1000(system) android.bg expire 12 lines
03-05 10:03:29.027 I/chatty ( 1315): uid=1000(system) PackageManager expire 4 lines
03-05 10:03:29.706 I/chatty ( 1315): uid=1000 system_server expire 25 lines
03-05 10:03:29.710 I/chatty ( 1315): uid=1000(system) Binder:1315_17 expire 2 lines
03-05 10:03:29.757 I/chatty ( 1315): uid=1000(system) android.display expire 21 lines
03-05 10:03:29.859 I/chatty ( 1315): uid=1000(system) Binder:1315_19 expire 10 lines
03-05 10:03:29.928 I/chatty ( 1315): uid=1000(system) Binder:1315_1D expire 6 lines
03-05 10:03:32.738 W/ContextImpl( 1697): Calling a method in the system process without a qualified user: android.app.ContextImpl.bindService:1435 android.content.ContextWrapper.bindService:639 smartisanos.app.tracker.TrackerServiceConnection.connect:34 smartisanos.app.tracker.Agent.connectService:65 smartisanos.app.tracker.Agent.flush:388
03-05 10:05:19.705 I/chatty ( 1315): uid=1000(system) batterystats-sy expire 10 lines
03-05 10:05:19.845 I/chatty ( 1315): uid=1000(system) Binder:1315_1E expire 6 lines
03-05 10:05:19.847 I/chatty ( 1315): uid=1000(system) ConnectivitySer expire 2 lines
03-05 10:05:20.220 I/chatty ( 1315): uid=1000(system) Binder:1315_B expire 3 lines
03-05 10:05:20.222 I/chatty ( 1315): uid=1000(system) Binder:1315_12 expire 5 lines
03-05 10:05:27.782 I/chatty ( 1315): uid=1000(system) Binder:1315_14 expire 7 lines
03-05 10:05:27.802 I/chatty ( 1315): uid=1000(system) Binder:1315_1B expire 7 lines
03-05 10:05:28.260 I/chatty ( 1315): uid=1000(system) Binder:1315_18 expire 4 lines
03-05 10:05:35.991 I/chatty ( 1315): uid=1000(system) InputReader expire 16 lines
03-05 10:05:36.039 I/chatty ( 1315): uid=1000(system) Binder:1315_10 expire 4 lines
03-05 10:05:39.742 I/chatty ( 1315): uid=1000(system) Binder:1315_9 expire 10 lines
03-05 10:05:40.101 I/chatty ( 1315): uid=1000(system) Binder:1315_2 expire 8 lines
03-05 10:05:40.881 I/chatty ( 1315): uid=1000(system) Binder:1315_3 expire 6 lines
03-05 10:05:41.838 I/chatty ( 1315): uid=1000(system) Binder:1315_F expire 9 lines
03-05 10:05:41.859 I/chatty ( 1315): uid=1000(system) Binder:1315_1A expire 4 lines
03-05 10:05:42.197 I/chatty ( 1315): uid=1000(system) Binder:1315_A expire 3 lines
03-05 10:06:06.886 W/ContextImpl(16223): Calling a method in the system process without a qualified user: android.app.ContextImpl.startService:1371 android.content.ContextWrapper.startService:616 android.content.ContextWrapper.startService:616 com.android.settings.fuelgauge.BatteryChangeReceiver.tL:-1 com.android.settings.fuelgauge.BatteryChangeReceiver.tO:-1
03-05 10:09:20.308 I/chatty ( 1315): uid=1000(system) ActivityManager expire 3 lines
03-05 10:09:21.092 I/chatty ( 1315): uid=1000(system) Binder:1315_4 expire 2 lines
03-05 10:09:24.117 W/ContextImpl( 1697): Calling a method in the system process without a qualified user: android.app.ContextImpl.bindService:1435 android.content.ContextWrapper.bindService:639 smartisanos.app.tracker.TrackerServiceConnection.connect:34 smartisanos.app.tracker.Agent.connectService:65 smartisanos.app.tracker.Agent.flush:388
03-05 10:09:25.572 I/chatty ( 1315): uid=1000 system_server expire 16 lines
03-05 10:09:29.722 I/chatty ( 1315): uid=1000(system) android.bg expire 7 lines
03-05 10:09:30.805 I/chatty ( 1315): uid=1000(system) Binder:1315_16 expire 2 lines
03-05 10:09:31.280 I/chatty ( 1315): uid=1000(system) Binder:1315_D expire 5 lines
03-05 10:09:31.294 I/chatty ( 1315): uid=1000(system) Binder:1315_E expire 3 lines
03-05 10:09:35.311 I/chatty ( 1315): uid=1000(system) Binder:1315_6 expire 1 line
03-05 10:09:36.613 I/chatty ( 1315): uid=1000(system) AlarmManager expire 1 line
03-05 10:09:36.648 I/chatty ( 1315): uid=1000(system) Binder:1315_1F expire 1 line
03-05 10:10:59.054 I/chatty ( 1315): uid=1000(system) PowerManagerSer expire 8 lines
03-05 10:11:38.729 W/ContextImpl( 1697): Calling a method in the system process without a qualified user: android.app.ContextImpl.bindService:1435 android.content.ContextWrapper.bindService:639 smartisanos.app.tracker.TrackerServiceConnection.connect:34 smartisanos.app.tracker.Agent.connectService:65 smartisanos.app.tracker.Agent.flush:388
03-05 10:12:05.815 I/chatty ( 1315): uid=1000 system_server expire 9 lines
03-05 10:12:06.096 I/chatty ( 1315): uid=1000(system) android.display expire 1 line
03-05 10:12:09.248 I/chatty ( 1315): uid=1000(system) Binder:1315_5 expire 3 lines
03-05 10:12:16.191 I/chatty ( 1315): uid=1000(system) Binder:1315_1C expire 7 lines
03-05 10:12:16.245 I/chatty ( 1315): uid=1000 system_server expire 25 lines
03-05 10:12:16.367 I/chatty ( 1315): uid=1000(system) PowerManagerSer expire 14 lines
03-05 10:12:16.370 I/chatty ( 1315): uid=1000(system) Binder:1315_F expire 10 lines
03-05 10:12:16.401 I/chatty ( 1315): uid=1000(system) android.display expire 11 lines
03-05 10:12:16.401 I/chatty ( 1315): uid=1000(system) Binder:1315_11 expire 5 lines
03-05 10:12:16.475 I/chatty ( 1315): uid=1000(system) Binder:1315_13 expire 3 lines
03-05 10:12:17.421 I/chatty ( 1315): uid=1000(system) ActivityManager expire 5 lines
03-05 10:12:17.438 I/chatty ( 1315): uid=1000(system) Binder:1315_B expire 1 line
03-05 10:12:17.442 I/chatty ( 1315): uid=1000(system) Binder:1315_C expire 1 line
03-05 10:12:18.365 I/chatty ( 1315): uid=1000(system) android.bg expire 11 lines
03-05 10:12:19.216 W/ContextImpl( 1697): Calling a method in the system process without a qualified user: android.app.ContextImpl.bindService:1435 android.content.ContextWrapper.bindService:639 smartisanos.app.tracker.TrackerServiceConnection.connect:34 smartisanos.app.tracker.Agent.connectService:65 smartisanos.app.tracker.Agent.flush:388
03-05 10:12:30.534 I/chatty ( 1315): uid=1000(system) Binder:1315_9 expire 5 lines
03-05 10:12:30.978 I/chatty ( 1315): uid=1000(system) Binder:1315_18 expire 4 lines
03-05 10:12:37.569 I/chatty ( 1315): uid=1000(system) Binder:1315_E expire 5 lines
03-05 10:12:43.172 I/chatty ( 1315): uid=1000(system) InputReader expire 10 lines
03-05 10:12:43.427 I/chatty ( 1315): uid=1000(system) Binder:1315_17 expire 2 lines
03-05 10:12:43.700 I/chatty ( 1315): uid=1000(system) Binder:1315_15 expire 8 lines
03-05 10:12:43.711 I/chatty ( 1315): uid=1000(system) Binder:1315_D expire 2 lines
03-05 10:12:51.643 I/chatty ( 1315): uid=1000(system) Binder:1315_16 expire 5 lines
03-05 10:12:51.661 I/chatty ( 1315): uid=1000(system) Binder:1315_1E expire 3 lines
03-05 10:12:52.630 I/chatty ( 1315): uid=1000(system) Binder:1315_5 expire 1 line
03-05 10:12:52.653 I/chatty ( 1315): uid=1000(system) Binder:1315_20 expire 1 line
03-05 10:12:52.662 I/chatty ( 1315): uid=1000(system) Binder:1315_1A expire 1 line
03-05 10:13:07.694 I/chatty ( 1315): uid=1000(system) Binder:1315_A expire 9 lines
03-05 10:13:08.987 I/chatty ( 1315): uid=1000(system) Binder:1315_1D expire 4 lines
03-05 10:13:45.761 I/chatty ( 1315): uid=1000(system) Binder:1315_4 expire 1 line
03-05 10:14:13.885 I/chatty ( 1315): uid=1000(system) batterystats-sy expire 7 lines
03-05 10:14:13.897 W/ContextImpl(16223): Calling a method in the system process without a qualified user: android.app.ContextImpl.startService:1371 android.content.ContextWrapper.startService:616 android.content.ContextWrapper.startService:616 com.android.settings.fuelgauge.BatteryChangeReceiver.tL:-1 com.android.settings.fuelgauge.BatteryChangeReceiver.tO:-1
03-05 10:14:30.806 I/chatty ( 1315): uid=1000(system) android.bg expire 16 lines
03-05 10:14:55.597 I/chatty ( 1315): uid=1000(system) PackageManager expire 4 lines
03-05 10:15:01.079 W/ContextImpl( 1697): Calling a method in the system process without a qualified user: android.app.ContextImpl.bindService:1435 android.content.ContextWrapper.bindService:639 smartisanos.app.tracker.TrackerServiceConnection.connect:34 smartisanos.app.tracker.Agent.connectService:65 smartisanos.app.tracker.Agent.flush:388
03-05 10:15:30.438 I/chatty ( 1315): uid=1000 system_server expire 15 lines
03-05 10:15:30.710 I/chatty ( 1315): uid=1000(system) android.display expire 6 lines
03-05 10:15:45.293 I/chatty ( 1315): uid=1000(system) Binder:1315_2 expire 2 lines
03-05 10:15:45.526 I/chatty ( 1315): uid=1000(system) Binder:1315_8 expire 2 lines
03-05 10:15:45.551 I/chatty ( 1315): uid=1000(system) Binder:1315_6 expire 1 line
03-05 10:15:45.687 I/chatty ( 1315): uid=1000(system) Binder:1315_14 expire 1 line
03-05 10:15:46.575 I/chatty ( 1315): uid=1000(system) Binder:1315_7 expire 1 line
03-05 10:15:48.418 W/ContextImpl( 1697): Calling a method in the system process without a qualified user: android.app.ContextImpl.bindService:1435 android.content.ContextWrapper.bindService:639 smartisanos.app.tracker.TrackerServiceConnection.connect:34 smartisanos.app.tracker.Agent.connectService:65 smartisanos.app.tracker.Agent.flush:388
03-05 10:16:24.633 I/chatty ( 1315): uid=1000(system) PowerManagerSer expire 10 lines
03-05 10:16:24.760 I/chatty ( 1315): uid=1000 system_server expire 15 lines
03-05 10:17:34.475 I/chatty ( 1315): uid=1000(system) Binder:1315_1F expire 2 lines
03-05 10:17:34.537 I/chatty ( 1315): uid=1000(system) Binder:1315_12 expire 1 line
03-05 10:17:37.503 W/ContextImpl( 1697): Calling a method in the system process without a qualified user: android.app.ContextImpl.bindService:1435 android.content.ContextWrapper.bindService:639 smartisanos.app.tracker.TrackerServiceConnection.connect:34 smartisanos.app.tracker.Agent.connectService:65 smartisanos.app.tracker.Agent.flush:388
03-05 10:18:04.582 I/chatty ( 1315): uid=1000 system_server expire 13 lines
03-05 10:18:07.609 I/chatty ( 1315): uid=1000(system) android.bg expire 13 lines
03-05 10:19:01.153 I/chatty ( 1315): uid=1000(system) Binder:1315_16 expire 4 lines
03-05 10:19:01.272 I/chatty ( 1315): uid=1000 system_server expire 3 lines
03-05 10:19:03.957 W/ContextImpl( 1697): Calling a method in the system process without a qualified user: android.app.ContextImpl.bindService:1435 android.content.ContextWrapper.bindService:639 smartisanos.app.tracker.TrackerServiceConnection.connect:34 smartisanos.app.tracker.Agent.connectService:65 smartisanos.app.tracker.Agent.flush:388
03-05 10:19:21.406 I/chatty ( 1315): uid=1000(system) batterystats-sy expire 3 lines
03-05 10:19:21.617 I/chatty ( 1315): uid=1000(system) Binder:1315_1E expire 9 lines
03-05 10:19:22.641 I/chatty ( 1315): uid=1000(system) ActivityManager expire 10 lines
