03-05 14:30:12.497 D/FingerGoodix( 606): fpcode, recv_fp_scan_data(0x7f85f57370)
03-05 14:30:12.501 D/FingerGoodix( 549): Touch
03-05 14:30:12.618 D/FingerGoodix( 549): ############ navResult 5
03-05 14:30:12.652 D/FingerGoodix( 549): Received message: 0. gIRQFlag:1
03-05 14:30:12.652 D/FingerGoodix( 549): g_mode = 16
03-05 14:30:12.657 D/FingerGoodix( 549): gf_netlink_event 599 status 0x0 g_mode 16 g_state 3
03-05 14:30:12.657 D/FingerGoodix( 549): #### Invalid int. g_mode = 16
03-05 14:30:12.657 D/FingerGoodix( 549): Received message: 0. gIRQFlag:1
03-05 14:30:12.657 D/FingerGoodix( 549): g_mode = 16
03-05 14:30:12.662 D/FingerGoodix( 549): gf_netlink_event 599 status 0x2 g_mode 16 g_state 3
03-05 14:30:12.662 D/FingerGoodix( 549): nav state==fingerup
03-05 14:30:12.662 D/FingerGoodix( 549): Signal in NAV
03-05 14:30:12.662 D/FingerGoodix( 549): NAV:g_state = 3, status = 0x2, gNav.eState:2
03-05 14:30:12.662 D/FingerGoodix( 549): delete timer success
03-05 14:30:12.662 D/FingerGoodix( 549): delete timer success
03-05 14:30:12.662 D/FingerGoodix( 549): @@@@@########@@@@ NAV_CLICK == navResult
03-05 14:30:12.663 D/FingerGoodix( 606): fpcode, GxFpDevice::notify(), msgType=2, ext1=0, ext2=0
03-05 14:30:12.663 D/FingerGoodix( 606): fpcode, recv_fp_scan_data(), result:{action=2, msg_type=1, custom_fp_id=0, gx_fp_id=0, arg1=1103, arg2=5, data=0x0}
03-05 14:30:12.663 D/FingerGoodix( 606): notify acquired message:1103
03-05 14:30:12.663 D/fingerprintd( 606): onAcquired(1103)
03-05 14:30:12.663 D/FingerGoodix( 606): fpcode, recv_fp_scan_data(0x7f85f57370)
03-05 14:30:12.674 D/FingerGoodix( 549): ###### click !!
03-05 14:30:12.674 D/WindowManager( 1315): interceptKeyTq keycode=4 down=true interactive=true keyguardActive=false policyFlags=22000000
03-05 14:30:12.685 D/WindowManager( 1315): interceptKeyTq keycode=4 down=false interactive=true keyguardActive=false policyFlags=22000000
03-05 14:30:12.685 D/WindowManager( 1315): interceptKeyTi keyCode=4 down=true repeatCount=0 keyguardOn=false canceled=false deviceId:3
03-05 14:30:12.695 D/WindowManager( 1315): interceptKeyTi keyCode=4 down=false repeatCount=0 keyguardOn=false canceled=false deviceId:3
03-05 14:30:12.849 D/flutter plugin(28289): native the conversation:{conversationType=group, title=娴嬭瘯3, unreadCount=0, extras={}, latestMessage={id=10, path=/data/user/0/com.ymkj.cloudcity/files/media/297409400/group_42894629/voice/65EB8095F2867A302B9280A686AF5536.mp3, extras={}, createTime=1583322084012, target={isNoDisturb=false, id=42894629, isBlocked=false, ownerAppKey=a414246f8aa536230b408946, groupType=public, desc=娴嬭瘯3娴嬭瘯3, name=娴嬭瘯3, maxMemberCount=500, owner=cloudcity_55, type=group, level=0}, state=received, duration=4.0, from={address=, appKey=a414246f8aa536230b408946, nickname=鍟﹀暒鍟? signature=, extras={}, region=, noteName=鍗¤矾閲? avatarThumbPath=, gender=unknown, isInBlackList=false, birthday=, username=cloudcity_56, isNoDisturb=false, type=user, noteText=, isFriend=true}, type=voice, isSend=false, serverMessageId=6454991365}, target={isNoDisturb=false, id=42894629, isBlocked=false, ownerAppKey=a414246f8aa536230b408946, groupType=public, desc=娴嬭瘯3娴嬭瘯3, name=娴嬭瘯3, maxMemberCount=500, owner=cloudcity_55, type=group, level=0}}
03-05 14:30:12.856 D/flutter plugin(28289): native the conversation:{conversationType=group, title=娴嬭瘯4, unreadCount=0, extras={}, latestMessage={id=4, extras={}, createTime=1583301848407, target={isNoDisturb=false, id=42894911, isBlocked=false, ownerAppKey=a414246f8aa536230b408946, groupType=public, desc=娴嬭瘯4, name=娴嬭瘯4, maxMemberCount=500, owner=cloudcity_55, type=group, level=0}, text=2222, state=received, from={address=, appKey=a414246f8aa536230b408946, nickname=鍟﹀暒鍟? signature=, extras={}, region=, noteName=鍗¤矾閲? avatarThumbPath=, gender=unknown, isInBlackList=false, birthday=, username=cloudcity_56, isNoDisturb=false, type=user, noteText=, isFriend=true}, type=text, isSend=false, serverMessageId=6452342699}, target={isNoDisturb=false, id=42894911, isBlocked=false, ownerAppKey=a414246f8aa536230b408946, groupType=public, desc=娴嬭瘯4, name=娴嬭瘯4, maxMemberCount=500, owner=cloudcity_55, type=group, level=0}}
03-05 14:30:12.867 D/flutter plugin(28289): native the conversation:{conversationType=group, title=娴嬭瘯2, unreadCount=0, extras={}, latestMessage={id=15, extras={}, createTime=1583301762393, target={isNoDisturb=false, id=42893595, isBlocked=false, ownerAppKey=a414246f8aa536230b408946, groupType=public, desc=娴嬭瘯娴嬭瘯, name=娴嬭瘯2, maxMemberCount=500, owner=cloudcity_55, type=group, level=0}, text=1111, state=send_succeed, from={address=, appKey=a414246f8aa536230b408946, nickname=lostcixin, signature=, extras={}, region=, noteName=, avatarThumbPath=/data/user/0/com.ymkj.cloudcity/files/images/small-avatar/6A00FF3287B9EA7AD034D1F85AAB6C3D.jpg, gender=unknown, isInBlackList=false, birthday=1970-01-01, username=cloudcity_55, isNoDisturb=false, type=user, noteText=, isFriend=false}, type=text, isSend=true, serverMessageId=6452330419}, target={isNoDisturb=false, id=42893595, isBlocked=false, ownerAppKey=a414246f8aa536230b408946, groupType=public, desc=娴嬭瘯娴嬭瘯, name=娴嬭瘯2, maxMemberCount=500, owner=cloudcity_55, type=group, level=0}}
03-05 14:30:12.878 D/flutter plugin(28289): native the conversation:{conversationType=single, title=鍗¤矾閲? unreadCount=0, extras={}, latestMessage={id=20, extras={}, createTime=1583301253984, target={address=, appKey=a414246f8aa536230b408946, nickname=lostcixin, signature=, extras={}, region=, noteName=, avatarThumbPath=/data/user/0/com.ymkj.cloudcity/files/images/small-avatar/6A00FF3287B9EA7AD034D1F85AAB6C3D.jpg, gender=unknown, isInBlackList=false, birthday=1970-01-01, username=cloudcity_55, isNoDisturb=false, type=user, noteText=, isFriend=false}, text=浼氱粡娴? state=received, from={address=, appKey=a414246f8aa536230b408946, nickname=鍟﹀暒鍟? signature=, extras={}, region=, noteName=鍗¤矾閲? avatarThumbPath=, gender=unknown, isInBlackList=false, birthday=, username=cloudcity_56, isNoDisturb=false, type=user, noteText=, isFriend=true}, type=text, isSend=false, serverMessageId=6452256843}, target={address=, appKey=a414246f8aa536230b408946, nickname=鍟﹀暒鍟? signature=, extras={}, region=, noteName=鍗¤矾閲? avatarThumbPath=, gender=unknown, isInBlackList=false, birthday=, username=cloudcity_56, isNoDisturb=false, type=user, noteText=, isFriend=true}}
03-05 14:30:12.886 D/flutter plugin(28289): native the conversation:{conversationType=group, title=娴嬭瘯, unreadCount=0, extras={}, latestMessage={id=4, extras={}, createTime=1583291151684, target={isNoDisturb=false, id=42889659, isBlocked=false, ownerAppKey=a414246f8aa536230b408946, groupType=public, desc=鍝堝搱鍝堝搱鍝堝搱鍝?, name=娴嬭瘯, maxMemberCount=500, owner=cloudcity_55, type=group, level=0}, text=鍟﹀挴鍟﹀挴鍟﹀挴鍟? state=received, from={address=, appKey=a414246f8aa536230b408946, nickname=鍟﹀暒鍟? signature=, extras={}, region=, noteName=鍗¤矾閲? avatarThumbPath=, gender=unknown, isInBlackList=false, birthday=, username=cloudcity_56, isNoDisturb=false, type=user, noteText=, isFriend=true}, type=text, isSend=false, serverMessageId=6450878212}, target={isNoDisturb=false, id=42889659, isBlocked=false, ownerAppKey=a414246f8aa536230b408946, groupType=public, desc=鍝堝搱鍝堝搱鍝堝搱鍝?, name=娴嬭瘯, maxMemberCount=500, owner=cloudcity_55, type=group, level=0}}
03-05 14:30:12.900 D/flutter plugin(28289): native the conversation:{conversationType=group, title=overwatch1, unreadCount=0, extras={}, latestMessage={eventType=group_member_added, id=8, extras={}, createTime=1583225540745, target={isNoDisturb=false, id=37645222, isBlocked=false, ownerAppKey=a414246f8aa536230b408946, groupType=public, desc=杩欐槸绗竴涓兢, name=overwatch1, maxMemberCount=500, owner=cloudcity_55, type=group, level=0}, state=draft, usernames=[cloudcity_8], from={address=, appKey=a414246f8aa536230b408946, nickname=, signature=, extras={}, region=, noteName=, avatarThumbPath=, gender=unknown, isInBlackList=false, birthday=, username=绯荤粺娑堟伅, isNoDisturb=false, type=user, noteText=, isFriend=false}, type=event, isSend=false, serverMessageId=709844369}, target={isNoDisturb=false, id=37645222, isBlocked=false, ownerAppKey=a414246f8aa536230b408946, groupType=public, desc=杩欐槸绗竴涓兢, name=overwatch1, maxMemberCount=500, owner=cloudcity_55, type=group, level=0}}
03-05 14:30:13.318 D/flutter plugin(28289): native the conversation:{conversationType=group, title=娴嬭瘯3, unreadCount=0, extras={}, latestMessage={id=10, path=/data/user/0/com.ymkj.cloudcity/files/media/297409400/group_42894629/voice/65EB8095F2867A302B9280A686AF5536.mp3, extras={}, createTime=1583322084012, target={isNoDisturb=false, id=42894629, isBlocked=false, ownerAppKey=a414246f8aa536230b408946, groupType=public, desc=娴嬭瘯3娴嬭瘯3, name=娴嬭瘯3, maxMemberCount=500, owner=cloudcity_55, type=group, level=0}, state=received, duration=4.0, from={address=, appKey=a414246f8aa536230b408946, nickname=鍟﹀暒鍟? signature=, extras={}, region=, noteName=鍗¤矾閲? avatarThumbPath=, gender=unknown, isInBlackList=false, birthday=, username=cloudcity_56, isNoDisturb=false, type=user, noteText=, isFriend=true}, type=voice, isSend=false, serverMessageId=6454991365}, target={isNoDisturb=false, id=42894629, isBlocked=false, ownerAppKey=a414246f8aa536230b408946, groupType=public, desc=娴嬭瘯3娴嬭瘯3, name=娴嬭瘯3, maxMemberCount=500, owner=cloudcity_55, type=group, level=0}}
03-05 14:30:13.326 D/flutter plugin(28289): native the conversation:{conversationType=group, title=娴嬭瘯4, unreadCount=0, extras={}, latestMessage={id=4, extras={}, createTime=1583301848407, target={isNoDisturb=false, id=42894911, isBlocked=false, ownerAppKey=a414246f8aa536230b408946, groupType=public, desc=娴嬭瘯4, name=娴嬭瘯4, maxMemberCount=500, owner=cloudcity_55, type=group, level=0}, text=2222, state=received, from={address=, appKey=a414246f8aa536230b408946, nickname=鍟﹀暒鍟? signature=, extras={}, region=, noteName=鍗¤矾閲? avatarThumbPath=, gender=unknown, isInBlackList=false, birthday=, username=cloudcity_56, isNoDisturb=false, type=user, noteText=, isFriend=true}, type=text, isSend=false, serverMessageId=6452342699}, target={isNoDisturb=false, id=42894911, isBlocked=false, ownerAppKey=a414246f8aa536230b408946, groupType=public, desc=娴嬭瘯4, name=娴嬭瘯4, maxMemberCount=500, owner=cloudcity_55, type=group, level=0}}
03-05 14:30:13.334 D/flutter plugin(28289): native the conversation:{conversationType=group, title=娴嬭瘯2, unreadCount=0, extras={}, latestMessage={id=15, extras={}, createTime=1583301762393, target={isNoDisturb=false, id=42893595, isBlocked=false, ownerAppKey=a414246f8aa536230b408946, groupType=public, desc=娴嬭瘯娴嬭瘯, name=娴嬭瘯2, maxMemberCount=500, owner=cloudcity_55, type=group, level=0}, text=1111, state=send_succeed, from={address=, appKey=a414246f8aa536230b408946, nickname=lostcixin, signature=, extras={}, region=, noteName=, avatarThumbPath=/data/user/0/com.ymkj.cloudcity/files/images/small-avatar/6A00FF3287B9EA7AD034D1F85AAB6C3D.jpg, gender=unknown, isInBlackList=false, birthday=1970-01-01, username=cloudcity_55, isNoDisturb=false, type=user, noteText=, isFriend=false}, type=text, isSend=true, serverMessageId=6452330419}, target={isNoDisturb=false, id=42893595, isBlocked=false, ownerAppKey=a414246f8aa536230b408946, groupType=public, desc=娴嬭瘯娴嬭瘯, name=娴嬭瘯2, maxMemberCount=500, owner=cloudcity_55, type=group, level=0}}
03-05 14:30:13.343 D/flutter plugin(28289): native the conversation:{conversationType=single, title=鍗¤矾閲? unreadCount=0, extras={}, latestMessage={id=20, extras={}, createTime=1583301253984, target={address=, appKey=a414246f8aa536230b408946, nickname=lostcixin, signature=, extras={}, region=, noteName=, avatarThumbPath=/data/user/0/com.ymkj.cloudcity/files/images/small-avatar/6A00FF3287B9EA7AD034D1F85AAB6C3D.jpg, gender=unknown, isInBlackList=false, birthday=1970-01-01, username=cloudcity_55, isNoDisturb=false, type=user, noteText=, isFriend=false}, text=浼氱粡娴? state=received, from={address=, appKey=a414246f8aa536230b408946, nickname=鍟﹀暒鍟? signature=, extras={}, region=, noteName=鍗¤矾閲? avatarThumbPath=, gender=unknown, isInBlackList=false, birthday=, username=cloudcity_56, isNoDisturb=false, type=user, noteText=, isFriend=true}, type=text, isSend=false, serverMessageId=6452256843}, target={address=, appKey=a414246f8aa536230b408946, nickname=鍟﹀暒鍟? signature=, extras={}, region=, noteName=鍗¤矾閲? avatarThumbPath=, gender=unknown, isInBlackList=false, birthday=, username=cloudcity_56, isNoDisturb=false, type=user, noteText=, isFriend=true}}
03-05 14:30:13.351 D/flutter plugin(28289): native the conversation:{conversationType=group, title=娴嬭瘯, unreadCount=0, extras={}, latestMessage={id=4, extras={}, createTime=1583291151684, target={isNoDisturb=false, id=42889659, isBlocked=false, ownerAppKey=a414246f8aa536230b408946, groupType=public, desc=鍝堝搱鍝堝搱鍝堝搱鍝?, name=娴嬭瘯, maxMemberCount=500, owner=cloudcity_55, type=group, level=0}, text=鍟﹀挴鍟﹀挴鍟﹀挴鍟? state=received, from={address=, appKey=a414246f8aa536230b408946, nickname=鍟﹀暒鍟? signature=, extras={}, region=, noteName=鍗¤矾閲? avatarThumbPath=, gender=unknown, isInBlackList=false, birthday=, username=cloudcity_56, isNoDisturb=false, type=user, noteText=, isFriend=true}, type=text, isSend=false, serverMessageId=6450878212}, target={isNoDisturb=false, id=42889659, isBlocked=false, ownerAppKey=a414246f8aa536230b408946, groupType=public, desc=鍝堝搱鍝堝搱鍝堝搱鍝?, name=娴嬭瘯, maxMemberCount=500, owner=cloudcity_55, type=group, level=0}}
03-05 14:30:13.364 D/flutter plugin(28289): native the conversation:{conversationType=group, title=overwatch1, unreadCount=0, extras={}, latestMessage={eventType=group_member_added, id=8, extras={}, createTime=1583225540745, target={isNoDisturb=false, id=37645222, isBlocked=false, ownerAppKey=a414246f8aa536230b408946, groupType=public, desc=杩欐槸绗竴涓兢, name=overwatch1, maxMemberCount=500, owner=cloudcity_55, type=group, level=0}, state=draft, usernames=[cloudcity_8], from={address=, appKey=a414246f8aa536230b408946, nickname=, signature=, extras={}, region=, noteName=, avatarThumbPath=, gender=unknown, isInBlackList=false, birthday=, username=绯荤粺娑堟伅, isNoDisturb=false, type=user, noteText=, isFriend=false}, type=event, isSend=false, serverMessageId=709844369}, target={isNoDisturb=false, id=37645222, isBlocked=false, ownerAppKey=a414246f8aa536230b408946, groupType=public, desc=杩欐槸绗竴涓兢, name=overwatch1, maxMemberCount=500, owner=cloudcity_55, type=group, level=0}}
03-05 14:30:16.310 D/groot-ble( 2668): BleConnector.onCharacterChanged b167 aa00 0000000001000000
03-05 14:30:16.310 D/groot-ble( 2668): BleManager.onCharacterChanged 0000000001000000
03-05 14:30:16.311 D/groot-ble( 2668): BleConnector.writeCharacterWithoutRsp b167 aa00 00000101
03-05 14:30:16.313 D/groot-ble( 2668): BleConnector.onCharacteristicWrite b167 aa00
03-05 14:30:16.657 W/sh ( 528): type=1400 audit(0.0:984985): avc: denied { search } for name="default" dev="tmpfs" ino=487 scontext=u:r:qti_init_shell:s0 tcontext=u:object_r:storage_file:s0 tclass=dir permissive=0
03-05 14:30:16.855 D/FingerGoodix( 549): Received message: 0. gIRQFlag:1
03-05 14:30:16.855 D/FingerGoodix( 549): g_mode = 16
03-05 14:30:16.863 D/FingerGoodix( 549): gf_netlink_event 599 status 0x2 g_mode 16 g_state 1
03-05 14:30:16.863 D/FingerGoodix( 549): nav state==fingerdown
03-05 14:30:16.864 D/FingerGoodix( 549): Signal in NAV
03-05 14:30:16.864 D/FingerGoodix( 549): NAV:g_state = 1, status = 0x2, gNav.eState:0
03-05 14:30:16.864 D/FingerGoodix( 549): longpress init and start timer
03-05 14:30:16.864 D/FingerGoodix( 606): fpcode, GxFpDevice::notify(), msgType=1, ext1=0, ext2=0
03-05 14:30:16.864 D/FingerGoodix( 606): fpcode, recv_fp_scan_data(), result:{action=1, msg_type=1, custom_fp_id=0, gx_fp_id=0, arg1=1102, arg2=5, data=0x0}
03-05 14:30:16.864 D/FingerGoodix( 606): notify acquired message:1102
03-05 14:30:16.864 D/fingerprintd( 606): onAcquired(1102)
03-05 14:30:16.864 D/FingerGoodix( 606): fpcode, recv_fp_scan_data(0x7f85f57370)
03-05 14:30:16.876 D/FingerGoodix( 549): longpress init and start timer success
03-05 14:30:16.881 D/FingerGoodix( 549): Touch
03-05 14:30:16.941 D/groot-ble( 2668): BleConnector.onCharacterChanged b167 aa00 010038d6b3065416638cf9de6df7974f597006295bc0dd82b70c31
03-05 14:30:16.941 D/groot-ble( 2668): BleManager.onCharacterChanged 010038d6b3065416638cf9de6df7974f597006295bc0dd82b70c31
03-05 14:30:16.942 D/groot-ble( 2668): BleConnector.writeCharacterWithoutRsp b167 aa00 00000100
03-05 14:30:16.943 D/groot-ble( 2668): decrypt token:a3a2484a5fa272d324949c95 encryptedBytes:38d6b3065416638cf9de6df7974f597006295bc0dd82b7 plainBytes:080110b80818b20d220d08011a09101518ac022000284a
03-05 14:30:16.944 I/groot-wear( 2668): WearDeviceResponseDispatcher.dispatcher cmd:CMD_HEARTBEAT_DATA session:1714
03-05 14:30:16.944 D/groot-ble( 2668): PbApi.sendRes rbp.cmd:CMD_HEARTBEAT_DATA isSending:false
03-05 14:30:16.944 D/groot-ble( 2668): BleConnector.onCharacteristicWrite b167 aa00
03-05 14:30:16.944 D/groot-ble( 2668): getHandler MSG_DO_SEND_REQ_OR_RES sPbQueue:1 sending:true
03-05 14:30:16.946 D/groot-ble( 2668): encrypt rc4 token:a3a2484a5fa272d324949c95 plainBytes:080110b80818b20d2a06080110001800 encryptedBytes:38d6b3065416638cf1d56df79d465165
03-05 14:30:16.946 D/groot-ble( 2668): crc 456f
03-05 14:30:16.946 D/groot-ble( 2668): SplitPackage.send
03-05 14:30:16.946 D/groot-ble( 2668): SplitPackage.doSend
03-05 14:30:16.946 D/groot-ble( 2668): SplitPackage.sendCmdPackage
03-05 14:30:16.947 D/groot-ble( 2668): BleConnector.writeCharacterWithoutRsp b167 aa00 000000000100
03-05 14:30:16.949 D/groot-ble( 2668): BleConnector.onCharacteristicWrite b167 aa00
03-05 14:30:16.992 D/FingerGoodix( 549): home key thread_detect_home_btn: key 102 Pressed
03-05 14:30:16.993 D/WindowManager( 1315): interceptKeyTq keycode=3 down=true interactive=true keyguardActive=false policyFlags=22000000
03-05 14:30:16.993 D/WindowManager( 1315): scheduleLongPressOnHome, wake lock isHeld: false screenOff:false
03-05 14:30:16.994 D/VoiceController( 1315): startRecongnize
03-05 14:30:16.994 D/WindowManager( 1315): interceptKeyTi keyCode=3 down=true repeatCount=0 keyguardOn=false canceled=false deviceId:6
03-05 14:30:16.995 I/VoiceAssistantService( 2535): VoiceAssistantService : startRecongnize: name=android, type=7, pcmPath=null, callinguid=1000, callingpid=0
03-05 14:30:16.998 I/VoiceAssistantService( 2535): VoiceRecognitionEngineBase : startRecognizeWithWriteAudio
03-05 14:30:17.005 I/MediaFocusControl( 1315): AudioFocus requestAudioFocus() from uid/pid 1000/2535 clientId=android.media.AudioManager@da7f70 req=2 flags=0x0
03-05 14:30:17.006 D/audio_hw_primary( 575): adev_open_input_stream: enter: sample_rate(16000) channel_mask(0x10) devices(0x80000004) stream_handle(0xf57d6300) io_handle(15726) source(1) format 1
03-05 14:30:17.009 I/AudioFlinger( 575): AudioFlinger's thread 0xf3f038c0 ready to run
03-05 14:30:17.009 D/audio_hw_primary( 575): in_standby: enter: stream (0xf57d6300) usecase(16: audio-record)
03-05 14:30:17.014 D/audio_hw_primary( 575): in_standby: enter: stream (0xf57d6300) usecase(16: audio-record)
03-05 14:30:17.020 D/SPEECH_PcmRecorder( 2535): create AudioRecord ok buffer size=1280 audioSource=1 sampleRate=16000
03-05 14:30:17.020 D/SPEECH_PcmRecorder( 2535): startRecording begin
03-05 14:30:17.023 I/SoundTriggerHwService::Module( 575): void android::SoundTriggerHwService::Module::onCallbackEvent(const sp &) mClient == 0
03-05 14:30:17.027 D/audio_hw_primary( 575): in_set_parameters: enter: kvpairs=input_source=1;routing=-2147483644
03-05 14:30:17.029 D/audio_hw_primary( 575): start_input_stream: enter: stream(0xf57d6300)usecase(16: audio-record)
03-05 14:30:17.029 D/SPEECH_PcmRecorder( 2535): startRecording end
03-05 14:30:17.030 D/SPEECH_PcmRecorder( 2535): startReadThread OK=3892
03-05 14:30:17.030 D/audio_hw_primary( 575): select_devices for use case (audio-record)
03-05 14:30:17.030 D/audio_hw_primary( 575): select_devices: out_snd_device(0: ) in_snd_device(45: handset-mic)
03-05 14:30:17.030 I/msm8916_platform( 575): platform_check_and_set_capture_codec_backend_cfg:txbecf: afe: bitwidth 16, samplerate 16000, backend_idx 0 usecase = 16 device (handset-mic)
03-05 14:30:17.030 I/msm8916_platform( 575): platform_check_capture_codec_backend_cfg:txbecf: afe: Codec selected backend: 0 current bit width: 16 and sample rate: 16000
03-05 14:30:17.030 W/msm8916_platform( 575): platform_check_capture_codec_backend_cfg:txbecf: afe:Use default bw and sr for voice/voip calls
03-05 14:30:17.030 I/msm8916_platform( 575): platform_check_capture_codec_backend_cfg:txbecf: afe: Codec selected backend: 0 updated bit width: 16 and sample rate: 48000
03-05 14:30:17.030 D/audio_hw_primary( 575): check_usecases_capture_codec_backend:becf: force routing 0
03-05 14:30:17.030 D/hardware_info( 575): hw_info_append_hw_type : device_name = handset-mic
03-05 14:30:17.030 D/msm8916_platform( 575): platform_can_split_snd_device: snd_device(45) num devices(0) new_snd_devices(0)
03-05 14:30:17.030 D/audio_hw_primary( 575): enable_snd_device: snd_device(45: handset-mic)
03-05 14:30:17.030 I/soundtrigger( 575): audio_extn_sound_trigger_update_device_status: device 0x2d of type 1 for Event 1, with Raise=1
03-05 14:30:17.030 D/sound_trigger_platform( 575): platform_stdev_check_and_update_concurrency: concurrency active 0, tx 1, rx 0, concurrency session_allowed 0
03-05 14:30:17.034 D/soundtrigger( 575): audio_extn_sound_trigger_update_stream_status: uc_id 16 of type 1 for Event 3, with Raise=0
03-05 14:30:17.034 I/audio_hw_utils( 575): audio_extn_utils_send_app_type_cfg CAPTURE app_type 69938, acdb_dev_id 4, sample_rate 48000
03-05 14:30:17.034 I/audio_hw_utils( 575): audio_extn_utils_send_app_type_cfg:becf: adm: app_type 69938, acdb_dev_id 4, sample_rate 48000
03-05 14:30:17.034 D/msm8916_platform( 575): platform_can_split_snd_device: snd_device(45) num devices(1) new_snd_devices(0)
03-05 14:30:17.035 D/ ( 575): Failed to fetch the lookup information of the device 00000004
03-05 14:30:17.035 E/ACDB-LOADER( 575): Error: ACDB AudProc vol returned = -19
03-05 14:30:17.035 D/ ( 575): Failed to fetch the lookup information of the device 00000004
03-05 14:30:17.035 E/ACDB-LOADER( 575): Error: ACDB AFE returned = -19
03-05 14:30:17.035 D/audio_hw_primary( 575): enable_audio_route: apply mixer and update path: audio-record
03-05 14:30:17.035 D/audio_hw_primary( 575): select_devices: done
03-05 14:30:17.045 D/WindowManager( 1315): interceptKeyTi keyCode=3 down=true repeatCount=0 keyguardOn=false canceled=false deviceId:6
03-05 14:30:17.093 D/audio_hw_primary( 575): start_input_stream: exit
03-05 14:30:17.095 D/WindowManager( 1315): interceptKeyTi keyCode=3 down=true repeatCount=0 keyguardOn=false canceled=false deviceId:6
03-05 14:30:17.124 D/FingerGoodix( 549): ############ navResult 5
03-05 14:30:17.146 D/WindowManager( 1315): interceptKeyTi keyCode=3 down=true repeatCount=0 keyguardOn=false canceled=false deviceId:6
03-05 14:30:17.157 D/FingerGoodix( 549): Received message: 0. gIRQFlag:1
03-05 14:30:17.157 D/FingerGoodix( 549): g_mode = 16
03-05 14:30:17.161 D/FingerGoodix( 549): gf_netlink_event 599 status 0x0 g_mode 16 g_state 3
03-05 14:30:17.161 D/FingerGoodix( 549): #### Invalid int. g_mode = 16
03-05 14:30:17.161 D/FingerGoodix( 549): Received message: 0. gIRQFlag:1
03-05 14:30:17.161 D/FingerGoodix( 549): g_mode = 16
03-05 14:30:17.166 D/FingerGoodix( 549): gf_netlink_event 599 status 0x0 g_mode 16 g_state 3
03-05 14:30:17.166 D/FingerGoodix( 549): #### Invalid int. g_mode = 16
03-05 14:30:17.190 D/FingerGoodix( 549): home key thread_detect_home_btn: key 102 Released
03-05 14:30:17.190 D/WindowManager( 1315): interceptKeyTq keycode=3 down=false interactive=true keyguardActive=false policyFlags=22000000
03-05 14:30:17.190 D/WindowManager( 1315): cancelLongPressOnHome, wake lock isHeld: true
03-05 14:30:17.191 D/VoiceController( 1315): stopRecongnize
03-05 14:30:17.191 I/VoiceAssistantService( 2535): VoiceAssistantService : stopRecongnize: immediate=true, callinguid=1000, callingpid=0
03-05 14:30:17.191 I/VoiceAssistantService( 2535): VoiceRecognitionEngineBase : postCancelWriteAudio:0
03-05 14:30:17.191 I/VoiceAssistantService( 2535): VoiceRecognitionEngineBase : cancelWriteAudio:0
03-05 14:30:17.191 W/VoiceAssistantService( 2535): VoiceRecognitionEngineBase : errorCode :10118, mEntranceType=BUBBLE
03-05 14:30:17.191 I/VoiceAssistantService( 2535): VoiceRecognitionEngineBase : postCancelWriteAudio:0
03-05 14:30:17.191 D/SPEECH_PcmRecorder( 2535): stopRecording into
03-05 14:30:17.196 D/WindowManager( 1315): interceptKeyTi keyCode=3 down=true repeatCount=0 keyguardOn=false canceled=false deviceId:6
03-05 14:30:17.196 D/WindowManager( 1315): interceptKeyTi keyCode=3 down=false repeatCount=0 keyguardOn=false canceled=false deviceId:6
03-05 14:30:17.202 D/SPEECH_PcmRecorder( 2535): startReadThread finish=3892
03-05 14:30:17.208 D/audio_hw_primary( 575): in_standby: enter: stream (0xf57d6300) usecase(16: audio-record)
03-05 14:30:17.217 D/FingerGoodix( 549): Received message: 0. gIRQFlag:1
03-05 14:30:17.217 D/FingerGoodix( 549): g_mode = 16
03-05 14:30:17.222 D/FingerGoodix( 549): gf_netlink_event 599 status 0x2 g_mode 16 g_state 3
03-05 14:30:17.222 D/FingerGoodix( 549): nav state==fingerup
03-05 14:30:17.223 D/FingerGoodix( 549): Signal in NAV
03-05 14:30:17.223 D/FingerGoodix( 549): NAV:g_state = 3, status = 0x2, gNav.eState:2
03-05 14:30:17.223 D/FingerGoodix( 549): delete timer success
03-05 14:30:17.223 D/FingerGoodix( 606): fpcode, GxFpDevice::notify(), msgType=2, ext1=0, ext2=0
03-05 14:30:17.223 D/FingerGoodix( 549): delete timer success
03-05 14:30:17.223 D/FingerGoodix( 549): @@@@@########@@@@ NAV_CLICK == navResult
03-05 14:30:17.223 D/FingerGoodix( 606): fpcode, recv_fp_scan_data(), result:{action=2, msg_type=1, custom_fp_id=0, gx_fp_id=0, arg1=1103, arg2=5, data=0x0}
03-05 14:30:17.223 D/FingerGoodix( 606): notify acquired message:1103
03-05 14:30:17.223 D/fingerprintd( 606): onAcquired(1103)
03-05 14:30:17.223 D/FingerGoodix( 606): fpcode, recv_fp_scan_data(0x7f85f57370)
03-05 14:30:17.235 D/FingerGoodix( 549): ###### click !!
03-05 14:30:17.312 D/audio_hw_primary( 575): disable_audio_route: reset and update mixer path: audio-record
03-05 14:30:17.313 D/soundtrigger( 575): audio_extn_sound_trigger_update_stream_status: uc_id 16 of type 1 for Event 2, with Raise=0
03-05 14:30:17.313 D/hardware_info( 575): hw_info_append_hw_type : device_name = handset-mic
03-05 14:30:17.313 D/audio_hw_primary( 575): disable_snd_device: snd_device(45: handset-mic)
03-05 14:30:17.313 D/msm8916_platform( 575): platform_can_split_snd_device: snd_device(45) num devices(0) new_snd_devices(0)
03-05 14:30:17.317 I/soundtrigger( 575): audio_extn_sound_trigger_update_device_status: device 0x2d of type 1 for Event 0, with Raise=1
03-05 14:30:17.317 D/sound_trigger_platform( 575): platform_stdev_check_and_update_concurrency: concurrency active 0, tx 0, rx 0, concurrency session_allowed 1
03-05 14:30:17.317 I/APM_AudioPolicyManager( 575): stopInput() input 15726
03-05 14:30:17.317 D/audio_hw_primary( 575): in_set_parameters: enter: kvpairs=routing=0
03-05 14:30:17.319 I/SoundTriggerHwService::Module( 575): void android::SoundTriggerHwService::Module::onCallbackEvent(const sp &) mClient == 0
03-05 14:30:17.319 D/SPEECH_PcmRecorder( 2535): stopRecording end
03-05 14:30:17.319 D/SPEECH_PcmRecorder( 2535): release begin
03-05 14:30:17.321 D/SPEECH_PcmRecorder( 2535): release ok
03-05 14:30:17.321 D/SPEECH_PcmRecorder( 2535): release end
03-05 14:30:17.323 I/MediaFocusControl( 1315): AudioFocus abandonAudioFocus() from uid/pid 1000/2535 clientId=android.media.AudioManager@da7f70
03-05 14:30:17.323 I/VoiceAssistantService( 2535): VoiceRecognitionEngineBase : cancelWriteAudio:0
03-05 14:30:17.324 D/audio_hw_primary( 575): adev_close_input_stream: enter:stream_handle(0xf57d6300)
03-05 14:30:17.324 D/audio_hw_primary( 575): in_standby: enter: stream (0xf57d6300) usecase(16: audio-record)
03-05 14:30:17.360 D/groot-ble( 2668): BleConnector.onCharacterChanged b167 aa00 00000101
03-05 14:30:17.360 D/groot-ble( 2668): BleManager.onCharacterChanged 00000101
03-05 14:30:17.361 D/groot-ble( 2668): SplitPackage.sendDataPackage
03-05 14:30:17.361 D/groot-ble( 2668): SplitPackage.sendDataPackage writeDataPackageList set timeout:5000
03-05 14:30:17.361 D/groot-ble( 2668): BleConnector.writeCharacterWithoutRsp b167 aa00 010038d6b3065416638cf1d56df79d465165456f
03-05 14:30:17.363 D/groot-ble( 2668): BleConnector.onCharacteristicWrite b167 aa00
03-05 14:30:17.437 D/ ( 1315): SurfaceMonitor closed!
03-05 14:30:17.479 D/FlutterView(28289): Detaching from a FlutterEngine: io.flutter.embedding.engine.FlutterEngine@4d3cf22
03-05 14:30:17.479 W/JIGUANG-JCore-P(28289): [ReportUtils] miss channel when wrap container info,but continue report...
03-05 14:30:17.487 D/ ( 537): SurfaceMonitor closed!
03-05 14:30:17.487 W/JIGUANG-JCore-P(29513): [ReportUtils] miss channel when wrap container info,but continue report...
03-05 14:30:17.488 W/JIGUANG-JCore-P(29513): [ReportUtils] miss channel when wrap container info,but continue report...
03-05 14:30:17.489 W/JIGUANG-JCore-P(29513): [ReportUtils] miss channel when wrap container info,but continue report...
03-05 14:30:17.490 W/JIGUANG-JCore-P(29513): [ReportUtils] miss channel when wrap container info,but continue report...
03-05 14:30:17.491 W/JIGUANG-JCore-P(29513): [ReportUtils] miss channel when wrap container info,but continue report...
03-05 14:30:17.491 D/ ( 537): SurfaceMonitor closed!
03-05 14:30:17.514 D/ ( 537): SurfaceMonitor closed!
03-05 14:30:17.564 I/SmartisanLaunch( 1315): hot launch com.smartisanos.launcher/.Launcher: 139 ms
03-05 14:30:17.715 I/art ( 1315): Background partial concurrent mark sweep GC freed 31743(1892KB) AllocSpace objects, 19(592KB) LOS objects, 14% free, 92MB/108MB, paused 2.705ms total 258.953ms
03-05 14:30:17.780 D/groot-ble( 2668): BleConnector.onCharacterChanged b167 aa00 00000100
03-05 14:30:17.780 D/groot-ble( 2668): BleManager.onCharacterChanged 00000100
03-05 14:30:17.780 D/groot-ble( 2668): PbApi.sendResReal BleManager.sendBytes onSuccess rbp.cmd:CMD_HEARTBEAT_DATA rbp.sessionId:1714
03-05 14:30:17.781 D/groot-ble( 2668): getHandler MSG_DO_SEND_REQ_OR_RES sPbQueue:0 sending:true
03-05 14:30:17.781 D/groot-ble( 2668): getHandler MSG_DO_SEND_REQ_OR_RES record is null and sending:false
03-05 14:30:19.911 I/chatty (27252): uid=12649(com.tencent.mobileqq) expire 1 line
03-05 14:30:19.929 I/chatty (27286): uid=12649 com.tencent.mobileqq:MSF expire 6 lines
03-05 14:30:20.038 I/MultiDex(29825): VM with version 2.1.0 has multidex support
03-05 14:30:20.038 I/MultiDex(29825): Installing application
03-05 14:30:20.039 I/MultiDex(29825): VM has multidex support, MultiDex support library is disabled.
03-05 14:30:20.039 I/cr_base_multidex(29825): Completed multidex installation.
03-05 14:30:20.111 I/chatty (27252): uid=12649(com.tencent.mobileqq) expire 4 lines
03-05 14:30:20.112 D/cr_CommandLineInitUtil(29825): [CommandLineInitUtil.java:59] Initializing command line from /data/local/chrome-command-line
03-05 14:30:20.169 W/Settings(29825): Setting android_id has moved from android.provider.Settings.System to android.provider.Settings.Secure, returning read-only value.
03-05 14:30:20.205 W/Settings(29825): Setting android_id has moved from android.provider.Settings.System to android.provider.Settings.Secure, returning read-only value.
03-05 14:30:20.209 D/NetworkSecurityConfig(29825): Using Network Security Config from resource network_security_config debugBuild: false
03-05 14:30:20.212 I/DpmTcmClient(29825): RegisterTcmMonitor from: com.android.okhttp.TcmIdleTimerMonitor
03-05 14:30:20.213 W/Settings(29825): Setting android_id has moved from android.provider.Settings.System to android.provider.Settings.Secure, returning read-only value.
03-05 14:30:20.241 I/System (29825): Daemon delayGCRequest, sDelayGCRequest=false, delay=true, sPendingGCRequest=false
03-05 14:30:20.242 W/Settings(29825): Setting android_id has moved from android.provider.Settings.System to android.provider.Settings.Secure, returning read-only value.
03-05 14:30:20.291 W/System.err(29825): java.lang.ClassNotFoundException: android.app.SmtPCUtils
03-05 14:30:20.292 W/System.err(29825): at java.lang.Class.classForName(Native Method)
03-05 14:30:20.292 W/System.err(29825): at java.lang.Class.forName(Class.java:400)
03-05 14:30:20.292 W/System.err(29825): at java.lang.Class.forName(Class.java:326)
03-05 14:30:20.292 W/System.err(29825): at org.chromium.ui.base.smartisan.SmartisanFeature.(SmartisanFeature.java:19)
03-05 14:30:20.292 W/System.err(29825): at org.chromium.ui.base.smartisan.SmartisanFeature.isInTabletDevice(SmartisanFeature.java:41)
03-05 14:30:20.292 W/System.err(29825): at org.chromium.chrome.browser.multiwindow.MultiWindowUtils.getInstance(MultiWindowUtils.java:59)
03-05 14:30:20.292 W/System.err(29825): at org.chromium.chrome.browser.document.ChromeLauncherActivity.doOnCreate(ChromeLauncherActivity.java:313)
03-05 14:30:20.293 W/System.err(29825): at org.chromium.chrome.browser.document.ChromeLauncherActivity.checkPermission(ChromeLauncherActivity.java:245)
03-05 14:30:20.293 W/System.err(29825): at org.chromium.chrome.browser.document.ChromeLauncherActivity.onCreate(ChromeLauncherActivity.java:179)
03-05 14:30:20.293 W/System.err(29825): at android.app.Activity.performCreate(Activity.java:6813)
03-05 14:30:20.293 W/System.err(29825): at android.app.Instrumentation.callActivityOnCreate(Instrumentation.java:1119)
03-05 14:30:20.293 W/System.err(29825): at android.app.ActivityThread.performLaunchActivity(ActivityThread.java:2805)
03-05 14:30:20.293 W/System.err(29825): at android.app.ActivityThread.handleLaunchActivity(ActivityThread.java:2927)
03-05 14:30:20.293 W/System.err(29825): at android.app.ActivityThread.-wrap12(ActivityThread.java)
03-05 14:30:20.293 W/System.err(29825): at android.app.ActivityThread$H.handleMessage(ActivityThread.java:1650)
03-05 14:30:20.293 W/System.err(29825): at android.os.Handler.dispatchMessage(Handler.java:102)
03-05 14:30:20.293 W/System.err(29825): at android.os.Looper.loop(Looper.java:159)
03-05 14:30:20.293 W/System.err(29825): at android.app.ActivityThread.main(ActivityThread.java:6364)
03-05 14:30:20.293 W/System.err(29825): at java.lang.reflect.Method.invoke(Native Method)
03-05 14:30:20.293 W/System.err(29825): at com.android.internal.os.ZygoteInit$MethodAndArgsCaller.run(ZygoteInit.java:1096)
03-05 14:30:20.293 W/System.err(29825): at com.android.internal.os.ZygoteInit.main(ZygoteInit.java:883)
03-05 14:30:20.293 W/System.err(29825): Caused by: java.lang.ClassNotFoundException: Didn't find class "android.app.SmtPCUtils" on path: DexPathList[[zip file "/data/app/com.android.browser-2/base.apk"],nativeLibraryDirectories=[/data/app/com.android.browser-2/lib/arm, /data/app/com.android.browser-2/base.apk!/lib/armeabi-v7a, /system/lib, /vendor/lib]]
03-05 14:30:20.293 W/System.err(29825): at dalvik.system.BaseDexClassLoader.findClass(BaseDexClassLoader.java:56)
03-05 14:30:20.293 W/System.err(29825): at java.lang.ClassLoader.loadClass(ClassLoader.java:380)
03-05 14:30:20.293 W/System.err(29825): at java.lang.ClassLoader.loadClass(ClassLoader.java:312)
03-05 14:30:20.293 W/System.err(29825): ... 21 more
03-05 14:30:20.295 I/cr_InstantAppsHandler(29825): Not handling with Instant Apps (other)
03-05 14:30:20.360 D/DecorView( 1315): Starting com.android.browser updateSmaratianColorViewInt add smartisan customized statusbar
03-05 14:30:20.366 D/ ( 537): SurfaceMonitor closed!
03-05 14:30:20.375 I/System (29825): Daemon delayGCRequest, sDelayGCRequest=true, delay=true, sPendingGCRequest=false
03-05 14:30:20.482 E/Muhaha (29825): updateTabletConfiguration called, isTablet:false, isLargeTablet:false
03-05 14:30:20.489 I/qtaguid (29825): Tagging socket 57 with tag 40ffd00000000(266237) for uid -1 failed errno=-24
03-05 14:30:20.489 I/NetworkManagementSocketTagger(29825): tagSocketFd(57, 266237, -1) failed with errno-24
03-05 14:30:20.638 W/cr_ChildProcLH(29825): Create a new ChildConnectionAllocator with package name = com.android.browser, sandboxed = true
03-05 14:30:20.715 I/ViewConfigCompat(29825): Could not find method getScaledScrollFactor() on ViewConfiguration
03-05 14:30:20.715 D/cr_ChildConnAllocator(29825): [ChildConnectionAllocator.java:253] Allocator allocated and bound a connection, name: org.chromium.content.app.SandboxedProcessService, slot: 0
03-05 14:30:20.719 W/art (29825): Before Android 4.1, method void org.chromium.chrome.browser.ntp.nav.views.GreedySmartisanViewPager.initViewPager() would have incorrectly overridden the package-private method in android.support.v4.view.ViewPager
03-05 14:30:20.726 I/cr_LibraryLoader(29825): Time to load native libraries: 89 ms (timestamps 4709-4798)
03-05 14:30:20.746 W/cr_tabmodel(29825): Starting to fetch tab list.
03-05 14:30:20.747 I/chatty (29868): uid=99110(com.android.browser:sandboxed_process0) expire 8 lines
03-05 14:30:20.754 I/chromium(29825): [INFO:library_loader_hooks.cc(46)] Chromium logging enabled: level = 0, default verbosity = 0
03-05 14:30:20.754 I/cr_LibraryLoader(29825): Expected native library version number "62.0.3202.84", actual native library version number "62.0.3202.84"
03-05 14:30:20.770 W/cr_tabmodel(29825): Finished fetching tab list.
03-05 14:30:20.831 I/AppStore(28841): [266197] m.e: AutoUpdateProvider:false |2
03-05 14:30:20.842 D/OpenGLRenderer(29825): RenderMonitor init!
03-05 14:30:20.842 D/OpenGLRenderer(29825): RenderMonitor closed!
03-05 14:30:20.853 I/GnssLocationProvider( 1315): WakeLock acquired by sendMessage(3, 0, com.android.server.location.GnssLocationProvider$GpsRequest@cd9b901)
03-05 14:30:20.869 I/qtaguid (29825): Tagging socket 67 with tag 4100d00000000(266253) for uid -1 failed errno=-24
03-05 14:30:20.869 I/NetworkManagementSocketTagger(29825): tagSocketFd(67, 266253, -1) failed with errno-24
03-05 14:30:20.869 I/qtaguid (29825): Untagging socket 57 failed errno=-22
03-05 14:30:20.870 W/NetworkManagementSocketTagger(29825): untagSocket(57) failed with errno -22
03-05 14:30:20.870 D/GnssLocationProvider( 1315): startNavigating: SmartiLocationListener.setGpsArgsCache
03-05 14:30:20.870 D/GpsCtl ( 1315): setGpsArgsCache mode: 0 recurrence: 0 min_interval: 900
03-05 14:30:20.871 I/GnssLocationProvider( 1315): WakeLock released by handleMessage(3, 0, com.android.server.location.GnssLocationProvider$GpsRequest@cd9b901)
03-05 14:30:20.872 I/qtaguid (29825): Tagging socket 57 with tag 40ffd00000000(266237) for uid -1 failed errno=-24
03-05 14:30:20.872 I/NetworkManagementSocketTagger(29825): tagSocketFd(57, 266237, -1) failed with errno-24
03-05 14:30:20.884 V/OSNPGlue_jni( 1315): Entering : void onSetRequestJNI(izat_manager::IzatRequest *)
03-05 14:30:20.893 D/DecorView(29825): com.android.browser/org.chromium.chrome.browser.ChromeTabbedActivity updateSmaratianColorViewInt add smartisan customized statusbar
03-05 14:30:20.906 I/AppStore(28841): [266197] m.e: auto update url:https://update.smartisan.com/autoupdate/app?name=com.android.browser&androidver=7.1.1&osver=6.7.2&imei=990008692223246&appver=91&model=OD105
03-05 14:30:20.916 D/ ( 537): SurfaceMonitor closed!
03-05 14:30:20.951 I/Adreno (29825): QUALCOMM build : 28fbe1e, I1c3536cac6
03-05 14:30:20.951 I/Adreno (29825): Build Date : 12/27/16
03-05 14:30:20.951 I/Adreno (29825): OpenGL ES Shader Compiler Version: XE031.09.00.04
03-05 14:30:20.951 I/Adreno (29825): Local Branch :
03-05 14:30:20.951 I/Adreno (29825): Remote Branch :
03-05 14:30:20.951 I/Adreno (29825): Remote Branch :
03-05 14:30:20.951 I/Adreno (29825): Reconstruct Branch :
03-05 14:30:20.990 D/IzatProviderEngine_jni( 1315): onStatusChangedJNI :: status : 6
03-05 14:30:20.991 D/IzatProviderEngine_jni( 1315): onStatusChangedJNI :: status : 4
03-05 14:30:21.029 I/OpenGLRenderer(29825): Initialized EGL, version 1.4
03-05 14:30:21.029 D/OpenGLRenderer(29825): Swap behavior 1
03-05 14:30:21.042 I/qtaguid (29825): Untagging socket 57 failed errno=-22
03-05 14:30:21.042 W/NetworkManagementSocketTagger(29825): untagSocket(57) failed with errno -22
03-05 14:30:21.043 I/@_17_1_@(17214): same acc
03-05 14:30:21.046 I/qtaguid (29825): Tagging socket 57 with tag 40ffd00000000(266237) for uid -1 failed errno=-24
03-05 14:30:21.046 I/NetworkManagementSocketTagger(29825): tagSocketFd(57, 266237, -1) failed with errno-24
03-05 14:30:21.049 I/chatty ( 1315): uid=1000(system) Binder:1315_13 expire 2 lines
03-05 14:30:21.050 E/MagicFlow(29825): SettingInfoManager : init start
03-05 14:30:21.054 E/MagicFlow(29825): SettingInfoManager : init end
03-05 14:30:21.072 V/OSNPGlue_jni( 1315): Entering : void onJavaLocationChanged(JNIEnv *, jobject, jboolean, jlong, jboolean, jlong, jboolean, jdouble, jboolean, jdouble, jboolean, jfloat, jboolean, jdouble, jboolean, jfloat, jboolean, jfloat, jboolean, jint)
03-05 14:30:21.120 I/ActivityManager( 1315): Displayed com.android.browser/org.chromium.chrome.browser.ChromeTabbedActivity: +780ms (total +1s292ms)
03-05 14:30:21.120 I/SmartisanLaunch( 1315): cold launch com.android.browser/org.chromium.chrome.browser.ChromeTabbedActivity: 1292 ms
03-05 14:30:21.169 I/cr_BrowserStartup(29825): Initializing chromium process, singleProcess=false
03-05 14:30:21.197 E/TT_WEBVIEW_CHROMIUM(29825): openAsset null filename: assets/icudtl.dat java.lang.ClassNotFoundException: com.bytedance.lynx.webview.glue.TTCoreBridge
03-05 14:30:21.208 E/TT_WEBVIEW_CHROMIUM(29825): openAsset null filename: assets/snapshot_blob_32.bin java.lang.ClassNotFoundException: com.bytedance.lynx.webview.glue.TTCoreBridge
03-05 14:30:21.209 E/TT_WEBVIEW_CHROMIUM(29825): openAsset null filename: assets/natives_blob.bin java.lang.ClassNotFoundException: com.bytedance.lynx.webview.glue.TTCoreBridge
03-05 14:30:21.210 E/TT_WEBVIEW_CHROMIUM(29825): openAsset null filename: assets/v8_context_snapshot.bin java.lang.ClassNotFoundException: com.bytedance.lynx.webview.glue.TTCoreBridge
03-05 14:30:21.231 W/chromium(29825): [WARNING:json_config.cc(174)] =========== base::android::JsonConfig, GetBooleanByKey, key: sdk_enable_adblock is not found
03-05 14:30:21.231 W/chromium(29825): [WARNING:json_config.cc(174)] =========== base::android::JsonConfig, GetBooleanByKey, key: sdk_enable_adblock_element_hiding is not found
03-05 14:30:21.231 W/chromium(29825): [WARNING:json_config.cc(174)] =========== base::android::JsonConfig, GetBooleanByKey, key: sdk_enable_adblock_element_hiding_detection is not found
03-05 14:30:21.232 E/TT_WEBVIEW_CHROMIUM(29825): openAsset null filename: easylistall.dat java.lang.ClassNotFoundException: com.bytedance.lynx.webview.glue.TTCoreBridge
03-05 14:30:21.240 E/chromium(29825): [ERROR:adblock_interceptor.cc(83)] OpenAssetFile easylistall.dat
03-05 14:30:21.346 E/TT_WEBVIEW_CHROMIUM(29825): openAsset null filename: assets/chrome_100_percent.pak java.lang.ClassNotFoundException: com.bytedance.lynx.webview.glue.TTCoreBridge
03-05 14:30:21.356 E/TT_WEBVIEW_CHROMIUM(29825): openAsset null filename: assets/resources.pak java.lang.ClassNotFoundException: com.bytedance.lynx.webview.glue.TTCoreBridge
03-05 14:30:21.372 I/QtiTetherService( 2522): limitReached Alert received limitName: globalAlert on Interface: wlan0
03-05 14:30:21.439 I/TetherStatsReporting( 1315): getTetherStats() called
03-05 14:30:21.442 D/QtiTetherService/IpaWrapper( 2522): getStats(false)
03-05 14:30:21.469 I/qtaguid (29825): Untagging socket 57 failed errno=-22
03-05 14:30:21.469 W/NetworkManagementSocketTagger(29825): untagSocket(57) failed with errno -22
03-05 14:30:21.472 I/qtaguid (29825): Tagging socket 57 with tag 40ffd00000000(266237) for uid -1 failed errno=-24
03-05 14:30:21.472 I/NetworkManagementSocketTagger(29825): tagSocketFd(57, 266237, -1) failed with errno-24
03-05 14:30:21.538 D/cr_ChildConnAllocator(29825): [ChildConnectionAllocator.java:253] Allocator allocated and bound a connection, name: org.chromium.content.app.PrivilegedProcessService, slot: 0
03-05 14:30:21.539 I/cr_LibraryLoader(29825): Using linker: org.chromium.base.library_loader.ModernLinker
03-05 14:30:21.540 E/CommandListener( 586): smartisan sendGeneriokFail return bandwidth command cond=0
03-05 14:30:21.560 I/qtaguid (29825): Untagging socket 67 failed errno=-22
03-05 14:30:21.560 W/NetworkManagementSocketTagger(29825): untagSocket(67) failed with errno -22
03-05 14:30:21.579 I/GnssLocationProvider( 1315): WakeLock acquired by sendMessage(3, 0, com.android.server.location.GnssLocationProvider$GpsRequest@7c989f4)
03-05 14:30:21.583 V/OSNPGlue_jni( 1315): Entering : void onStopRequestJNI()
03-05 14:30:21.598 I/GnssLocationProvider( 1315): WakeLock released by handleMessage(3, 0, com.android.server.location.GnssLocationProvider$GpsRequest@7c989f4)
03-05 14:30:21.614 D/IzatProviderEngine_jni( 1315): onStatusChangedJNI :: status : 5
03-05 14:30:21.614 D/IzatProviderEngine_jni( 1315): onStatusChangedJNI :: status : 7
03-05 14:30:21.638 I/MultiDex(29947): VM with version 2.1.0 has multidex support
03-05 14:30:21.638 I/MultiDex(29947): Installing application
03-05 14:30:21.638 I/MultiDex(29947): VM has multidex support, MultiDex support library is disabled.
03-05 14:30:21.639 I/cr_base_multidex(29947): Completed multidex installation.
03-05 14:30:21.640 D/cr_CommandLineInitUtil(29947): [CommandLineInitUtil.java:59] Initializing command line from /data/local/chrome-command-line
03-05 14:30:21.646 I/cr_ChildProcessService(29947): Creating new ChildProcessService pid=29947
03-05 14:30:21.667 W/sh ( 528): type=1400 audit(0.0:984988): avc: denied { search } for name="default" dev="tmpfs" ino=487 scontext=u:r:qti_init_shell:s0 tcontext=u:object_r:storage_file:s0 tclass=dir permissive=0
03-05 14:30:21.691 I/qtaguid (29825): Untagging socket 57 failed errno=-22
03-05 14:30:21.691 W/NetworkManagementSocketTagger(29825): untagSocket(57) failed with errno -22
03-05 14:30:21.698 I/qtaguid (29825): Tagging socket 57 with tag 40ffd00000000(266237) for uid -1 failed errno=-24
03-05 14:30:21.698 I/NetworkManagementSocketTagger(29825): tagSocketFd(57, 266237, -1) failed with errno-24
03-05 14:30:21.730 D/cr_ChildProcLauncher(29825): [ChildProcessLauncher.java:244] on connect callback, pid=29947
03-05 14:30:21.736 W/chromium(29825): [WARNING:adblock_interceptor.cc(187)] DeserializeFromDataString deserialize complete.0.458127 s
03-05 14:30:21.736 W/chromium(29825): [WARNING:adblock_interceptor.cc(188)] DeserializeFromDataString Test only rules: 0
03-05 14:30:21.757 I/cr_LibraryLoader(29947): Time to load native libraries: 25 ms (timestamps 5803-5828)
03-05 14:30:21.757 I/cr_LibraryLoader(29947): Using linker: org.chromium.base.library_loader.ModernLinker
03-05 14:30:21.759 I/chromium(29947): [INFO:library_loader_hooks.cc(46)] Chromium logging enabled: level = 0, default verbosity = 0
03-05 14:30:21.759 I/cr_LibraryLoader(29947): Expected native library version number "62.0.3202.84", actual native library version number "62.0.3202.84"
03-05 14:30:21.772 W/InstanceID/Rpc(29825): Found 11480
03-05 14:30:21.787 I/Adreno (29947): QUALCOMM build : 28fbe1e, I1c3536cac6
03-05 14:30:21.787 I/Adreno (29947): Build Date : 12/27/16
03-05 14:30:21.787 I/Adreno (29947): OpenGL ES Shader Compiler Version: XE031.09.00.04
03-05 14:30:21.787 I/Adreno (29947): Local Branch :
03-05 14:30:21.787 I/Adreno (29947): Remote Branch :
03-05 14:30:21.787 I/Adreno (29947): Remote Branch :
03-05 14:30:21.787 I/Adreno (29947): Reconstruct Branch :
03-05 14:30:21.798 D/ ( 537): SurfaceMonitor closed!
03-05 14:30:21.805 D/ ( 537): SurfaceMonitor closed!
03-05 14:30:21.822 E/libEGL (29947): validate_display:99 error 3008 (EGL_BAD_DISPLAY)
03-05 14:30:21.893 D/cr_tabmodel(29825): [TabPersistentStore.java:499] loadState folder: /data/user/0/com.android.browser/app_tabs/0
03-05 14:30:21.939 I/qtaguid (29825): Untagging socket 57 failed errno=-22
03-05 14:30:21.939 I/qtaguid (29825): Tagging socket 120 with tag 4100800000000(266248) for uid -1 failed errno=-24
03-05 14:30:21.939 W/NetworkManagementSocketTagger(29825): untagSocket(57) failed with errno -22
03-05 14:30:21.939 I/NetworkManagementSocketTagger(29825): tagSocketFd(120, 266248, -1) failed with errno-24
03-05 14:30:21.941 I/qtaguid (29825): Tagging socket 57 with tag 40ffd00000000(266237) for uid -1 failed errno=-24
03-05 14:30:21.941 I/NetworkManagementSocketTagger(29825): tagSocketFd(57, 266237, -1) failed with errno-24
03-05 14:30:21.943 I/art (29825): Rejecting re-init on previously-failed class java.lang.Class: java.lang.NoClassDefFoundError: Failed resolution of: Landroid/app/SmtVoiceInputCallback;
03-05 14:30:21.943 I/art (29825): at long org.chromium.content.browser.ContentViewCore.nativeInit(org.chromium.content_public.browser.WebContents, org.chromium.ui.base.ViewAndroidDelegate, long, float, java.util.HashSet) (ContentViewCore.java:-2)
03-05 14:30:21.943 I/art (29825): at void org.chromium.content.browser.ContentViewCore.initialize(org.chromium.ui.base.ViewAndroidDelegate, org.chromium.content.browser.ContentViewCore$InternalAccessDelegate, org.chromium.content_public.browser.WebContents, org.chromium.ui.base.WindowAndroid) (ContentViewCore.java:514)
03-05 14:30:21.943 I/art (29825): at org.chromium.content.browser.ContentViewCore org.chromium.chrome.browser.tab.Tab.createContentViewCore(org.chromium.content_public.browser.WebContents) (Tab.java:1975)
03-05 14:30:21.943 I/art (29825): at void org.chromium.chrome.browser.tab.Tab.initContentViewCore(org.chromium.content_public.browser.WebContents) (Tab.java:1967)
03-05 14:30:21.943 I/art (29825): at boolean org.chromium.chrome.browser.tab.Tab.unfreezeContents() (Tab.java:2537)
03-05 14:30:21.943 I/art (29825): at void org.chromium.chrome.browser.tab.Tab.restoreIfNeeded() (Tab.java:2482)
03-05 14:30:21.943 I/art (29825): at boolean org.chromium.chrome.browser.tab.Tab.loadIfNeeded() (Tab.java:2466)
03-05 14:30:21.943 I/art (29825): at void org.chromium.chrome.browser.tab.Tab.show(org.chromium.chrome.browser.tabmodel.TabModel$TabSelectionType) (Tab.java:1458)
