03-05 00:41:47.653 W/ViewRootImpl[smt_launcher]( 2651): Cancelling event due to no window focus: KeyEvent { action=ACTION_UP, keyCode=KEYCODE_BACK, scanCode=158, metaState=0, flags=0x28, repeatCount=0, eventTime=1044781132, downTime=1044781132, deviceId=3, source=0x101 }
03-05 00:41:47.653 W/ViewRootImpl[smt_launcher]( 2651): Cancelling event due to no window focus: KeyEvent { action=ACTION_UP, keyCode=KEYCODE_BACK, scanCode=158, metaState=0, flags=0x28, repeatCount=0, eventTime=1044781132, downTime=1044781132, deviceId=3, source=0x101 }
03-05 00:41:47.653 W/ViewRootImpl[smt_launcher]( 2651): Cancelling event due to no window focus: KeyEvent { action=ACTION_UP, keyCode=KEYCODE_BACK, scanCode=158, metaState=0, flags=0x28, repeatCount=0, eventTime=1044781132, downTime=1044781132, deviceId=3, source=0x101 }
03-05 00:41:47.653 W/ViewRootImpl[smt_launcher]( 2651): Cancelling event due to no window focus: KeyEvent { action=ACTION_UP, keyCode=KEYCODE_BACK, scanCode=158, metaState=0, flags=0x28, repeatCount=0, eventTime=1044781132, downTime=1044781132, deviceId=3, source=0x101 }
03-05 00:41:47.653 W/ViewRootImpl[smt_launcher]( 2651): Cancelling event due to no window focus: KeyEvent { action=ACTION_UP, keyCode=KEYCODE_BACK, scanCode=158, metaState=0, flags=0x28, repeatCount=0, eventTime=1044781132, downTime=1044781132, deviceId=3, source=0x101 }
03-05 00:41:49.492 I/chatty ( 1315): uid=1000(system) Binder:1315_6 expire 1 line
03-05 00:41:53.267 E/ActivityThread(22451): Failed to find provider info for com.tencent.mm.coolassist.debugprovider
03-05 00:41:53.385 I/chatty ( 1315): uid=1000(system) InputReader expire 3 lines
03-05 00:41:54.889 I/chatty ( 1315): uid=1000(system) Binder:1315_1A expire 1 line
03-05 00:41:55.186 E/ActivityThread(22550): Failed to find provider info for com.tencent.mm.coolassist.debugprovider
03-05 00:41:55.643 I/chatty ( 1315): uid=1000(system) Binder:1315_C expire 1 line
03-05 00:41:55.820 E/ActivityThread(22603): Failed to find provider info for com.tencent.mm.coolassist.debugprovider
03-05 00:41:56.900 I/chatty ( 1315): uid=1000(system) android.bg expire 11 lines
03-05 00:42:13.523 I/chatty ( 1315): uid=1000(system) Binder:1315_2 expire 6 lines
03-05 00:44:48.214 I/chatty ( 1315): uid=1000(system) Binder:1315_D expire 2 lines
03-05 00:44:55.653 I/chatty ( 1315): uid=1000(system) android.bg expire 12 lines
03-05 00:45:00.300 I/chatty ( 1315): uid=1000(system) Binder:1315_1 expire 4 lines
03-05 00:48:44.352 I/chatty ( 1315): uid=1000(system) AlarmManager expire 1 line
03-05 00:48:51.760 I/chatty ( 1315): uid=1000 system_server expire 25 lines
03-05 00:48:51.767 I/chatty ( 1315): uid=1000(system) Binder:1315_8 expire 5 lines
03-05 00:48:51.804 I/chatty ( 1315): uid=1000(system) PowerManagerSer expire 11 lines
03-05 00:48:51.842 I/chatty ( 1315): uid=1000(system) android.display expire 14 lines
03-05 00:48:52.203 I/chatty ( 1315): uid=1000(system) Binder:1315_E expire 4 lines
03-05 00:48:52.749 I/chatty ( 1315): uid=1000(system) android.io expire 2 lines
03-05 00:48:53.902 I/chatty ( 1315): uid=1000(system) InputReader expire 18 lines
03-05 00:48:54.799 W/ContextImpl( 1697): Calling a method in the system process without a qualified user: android.app.ContextImpl.bindService:1435 android.content.ContextWrapper.bindService:639 smartisanos.app.tracker.TrackerServiceConnection.connect:34 smartisanos.app.tracker.Agent.connectService:65 smartisanos.app.tracker.Agent.flush:388
03-05 00:48:57.089 I/chatty ( 1315): uid=1000(system) Binder:1315_1B expire 3 lines
03-05 00:48:57.255 I/chatty ( 1315): uid=1000(system) PackageManager expire 2 lines
03-05 00:49:07.079 I/chatty ( 1315): uid=1000(system) ActivityManager expire 1 line
03-05 00:50:55.222 I/chatty ( 1315): uid=1000(system) Binder:1315_16 expire 5 lines
03-05 00:50:55.390 I/chatty ( 1315): uid=1000(system) Binder:1315_6 expire 4 lines
03-05 00:50:55.611 I/chatty ( 1315): uid=1000(system) Binder:1315_A expire 1 line
03-05 00:50:57.299 I/chatty ( 1315): uid=1000(system) Binder:1315_5 expire 1 line
03-05 00:50:57.634 W/ContextImpl( 1697): Calling a method in the system process without a qualified user: android.app.ContextImpl.bindService:1435 android.content.ContextWrapper.bindService:639 smartisanos.app.tracker.TrackerServiceConnection.connect:34 smartisanos.app.tracker.Agent.connectService:65 smartisanos.app.tracker.Agent.flush:388
03-05 00:50:58.245 W/ContextImpl( 1697): Calling a method in the system process without a qualified user: android.app.ContextImpl.bindService:1435 android.content.ContextWrapper.bindService:639 smartisanos.app.tracker.TrackerServiceConnection.connect:34 smartisanos.app.tracker.Agent.connectService:65 smartisanos.app.tracker.Agent.flush:388
03-05 00:51:24.141 I/chatty ( 1315): uid=1000(system) batterystats-sy expire 1 line
03-05 00:51:24.305 W/ContextImpl(16558): Calling a method in the system process without a qualified user: android.app.ContextImpl.startService:1371 android.content.ContextWrapper.startService:616 android.content.ContextWrapper.startService:616 com.android.settings.fuelgauge.BatteryChangeReceiver.tL:-1 com.android.settings.fuelgauge.BatteryChangeReceiver.tO:-1
03-05 00:51:27.238 I/chatty ( 1315): uid=1000 system_server expire 16 lines
03-05 00:54:16.733 I/chatty ( 1315): uid=1000(system) Binder:1315_1F expire 1 line
03-05 00:54:16.932 I/chatty ( 1315): uid=1000(system) Binder:1315_18 expire 7 lines
03-05 00:54:18.649 I/chatty ( 1315): uid=1000(system) Binder:1315_1D expire 7 lines
03-05 00:54:18.682 I/chatty ( 1315): uid=1000(system) Binder:1315_7 expire 5 lines
03-05 00:54:19.578 W/ContextImpl( 1697): Calling a method in the system process without a qualified user: android.app.ContextImpl.bindService:1435 android.content.ContextWrapper.bindService:639 smartisanos.app.tracker.TrackerServiceConnection.connect:34 smartisanos.app.tracker.Agent.connectService:65 smartisanos.app.tracker.Agent.flush:388
03-05 00:54:30.516 I/chatty ( 1315): uid=1000(system) Binder:1315_15 expire 6 lines
03-05 00:54:30.537 I/chatty ( 1315): uid=1000(system) Binder:1315_3 expire 3 lines
03-05 00:54:53.337 I/chatty ( 1315): uid=1000(system) Binder:1315_19 expire 5 lines
03-05 00:54:59.422 I/chatty ( 1315): uid=1000(system) Binder:1315_B expire 11 lines
03-05 00:54:59.464 I/chatty ( 1315): uid=1000(system) Binder:1315_1C expire 5 lines
03-05 00:55:19.265 I/chatty ( 1315): uid=1000(system) Binder:1315_C expire 11 lines
03-05 00:55:20.083 I/chatty ( 1315): uid=1000(system) Binder:1315_4 expire 7 lines
03-05 00:55:22.041 I/chatty ( 1315): uid=1000(system) Binder:1315_1A expire 1 line
03-05 00:55:25.482 W/ViewRootImpl[LauncherUI](17393): Cancelling event due to no window focus: KeyEvent { action=ACTION_UP, keyCode=KEYCODE_BACK, scanCode=158, metaState=0, flags=0x28, repeatCount=0, eventTime=1045264278, downTime=1045264261, deviceId=3, source=0x101 }
03-05 00:55:25.482 W/ViewRootImpl[LauncherUI](17393): Cancelling event due to no window focus: KeyEvent { action=ACTION_UP, keyCode=KEYCODE_BACK, scanCode=158, metaState=0, flags=0x28, repeatCount=0, eventTime=1045264278, downTime=1045264261, deviceId=3, source=0x101 }
03-05 00:55:25.482 W/ViewRootImpl[LauncherUI](17393): Cancelling event due to no window focus: KeyEvent { action=ACTION_UP, keyCode=KEYCODE_BACK, scanCode=158, metaState=0, flags=0x28, repeatCount=0, eventTime=1045264278, downTime=1045264261, deviceId=3, source=0x101 }
03-05 00:55:25.502 W/ViewRootImpl[LauncherUI](17393): Cancelling event due to no window focus: KeyEvent { action=ACTION_UP, keyCode=KEYCODE_BACK, scanCode=158, metaState=0, flags=0x28, repeatCount=0, eventTime=1045264278, downTime=1045264261, deviceId=3, source=0x101 }
03-05 00:55:25.502 W/ViewRootImpl[LauncherUI](17393): Cancelling event due to no window focus: KeyEvent { action=ACTION_UP, keyCode=KEYCODE_BACK, scanCode=158, metaState=0, flags=0x28, repeatCount=0, eventTime=1045264278, downTime=1045264261, deviceId=3, source=0x101 }
03-05 00:55:25.502 W/ViewRootImpl[LauncherUI](17393): Cancelling event due to no window focus: KeyEvent { action=ACTION_UP, keyCode=KEYCODE_BACK, scanCode=158, metaState=0, flags=0x28, repeatCount=0, eventTime=1045264278, downTime=1045264261, deviceId=3, source=0x101 }
03-05 00:55:25.510 W/ViewRootImpl[LauncherUI](17393): Cancelling event due to no window focus: KeyEvent { action=ACTION_UP, keyCode=KEYCODE_BACK, scanCode=158, metaState=0, flags=0x28, repeatCount=0, eventTime=1045264278, downTime=1045264261, deviceId=3, source=0x101 }
03-05 00:55:25.510 W/ViewRootImpl[LauncherUI](17393): Cancelling event due to no window focus: KeyEvent { action=ACTION_UP, keyCode=KEYCODE_BACK, scanCode=158, metaState=0, flags=0x28, repeatCount=0, eventTime=1045264278, downTime=1045264261, deviceId=3, source=0x101 }
03-05 00:55:25.510 W/ViewRootImpl[LauncherUI](17393): Cancelling event due to no window focus: KeyEvent { action=ACTION_UP, keyCode=KEYCODE_BACK, scanCode=158, metaState=0, flags=0x28, repeatCount=0, eventTime=1045264278, downTime=1045264261, deviceId=3, source=0x101 }
03-05 00:55:25.541 W/ViewRootImpl[smt_launcher]( 2651): Cancelling event due to no window focus: KeyEvent { action=ACTION_UP, keyCode=KEYCODE_BACK, scanCode=158, metaState=0, flags=0x28, repeatCount=0, eventTime=1045264261, downTime=1045264261, deviceId=3, source=0x101 }
03-05 00:55:25.541 W/ViewRootImpl[smt_launcher]( 2651): Cancelling event due to no window focus: KeyEvent { action=ACTION_UP, keyCode=KEYCODE_BACK, scanCode=158, metaState=0, flags=0x28, repeatCount=0, eventTime=1045264261, downTime=1045264261, deviceId=3, source=0x101 }
03-05 00:55:25.541 W/ViewRootImpl[smt_launcher]( 2651): Cancelling event due to no window focus: KeyEvent { action=ACTION_UP, keyCode=KEYCODE_BACK, scanCode=158, metaState=0, flags=0x28, repeatCount=0, eventTime=1045264261, downTime=1045264261, deviceId=3, source=0x101 }
03-05 00:55:25.541 W/ViewRootImpl[smt_launcher]( 2651): Cancelling event due to no window focus: KeyEvent { action=ACTION_UP, keyCode=KEYCODE_BACK, scanCode=158, metaState=0, flags=0x28, repeatCount=0, eventTime=1045264261, downTime=1045264261, deviceId=3, source=0x101 }
03-05 00:55:25.541 W/ViewRootImpl[smt_launcher]( 2651): Cancelling event due to no window focus: KeyEvent { action=ACTION_UP, keyCode=KEYCODE_BACK, scanCode=158, metaState=0, flags=0x28, repeatCount=0, eventTime=1045264261, downTime=1045264261, deviceId=3, source=0x101 }
03-05 00:55:25.541 W/ViewRootImpl[smt_launcher]( 2651): Cancelling event due to no window focus: KeyEvent { action=ACTION_UP, keyCode=KEYCODE_BACK, scanCode=158, metaState=0, flags=0x28, repeatCount=0, eventTime=1045264261, downTime=1045264261, deviceId=3, source=0x101 }
03-05 00:55:28.239 I/chatty ( 1315): uid=1000(system) android.display expire 30 lines
03-05 00:55:28.942 I/chatty ( 1315): uid=1000(system) Binder:1315_11 expire 6 lines
03-05 00:55:29.283 I/chatty ( 1315): uid=1000(system) Binder:1315_10 expire 2 lines
03-05 00:55:29.909 I/chatty ( 1315): uid=1000(system) Binder:1315_12 expire 3 lines
03-05 00:55:30.331 I/chatty ( 1315): uid=1000(system) InputReader expire 6 lines
03-05 00:55:31.444 W/ViewRootImpl[SplashActivity](17084): Cancelling event due to no window focus: KeyEvent { action=ACTION_UP, keyCode=KEYCODE_BACK, scanCode=158, metaState=0, flags=0x28, repeatCount=0, eventTime=1045270236, downTime=1045270222, deviceId=3, source=0x101 }
03-05 00:55:31.444 W/ViewRootImpl[SplashActivity](17084): Cancelling event due to no window focus: KeyEvent { action=ACTION_UP, keyCode=KEYCODE_BACK, scanCode=158, metaState=0, flags=0x28, repeatCount=0, eventTime=1045270236, downTime=1045270222, deviceId=3, source=0x101 }
03-05 00:55:31.444 W/ViewRootImpl[SplashActivity](17084): Cancelling event due to no window focus: KeyEvent { action=ACTION_UP, keyCode=KEYCODE_BACK, scanCode=158, metaState=0, flags=0x28, repeatCount=0, eventTime=1045270236, downTime=1045270222, deviceId=3, source=0x101 }
03-05 00:55:31.445 W/ViewRootImpl[SplashActivity](17084): Cancelling event due to no window focus: KeyEvent { action=ACTION_UP, keyCode=KEYCODE_BACK, scanCode=158, metaState=0, flags=0x28, repeatCount=0, eventTime=1045270236, downTime=1045270222, deviceId=3, source=0x101 }
03-05 00:55:31.445 W/ViewRootImpl[SplashActivity](17084): Cancelling event due to no window focus: KeyEvent { action=ACTION_UP, keyCode=KEYCODE_BACK, scanCode=158, metaState=0, flags=0x28, repeatCount=0, eventTime=1045270236, downTime=1045270222, deviceId=3, source=0x101 }
03-05 00:55:31.445 W/ViewRootImpl[SplashActivity](17084): Cancelling event due to no window focus: KeyEvent { action=ACTION_UP, keyCode=KEYCODE_BACK, scanCode=158, metaState=0, flags=0x28, repeatCount=0, eventTime=1045270236, downTime=1045270222, deviceId=3, source=0x101 }
03-05 00:55:31.510 W/ViewRootImpl[smt_launcher]( 2651): Cancelling event due to no window focus: KeyEvent { action=ACTION_UP, keyCode=KEYCODE_BACK, scanCode=158, metaState=0, flags=0x28, repeatCount=0, eventTime=1045270222, downTime=1045270222, deviceId=3, source=0x101 }
03-05 00:55:31.511 W/ViewRootImpl[smt_launcher]( 2651): Cancelling event due to no window focus: KeyEvent { action=ACTION_UP, keyCode=KEYCODE_BACK, scanCode=158, metaState=0, flags=0x28, repeatCount=0, eventTime=1045270222, downTime=1045270222, deviceId=3, source=0x101 }
03-05 00:55:31.511 W/ViewRootImpl[smt_launcher]( 2651): Cancelling event due to no window focus: KeyEvent { action=ACTION_UP, keyCode=KEYCODE_BACK, scanCode=158, metaState=0, flags=0x28, repeatCount=0, eventTime=1045270222, downTime=1045270222, deviceId=3, source=0x101 }
03-05 00:55:31.511 W/ViewRootImpl[smt_launcher]( 2651): Cancelling event due to no window focus: KeyEvent { action=ACTION_UP, keyCode=KEYCODE_BACK, scanCode=158, metaState=0, flags=0x28, repeatCount=0, eventTime=1045270222, downTime=1045270222, deviceId=3, source=0x101 }
03-05 00:55:31.511 W/ViewRootImpl[smt_launcher]( 2651): Cancelling event due to no window focus: KeyEvent { action=ACTION_UP, keyCode=KEYCODE_BACK, scanCode=158, metaState=0, flags=0x28, repeatCount=0, eventTime=1045270222, downTime=1045270222, deviceId=3, source=0x101 }
03-05 00:55:31.511 W/ViewRootImpl[smt_launcher]( 2651): Cancelling event due to no window focus: KeyEvent { action=ACTION_UP, keyCode=KEYCODE_BACK, scanCode=158, metaState=0, flags=0x28, repeatCount=0, eventTime=1045270222, downTime=1045270222, deviceId=3, source=0x101 }
03-05 00:55:32.755 I/chatty ( 1315): uid=1000(system) Binder:1315_9 expire 2 lines
03-05 00:55:33.070 I/chatty ( 1315): uid=1000(system) Binder:1315_13 expire 4 lines
03-05 00:55:33.144 I/chatty ( 1315): uid=1000(system) android.display expire 16 lines
03-05 00:55:33.864 E/ActivityThread(24045): Failed to find provider info for com.vivo.push.sdk.service.SystemPushConfig
03-05 00:55:33.883 E/ActivityThread(24045): Failed to find provider info for com.vivo.push.sdk.service.SystemPushConfig
03-05 00:55:33.909 I/chatty ( 1315): uid=1000(system) Binder:1315_1B expire 3 lines
03-05 00:55:33.947 I/chatty ( 1315): uid=1000(system) Binder:1315_12 expire 1 line
03-05 00:55:34.219 W/FileUtils(24045): Failed to chmod(/storage/emulated/0/sina/weibo/.database/weibolog): android.system.ErrnoException: chmod failed: EPERM (Operation not permitted)
03-05 00:55:34.352 I/chatty ( 1315): uid=1000(system) Binder:1315_B expire 12 lines
03-05 00:55:34.769 I/chatty ( 1315): uid=1000(system) Binder:1315_3 expire 19 lines
03-05 00:55:35.283 I/chatty ( 1315): uid=1000(system) Binder:1315_10 expire 5 lines
03-05 00:55:35.287 I/chatty ( 1315): uid=1000(system) Binder:1315_4 expire 2 lines
03-05 00:55:36.608 I/chatty ( 1315): uid=1000(system) Binder:1315_A expire 8 lines
03-05 00:55:36.633 I/chatty ( 1315): uid=1000(system) Binder:1315_1A expire 12 lines
03-05 00:55:36.660 I/chatty ( 1315): uid=1000(system) Binder:1315_7 expire 11 lines
03-05 00:55:36.738 I/chatty ( 1315): uid=1000(system) Binder:1315_1C expire 4 lines
03-05 00:55:37.192 I/chatty ( 1315): uid=1000(system) Binder:1315_C expire 2 lines
03-05 00:55:37.215 I/chatty ( 1315): uid=1000(system) Binder:1315_20 expire 3 lines
03-05 00:55:37.454 I/chatty ( 1315): uid=1000(system) Binder:1315_1E expire 4 lines
03-05 00:55:37.614 I/chatty ( 1315): uid=1000(system) Binder:1315_5 expire 5 lines
03-05 00:55:37.647 I/chatty ( 1315): uid=1000(system) Binder:1315_E expire 1 line
03-05 00:55:37.898 I/chatty ( 1315): uid=1000(system) Binder:1315_6 expire 2 lines
03-05 00:55:38.170 I/chatty ( 1315): uid=1000(system) android.bg expire 12 lines
03-05 00:55:38.515 I/chatty ( 1315): uid=1000(system) Binder:1315_9 expire 10 lines
03-05 00:55:38.835 I/chatty ( 1315): uid=1000(system) Binder:1315_8 expire 2 lines
03-05 00:55:44.349 I/chatty ( 1315): uid=1000(system) ActivityManager expire 10 lines
03-05 00:55:44.841 I/chatty ( 1315): uid=1000(system) Binder:1315_14 expire 3 lines
03-05 00:55:44.853 I/chatty ( 1315): uid=1000(system) Binder:1315_1F expire 1 line
03-05 00:55:47.941 E/ActivityThread(24045): Failed to find provider info for com.vivo.push.sdk.service.SystemPushConfig
03-05 00:55:47.945 E/ActivityThread(24045): Failed to find provider info for com.vivo.push.sdk.service.SystemPushConfig
03-05 00:55:48.959 I/chatty ( 1315): uid=1000(system) Binder:1315_17 expire 1 line
03-05 00:55:50.332 I/chatty ( 1315): uid=1000(system) android.display expire 12 lines
03-05 00:55:51.881 I/chatty ( 1315): uid=1000(system) Binder:1315_11 expire 7 lines
03-05 00:55:55.665 I/chatty ( 1315): uid=1000(system) PackageManager expire 2 lines
03-05 00:55:55.687 I/chatty ( 1315): uid=1000(system) Binder:1315_2 expire 3 lines
03-05 00:55:59.079 I/chatty ( 1315): uid=1000(system) batterystats-sy expire 1 line
03-05 00:55:59.231 W/ContextImpl(16558): Calling a method in the system process without a qualified user: android.app.ContextImpl.startService:1371 android.content.ContextWrapper.startService:616 android.content.ContextWrapper.startService:616 com.android.settings.fuelgauge.BatteryChangeReceiver.tL:-1 com.android.settings.fuelgauge.BatteryChangeReceiver.tO:-1
03-05 00:55:59.338 I/chatty ( 1315): uid=1000(system) InputReader expire 11 lines
03-05 00:55:59.469 I/chatty ( 1315): uid=1000 system_server expire 32 lines
03-05 00:55:59.473 I/chatty ( 1315): uid=1000(system) PowerManagerSer expire 4 lines
03-05 00:56:05.827 I/chatty ( 1315): uid=1000(system) Binder:1315_D expire 1 line
03-05 00:56:08.474 W/ContextImpl( 1697): Calling a method in the system process without a qualified user: android.app.ContextImpl.bindService:1435 android.content.ContextWrapper.bindService:639 smartisanos.app.tracker.TrackerServiceConnection.connect:34 smartisanos.app.tracker.Agent.connectService:65 smartisanos.app.tracker.Agent.flush:388
03-05 00:56:30.583 I/chatty ( 1315): uid=1000(system) Binder:1315_18 expire 1 line
03-05 00:56:37.151 I/chatty ( 1315): uid=1000(system) Binder:1315_19 expire 6 lines
03-05 00:56:37.173 I/chatty ( 1315): uid=1000(system) Binder:1315_16 expire 1 line
03-05 00:56:40.214 I/chatty ( 1315): uid=1000(system) Binder:1315_1 expire 1 line
03-05 00:57:00.140 I/chatty ( 1315): uid=1000(system) ConnectivitySer expire 4 lines
03-05 00:57:12.090 W/ViewRootImpl[MainTabActivity](24045): Cancelling event due to no window focus: KeyEvent { action=ACTION_UP, keyCode=KEYCODE_BACK, scanCode=158, metaState=0, flags=0x28, repeatCount=0, eventTime=1045370567, downTime=1045370567, deviceId=3, source=0x101 }
03-05 00:57:12.090 W/ViewRootImpl[MainTabActivity](24045): Cancelling event due to no window focus: KeyEvent { action=ACTION_UP, keyCode=KEYCODE_BACK, scanCode=158, metaState=0, flags=0x28, repeatCount=0, eventTime=1045370567, downTime=1045370567, deviceId=3, source=0x101 }
03-05 00:57:12.090 W/ViewRootImpl[MainTabActivity](24045): Cancelling event due to no window focus: KeyEvent { action=ACTION_UP, keyCode=KEYCODE_BACK, scanCode=158, metaState=0, flags=0x28, repeatCount=0, eventTime=1045370567, downTime=1045370567, deviceId=3, source=0x101 }
03-05 00:57:12.091 W/ViewRootImpl[MainTabActivity](24045): Cancelling event due to no window focus: KeyEvent { action=ACTION_UP, keyCode=KEYCODE_BACK, scanCode=158, metaState=0, flags=0x28, repeatCount=0, eventTime=1045370567, downTime=1045370567, deviceId=3, source=0x101 }
03-05 00:57:12.091 W/ViewRootImpl[MainTabActivity](24045): Cancelling event due to no window focus: KeyEvent { action=ACTION_UP, keyCode=KEYCODE_BACK, scanCode=158, metaState=0, flags=0x28, repeatCount=0, eventTime=1045370567, downTime=1045370567, deviceId=3, source=0x101 }
03-05 00:57:12.091 W/ViewRootImpl[MainTabActivity](24045): Cancelling event due to no window focus: KeyEvent { action=ACTION_UP, keyCode=KEYCODE_BACK, scanCode=158, metaState=0, flags=0x28, repeatCount=0, eventTime=1045370567, downTime=1045370567, deviceId=3, source=0x101 }
03-05 00:57:12.093 W/ViewRootImpl[MainTabActivity](24045): Cancelling event due to no window focus: KeyEvent { action=ACTION_UP, keyCode=KEYCODE_BACK, scanCode=158, metaState=0, flags=0x28, repeatCount=0, eventTime=1045370567, downTime=1045370567, deviceId=3, source=0x101 }
03-05 00:57:12.093 W/ViewRootImpl[MainTabActivity](24045): Cancelling event due to no window focus: KeyEvent { action=ACTION_UP, keyCode=KEYCODE_BACK, scanCode=158, metaState=0, flags=0x28, repeatCount=0, eventTime=1045370567, downTime=1045370567, deviceId=3, source=0x101 }
03-05 00:57:12.093 W/ViewRootImpl[MainTabActivity](24045): Cancelling event due to no window focus: KeyEvent { action=ACTION_UP, keyCode=KEYCODE_BACK, scanCode=158, metaState=0, flags=0x28, repeatCount=0, eventTime=1045370567, downTime=1045370567, deviceId=3, source=0x101 }
03-05 00:57:12.161 I/chatty ( 1315): uid=1000(system) android.display expire 3 lines
03-05 00:57:12.806 I/chatty ( 1315): uid=1000(system) InputReader expire 4 lines
03-05 00:57:12.874 I/chatty ( 1315): uid=1000(system) android.bg expire 2 lines
03-05 00:57:12.908 I/chatty ( 1315): uid=1000(system) InputDispatcher expire 3 lines
03-05 00:57:15.637 I/chatty ( 1315): uid=1000(system) Binder:1315_15 expire 8 lines
03-05 00:57:16.486 I/chatty ( 1315): uid=1000(system) android.display expire 82 lines
03-05 00:57:24.751 I/chatty ( 1315): uid=1000(system) ActivityManager expire 3 lines
03-05 00:57:24.774 I/chatty ( 1315): uid=1000(system) Binder:1315_19 expire 1 line
03-05 00:57:32.886 I/chatty ( 1315): uid=1000(system) android.bg expire 18 lines
03-05 00:57:36.851 I/chatty ( 1315): uid=1000(system) Binder:1315_A expire 11 lines
03-05 00:57:37.744 I/chatty ( 1315): uid=1000(system) android.io expire 4 lines
03-05 00:57:39.553 I/chatty ( 1315): uid=1000(system) Binder:1315_20 expire 11 lines
03-05 00:57:39.569 I/chatty ( 1315): uid=1000(system) Binder:1315_14 expire 6 lines
03-05 00:57:39.625 I/chatty ( 1315): uid=1000(system) Binder:1315_8 expire 2 lines
03-05 00:57:50.334 I/chatty ( 1315): uid=1000(system) Binder:1315_C expire 3 lines
03-05 00:57:52.509 I/chatty ( 1315): uid=1000(system) Binder:1315_5 expire 5 lines
03-05 00:57:52.525 I/chatty ( 1315): uid=1000(system) Binder:1315_1D expire 1 line
03-05 00:57:52.562 I/chatty ( 1315): uid=1000(system) Binder:1315_1B expire 2 lines
03-05 00:58:28.073 I/chatty ( 1315): uid=1000(system) InputReader expire 6 lines
03-05 00:58:29.056 I/chatty ( 1315): uid=1000(system) Binder:1315_7 expire 4 lines
03-05 00:58:29.137 W/ViewRootImpl[LauncherUI](17393): Cancelling event due to no window focus: KeyEvent { action=ACTION_UP, keyCode=KEYCODE_BACK, scanCode=158, metaState=0, flags=0x28, repeatCount=0, eventTime=1045447917, downTime=1045447896, deviceId=3, source=0x101 }
03-05 00:58:29.137 W/ViewRootImpl[LauncherUI](17393): Cancelling event due to no window focus: KeyEvent { action=ACTION_UP, keyCode=KEYCODE_BACK, scanCode=158, metaState=0, flags=0x28, repeatCount=0, eventTime=1045447917, downTime=1045447896, deviceId=3, source=0x101 }
03-05 00:58:29.137 W/ViewRootImpl[LauncherUI](17393): Cancelling event due to no window focus: KeyEvent { action=ACTION_UP, keyCode=KEYCODE_BACK, scanCode=158, metaState=0, flags=0x28, repeatCount=0, eventTime=1045447917, downTime=1045447896, deviceId=3, source=0x101 }
03-05 00:58:29.161 W/ViewRootImpl[LauncherUI](17393): Cancelling event due to no window focus: KeyEvent { action=ACTION_UP, keyCode=KEYCODE_BACK, scanCode=158, metaState=0, flags=0x28, repeatCount=0, eventTime=1045447917, downTime=1045447896, deviceId=3, source=0x101 }
03-05 00:58:29.161 W/ViewRootImpl[LauncherUI](17393): Cancelling event due to no window focus: KeyEvent { action=ACTION_UP, keyCode=KEYCODE_BACK, scanCode=158, metaState=0, flags=0x28, repeatCount=0, eventTime=1045447917, downTime=1045447896, deviceId=3, source=0x101 }
03-05 00:58:29.161 W/ViewRootImpl[LauncherUI](17393): Cancelling event due to no window focus: KeyEvent { action=ACTION_UP, keyCode=KEYCODE_BACK, scanCode=158, metaState=0, flags=0x28, repeatCount=0, eventTime=1045447917, downTime=1045447896, deviceId=3, source=0x101 }
03-05 00:58:29.162 W/ViewRootImpl[LauncherUI](17393): Cancelling event due to no window focus: KeyEvent { action=ACTION_UP, keyCode=KEYCODE_BACK, scanCode=158, metaState=0, flags=0x28, repeatCount=0, eventTime=1045447917, downTime=1045447896, deviceId=3, source=0x101 }
03-05 00:58:29.162 W/ViewRootImpl[LauncherUI](17393): Cancelling event due to no window focus: KeyEvent { action=ACTION_UP, keyCode=KEYCODE_BACK, scanCode=158, metaState=0, flags=0x28, repeatCount=0, eventTime=1045447917, downTime=1045447896, deviceId=3, source=0x101 }
03-05 00:58:29.162 W/ViewRootImpl[LauncherUI](17393): Cancelling event due to no window focus: KeyEvent { action=ACTION_UP, keyCode=KEYCODE_BACK, scanCode=158, metaState=0, flags=0x28, repeatCount=0, eventTime=1045447917, downTime=1045447896, deviceId=3, source=0x101 }
03-05 00:58:29.185 W/ViewRootImpl[smt_launcher]( 2651): Cancelling event due to no window focus: KeyEvent { action=ACTION_UP, keyCode=KEYCODE_BACK, scanCode=158, metaState=0, flags=0x28, repeatCount=0, eventTime=1045447896, downTime=1045447896, deviceId=3, source=0x101 }
03-05 00:58:29.185 W/ViewRootImpl[smt_launcher]( 2651): Cancelling event due to no window focus: KeyEvent { action=ACTION_UP, keyCode=KEYCODE_BACK, scanCode=158, metaState=0, flags=0x28, repeatCount=0, eventTime=1045447896, downTime=1045447896, deviceId=3, source=0x101 }
03-05 00:58:29.185 W/ViewRootImpl[smt_launcher]( 2651): Cancelling event due to no window focus: KeyEvent { action=ACTION_UP, keyCode=KEYCODE_BACK, scanCode=158, metaState=0, flags=0x28, repeatCount=0, eventTime=1045447896, downTime=1045447896, deviceId=3, source=0x101 }
03-05 00:58:29.185 W/ViewRootImpl[smt_launcher]( 2651): Cancelling event due to no window focus: KeyEvent { action=ACTION_UP, keyCode=KEYCODE_BACK, scanCode=158, metaState=0, flags=0x28, repeatCount=0, eventTime=1045447896, downTime=1045447896, deviceId=3, source=0x101 }
03-05 00:58:29.186 W/ViewRootImpl[smt_launcher]( 2651): Cancelling event due to no window focus: KeyEvent { action=ACTION_UP, keyCode=KEYCODE_BACK, scanCode=158, metaState=0, flags=0x28, repeatCount=0, eventTime=1045447896, downTime=1045447896, deviceId=3, source=0x101 }
03-05 00:58:29.186 W/ViewRootImpl[smt_launcher]( 2651): Cancelling event due to no window focus: KeyEvent { action=ACTION_UP, keyCode=KEYCODE_BACK, scanCode=158, metaState=0, flags=0x28, repeatCount=0, eventTime=1045447896, downTime=1045447896, deviceId=3, source=0x101 }
03-05 00:58:29.988 I/chatty ( 1315): uid=1000(system) Binder:1315_4 expire 9 lines
03-05 00:58:30.073 I/chatty ( 1315): uid=1000(system) Binder:1315_9 expire 4 lines
03-05 00:58:30.085 I/chatty ( 1315): uid=1000(system) Binder:1315_13 expire 18 lines
03-05 00:58:30.152 I/chatty ( 1315): uid=1000(system) Binder:1315_B expire 2 lines
03-05 00:58:31.673 I/chatty ( 1315): uid=1000(system) Binder:1315_D expire 4 lines
03-05 00:58:31.804 I/chatty ( 1315): uid=1000(system) Binder:1315_1A expire 9 lines
03-05 00:58:31.826 I/chatty ( 1315): uid=1000(system) Binder:1315_18 expire 4 lines
03-05 00:58:32.897 I/chatty ( 1315): uid=1000(system) Binder:1315_16 expire 8 lines
03-05 00:58:32.914 I/chatty ( 1315): uid=1000(system) Binder:1315_1F expire 3 lines
03-05 00:58:34.923 I/chatty ( 1315): uid=1000(system) Binder:1315_6 expire 4 lines
03-05 00:58:35.023 I/chatty ( 1315): uid=1000(system) Binder:1315_12 expire 6 lines
03-05 00:58:35.164 I/chatty ( 1315): uid=1000(system) Binder:1315_10 expire 3 lines
03-05 00:58:35.529 I/chatty ( 1315): uid=1000(system) Binder:1315_E expire 1 line
03-05 00:58:37.719 I/chatty ( 1315): uid=1000(system) Binder:1315_11 expire 9 lines
03-05 00:58:42.874 I/chatty ( 1315): uid=1000 system_server expire 1 line
03-05 00:58:46.867 I/chatty ( 1315): uid=1000(system) Binder:1315_F expire 1 line
03-05 00:58:56.669 I/chatty ( 1315): uid=1000(system) InputDispatcher expire 2 lines
03-05 00:58:56.900 I/chatty ( 1315): uid=1000(system) android.ui expire 2 lines
03-05 00:59:05.068 I/chatty ( 1315): uid=1000(system) Binder:1315_3 expire 3 lines
03-05 00:59:05.324 I/chatty ( 1315): uid=1000(system) Binder:1315_17 expire 2 lines
03-05 00:59:15.628 I/chatty ( 1315): uid=1000(system) android.bg expire 10 lines
03-05 00:59:15.848 I/chatty ( 1315): uid=1000(system) Binder:1315_18 expire 6 lines
03-05 00:59:15.861 I/chatty ( 1315): uid=1000(system) Binder:1315_7 expire 1 line
03-05 00:59:17.156 I/chatty ( 1315): uid=1000(system) Binder:1315_D expire 6 lines
03-05 00:59:17.179 I/chatty ( 1315): uid=1000(system) ConnectivitySer expire 10 lines
03-05 00:59:17.351 I/chatty ( 1315): uid=1000(system) ActivityManager expire 11 lines
03-05 00:59:17.380 I/chatty ( 1315): uid=1000(system) Binder:1315_1 expire 2 lines
03-05 00:59:17.730 I/chatty ( 1315): uid=1000 system_server expire 2 lines
03-05 00:59:18.525 I/chatty ( 1315): uid=1000(system) Binder:1315_2 expire 5 lines
03-05 00:59:18.541 I/chatty ( 1315): uid=1000(system) Binder:1315_E expire 8 lines
03-05 00:59:18.752 I/chatty ( 1315): uid=1000(system) Binder:1315_B expire 7 lines
03-05 00:59:19.171 I/chatty ( 1315): uid=1000(system) Binder:1315_1F expire 6 lines
03-05 00:59:23.646 I/chatty ( 1315): uid=1000(system) Binder:1315_1A expire 2 lines
03-05 00:59:24.749 I/chatty ( 1315): uid=1000(system) Binder:1315_10 expire 7 lines
03-05 00:59:24.769 I/chatty ( 1315): uid=1000(system) Binder:1315_1C expire 5 lines
03-05 00:59:25.082 I/chatty ( 1315): uid=1000(system) Binder:1315_14 expire 7 lines
03-05 00:59:25.139 I/chatty ( 1315): uid=1000(system) Binder:1315_16 expire 7 lines
03-05 00:59:25.417 I/chatty ( 1315): uid=1000(system) Binder:1315_F expire 7 lines
03-05 00:59:25.479 I/chatty ( 1315): uid=1000(system) Binder:1315_5 expire 3 lines
03-05 00:59:30.352 I/chatty ( 1315): uid=1000(system) InputReader expire 18 lines
03-05 00:59:30.389 I/chatty ( 1315): uid=1000(system) Binder:1315_1D expire 8 lines
03-05 00:59:30.466 W/ViewRootImpl[MainActivity](26720): Cancelling event due to no window focus: KeyEvent { action=ACTION_UP, keyCode=KEYCODE_BACK, scanCode=158, metaState=0, flags=0x28, repeatCount=0, eventTime=1045509249, downTime=1045509207, deviceId=3, source=0x101 }
03-05 00:59:30.466 W/ViewRootImpl[MainActivity](26720): Cancelling event due to no window focus: KeyEvent { action=ACTION_UP, keyCode=KEYCODE_BACK, scanCode=158, metaState=0, flags=0x28, repeatCount=0, eventTime=1045509249, downTime=1045509207, deviceId=3, source=0x101 }
03-05 00:59:30.466 W/ViewRootImpl[MainActivity](26720): Cancelling event due to no window focus: KeyEvent { action=ACTION_UP, keyCode=KEYCODE_BACK, scanCode=158, metaState=0, flags=0x28, repeatCount=0, eventTime=1045509249, downTime=1045509207, deviceId=3, source=0x101 }
03-05 00:59:30.471 W/ViewRootImpl[MainActivity](26720): Cancelling event due to no window focus: KeyEvent { action=ACTION_UP, keyCode=KEYCODE_BACK, scanCode=158, metaState=0, flags=0x28, repeatCount=0, eventTime=1045509249, downTime=1045509207, deviceId=3, source=0x101 }
03-05 00:59:30.471 W/ViewRootImpl[MainActivity](26720): Cancelling event due to no window focus: KeyEvent { action=ACTION_UP, keyCode=KEYCODE_BACK, scanCode=158, metaState=0, flags=0x28, repeatCount=0, eventTime=1045509249, downTime=1045509207, deviceId=3, source=0x101 }
03-05 00:59:30.471 W/ViewRootImpl[MainActivity](26720): Cancelling event due to no window focus: KeyEvent { action=ACTION_UP, keyCode=KEYCODE_BACK, scanCode=158, metaState=0, flags=0x28, repeatCount=0, eventTime=1045509249, downTime=1045509207, deviceId=3, source=0x101 }
03-05 00:59:30.473 W/ViewRootImpl[MainActivity](26720): Cancelling event due to no window focus: KeyEvent { action=ACTION_UP, keyCode=KEYCODE_BACK, scanCode=158, metaState=0, flags=0x28, repeatCount=0, eventTime=1045509249, downTime=1045509207, deviceId=3, source=0x101 }
03-05 00:59:30.473 W/ViewRootImpl[MainActivity](26720): Cancelling event due to no window focus: KeyEvent { action=ACTION_UP, keyCode=KEYCODE_BACK, scanCode=158, metaState=0, flags=0x28, repeatCount=0, eventTime=1045509249, downTime=1045509207, deviceId=3, source=0x101 }
03-05 00:59:30.473 W/ViewRootImpl[MainActivity](26720): Cancelling event due to no window focus: KeyEvent { action=ACTION_UP, keyCode=KEYCODE_BACK, scanCode=158, metaState=0, flags=0x28, repeatCount=0, eventTime=1045509249, downTime=1045509207, deviceId=3, source=0x101 }
03-05 00:59:30.565 W/ViewRootImpl[smt_launcher]( 2651): Cancelling event due to no window focus: KeyEvent { action=ACTION_UP, keyCode=KEYCODE_BACK, scanCode=158, metaState=0, flags=0x28, repeatCount=0, eventTime=1045509207, downTime=1045509207, deviceId=3, source=0x101 }
03-05 00:59:30.565 W/ViewRootImpl[smt_launcher]( 2651): Cancelling event due to no window focus: KeyEvent { action=ACTION_UP, keyCode=KEYCODE_BACK, scanCode=158, metaState=0, flags=0x28, repeatCount=0, eventTime=1045509207, downTime=1045509207, deviceId=3, source=0x101 }
03-05 00:59:30.565 W/ViewRootImpl[smt_launcher]( 2651): Cancelling event due to no window focus: KeyEvent { action=ACTION_UP, keyCode=KEYCODE_BACK, scanCode=158, metaState=0, flags=0x28, repeatCount=0, eventTime=1045509207, downTime=1045509207, deviceId=3, source=0x101 }
03-05 00:59:30.565 W/ViewRootImpl[smt_launcher]( 2651): Cancelling event due to no window focus: KeyEvent { action=ACTION_UP, keyCode=KEYCODE_BACK, scanCode=158, metaState=0, flags=0x28, repeatCount=0, eventTime=1045509207, downTime=1045509207, deviceId=3, source=0x101 }
03-05 00:59:30.565 W/ViewRootImpl[smt_launcher]( 2651): Cancelling event due to no window focus: KeyEvent { action=ACTION_UP, keyCode=KEYCODE_BACK, scanCode=158, metaState=0, flags=0x28, repeatCount=0, eventTime=1045509207, downTime=1045509207, deviceId=3, source=0x101 }
03-05 00:59:30.565 W/ViewRootImpl[smt_launcher]( 2651): Cancelling event due to no window focus: KeyEvent { action=ACTION_UP, keyCode=KEYCODE_BACK, scanCode=158, metaState=0, flags=0x28, repeatCount=0, eventTime=1045509207, downTime=1045509207, deviceId=3, source=0x101 }
03-05 00:59:30.596 I/chatty ( 1315): uid=1000(system) android.display expire 37 lines
03-05 00:59:31.681 I/chatty ( 1315): uid=1000(system) Binder:1315_1E expire 5 lines
03-05 00:59:32.693 I/chatty ( 1315): uid=1000(system) Binder:1315_6 expire 3 lines
03-05 00:59:32.724 I/chatty ( 1315): uid=1000(system) Binder:1315_4 expire 7 lines
03-05 00:59:32.851 I/chatty ( 1315): uid=1000(system) Binder:1315_1B expire 5 lines
03-05 00:59:32.957 I/chatty ( 1315): uid=1000(system) Binder:1315_13 expire 10 lines
03-05 00:59:33.063 I/chatty ( 1315): uid=1000(system) Binder:1315_9 expire 8 lines
03-05 00:59:33.263 I/chatty ( 1315): uid=1000(system) Binder:1315_15 expire 4 lines
03-05 00:59:41.586 I/chatty ( 1315): uid=1000(system) NetworkStatsObs expire 1 line
03-05 00:59:41.629 I/chatty ( 1315): uid=1000(system) Binder:1315_C expire 5 lines
03-05 00:59:42.434 I/chatty ( 1315): uid=1000(system) ConnectivitySer expire 2 lines
03-05 00:59:54.856 I/chatty ( 1315): uid=1000(system) Binder:1315_A expire 4 lines
03-05 01:00:02.778 I/chatty ( 1315): uid=1000(system) Binder:1315_8 expire 1 line
03-05 01:00:02.804 I/chatty ( 1315): uid=1000(system) Binder:1315_3 expire 2 lines
03-05 01:00:10.021 I/chatty ( 1315): uid=1000(system) InputDispatcher expire 1 line
03-05 01:00:12.735 I/chatty ( 1315): uid=1000(system) batterystats-sy expire 1 line
03-05 01:00:13.397 E/ActivityThread(27817): Failed to find provider info for com.google.android.instantapps.supervisor.SupervisorArchiveProvider
03-05 01:00:13.400 E/ActivityThread(27817): Failed to find provider info for com.google.android.instantapps.supervisor.SupervisorArchiveProvider
03-05 01:00:13.473 E/ActivityThread(27817): Failed to find provider info for com.google.android.instantapps.supervisor.SupervisorArchiveProvider
03-05 01:00:16.851 I/chatty ( 1315): uid=1000(system) ActivityManager expire 10 lines
03-05 01:00:17.150 W/ContextImpl(16558): Calling a method in the system process without a qualified user: android.app.ContextImpl.startService:1371 android.content.ContextWrapper.startService:616 android.content.ContextWrapper.startService:616 com.android.settings.fuelgauge.BatteryChangeReceiver.tL:-1 com.android.settings.fuelgauge.BatteryChangeReceiver.tO:-1
03-05 01:00:25.024 I/chatty ( 1315): uid=1000(system) android.bg expire 7 lines
03-05 01:01:21.023 I/chatty ( 1315): uid=1000(system) android.display expire 1 line
03-05 01:01:25.337 I/chatty ( 1315): uid=1000(system) Binder:1315_13 expire 5 lines
03-05 01:01:25.352 I/chatty ( 1315): uid=1000(system) Binder:1315_1B expire 11 lines
03-05 01:01:28.499 I/chatty ( 1315): uid=1000(system) Binder:1315_5 expire 2 lines
03-05 01:01:28.524 I/chatty ( 1315): uid=1000(system) Binder:1315_A expire 15 lines
03-05 01:01:28.525 I/chatty ( 1315): uid=1000(system) android.display expire 96 lines
03-05 01:01:28.551 I/chatty ( 1315): uid=1000(system) Binder:1315_F expire 6 lines
03-05 01:01:28.563 I/chatty ( 1315): uid=1000(system) Binder:1315_E expire 1 line
03-05 01:01:28.575 I/chatty ( 1315): uid=1000(system) Binder:1315_3 expire 3 lines
03-05 01:01:28.579 I/chatty ( 1315): uid=1000(system) Binder:1315_9 expire 2 lines
03-05 01:01:28.624 I/chatty ( 1315): uid=1000(system) Binder:1315_20 expire 2 lines
03-05 01:01:28.633 I/chatty ( 1315): uid=1000(system) Binder:1315_D expire 4 lines
03-05 01:01:29.233 I/chatty ( 1315): uid=1000(system) Binder:1315_10 expire 8 lines
03-05 01:01:29.258 I/chatty ( 1315): uid=1000(system) Binder:1315_11 expire 17 lines
03-05 01:01:29.985 W/SocketClient( 586): write error (Broken pipe)
03-05 01:01:30.182 I/chatty ( 1315): uid=1000(system) android.bg expire 12 lines
03-05 01:01:30.327 I/chatty ( 1315): uid=1000(system) Binder:1315_1E expire 18 lines
03-05 01:01:30.408 I/chatty ( 1315): uid=1000(system) Binder:1315_2 expire 4 lines
03-05 01:01:30.449 I/chatty ( 1315): uid=1000(system) Binder:1315_8 expire 12 lines
03-05 01:01:30.569 I/chatty ( 1315): uid=1000(system) Binder:1315_C expire 2 lines
03-05 01:01:30.573 I/chatty ( 1315): uid=1000(system) Binder:1315_14 expire 6 lines
03-05 01:01:30.601 I/chatty ( 1315): uid=1000(system) Binder:1315_4 expire 1 line
03-05 01:01:31.597 I/chatty ( 1315): uid=1000(system) Binder:1315_1C expire 6 lines
03-05 01:01:31.626 I/chatty ( 1315): uid=1000(system) Binder:1315_17 expire 6 lines
03-05 01:01:31.742 W/SocketClient( 586): write error (Broken pipe)
03-05 01:01:34.550 I/chatty ( 1315): uid=1000(system) Binder:1315_B expire 4 lines
03-05 01:01:35.009 I/chatty ( 1315): uid=1000(system) Binder:1315_6 expire 1 line
03-05 01:01:41.006 I/chatty ( 1315): uid=1000(system) Binder:1315_15 expire 1 line
03-05 01:01:41.007 I/chatty ( 1315): uid=1000(system) ConnectivitySer expire 1 line
03-05 01:01:41.816 I/chatty ( 1315): uid=1000(system) Binder:1315_1A expire 1 line
03-05 01:01:56.076 I/chatty ( 1315): uid=1000(system) ActivityManager expire 1 line
03-05 01:02:08.736 I/chatty ( 1315): uid=1000(system) InputReader expire 4 lines
03-05 01:02:08.889 I/chatty ( 1315): uid=1000(system) InputDispatcher expire 2 lines
03-05 01:02:09.109 I/chatty ( 1315): uid=1000(system) android.ui expire 2 lines
03-05 01:02:17.871 I/chatty ( 1315): uid=1000(system) Binder:1315_12 expire 6 lines
03-05 01:02:17.902 I/chatty ( 1315): uid=1000(system) Binder:1315_10 expire 8 lines
03-05 01:02:17.904 I/chatty ( 1315): uid=1000(system) android.display expire 32 lines
03-05 01:02:17.942 I/chatty ( 1315): uid=1000(system) Binder:1315_4 expire 4 lines
03-05 01:02:17.951 I/chatty ( 1315): uid=1000(system) Binder:1315_1F expire 4 lines
03-05 01:02:18.728 I/chatty ( 1315): uid=1000(system) Binder:1315_F expire 10 lines
03-05 01:02:23.372 I/chatty ( 1315): uid=1000(system) AlarmManager expire 3 lines
03-05 01:02:25.158 I/chatty ( 1315): uid=1000(system) android.bg expire 34 lines
03-05 01:02:30.146 I/chatty ( 1315): uid=1000(system) Binder:1315_1E expire 11 lines
03-05 01:02:30.241 I/chatty ( 1315): uid=1000(system) Binder:1315_9 expire 5 lines
03-05 01:02:32.074 I/chatty ( 1315): uid=1000(system) InputReader expire 17 lines
03-05 01:02:32.112 I/chatty ( 1315): uid=1000(system) Binder:1315_16 expire 6 lines
03-05 01:02:33.192 I/chatty ( 1315): uid=1000(system) Binder:1315_18 expire 13 lines
03-05 01:02:33.192 I/chatty ( 1315): uid=1000(system) Binder:1315_D expire 8 lines
03-05 01:02:33.193 I/chatty ( 1315): uid=1000(system) ConnectivitySer expire 5 lines
03-05 01:02:33.483 I/chatty ( 1315): uid=1000(system) Binder:1315_13 expire 6 lines
03-05 01:02:34.217 I/chatty ( 1315): uid=1000(system) Binder:1315_1B expire 1 line
03-05 01:02:34.417 I/chatty ( 1315): uid=1000(system) batterystats-sy expire 2 lines
03-05 01:02:34.628 I/chatty ( 1315): uid=1000(system) Binder:1315_5 expire 4 lines
03-05 01:02:34.773 W/ContextImpl(16558): Calling a method in the system process without a qualified user: android.app.ContextImpl.startService:1371 android.content.ContextWrapper.startService:616 android.content.ContextWrapper.startService:616 com.android.settings.fuelgauge.BatteryChangeReceiver.tL:-1 com.android.settings.fuelgauge.BatteryChangeReceiver.tO:-1
03-05 01:03:46.825 I/chatty ( 1315): uid=1000(system) Binder:1315_14 expire 7 lines
03-05 01:03:46.988 I/chatty ( 1315): uid=1000(system) android.display expire 6 lines
03-05 01:03:49.705 I/chatty ( 1315): uid=1000(system) Binder:1315_B expire 9 lines
03-05 01:03:50.142 I/chatty ( 1315): uid=1000(system) Binder:1315_1C expire 3 lines
03-05 01:03:53.505 I/chatty ( 1315): uid=1000(system) Binder:1315_20 expire 1 line
03-05 01:03:54.045 I/chatty ( 1315): uid=1000(system) Binder:1315_A expire 2 lines
03-05 01:03:57.794 I/chatty ( 1315): uid=1000(system) Binder:1315_1A expire 5 lines
03-05 01:04:08.343 I/chatty ( 1315): uid=1000(system) Binder:1315_7 expire 5 lines
03-05 01:04:08.475 I/chatty ( 1315): uid=1000(system) Binder:1315_8 expire 6 lines
03-05 01:04:09.134 I/chatty ( 1315): uid=1000(system) Binder:1315_3 expire 6 lines
03-05 01:04:09.491 I/chatty ( 1315): uid=1000(system) Binder:1315_17 expire 3 lines
03-05 01:04:10.196 I/chatty ( 1315): uid=1000(system) ActivityManager expire 2 lines
03-05 01:04:10.224 I/chatty ( 1315): uid=1000(system) Binder:1315_15 expire 3 lines
03-05 01:04:35.136 I/chatty ( 1315): uid=1000(system) PowerManagerSer expire 4 lines
03-05 01:04:35.242 I/chatty ( 1315): uid=1000 system_server expire 12 lines
03-05 01:04:38.271 I/chatty ( 1315): uid=1000(system) Binder:1315_19 expire 1 line
03-05 01:04:38.738 I/chatty ( 1315): uid=1000(system) PackageManager expire 1 line
03-05 01:06:54.175 I/chatty ( 1315): uid=1000(system) Binder:1315_E expire 3 lines
03-05 01:06:54.229 I/chatty ( 1315): uid=1000(system) Binder:1315_1A expire 4 lines
03-05 01:06:54.243 I/chatty ( 1315): uid=1000(system) android.bg expire 11 lines
03-05 01:06:54.365 I/chatty ( 1315): uid=1000(system) Binder:1315_A expire 16 lines
03-05 01:06:54.395 I/chatty ( 1315): uid=1000 system_server expire 4 lines
03-05 01:06:54.404 I/chatty ( 1315): uid=1000(system) Binder:1315_12 expire 8 lines
03-05 01:06:54.552 I/chatty ( 1315): uid=1000(system) Binder:1315_7 expire 8 lines
03-05 01:06:54.628 I/chatty ( 1315): uid=1000(system) Binder:1315_17 expire 6 lines
03-05 01:06:54.633 I/chatty ( 1315): uid=1000(system) Binder:1315_10 expire 2 lines
03-05 01:06:54.644 I/chatty ( 1315): uid=1000(system) android.display expire 41 lines
03-05 01:06:54.803 D/ActivityThread(30562): Loading provider com.android.email.provider;com.android.email.notifier: com.android.email.provider.EmailProvider
03-05 01:06:54.807 D/ActivityThread(30562): Loading provider com.android.email.provider;com.android.email.notifier: com.android.email.provider.EmailProvider
03-05 01:06:54.809 D/ActivityThread(30562): Loading provider com.android.email.provider;com.android.email.notifier: com.android.email.provider.EmailProvider
03-05 01:06:54.812 D/ActivityThread(30562): Loading provider com.android.email.provider;com.android.email.notifier: com.android.email.provider.EmailProvider
03-05 01:06:57.030 W/ContextImpl( 1697): Calling a method in the system process without a qualified user: android.app.ContextImpl.bindService:1435 android.content.ContextWrapper.bindService:639 smartisanos.app.tracker.TrackerServiceConnection.connect:34 smartisanos.app.tracker.Agent.connectService:65 smartisanos.app.tracker.Agent.flush:388
03-05 01:06:57.140 I/chatty ( 1315): uid=1000(system) Binder:1315_D expire 3 lines
03-05 01:07:00.150 I/chatty ( 1315): uid=1000(system) Binder:1315_1B expire 5 lines
03-05 01:07:00.390 I/chatty ( 1315): uid=1000(system) InputReader expire 6 lines
03-05 01:07:00.543 I/chatty ( 1315): uid=1000(system) InputDispatcher expire 2 lines
03-05 01:07:00.759 I/chatty ( 1315): uid=1000(system) android.ui expire 2 lines
03-05 01:07:05.118 I/chatty ( 1315): uid=1000(system) Binder:1315_1C expire 9 lines
03-05 01:07:05.172 I/chatty ( 1315): uid=1000(system) Binder:1315_8 expire 4 lines
03-05 01:07:05.249 I/chatty ( 1315): uid=1000(system) Binder:1315_13 expire 11 lines
03-05 01:07:05.429 I/chatty ( 1315): uid=1000(system) Binder:1315_5 expire 5 lines
03-05 01:07:11.256 I/chatty ( 1315): uid=1000(system) Binder:1315_B expire 2 lines
03-05 01:07:11.679 I/chatty ( 1315): uid=1000(system) Binder:1315_19 expire 5 lines
03-05 01:07:11.714 I/chatty ( 1315): uid=1000(system) Binder:1315_6 expire 16 lines
03-05 01:07:11.778 I/chatty ( 1315): uid=1000(system) Binder:1315_15 expire 7 lines
03-05 01:07:11.794 I/chatty ( 1315): uid=1000(system) Binder:1315_18 expire 3 lines
03-05 01:07:12.116 I/chatty ( 1315): uid=1000(system) Binder:1315_C expire 5 lines
03-05 01:07:12.397 I/chatty ( 1315): uid=1000(system) Binder:1315_3 expire 2 lines
03-05 01:07:12.417 I/chatty ( 1315): uid=1000(system) Binder:1315_20 expire 13 lines
03-05 01:07:12.454 I/chatty ( 1315): uid=1000(system) Binder:1315_11 expire 4 lines
03-05 01:07:12.696 I/chatty ( 1315): uid=1000(system) ActivityManager expire 3 lines
03-05 01:07:12.929 I/chatty ( 1315): uid=1000(system) Binder:1315_4 expire 5 lines
03-05 01:07:12.968 I/chatty ( 1315): uid=1000(system) Binder:1315_16 expire 1 line
03-05 01:07:13.211 I/chatty ( 1315): uid=1000(system) Binder:1315_14 expire 9 lines
03-05 01:07:13.579 I/chatty ( 1315): uid=1000(system) Binder:1315_1E expire 3 lines
03-05 01:07:14.015 I/chatty ( 1315): uid=1000(system) Binder:1315_1D expire 3 lines
03-05 01:07:14.273 I/chatty ( 1315): uid=1000(system) Binder:1315_1 expire 4 lines
03-05 01:07:14.588 I/chatty ( 1315): uid=1000(system) Binder:1315_9 expire 3 lines
03-05 01:07:14.843 I/chatty ( 1315): uid=1000(system) Binder:1315_F expire 3 lines
03-05 01:07:14.980 E/ActivityThread(31171): Failed to find provider info for com.tencent.mm.coolassist.debugprovider
03-05 01:07:15.157 I/chatty ( 1315): uid=1000(system) NetworkStatsObs expire 1 line
03-05 01:07:19.762 I/chatty ( 1315): uid=1000(system) android.bg expire 6 lines
03-05 01:07:24.825 I/chatty ( 1315): uid=1000(system) PackageManager expire 1 line
03-05 01:07:34.734 I/chatty ( 1315): uid=1000(system) android.display expire 76 lines
03-05 01:07:34.864 I/chatty ( 1315): uid=1000(system) Binder:1315_17 expire 5 lines
03-05 01:07:34.970 I/chatty ( 1315): uid=1000(system) Binder:1315_18 expire 6 lines
03-05 01:07:35.783 I/chatty ( 1315): uid=1000(system) Binder:1315_20 expire 5 lines
03-05 01:07:35.821 I/chatty ( 1315): uid=1000(system) Binder:1315_2 expire 14 lines
03-05 01:07:35.850 I/chatty ( 1315): uid=1000(system) Binder:1315_C expire 4 lines
03-05 01:07:35.854 I/chatty ( 1315): uid=1000(system) Binder:1315_7 expire 9 lines
03-05 01:07:35.983 I/chatty ( 1315): uid=1000(system) Binder:1315_10 expire 5 lines
03-05 01:07:36.053 I/chatty ( 1315): uid=1000(system) Binder:1315_1D expire 4 lines
03-05 01:07:39.335 I/chatty ( 1315): uid=1000(system) Binder:1315_1C expire 2 lines
03-05 01:07:41.085 I/chatty ( 1315): uid=1000(system) InputReader expire 6 lines
03-05 01:07:41.224 I/chatty ( 1315): uid=1000(system) InputDispatcher expire 7 lines
03-05 01:07:42.666 I/chatty ( 1315): uid=1000(system) Binder:1315_19 expire 1 line
03-05 01:07:42.690 I/chatty ( 1315): uid=1000(system) Binder:1315_9 expire 8 lines
03-05 01:07:42.712 I/chatty ( 1315): uid=1000 system_server expire 2 lines
03-05 01:07:42.713 I/chatty ( 1315): uid=1000 system_server expire 2 lines
03-05 01:07:42.751 I/chatty ( 1315): uid=1000(system) Binder:1315_15 expire 9 lines
03-05 01:07:42.753 I/chatty ( 1315): uid=1000(system) highpool[1] expire 2 lines
03-05 01:07:42.802 I/chatty ( 1315): uid=1000(system) lowpool[2] expire 1 line
03-05 01:07:42.835 I/ActivityThread(19419): Removing dead content provider:android.content.ContentProviderProxy@a2fb254
03-05 01:07:43.019 I/chatty ( 1315): uid=1000(system) Binder:1315_8 expire 4 lines
03-05 01:07:43.020 I/chatty ( 1315): uid=1000(system) ConnectivitySer expire 9 lines
03-05 01:07:43.184 I/chatty ( 1315): uid=1000(system) Binder:1315_F expire 2 lines
03-05 01:07:43.680 I/chatty ( 1315): uid=1000(system) Binder:1315_1E expire 4 lines
03-05 01:07:43.710 I/chatty ( 1315): uid=1000(system) Binder:1315_1 expire 1 line
03-05 01:07:43.736 I/chatty ( 1315): uid=1000(system) Binder:1315_13 expire 9 lines
03-05 01:07:43.743 I/chatty ( 1315): uid=1000(system) Binder:1315_5 expire 8 lines
03-05 01:07:43.849 E/FrameworkListener( 586): read() failed (Connection reset by peer)
