03-05 00:00:06.131 I/chatty ( 1315): uid=1000(system) Binder:1315_F expire 1 line
03-05 00:00:07.171 I/chatty ( 1315): uid=1000(system) Binder:1315_15 expire 1 line
03-05 00:00:07.729 I/chatty ( 1315): uid=1000(system) Binder:1315_20 expire 5 lines
03-05 00:00:07.967 I/chatty ( 1315): uid=1000(system) Binder:1315_14 expire 9 lines
03-05 00:00:09.070 I/chatty ( 1315): uid=1000(system) Binder:1315_16 expire 1 line
03-05 00:00:11.247 I/chatty ( 1315): uid=1000(system) PowerManagerSer expire 3 lines
03-05 00:00:11.445 I/chatty ( 1315): uid=1000 system_server expire 7 lines
03-05 00:00:11.713 I/chatty ( 1315): uid=1000(system) android.display expire 1 line
03-05 00:00:15.214 I/chatty ( 1315): uid=1000(system) PackageManager expire 1 line
03-05 00:00:15.557 D/ActivityThread( 6334): Loading provider com.android.email.provider;com.android.email.notifier: com.android.email.provider.EmailProvider
03-05 00:00:22.785 I/chatty ( 1315): uid=1000(system) Binder:1315_B expire 10 lines
03-05 00:00:54.502 I/chatty ( 1315): uid=1000(system) Thread-2 expire 2 lines
03-05 00:01:24.733 I/chatty ( 1315): uid=1000(system) batterystats-sy expire 2 lines
03-05 00:01:41.454 I/chatty ( 1315): uid=1000(system) Binder:1315_1E expire 6 lines
03-05 00:03:01.618 I/chatty ( 1315): uid=1000(system) Binder:1315_10 expire 4 lines
03-05 00:03:44.381 I/chatty ( 1315): uid=1000(system) Binder:1315_2 expire 1 line
03-05 00:03:44.522 E/ActivityThread( 6766): Failed to find provider info for com.tencent.mm.coolassist.debugprovider
03-05 00:03:44.774 E/ActivityThread( 6766): Failed to find provider info for com.google.android.gms.phenotype
03-05 00:03:45.478 I/chatty ( 1315): uid=1000(system) ActivityManager expire 1 line
03-05 00:03:56.311 I/chatty ( 1315): uid=1000(system) android.bg expire 4 lines
03-05 00:03:56.394 I/chatty ( 1315): uid=1000(system) Binder:1315_1 expire 14 lines
03-05 00:04:07.874 E/ActivityThread( 6766): Failed to find provider info for com.huawei.android.launcher.settings
03-05 00:04:09.251 E/ActivityThread( 7043): Failed to find provider info for com.tencent.mm.coolassist.debugprovider
03-05 00:04:09.756 I/chatty ( 1315): uid=1000(system) Binder:1315_D expire 10 lines
03-05 00:04:12.664 I/chatty ( 1315): uid=1000(system) android.bg expire 23 lines
03-05 00:04:12.750 I/chatty ( 1315): uid=1000(system) Binder:1315_20 expire 4 lines
03-05 00:04:12.825 I/chatty ( 1315): uid=1000(system) Binder:1315_1F expire 8 lines
03-05 00:04:13.061 I/chatty ( 1315): uid=1000(system) Binder:1315_E expire 8 lines
03-05 00:04:13.094 I/chatty ( 1315): uid=1000(system) Binder:1315_4 expire 6 lines
03-05 00:04:13.156 I/chatty ( 1315): uid=1000(system) ActivityManager expire 26 lines
03-05 00:04:13.247 I/chatty ( 1315): uid=1000(system) Binder:1315_18 expire 8 lines
03-05 00:04:13.461 E/ActivityThread( 7264): Failed to find provider info for com.tencent.mm.coolassist.debugprovider
03-05 00:04:13.578 I/chatty ( 1315): uid=1000(system) Binder:1315_7 expire 10 lines
03-05 00:04:14.270 I/chatty ( 1315): uid=1000(system) android.io expire 6 lines
03-05 00:04:14.607 I/chatty ( 1315): uid=1000(system) Binder:1315_1 expire 14 lines
03-05 00:04:16.454 I/chatty ( 1315): uid=1000(system) Binder:1315_1E expire 7 lines
03-05 00:04:16.481 I/chatty ( 1315): uid=1000(system) Binder:1315_1D expire 5 lines
03-05 00:04:16.791 I/chatty ( 1315): uid=1000(system) Binder:1315_8 expire 7 lines
03-05 00:04:17.069 I/chatty ( 1315): uid=1000(system) Binder:1315_5 expire 5 lines
03-05 00:04:17.085 I/chatty ( 1315): uid=1000(system) ConnectivitySer expire 4 lines
03-05 00:04:18.314 I/chatty ( 1315): uid=1000(system) Binder:1315_C expire 4 lines
03-05 00:04:18.658 I/chatty ( 1315): uid=1000(system) Binder:1315_15 expire 6 lines
03-05 00:04:19.054 I/chatty ( 1315): uid=1000(system) Binder:1315_12 expire 3 lines
03-05 00:04:19.068 I/chatty ( 1315): uid=1000(system) Binder:1315_1A expire 5 lines
03-05 00:04:19.236 I/chatty ( 1315): uid=1000(system) Binder:1315_17 expire 5 lines
03-05 00:04:19.267 I/chatty ( 1315): uid=1000(system) Binder:1315_11 expire 5 lines
03-05 00:04:27.968 I/chatty ( 1315): uid=1000(system) Binder:1315_6 expire 2 lines
03-05 00:04:28.196 I/chatty ( 1315): uid=1000(system) Binder:1315_A expire 4 lines
03-05 00:04:28.216 I/chatty ( 1315): uid=1000(system) Binder:1315_B expire 4 lines
03-05 00:04:39.110 I/chatty ( 1315): uid=1000(system) AlarmManager expire 3 lines
03-05 00:04:39.135 I/chatty ( 1315): uid=1000(system) Binder:1315_19 expire 4 lines
03-05 00:04:40.263 I/chatty ( 1315): uid=1000(system) Binder:1315_13 expire 4 lines
03-05 00:04:45.273 I/chatty ( 1315): uid=1000(system) Binder:1315_10 expire 1 line
03-05 00:04:49.946 I/chatty ( 1315): uid=1000(system) Binder:1315_9 expire 2 lines
03-05 00:04:51.029 I/chatty ( 1315): uid=1000(system) batterystats-sy expire 2 lines
03-05 00:04:58.609 I/chatty ( 1315): uid=1000(system) Binder:1315_1B expire 2 lines
03-05 00:04:59.942 I/chatty ( 1315): uid=1000(system) Binder:1315_1C expire 1 line
03-05 00:05:10.415 I/chatty ( 1315): uid=1000(system) onProviders.ECP expire 2 lines
03-05 00:06:31.818 I/chatty ( 1315): uid=1000 system_server expire 2 lines
03-05 00:07:28.506 W/PackageParser( 8203): Ignoring duplicate uses-permissions/uses-permissions-sdk-m: android.permission.SYSTEM_ALERT_WINDOW in package: cmb.pb at: Binary XML file line #82
03-05 00:07:28.506 W/PackageParser( 8203): Ignoring duplicate uses-permissions/uses-permissions-sdk-m: com.huawei.android.launcher.permission.CHANGE_BADGE in package: cmb.pb at: Binary XML file line #90
03-05 00:07:28.507 W/PackageParser( 8203): Ignoring duplicate uses-permissions/uses-permissions-sdk-m: android.permission.CHANGE_NETWORK_STATE in package: cmb.pb at: Binary XML file line #118
03-05 00:07:28.507 W/PackageParser( 8203): Ignoring duplicate uses-permissions/uses-permissions-sdk-m: android.permission.READ_PHONE_STATE in package: cmb.pb at: Binary XML file line #119
03-05 00:07:40.971 I/chatty ( 1315): uid=1000(system) PackageManager expire 31 lines
03-05 00:07:43.895 I/chatty ( 1315): uid=1000(system) android.bg expire 5 lines
03-05 00:07:45.669 I/chatty ( 1315): uid=1000(system) ActivityManager expire 1 line
03-05 00:08:01.585 I/chatty ( 1315): uid=1000(system) IconManagerServ expire 8 lines
03-05 00:08:04.235 W/ContextImpl( 8595): Calling a method in the system process without a qualified user: android.app.ContextImpl.startService:1371 android.content.ContextWrapper.startService:616 android.content.ContextWrapper.startService:616 com.android.keychain.KeyChainBroadcastReceiver.onReceive:12 android.app.ActivityThread.handleReceiver:3241
03-05 00:08:04.343 I/chatty ( 1315): uid=1000(system) Binder:1315_D expire 6 lines
03-05 00:08:04.538 I/chatty ( 1315): uid=1000(system) Binder:1315_1F expire 11 lines
03-05 00:08:05.894 I/chatty ( 1315): uid=1000(system) Binder:1315_6 expire 8 lines
03-05 00:08:05.919 I/chatty ( 1315): uid=1000(system) Binder:1315_4 expire 6 lines
03-05 00:08:06.783 I/chatty ( 1315): uid=1000(system) Binder:1315_16 expire 9 lines
03-05 00:08:06.846 I/chatty ( 1315): uid=1000(system) Binder:1315_9 expire 12 lines
03-05 00:08:06.976 I/chatty ( 1315): uid=1000(system) Binder:1315_3 expire 6 lines
03-05 00:08:07.015 I/chatty ( 1315): uid=1000(system) Binder:1315_B expire 9 lines
03-05 00:08:07.376 I/chatty ( 1315): uid=1000(system) Binder:1315_17 expire 6 lines
03-05 00:08:09.058 I/chatty ( 1315): uid=1000(system) Binder:1315_18 expire 4 lines
03-05 00:08:09.088 I/chatty ( 1315): uid=1000(system) ConnectivitySer expire 5 lines
03-05 00:08:14.585 I/chatty ( 1315): uid=1000(system) Binder:1315_12 expire 14 lines
03-05 00:08:14.896 I/chatty ( 1315): uid=1000(system) Binder:1315_E expire 6 lines
03-05 00:08:15.014 I/chatty ( 1315): uid=1000(system) Binder:1315_8 expire 9 lines
03-05 00:08:15.019 I/chatty ( 1315): uid=1000(system) Binder:1315_7 expire 2 lines
03-05 00:08:15.042 I/chatty ( 1315): uid=1000(system) Binder:1315_1B expire 6 lines
03-05 00:08:15.245 I/chatty ( 1315): uid=1000 system_server expire 1 line
03-05 00:08:15.736 I/chatty ( 1315): uid=1000(system) ActivityManager expire 19 lines
03-05 00:08:15.998 I/chatty ( 1315): uid=1000(system) Binder:1315_13 expire 8 lines
03-05 00:08:16.502 I/chatty ( 1315): uid=1000(system) Binder:1315_2 expire 12 lines
03-05 00:08:16.524 I/chatty ( 1315): uid=1000(system) Binder:1315_1 expire 10 lines
03-05 00:08:16.540 I/chatty ( 1315): uid=1000(system) Binder:1315_19 expire 6 lines
03-05 00:08:16.586 I/chatty ( 1315): uid=1000(system) Binder:1315_A expire 7 lines
03-05 00:08:16.586 I/chatty ( 1315): uid=1000(system) Binder:1315_14 expire 5 lines
03-05 00:08:16.752 I/chatty ( 1315): uid=1000(system) Binder:1315_20 expire 6 lines
03-05 00:08:16.884 I/chatty ( 1315): uid=1000(system) Binder:1315_5 expire 6 lines
03-05 00:08:17.016 E/ActivityThread( 8858): Failed to find provider info for com.tencent.mm.coolassist.debugprovider
03-05 00:08:17.069 I/chatty ( 1315): uid=1000(system) android.io expire 10 lines
03-05 00:08:17.425 E/ActivityThread( 8858): Failed to find provider info for com.google.android.gsf.gservices
03-05 00:08:17.430 E/ActivityThread( 8858): Failed to find provider info for com.google.android.gsf.gservices
03-05 00:08:17.432 E/ActivityThread( 8858): Failed to find provider info for com.google.android.gms.phenotype
03-05 00:08:17.434 E/ActivityThread( 8858): Failed to find provider info for com.google.android.gsf.gservices
03-05 00:08:17.442 I/chatty ( 1315): uid=1000(system) batterystats-sy expire 2 lines
03-05 00:08:17.475 E/ActivityThread( 8858): Failed to find provider info for com.google.android.gsf.gservices
03-05 00:08:17.587 E/ActivityThread( 8858): Failed to find provider info for com.google.android.gsf.gservices
03-05 00:08:17.594 E/ActivityThread( 8858): Failed to find provider info for com.google.android.gsf.gservices
03-05 00:08:17.895 I/chatty ( 1315): uid=1000(system) Binder:1315_15 expire 7 lines
03-05 00:08:17.899 E/ActivityThread( 8858): Failed to find provider info for com.google.android.gsf.gservices
03-05 00:08:23.988 I/chatty ( 1315): uid=1000(system) android.bg expire 9 lines
03-05 00:08:26.195 E/ActivityThread( 8858): Failed to find provider info for com.huawei.android.launcher.settings
03-05 00:08:27.342 E/ActivityThread( 9145): Failed to find provider info for com.tencent.mm.coolassist.debugprovider
03-05 00:08:27.488 E/ActivityThread( 9132): Failed to find provider info for com.tencent.mm.coolassist.debugprovider
03-05 00:08:28.176 I/chatty ( 1315): uid=1000(system) Binder:1315_11 expire 4 lines
03-05 00:08:29.150 I/chatty ( 1315): uid=1000(system) Binder:1315_1D expire 6 lines
03-05 00:08:29.947 I/chatty ( 1315): uid=1000(system) Binder:1315_1E expire 4 lines
03-05 00:08:30.581 I/chatty ( 1315): uid=1000(system) Binder:1315_1A expire 3 lines
03-05 00:08:30.826 I/chatty ( 1315): uid=1000(system) Binder:1315_1C expire 4 lines
03-05 00:08:45.717 E/ActivityThread( 9456): Failed to find provider info for com.tencent.mm.coolassist.debugprovider
03-05 00:08:57.966 E/ActivityThread( 9598): Failed to find provider info for com.tencent.mm.coolassist.debugprovider
03-05 00:08:59.763 I/chatty ( 1315): uid=1000(system) Binder:1315_C expire 6 lines
03-05 00:09:14.042 I/chatty ( 1315): uid=1000(system) Binder:1315_1F expire 1 line
03-05 00:09:28.329 I/chatty ( 1315): uid=1000(system) AlarmManager expire 1 line
03-05 00:12:03.209 I/chatty ( 1315): uid=1000(system) android.bg expire 18 lines
03-05 00:12:11.915 I/chatty ( 1315): uid=1000(system) batterystats-sy expire 1 line
03-05 00:12:37.827 I/chatty ( 1315): uid=1000(system) ActivityManager expire 6 lines
03-05 00:12:37.858 I/chatty ( 1315): uid=1000(system) Binder:1315_1F expire 3 lines
03-05 00:12:43.049 I/chatty ( 1315): uid=1000(system) Binder:1315_1 expire 5 lines
03-05 00:13:20.766 I/chatty ( 1315): uid=1000(system) Binder:1315_C expire 19 lines
03-05 00:13:23.875 I/chatty ( 1315): uid=1000(system) NetworkPolicy expire 1 line
03-05 00:13:24.674 I/chatty ( 1315): uid=1000 system_server expire 15 lines
03-05 00:13:24.685 I/chatty ( 1315): uid=1000(system) Binder:1315_4 expire 12 lines
03-05 00:13:24.718 I/chatty ( 1315): uid=1000(system) PowerManagerSer expire 4 lines
03-05 00:13:24.759 I/chatty ( 1315): uid=1000(system) android.display expire 40 lines
03-05 00:13:24.790 I/chatty ( 1315): uid=1000(system) Binder:1315_17 expire 7 lines
03-05 00:13:24.892 I/chatty ( 1315): uid=1000(system) Binder:1315_F expire 3 lines
03-05 00:13:24.922 I/chatty ( 1315): uid=1000(system) Binder:1315_10 expire 4 lines
03-05 00:13:24.950 I/chatty ( 1315): uid=1000(system) Binder:1315_19 expire 2 lines
03-05 00:13:25.442 I/chatty ( 1315): uid=1000(system) Binder:1315_8 expire 6 lines
03-05 00:13:25.543 I/chatty ( 1315): uid=1000(system) Binder:1315_9 expire 9 lines
03-05 00:13:25.575 I/chatty ( 1315): uid=1000(system) Binder:1315_B expire 8 lines
03-05 00:13:25.738 I/chatty ( 1315): uid=1000(system) Binder:1315_15 expire 3 lines
03-05 00:13:25.744 I/chatty ( 1315): uid=1000(system) InputReader expire 15 lines
03-05 00:13:26.613 I/chatty ( 1315): uid=1000(system) InputDispatcher expire 10 lines
03-05 00:13:26.944 I/chatty ( 1315): uid=1000(system) android.ui expire 3 lines
03-05 00:13:27.558 I/chatty ( 1315): uid=1000(system) Binder:1315_13 expire 5 lines
03-05 00:13:27.627 I/chatty ( 1315): uid=1000(system) Binder:1315_11 expire 8 lines
03-05 00:13:27.777 W/ContextImpl( 1697): Calling a method in the system process without a qualified user: android.app.ContextImpl.bindService:1435 android.content.ContextWrapper.bindService:639 smartisanos.app.tracker.TrackerServiceConnection.connect:34 smartisanos.app.tracker.Agent.connectService:65 smartisanos.app.tracker.Agent.flush:388
03-05 00:13:28.596 I/chatty ( 1315): uid=1000(system) Binder:1315_7 expire 2 lines
03-05 00:13:28.639 I/chatty ( 1315): uid=1000 system_server expire 2 lines
03-05 00:13:28.641 I/chatty ( 1315): uid=1000 system_server expire 1 line
03-05 00:13:28.721 I/chatty ( 1315): uid=1000(system) Binder:1315_D expire 7 lines
03-05 00:13:28.741 I/chatty ( 1315): uid=1000(system) Binder:1315_1E expire 4 lines
03-05 00:13:28.904 I/chatty ( 1315): uid=1000(system) Binder:1315_16 expire 3 lines
03-05 00:13:28.904 I/chatty ( 1315): uid=1000(system) Binder:1315_5 expire 4 lines
03-05 00:13:28.908 I/chatty ( 1315): uid=1000(system) ConnectivitySer expire 9 lines
03-05 00:13:29.739 I/chatty ( 1315): uid=1000(system) Binder:1315_1D expire 4 lines
03-05 00:13:29.795 I/chatty ( 1315): uid=1000(system) Binder:1315_3 expire 2 lines
03-05 00:13:29.795 I/chatty ( 1315): uid=1000(system) Binder:1315_12 expire 2 lines
03-05 00:13:29.920 I/chatty ( 1315): uid=1000(system) Binder:1315_1A expire 1 line
03-05 00:13:32.008 I/chatty ( 1315): uid=1000(system) Binder:1315_6 expire 4 lines
03-05 00:13:32.257 I/chatty ( 1315): uid=1000(system) Binder:1315_1B expire 2 lines
03-05 00:13:33.597 I/chatty ( 1315): uid=1000(system) Binder:1315_E expire 9 lines
03-05 00:13:40.246 I/chatty ( 1315): uid=1000(system) Binder:1315_C expire 1 line
03-05 00:13:40.436 I/chatty ( 1315): uid=1000(system) android.bg expire 10 lines
03-05 00:13:40.544 I/chatty ( 1315): uid=1000(system) ActivityManager expire 10 lines
03-05 00:13:41.005 E/ActivityThread(11166): Failed to find provider info for com.vivo.push.sdk.service.SystemPushConfig
03-05 00:13:41.008 I/chatty ( 1315): uid=1000(system) PackageManager expire 1 line
03-05 00:13:41.158 I/chatty ( 1315): uid=1000(system) Binder:1315_10 expire 5 lines
03-05 00:13:44.059 I/chatty ( 1315): uid=1000(system) android.io expire 10 lines
03-05 00:13:44.479 I/chatty ( 1315): uid=1000(system) Binder:1315_A expire 5 lines
03-05 00:13:44.492 I/chatty ( 1315): uid=1000(system) Binder:1315_1E expire 3 lines
03-05 00:13:44.917 I/chatty ( 1315): uid=1000(system) Binder:1315_14 expire 4 lines
03-05 00:13:44.946 I/chatty ( 1315): uid=1000(system) Binder:1315_17 expire 8 lines
03-05 00:13:45.024 I/chatty ( 1315): uid=1000(system) Binder:1315_5 expire 12 lines
03-05 00:13:45.205 I/chatty ( 1315): uid=1000(system) Binder:1315_4 expire 5 lines
03-05 00:13:45.205 I/chatty ( 1315): uid=1000(system) Binder:1315_20 expire 3 lines
03-05 00:13:45.205 I/chatty ( 1315): uid=1000(system) Binder:1315_11 expire 6 lines
03-05 00:13:45.224 I/chatty ( 1315): uid=1000(system) ConnectivitySer expire 3 lines
03-05 00:13:45.268 I/chatty ( 1315): uid=1000(system) Binder:1315_8 expire 5 lines
03-05 00:13:45.277 E/ActivityThread( 9598): Service com.tencent.mm.service.ProcessService$SandBoxProcessService has leaked IntentReceiver com.tencent.mm.sandbox.updater.UpdaterService$a@3dbf23e that was originally registered here. Are you missing a call to unregisterReceiver()?
03-05 00:13:45.277 E/ActivityThread( 9598): android.app.IntentReceiverLeaked: Service com.tencent.mm.service.ProcessService$SandBoxProcessService has leaked IntentReceiver com.tencent.mm.sandbox.updater.UpdaterService$a@3dbf23e that was originally registered here. Are you missing a call to unregisterReceiver()?
03-05 00:13:45.277 E/ActivityThread( 9598): at android.app.LoadedApk$ReceiverDispatcher.(LoadedApk.java:1157)
03-05 00:13:45.277 E/ActivityThread( 9598): at android.app.LoadedApk.getReceiverDispatcher(LoadedApk.java:944)
03-05 00:13:45.277 E/ActivityThread( 9598): at android.app.ContextImpl.registerReceiverInternal(ContextImpl.java:1316)
03-05 00:13:45.277 E/ActivityThread( 9598): at android.app.ContextImpl.registerReceiver(ContextImpl.java:1296)
03-05 00:13:45.277 E/ActivityThread( 9598): at android.app.ContextImpl.registerReceiver(ContextImpl.java:1290)
03-05 00:13:45.277 E/ActivityThread( 9598): at android.content.ContextWrapper.registerReceiver(ContextWrapper.java:589)
03-05 00:13:45.277 E/ActivityThread( 9598): at com.tencent.mm.sandbox.updater.UpdaterService.onCreate(SourceFile:4113)
03-05 00:13:45.277 E/ActivityThread( 9598): at com.tencent.mm.service.MMService.r(SourceFile:153)
03-05 00:13:45.277 E/ActivityThread( 9598): at com.tencent.mm.service.CommonProcessService$1$3.run(SourceFile:110)
03-05 00:13:45.277 E/ActivityThread( 9598): at android.os.Handler.handleCallback(Handler.java:751)
03-05 00:13:45.277 E/ActivityThread( 9598): at android.os.Handler.dispatchMessage(Handler.java:95)
03-05 00:13:45.277 E/ActivityThread( 9598): at android.os.Looper.loop(Looper.java:159)
03-05 00:13:45.277 E/ActivityThread( 9598): at android.app.ActivityThread.main(ActivityThread.java:6364)
03-05 00:13:45.277 E/ActivityThread( 9598): at java.lang.reflect.Method.invoke(Native Method)
03-05 00:13:45.277 E/ActivityThread( 9598): at com.android.internal.os.ZygoteInit$MethodAndArgsCaller.run(ZygoteInit.java:1096)
03-05 00:13:45.277 E/ActivityThread( 9598): at com.android.internal.os.ZygoteInit.main(ZygoteInit.java:883)
03-05 00:13:45.699 I/chatty ( 1315): uid=1000(system) Binder:1315_3 expire 16 lines
03-05 00:13:45.818 I/chatty ( 1315): uid=1000(system) Binder:1315_1 expire 6 lines
03-05 00:13:45.863 I/chatty ( 1315): uid=1000(system) Binder:1315_2 expire 6 lines
03-05 00:13:45.936 E/ActivityThread(10635): Failed to find provider info for com.vivo.push.sdk.service.SystemPushConfig
03-05 00:13:45.952 E/ActivityThread(10635): Failed to find provider info for com.vivo.push.sdk.service.SystemPushConfig
03-05 00:13:46.320 I/chatty ( 1315): uid=1000(system) Binder:1315_1C expire 5 lines
03-05 00:13:46.525 E/ActivityThread(11759): Failed to find provider info for com.tencent.mm.coolassist.debugprovider
03-05 00:13:47.797 E/ActivityThread(11759): Failed to find provider info for com.google.android.gms.phenotype
03-05 00:13:48.455 I/chatty ( 1315): uid=1000 system_server expire 13 lines
03-05 00:13:56.945 I/chatty ( 1315): uid=1000(system) Binder:1315_1A expire 4 lines
03-05 00:13:59.237 I/chatty ( 1315): uid=1000(system) Binder:1315_15 expire 5 lines
03-05 00:14:02.371 E/ActivityThread(12224): Failed to find provider info for com.tencent.mm.coolassist.debugprovider
03-05 00:14:06.886 I/chatty ( 1315): uid=1000(system) Binder:1315_9 expire 5 lines
03-05 00:14:07.026 I/chatty ( 1315): uid=1000(system) Binder:1315_13 expire 12 lines
03-05 00:14:07.142 I/chatty ( 1315): uid=1000(system) Binder:1315_6 expire 8 lines
03-05 00:14:07.542 I/chatty ( 1315): uid=1000(system) Binder:1315_19 expire 5 lines
03-05 00:14:09.341 I/chatty ( 1315): uid=1000(system) Binder:1315_12 expire 5 lines
03-05 00:14:10.981 E/ActivityThread(11759): Failed to find provider info for com.huawei.android.launcher.settings
03-05 00:14:11.393 I/chatty ( 1315): uid=1000(system) InputReader expire 2 lines
03-05 00:14:11.486 I/chatty ( 1315): uid=1000(system) PowerManagerSer expire 2 lines
03-05 00:14:11.549 I/chatty ( 1315): uid=1000(system) android.display expire 2 lines
03-05 00:14:12.494 I/chatty ( 1315): uid=1000(system) android.ui expire 1 line
03-05 00:14:14.359 I/chatty ( 1315): uid=1000(system) Binder:1315_16 expire 2 lines
03-05 00:14:16.507 W/ContextImpl( 1697): Calling a method in the system process without a qualified user: android.app.ContextImpl.bindService:1435 android.content.ContextWrapper.bindService:639 smartisanos.app.tracker.TrackerServiceConnection.connect:34 smartisanos.app.tracker.Agent.connectService:65 smartisanos.app.tracker.Agent.flush:388
03-05 00:14:16.997 I/chatty ( 1315): uid=1000(system) android.bg expire 8 lines
03-05 00:14:22.696 I/chatty ( 1315): uid=1000(system) Binder:1315_7 expire 8 lines
03-05 00:14:23.488 I/chatty ( 1315): uid=1000(system) Binder:1315_18 expire 4 lines
03-05 00:14:23.802 I/chatty ( 1315): uid=1000(system) Binder:1315_F expire 6 lines
03-05 00:14:24.311 I/chatty ( 1315): uid=1000(system) Binder:1315_D expire 1 line
03-05 00:14:24.311 I/chatty ( 1315): uid=1000(system) NetworkStatsObs expire 1 line
03-05 00:14:26.226 I/chatty ( 1315): uid=1000(system) Binder:1315_3 expire 10 lines
03-05 00:14:26.340 I/chatty ( 1315): uid=1000(system) Binder:1315_B expire 4 lines
03-05 00:14:29.489 I/PackageParser(12676): com.tencent.x5sdk.res: compat added android.permission.WRITE_EXTERNAL_STORAGE android.permission.READ_PHONE_STATE
03-05 00:14:29.524 I/PackageParser(12676): com.tencent.x5sdk.res: compat added android.permission.WRITE_EXTERNAL_STORAGE android.permission.READ_PHONE_STATE
03-05 00:14:32.280 I/chatty ( 1315): uid=1000(system) ActivityManager expire 13 lines
03-05 00:14:32.353 I/chatty ( 1315): uid=1000(system) Binder:1315_5 expire 1 line
03-05 00:14:33.716 I/chatty ( 1315): uid=1000(system) Binder:1315_1B expire 5 lines
03-05 00:14:34.197 I/chatty ( 1315): uid=1000(system) Binder:1315_11 expire 4 lines
03-05 00:14:34.237 I/chatty ( 1315): uid=1000(system) Binder:1315_E expire 2 lines
03-05 00:14:34.244 I/chatty ( 1315): uid=1000(system) Binder:1315_17 expire 10 lines
03-05 00:14:34.244 I/chatty ( 1315): uid=1000(system) Binder:1315_14 expire 6 lines
03-05 00:14:34.246 I/chatty ( 1315): uid=1000(system) Binder:1315_D expire 2 lines
03-05 00:14:34.251 I/chatty ( 1315): uid=1000(system) ConnectivitySer expire 8 lines
03-05 00:14:34.712 I/chatty ( 1315): uid=1000(system) Binder:1315_9 expire 7 lines
03-05 00:14:34.765 I/chatty ( 1315): uid=1000(system) Binder:1315_1D expire 8 lines
03-05 00:14:35.673 I/chatty ( 1315): uid=1000(system) ActivityManager expire 17 lines
03-05 00:14:35.720 I/chatty ( 1315): uid=1000(system) Binder:1315_15 expire 12 lines
03-05 00:14:35.740 I/chatty ( 1315): uid=1000(system) Binder:1315_16 expire 10 lines
03-05 00:14:35.762 I/chatty ( 1315): uid=1000(system) Binder:1315_A expire 2 lines
03-05 00:14:35.774 I/chatty ( 1315): uid=1000(system) Binder:1315_12 expire 5 lines
03-05 00:14:35.775 I/chatty ( 1315): uid=1000(system) Binder:1315_1E expire 13 lines
03-05 00:14:35.795 I/chatty ( 1315): uid=1000(system) Binder:1315_1 expire 11 lines
03-05 00:14:35.824 I/chatty ( 1315): uid=1000(system) Binder:1315_1F expire 3 lines
03-05 00:14:36.086 E/ActivityThread(13742): Failed to find provider info for com.tencent.mm.coolassist.debugprovider
03-05 00:14:36.507 I/chatty ( 1315): uid=1000(system) Binder:1315_19 expire 6 lines
03-05 00:14:36.531 I/chatty ( 1315): uid=1000(system) Binder:1315_7 expire 1 line
03-05 00:14:37.955 I/chatty ( 1315): uid=1000(system) batterystats-sy expire 1 line
03-05 00:14:38.654 I/chatty ( 1315): uid=1000(system) Binder:1315_10 expire 7 lines
03-05 00:14:38.796 I/chatty ( 1315): uid=1000(system) Binder:1315_18 expire 6 lines
03-05 00:14:39.201 I/chatty ( 1315): uid=1000(system) AlarmManager expire 1 line
03-05 00:14:39.209 I/chatty ( 1315): uid=1000(system) android.bg expire 9 lines
03-05 00:14:39.222 I/chatty ( 1315): uid=1000(system) Binder:1315_F expire 2 lines
03-05 00:14:39.500 I/chatty ( 1315): uid=1000(system) android.io expire 8 lines
03-05 00:14:40.332 I/chatty ( 1315): uid=1000(system) android.display expire 1 line
03-05 00:14:42.276 I/chatty ( 1315): uid=1000(system) Binder:1315_6 expire 5 lines
03-05 00:14:43.870 I/chatty ( 1315): uid=1000(system) Binder:1315_4 expire 2 lines
03-05 00:14:44.005 I/chatty ( 1315): uid=1000(system) InputReader expire 6 lines
03-05 00:14:44.209 I/chatty ( 1315): uid=1000(system) InputDispatcher expire 6 lines
03-05 00:14:44.594 I/chatty ( 1315): uid=1000(system) Binder:1315_C expire 12 lines
03-05 00:14:44.631 I/chatty ( 1315): uid=1000(system) Binder:1315_13 expire 5 lines
03-05 00:14:45.560 I/chatty ( 1315): uid=1000(system) Binder:1315_1C expire 7 lines
03-05 00:14:46.633 I/chatty ( 1315): uid=1000 system_server expire 1 line
03-05 00:14:48.178 I/chatty ( 1315): uid=1000(system) Binder:1315_3 expire 4 lines
03-05 00:14:48.464 I/chatty ( 1315): uid=1000(system) Binder:1315_B expire 7 lines
03-05 00:14:51.221 I/chatty ( 1315): uid=1000(system) Binder:1315_20 expire 1 line
03-05 00:14:52.151 E/ActivityThread(14566): Failed to find provider info for com.tencent.mm.coolassist.debugprovider
03-05 00:14:56.585 I/chatty ( 1315): uid=1000(system) Binder:1315_8 expire 10 lines
03-05 00:14:57.146 I/chatty ( 1315): uid=1000(system) Binder:1315_2 expire 8 lines
03-05 00:14:58.069 I/chatty ( 1315): uid=1000(system) Binder:1315_1E expire 10 lines
03-05 00:14:58.080 I/chatty ( 1315): uid=1000(system) NetworkStatsObs expire 1 line
03-05 00:15:02.376 I/chatty ( 1315): uid=1000(system) Binder:1315_5 expire 3 lines
03-05 00:15:06.007 I/PackageParser(14606): com.tencent.x5sdk.res: compat added android.permission.WRITE_EXTERNAL_STORAGE android.permission.READ_PHONE_STATE
03-05 00:15:06.057 I/PackageParser(14606): com.tencent.x5sdk.res: compat added android.permission.WRITE_EXTERNAL_STORAGE android.permission.READ_PHONE_STATE
03-05 00:15:06.063 I/chatty ( 1315): uid=1000(system) ActivityManager expire 6 lines
03-05 00:15:07.474 I/PackageParser(14786): com.tencent.x5sdk.res: compat added android.permission.WRITE_EXTERNAL_STORAGE android.permission.READ_PHONE_STATE
03-05 00:15:07.647 I/PackageParser(14786): com.tencent.x5sdk.res: compat added android.permission.WRITE_EXTERNAL_STORAGE android.permission.READ_PHONE_STATE
03-05 00:15:08.954 E/ActivityThread(15433): Failed to find provider info for com.tencent.mm.coolassist.debugprovider
03-05 00:15:09.747 E/ActivityThread(15433): Failed to find provider info for com.google.android.gsf.gservices
03-05 00:15:09.766 E/ActivityThread(15433): Failed to find provider info for com.google.android.gsf.gservices
03-05 00:15:09.769 E/ActivityThread(15433): Failed to find provider info for com.google.android.gms.phenotype
03-05 00:15:09.783 E/ActivityThread(15433): Failed to find provider info for com.google.android.gsf.gservices
03-05 00:15:09.839 E/ActivityThread(15433): Failed to find provider info for com.google.android.gsf.gservices
03-05 00:15:10.030 E/ActivityThread(15433): Failed to find provider info for com.google.android.gsf.gservices
03-05 00:15:10.044 E/ActivityThread(15433): Failed to find provider info for com.google.android.gsf.gservices
03-05 00:15:10.099 E/ActivityThread(15433): Failed to find provider info for com.google.android.gsf.gservices
03-05 00:15:13.066 I/ActivityThread(14786): Removing dead content provider:android.content.ContentProviderProxy@91dde2f
03-05 00:15:13.222 I/chatty ( 1315): uid=1000(system) Binder:1315_B expire 6 lines
03-05 00:15:13.342 I/chatty ( 1315): uid=1000(system) Binder:1315_18 expire 11 lines
03-05 00:15:13.342 I/chatty ( 1315): uid=1000(system) Binder:1315_12 expire 7 lines
03-05 00:15:13.342 I/chatty ( 1315): uid=1000(system) Binder:1315_1C expire 5 lines
03-05 00:15:13.343 I/chatty ( 1315): uid=1000(system) ConnectivitySer expire 18 lines
03-05 00:15:17.390 W/SocketClient( 586): write error (Broken pipe)
03-05 00:15:17.439 I/chatty ( 1315): uid=1000(system) Binder:1315_13 expire 1 line
03-05 00:15:17.509 I/chatty ( 1315): uid=1000(system) Binder:1315_20 expire 5 lines
03-05 00:15:19.714 I/chatty ( 1315): uid=1000(system) android.io expire 6 lines
03-05 00:15:22.295 I/chatty ( 1315): uid=1000(system) InputReader expire 10 lines
03-05 00:15:22.358 I/chatty ( 1315): uid=1000(system) android.bg expire 4 lines
03-05 00:15:22.372 E/ActivityThread(15433): Failed to find provider info for com.huawei.android.launcher.settings
03-05 00:15:23.272 I/chatty ( 1315): uid=1000(system) Binder:1315_1F expire 4 lines
03-05 00:15:23.784 I/chatty ( 1315): uid=1000(system) android.display expire 27 lines
03-05 00:15:26.637 I/chatty ( 1315): uid=1000(system) Binder:1315_1D expire 10 lines
03-05 00:15:32.232 I/chatty ( 1315): uid=1000(system) Binder:1315_2 expire 1 line
03-05 00:15:32.522 I/chatty ( 1315): uid=1000(system) Binder:1315_7 expire 6 lines
03-05 00:15:34.022 I/chatty ( 1315): uid=1000(system) Binder:1315_14 expire 12 lines
03-05 00:15:34.209 I/chatty ( 1315): uid=1000(system) Binder:1315_3 expire 29 lines
03-05 00:15:34.297 I/chatty ( 1315): uid=1000(system) Binder:1315_F expire 5 lines
03-05 00:15:34.431 I/chatty ( 1315): uid=1000(system) Binder:1315_1B expire 11 lines
03-05 00:15:35.310 I/chatty ( 1315): uid=1000(system) Binder:1315_8 expire 5 lines
03-05 00:15:35.547 I/chatty ( 1315): uid=1000(system) Binder:1315_4 expire 11 lines
03-05 00:15:35.581 I/chatty ( 1315): uid=1000(system) Binder:1315_C expire 2 lines
03-05 00:15:35.626 I/chatty ( 1315): uid=1000(system) Binder:1315_1E expire 8 lines
03-05 00:15:35.989 I/chatty ( 1315): uid=1000(system) Binder:1315_1A expire 2 lines
03-05 00:15:39.815 I/chatty ( 1315): uid=1000(system) Binder:1315_1 expire 3 lines
03-05 00:15:41.716 I/PackageParser(16376): com.tencent.x5sdk.res: compat added android.permission.WRITE_EXTERNAL_STORAGE android.permission.READ_PHONE_STATE
03-05 00:15:41.735 I/PackageParser(16376): com.tencent.x5sdk.res: compat added android.permission.WRITE_EXTERNAL_STORAGE android.permission.READ_PHONE_STATE
03-05 00:15:44.847 I/chatty ( 1315): uid=1000(system) Binder:1315_A expire 7 lines
03-05 00:15:46.102 I/chatty ( 1315): uid=1000(system) Binder:1315_E expire 2 lines
03-05 00:15:49.936 E/ActivityThread(17393): Failed to find provider info for com.tencent.mm.coolassist.debugprovider
03-05 00:15:50.577 E/ActivityThread(17393): Failed to find provider info for com.google.android.gsf.gservices
03-05 00:15:50.585 E/ActivityThread(17393): Failed to find provider info for com.google.android.gsf.gservices
03-05 00:15:50.590 E/ActivityThread(17393): Failed to find provider info for com.google.android.gms.phenotype
03-05 00:15:50.594 E/ActivityThread(17393): Failed to find provider info for com.google.android.gsf.gservices
03-05 00:15:50.652 I/chatty ( 1315): uid=1000(system) InputDispatcher expire 7 lines
03-05 00:15:50.675 E/ActivityThread(17393): Failed to find provider info for com.google.android.gsf.gservices
03-05 00:15:50.918 E/ActivityThread(17393): Failed to find provider info for com.google.android.gsf.gservices
03-05 00:15:50.993 E/ActivityThread(17393): Failed to find provider info for com.google.android.gsf.gservices
03-05 00:15:51.105 E/ActivityThread(17393): Failed to find provider info for com.google.android.gsf.gservices
03-05 00:15:51.854 I/chatty ( 1315): uid=1000(system) Binder:1315_15 expire 6 lines
03-05 00:15:51.881 I/chatty ( 1315): uid=1000 system_server expire 2 lines
03-05 00:15:51.886 I/chatty ( 1315): uid=1000 system_server expire 2 lines
03-05 00:15:52.320 I/chatty ( 1315): uid=1000(system) InputReader expire 2 lines
03-05 00:15:53.042 I/chatty ( 1315): uid=1000(system) Binder:1315_6 expire 1 line
03-05 00:15:53.101 I/chatty ( 1315): uid=1000(system) Binder:1315_D expire 6 lines
03-05 00:15:53.101 I/chatty ( 1315): uid=1000(system) Binder:1315_9 expire 2 lines
03-05 00:15:53.309 I/chatty ( 1315): uid=1000(system) Binder:1315_14 expire 1 line
03-05 00:15:54.723 I/chatty ( 1315): uid=1000(system) Binder:1315_19 expire 2 lines
03-05 00:15:55.695 I/chatty ( 1315): uid=1000(system) Binder:1315_11 expire 2 lines
03-05 00:15:56.037 I/chatty ( 1315): uid=1000(system) ActivityManager expire 22 lines
03-05 00:15:56.546 I/chatty ( 1315): uid=1000(system) Binder:1315_9 expire 15 lines
03-05 00:15:56.584 I/chatty ( 1315): uid=1000(system) Binder:1315_D expire 2 lines
03-05 00:15:56.615 I/chatty ( 1315): uid=1000(system) Binder:1315_17 expire 1 line
03-05 00:15:56.616 I/chatty ( 1315): uid=1000(system) Binder:1315_7 expire 8 lines
03-05 00:15:56.637 I/chatty ( 1315): uid=1000(system) Binder:1315_6 expire 2 lines
03-05 00:15:56.645 I/chatty ( 1315): uid=1000(system) android.bg expire 24 lines
03-05 00:15:57.114 I/chatty ( 1315): uid=1000(system) Binder:1315_15 expire 3 lines
03-05 00:15:57.148 I/chatty ( 1315): uid=1000(system) Binder:1315_E expire 4 lines
03-05 00:15:57.523 I/chatty ( 1315): uid=1000(system) Binder:1315_13 expire 4 lines
03-05 00:15:57.545 I/chatty ( 1315): uid=1000(system) Binder:1315_1A expire 2 lines
03-05 00:15:57.861 I/chatty ( 1315): uid=1000(system) Binder:1315_1F expire 3 lines
03-05 00:15:57.877 I/chatty ( 1315): uid=1000(system) Binder:1315_10 expire 2 lines
03-05 00:15:57.920 I/chatty ( 1315): uid=1000(system) android.io expire 4 lines
03-05 00:15:57.949 I/chatty ( 1315): uid=1000(system) Binder:1315_B expire 11 lines
03-05 00:15:58.631 I/chatty ( 1315): uid=1000(system) Binder:1315_C expire 5 lines
03-05 00:15:58.755 I/chatty ( 1315): uid=1000(system) Binder:1315_4 expire 4 lines
03-05 00:15:58.855 I/chatty ( 1315): uid=1000(system) android.display expire 16 lines
03-05 00:15:59.005 I/chatty ( 1315): uid=1000(system) Binder:1315_19 expire 8 lines
03-05 00:16:00.557 E/ActivityThread(17393): Failed to find provider info for com.huawei.android.launcher.settings
03-05 00:16:02.548 I/chatty ( 1315): uid=1000(system) Binder:1315_2 expire 4 lines
03-05 00:16:02.566 I/chatty ( 1315): uid=1000(system) Binder:1315_A expire 4 lines
03-05 00:16:02.891 I/chatty ( 1315): uid=1000(system) Binder:1315_F expire 5 lines
03-05 00:16:02.938 I/chatty ( 1315): uid=1000(system) Binder:1315_18 expire 1 line
03-05 00:16:04.410 I/chatty ( 1315): uid=1000(system) Binder:1315_3 expire 1 line
03-05 00:16:05.121 I/PackageParser(17647): com.tencent.x5sdk.res: compat added android.permission.WRITE_EXTERNAL_STORAGE android.permission.READ_PHONE_STATE
03-05 00:16:05.137 I/PackageParser(17647): com.tencent.x5sdk.res: compat added android.permission.WRITE_EXTERNAL_STORAGE android.permission.READ_PHONE_STATE
03-05 00:16:05.619 I/PackageParser(18422): com.tencent.x5sdk.res: compat added android.permission.WRITE_EXTERNAL_STORAGE android.permission.READ_PHONE_STATE
03-05 00:16:05.635 I/PackageParser(18422): com.tencent.x5sdk.res: compat added android.permission.WRITE_EXTERNAL_STORAGE android.permission.READ_PHONE_STATE
03-05 00:16:06.259 W/FileUtils(17647): Failed to chmod(/data/user/0/com.tencent.mobileqq/app_tbs): android.system.ErrnoException: chmod failed: EACCES (Permission denied)
03-05 00:16:06.259 W/FileUtils(17647): Failed to chmod(/data/user/0/com.tencent.mobileqq/app_tbs_common_share): android.system.ErrnoException: chmod failed: EACCES (Permission denied)
03-05 00:16:06.304 W/FileUtils(18422): Failed to chmod(/data/user/0/com.tencent.mobileqq/app_tbs): android.system.ErrnoException: chmod failed: EACCES (Permission denied)
03-05 00:16:06.304 W/FileUtils(18422): Failed to chmod(/data/user/0/com.tencent.mobileqq/app_tbs_common_share): android.system.ErrnoException: chmod failed: EACCES (Permission denied)
03-05 00:16:08.310 I/chatty ( 1315): uid=1000(system) ActivityManager expire 27 lines
03-05 00:16:11.087 I/chatty ( 1315): uid=1000(system) Binder:1315_1D expire 5 lines
03-05 00:16:15.412 I/chatty ( 1315): uid=1000(system) Binder:1315_1 expire 4 lines
03-05 00:16:15.446 I/chatty ( 1315): uid=1000(system) Binder:1315_14 expire 2 lines
03-05 00:16:19.214 I/chatty ( 1315): uid=1000(system) Binder:1315_5 expire 2 lines
03-05 00:16:29.164 I/chatty ( 1315): uid=1000(system) Binder:1315_20 expire 1 line
03-05 00:16:59.565 I/chatty ( 1315): uid=1000(system) InputReader expire 14 lines
03-05 00:17:02.608 W/ViewRootImpl[smt_launcher]( 2651): Dropping event due to no window focus: KeyEvent { action=ACTION_DOWN, keyCode=KEYCODE_BACK, scanCode=158, metaState=0, flags=0x8, repeatCount=0, eventTime=1044320000, downTime=1044320000, deviceId=3, source=0x101 }
03-05 00:17:02.609 I/chatty ( 1315): uid=1000(system) InputDispatcher expire 4 lines
03-05 00:17:02.639 I/chatty ( 1315): uid=1000(system) android.display expire 27 lines
03-05 00:17:03.825 I/chatty ( 1315): uid=1000(system) Binder:1315_9 expire 9 lines
03-05 00:17:03.943 I/chatty ( 1315): uid=1000(system) Binder:1315_12 expire 2 lines
03-05 00:17:03.997 I/chatty ( 1315): uid=1000(system) Binder:1315_1B expire 5 lines
03-05 00:17:04.165 I/chatty ( 1315): uid=1000(system) android.display expire 29 lines
03-05 00:17:04.243 I/chatty ( 1315): uid=1000(system) Binder:1315_8 expire 2 lines
03-05 00:17:04.264 I/chatty ( 1315): uid=1000 system_server expire 14 lines
03-05 00:17:04.293 I/chatty ( 1315): uid=1000(system) Binder:1315_1E expire 5 lines
03-05 00:17:06.075 I/chatty ( 1315): uid=1000(system) ActivityManager expire 10 lines
03-05 00:17:06.097 I/chatty ( 1315): uid=1000(system) Binder:1315_11 expire 5 lines
03-05 00:17:07.111 I/chatty ( 1315): uid=1000(system) Binder:1315_20 expire 17 lines
03-05 00:17:08.739 I/chatty ( 1315): uid=1000(system) Binder:1315_14 expire 31 lines
03-05 00:17:12.389 I/chatty ( 1315): uid=1000(system) Binder:1315_7 expire 5 lines
03-05 00:17:12.391 I/chatty ( 1315): uid=1000(system) Binder:1315_3 expire 2 lines
03-05 00:17:12.396 I/chatty ( 1315): uid=1000(system) Binder:1315_C expire 5 lines
03-05 00:17:12.396 I/chatty ( 1315): uid=1000(system) Binder:1315_1F expire 4 lines
03-05 00:17:12.400 I/chatty ( 1315): uid=1000(system) Binder:1315_18 expire 4 lines
03-05 00:17:12.400 I/chatty ( 1315): uid=1000(system) Binder:1315_4 expire 4 lines
03-05 00:17:12.401 I/chatty ( 1315): uid=1000(system) Binder:1315_12 expire 4 lines
03-05 00:17:12.404 I/chatty ( 1315): uid=1000(system) ConnectivitySer expire 14 lines
03-05 00:17:21.182 I/chatty ( 1315): uid=1000(system) android.bg expire 18 lines
03-05 00:17:26.097 I/chatty ( 1315): uid=1000(system) Binder:1315_19 expire 3 lines
03-05 00:17:43.204 I/chatty ( 1315): uid=1000(system) Binder:1315_F expire 2 lines
03-05 00:17:46.103 I/chatty ( 1315): uid=1000(system) Binder:1315_1A expire 1 line
03-05 00:17:49.883 I/chatty ( 1315): uid=1000(system) Binder:1315_6 expire 1 line
03-05 00:17:50.249 I/chatty ( 1315): uid=1000(system) Binder:1315_16 expire 2 lines
03-05 00:17:50.559 I/chatty ( 1315): uid=1000(system) Binder:1315_1 expire 2 lines
03-05 00:17:52.470 I/chatty ( 1315): uid=1000(system) InputReader expire 7 lines
03-05 00:17:52.623 I/chatty ( 1315): uid=1000(system) InputDispatcher expire 3 lines
03-05 00:17:52.811 I/chatty ( 1315): uid=1000(system) Binder:1315_2 expire 2 lines
03-05 00:17:55.091 I/chatty ( 1315): uid=1000(system) Binder:1315_E expire 2 lines
03-05 00:17:55.091 I/chatty ( 1315): uid=1000(system) Binder:1315_B expire 3 lines
03-05 00:17:55.302 I/chatty ( 1315): uid=1000(system) Binder:1315_15 expire 1 line
03-05 00:17:55.307 I/chatty ( 1315): uid=1000(system) PowerManagerSer expire 10 lines
03-05 00:17:58.229 I/chatty ( 1315): uid=1000(system) Binder:1315_1D expire 2 lines
03-05 00:17:58.917 I/chatty ( 1315): uid=1000(system) PackageManager expire 1 line
03-05 00:19:39.090 I/chatty ( 1315): uid=1000(system) AlarmManager expire 1 line
03-05 00:19:39.122 I/chatty ( 1315): uid=1000(system) Binder:1315_A expire 1 line
03-05 00:19:57.694 I/chatty ( 1315): uid=1000(system) batterystats-sy expire 5 lines
03-05 00:20:05.342 I/chatty ( 1315): uid=1000(system) Binder:1315_D expire 2 lines
03-05 00:20:05.388 I/chatty ( 1315): uid=1000(system) Binder:1315_13 expire 2 lines
03-05 00:21:13.748 I/chatty ( 1315): uid=1000(system) android.fg expire 4 lines
03-05 00:21:13.987 W/ContextImpl(16558): Calling a method in the system process without a qualified user: android.app.ContextImpl.bindService:1435 android.content.ContextWrapper.bindService:639 smartisanos.app.tracker.TrackerServiceConnection.connect:34 smartisanos.app.tracker.AgentOs.connectService:52 smartisanos.app.tracker.AgentOs.flush:112
03-05 00:21:13.993 I/chatty ( 1315): uid=1000(system) android.bg expire 8 lines
03-05 00:21:14.069 I/chatty ( 1315): uid=1000 system_server expire 11 lines
03-05 00:21:14.241 W/ContextImpl(16558): Calling a method in the system process without a qualified user: android.app.ContextImpl.startService:1371 android.content.ContextWrapper.startService:616 android.content.ContextWrapper.startService:616 com.android.settings.fuelgauge.BatteryChangeReceiver$1.run:-1 java.util.concurrent.ThreadPoolExecutor.runWorker:1133
03-05 00:21:14.243 W/ContextImpl(16558): Calling a method in the system process without a qualified user: android.app.ContextImpl.startService:1371 android.content.ContextWrapper.startService:616 android.content.ContextWrapper.startService:616 com.android.settings.fuelgauge.BatteryChangeReceiver.tL:-1 com.android.settings.fuelgauge.BatteryChangeReceiver.tO:-1
03-05 00:21:14.412 W/ContextImpl(16558): Calling a method in the system process without a qualified user: android.app.ContextImpl.sendBroadcast:891 android.content.ContextWrapper.sendBroadcast:424 com.android.settings.fuelgauge.PowerUsageService.onHandleIntent:-1 android.app.IntentService$ServiceHandler.handleMessage:68 android.os.Handler.dispatchMessage:102
03-05 00:21:34.388 I/chatty ( 1315): uid=1000(system) android.display expire 2 lines
03-05 00:22:18.778 I/chatty ( 1315): uid=1000(system) Binder:1315_10 expire 4 lines
03-05 00:22:19.029 I/chatty ( 1315): uid=1000(system) Binder:1315_17 expire 6 lines
03-05 00:22:19.047 I/chatty ( 1315): uid=1000(system) Binder:1315_F expire 3 lines
03-05 00:22:19.050 I/chatty ( 1315): uid=1000(system) Binder:1315_9 expire 4 lines
03-05 00:22:19.070 I/chatty ( 1315): uid=1000(system) Binder:1315_20 expire 4 lines
03-05 00:22:19.095 I/chatty ( 1315): uid=1000(system) android.bg expire 29 lines
03-05 00:22:19.107 I/chatty ( 1315): uid=1000(system) Binder:1315_1C expire 6 lines
03-05 00:22:19.119 I/chatty ( 1315): uid=1000(system) Binder:1315_1E expire 7 lines
03-05 00:22:19.129 I/chatty ( 1315): uid=1000 system_server expire 10 lines
03-05 00:22:19.188 D/ActivityThread(20867): Loading provider com.android.email.provider;com.android.email.notifier: com.android.email.provider.EmailProvider
03-05 00:22:19.191 D/ActivityThread(20867): Loading provider com.android.email.provider;com.android.email.notifier: com.android.email.provider.EmailProvider
03-05 00:22:19.194 D/ActivityThread(20867): Loading provider com.android.email.provider;com.android.email.notifier: com.android.email.provider.EmailProvider
03-05 00:22:19.197 D/ActivityThread(20867): Loading provider com.android.email.provider;com.android.email.notifier: com.android.email.provider.EmailProvider
03-05 00:22:19.722 I/chatty ( 1315): uid=1000(system) Binder:1315_19 expire 2 lines
03-05 00:22:19.876 I/chatty ( 1315): uid=1000(system) Binder:1315_4 expire 5 lines
03-05 00:22:20.095 I/chatty ( 1315): uid=1000(system) android.display expire 11 lines
03-05 00:22:20.181 I/chatty ( 1315): uid=1000(system) Binder:1315_5 expire 2 lines
03-05 00:22:21.283 I/chatty ( 1315): uid=1000(system) Binder:1315_A expire 3 lines
03-05 00:22:21.781 W/ContextImpl( 1697): Calling a method in the system process without a qualified user: android.app.ContextImpl.bindService:1435 android.content.ContextWrapper.bindService:639 smartisanos.app.tracker.TrackerServiceConnection.connect:34 smartisanos.app.tracker.Agent.connectService:65 smartisanos.app.tracker.Agent.flush:388
03-05 00:22:22.220 I/chatty ( 1315): uid=1000(system) ActivityManager expire 7 lines
03-05 00:22:24.991 I/chatty ( 1315): uid=1000(system) Binder:1315_16 expire 6 lines
03-05 00:22:25.440 I/chatty ( 1315): uid=1000(system) InputReader expire 11 lines
03-05 00:22:26.195 I/chatty ( 1315): uid=1000(system) Binder:1315_18 expire 5 lines
03-05 00:22:26.216 I/chatty ( 1315): uid=1000(system) Binder:1315_1F expire 4 lines
03-05 00:22:26.990 I/chatty ( 1315): uid=1000(system) ConnectivitySer expire 1 line
03-05 00:22:27.073 I/chatty ( 1315): uid=1000(system) Binder:1315_7 expire 10 lines
03-05 00:22:27.279 I/chatty ( 1315): uid=1000(system) Binder:1315_1 expire 3 lines
03-05 00:22:27.546 I/chatty ( 1315): uid=1000(system) Binder:1315_1D expire 2 lines
03-05 00:22:30.938 I/chatty ( 1315): uid=1000(system) Binder:1315_3 expire 6 lines
03-05 00:22:30.952 I/chatty ( 1315): uid=1000(system) Binder:1315_1B expire 3 lines
03-05 00:22:33.827 I/chatty ( 1315): uid=1000(system) Binder:1315_12 expire 2 lines
03-05 00:22:34.688 I/chatty ( 1315): uid=1000(system) PowerManagerSer expire 6 lines
03-05 00:22:38.206 I/chatty ( 1315): uid=1000(system) PackageManager expire 2 lines
03-05 00:23:00.085 I/chatty ( 1315): uid=1000(system) Binder:1315_13 expire 6 lines
03-05 00:24:16.662 I/chatty ( 1315): uid=1000(system) Binder:1315_E expire 4 lines
03-05 00:24:39.059 I/chatty ( 1315): uid=1000(system) Binder:1315_11 expire 5 lines
03-05 00:24:56.518 I/chatty ( 1315): uid=1000(system) android.io expire 2 lines
03-05 00:25:13.515 I/chatty ( 1315): uid=1000(system) AlarmManager expire 6 lines
03-05 00:36:40.437 I/chatty ( 1315): uid=1000(system) batterystats-sy expire 1 line
03-05 00:36:40.458 W/ContextImpl(16558): Calling a method in the system process without a qualified user: android.app.ContextImpl.startService:1371 android.content.ContextWrapper.startService:616 android.content.ContextWrapper.startService:616 com.android.settings.fuelgauge.BatteryChangeReceiver.tL:-1 com.android.settings.fuelgauge.BatteryChangeReceiver.tO:-1
03-05 00:39:50.094 I/chatty ( 1315): uid=1000(system) android.bg expire 10 lines
03-05 00:41:40.862 I/chatty ( 1315): uid=1000 system_server expire 16 lines
03-05 00:41:41.777 I/chatty ( 1315): uid=1000(system) Binder:1315_B expire 8 lines
03-05 00:41:42.852 I/chatty ( 1315): uid=1000(system) Binder:1315_D expire 7 lines
03-05 00:41:43.892 W/ContextImpl( 1697): Calling a method in the system process without a qualified user: android.app.ContextImpl.bindService:1435 android.content.ContextWrapper.bindService:639 smartisanos.app.tracker.TrackerServiceConnection.connect:34 smartisanos.app.tracker.Agent.connectService:65 smartisanos.app.tracker.Agent.flush:388
03-05 00:41:45.969 I/chatty ( 1315): uid=1000(system) android.display expire 5 lines
03-05 00:41:47.504 I/chatty ( 1315): uid=1000(system) Binder:1315_8 expire 2 lines
03-05 00:41:47.585 W/ViewRootImpl[SplashActivity](17084): Cancelling event due to no window focus: KeyEvent { action=ACTION_UP, keyCode=KEYCODE_BACK, scanCode=158, metaState=0, flags=0x28, repeatCount=0, eventTime=1044781147, downTime=1044781132, deviceId=3, source=0x101 }
03-05 00:41:47.585 W/ViewRootImpl[SplashActivity](17084): Cancelling event due to no window focus: KeyEvent { action=ACTION_UP, keyCode=KEYCODE_BACK, scanCode=158, metaState=0, flags=0x28, repeatCount=0, eventTime=1044781147, downTime=1044781132, deviceId=3, source=0x101 }
03-05 00:41:47.585 W/ViewRootImpl[SplashActivity](17084): Cancelling event due to no window focus: KeyEvent { action=ACTION_UP, keyCode=KEYCODE_BACK, scanCode=158, metaState=0, flags=0x28, repeatCount=0, eventTime=1044781147, downTime=1044781132, deviceId=3, source=0x101 }
03-05 00:41:47.591 W/ViewRootImpl[SplashActivity](17084): Cancelling event due to no window focus: KeyEvent { action=ACTION_UP, keyCode=KEYCODE_BACK, scanCode=158, metaState=0, flags=0x28, repeatCount=0, eventTime=1044781147, downTime=1044781132, deviceId=3, source=0x101 }
03-05 00:41:47.592 W/ViewRootImpl[SplashActivity](17084): Cancelling event due to no window focus: KeyEvent { action=ACTION_UP, keyCode=KEYCODE_BACK, scanCode=158, metaState=0, flags=0x28, repeatCount=0, eventTime=1044781147, downTime=1044781132, deviceId=3, source=0x101 }
03-05 00:41:47.592 W/ViewRootImpl[SplashActivity](17084): Cancelling event due to no window focus: KeyEvent { action=ACTION_UP, keyCode=KEYCODE_BACK, scanCode=158, metaState=0, flags=0x28, repeatCount=0, eventTime=1044781147, downTime=1044781132, deviceId=3, source=0x101 }
03-05 00:41:47.592 W/ViewRootImpl[SplashActivity](17084): Cancelling event due to no window focus: KeyEvent { action=ACTION_UP, keyCode=KEYCODE_BACK, scanCode=158, metaState=0, flags=0x28, repeatCount=0, eventTime=1044781147, downTime=1044781132, deviceId=3, source=0x101 }
03-05 00:41:47.592 W/ViewRootImpl[SplashActivity](17084): Cancelling event due to no window focus: KeyEvent { action=ACTION_UP, keyCode=KEYCODE_BACK, scanCode=158, metaState=0, flags=0x28, repeatCount=0, eventTime=1044781147, downTime=1044781132, deviceId=3, source=0x101 }
03-05 00:41:47.592 W/ViewRootImpl[SplashActivity](17084): Cancelling event due to no window focus: KeyEvent { action=ACTION_UP, keyCode=KEYCODE_BACK, scanCode=158, metaState=0, flags=0x28, repeatCount=0, eventTime=1044781147, downTime=1044781132, deviceId=3, source=0x101 }
03-05 00:41:47.653 W/ViewRootImpl[smt_launcher]( 2651): Cancelling event due to no window focus: KeyEvent { action=ACTION_UP, keyCode=KEYCODE_BACK, scanCode=158, metaState=0, flags=0x28, repeatCount=0, eventTime=1044781132, downTime=1044781132, deviceId=3, source=0x101 }
