03-05 10:49:39.788 E/ActivityThread(16441): Failed to find provider info for com.tencent.mm.coolassist.debugprovider
03-05 10:49:42.093 I/chatty ( 1315): uid=1000(system) Binder:1315_9 expire 13 lines
03-05 10:49:42.359 I/chatty ( 1315): uid=1000(system) ActivityManager expire 1 line
03-05 10:49:42.425 I/chatty ( 1315): uid=1000(system) Binder:1315_16 expire 9 lines
03-05 10:49:49.285 I/chatty ( 1315): uid=1000(system) AlarmManager expire 1 line
03-05 10:49:49.312 I/chatty ( 1315): uid=1000(system) Binder:1315_8 expire 3 lines
03-05 10:49:58.963 I/chatty ( 1315): uid=1000(system) InputReader expire 12 lines
03-05 10:50:45.221 I/chatty ( 1315): uid=1000(system) Binder:1315_A expire 2 lines
03-05 10:50:45.367 I/chatty ( 1315): uid=1000(system) Binder:1315_20 expire 1 line
03-05 10:50:46.322 I/chatty ( 1315): uid=1000(system) Binder:1315_B expire 7 lines
03-05 10:50:47.945 I/chatty ( 1315): uid=1000(system) Binder:1315_E expire 5 lines
03-05 10:51:12.148 I/chatty ( 1315): uid=1000(system) Binder:1315_F expire 1 line
03-05 10:51:12.962 I/chatty ( 1315): uid=1000(system) Binder:1315_17 expire 5 lines
03-05 10:51:14.740 I/chatty ( 1315): uid=1000(system) Binder:1315_A expire 4 lines
03-05 10:51:15.138 I/chatty ( 1315): uid=1000(system) Binder:1315_3 expire 6 lines
03-05 10:51:16.168 I/chatty ( 1315): uid=1000(system) ActivityManager expire 12 lines
03-05 10:51:16.240 I/chatty ( 1315): uid=1000(system) Binder:1315_B expire 3 lines
03-05 10:51:16.390 I/chatty ( 1315): uid=1000(system) Binder:1315_1E expire 5 lines
03-05 10:51:16.390 I/chatty ( 1315): uid=1000(system) Binder:1315_14 expire 2 lines
03-05 10:51:16.401 I/chatty ( 1315): uid=1000(system) ConnectivitySer expire 1 line
03-05 10:51:16.600 I/chatty ( 1315): uid=1000(system) InputReader expire 18 lines
03-05 10:51:19.520 I/chatty ( 1315): uid=1000(system) android.bg expire 10 lines
03-05 10:51:19.599 I/chatty ( 1315): uid=1000(system) Binder:1315_10 expire 7 lines
03-05 10:51:19.654 I/chatty ( 1315): uid=1000(system) Binder:1315_4 expire 5 lines
03-05 10:51:20.718 I/chatty ( 1315): uid=1000(system) Binder:1315_16 expire 10 lines
03-05 10:51:20.737 I/chatty ( 1315): uid=1000(system) Binder:1315_9 expire 7 lines
03-05 10:51:20.795 I/chatty ( 1315): uid=1000(system) Binder:1315_12 expire 3 lines
03-05 10:51:21.147 I/chatty ( 1315): uid=1000(system) Binder:1315_6 expire 9 lines
03-05 10:51:22.764 I/chatty ( 1315): uid=1000(system) Binder:1315_E expire 7 lines
03-05 10:51:22.843 I/chatty ( 1315): uid=1000(system) Binder:1315_15 expire 1 line
03-05 10:51:28.485 I/chatty ( 1315): uid=1000(system) Binder:1315_C expire 5 lines
03-05 10:51:28.570 I/chatty ( 1315): uid=1000(system) Binder:1315_18 expire 8 lines
03-05 10:51:30.094 I/chatty ( 1315): uid=1000(system) Binder:1315_13 expire 4 lines
03-05 10:51:48.554 I/chatty ( 1315): uid=1000(system) Binder:1315_1C expire 3 lines
03-05 10:51:53.028 I/chatty ( 1315): uid=1000(system) Binder:1315_1D expire 7 lines
03-05 10:51:53.781 I/chatty ( 1315): uid=1000(system) Binder:1315_19 expire 6 lines
03-05 10:51:54.765 W/ContextImpl(18012): Calling a method in the system process without a qualified user: android.app.ContextImpl.startService:1371 android.content.ContextWrapper.startService:616 android.content.ContextWrapper.startService:616 com.android.settings.fuelgauge.BatteryChangeReceiver.tL:-1 com.android.settings.fuelgauge.BatteryChangeReceiver.tO:-1
03-05 10:51:54.793 I/chatty ( 1315): uid=1000(system) batterystats-sy expire 1 line
03-05 10:51:58.563 I/chatty ( 1315): uid=1000(system) Binder:1315_20 expire 3 lines
03-05 10:52:15.038 I/chatty ( 1315): uid=1000(system) Binder:1315_2 expire 2 lines
03-05 10:52:17.535 I/chatty ( 1315): uid=1000(system) android.display expire 7 lines
03-05 10:52:17.720 I/chatty ( 1315): uid=1000(system) Binder:1315_1B expire 1 line
03-05 10:52:50.581 W/ViewRootImpl[LauncherUI](17393): Dropping event due to no window focus: KeyEvent { action=ACTION_DOWN, keyCode=KEYCODE_BACK, scanCode=158, metaState=0, flags=0x8, repeatCount=0, eventTime=1057112952, downTime=1057112952, deviceId=3, source=0x101 }
03-05 10:52:50.581 I/chatty ( 1315): uid=1000(system) InputDispatcher expire 12 lines
03-05 10:52:50.604 W/ViewRootImpl[LauncherUI](17393): Cancelling event due to no window focus: KeyEvent { action=ACTION_UP, keyCode=KEYCODE_BACK, scanCode=158, metaState=0, flags=0x28, repeatCount=0, eventTime=1057112952, downTime=1057112952, deviceId=3, source=0x101 }
03-05 10:52:50.604 W/ViewRootImpl[LauncherUI](17393): Cancelling event due to no window focus: KeyEvent { action=ACTION_UP, keyCode=KEYCODE_BACK, scanCode=158, metaState=0, flags=0x28, repeatCount=0, eventTime=1057112952, downTime=1057112952, deviceId=3, source=0x101 }
03-05 10:52:50.604 W/ViewRootImpl[LauncherUI](17393): Cancelling event due to no window focus: KeyEvent { action=ACTION_UP, keyCode=KEYCODE_BACK, scanCode=158, metaState=0, flags=0x28, repeatCount=0, eventTime=1057112952, downTime=1057112952, deviceId=3, source=0x101 }
03-05 10:52:50.605 W/ViewRootImpl[LauncherUI](17393): Cancelling event due to no window focus: KeyEvent { action=ACTION_UP, keyCode=KEYCODE_BACK, scanCode=158, metaState=0, flags=0x28, repeatCount=0, eventTime=1057112952, downTime=1057112952, deviceId=3, source=0x101 }
03-05 10:52:50.605 W/ViewRootImpl[LauncherUI](17393): Cancelling event due to no window focus: KeyEvent { action=ACTION_UP, keyCode=KEYCODE_BACK, scanCode=158, metaState=0, flags=0x28, repeatCount=0, eventTime=1057112952, downTime=1057112952, deviceId=3, source=0x101 }
03-05 10:52:50.605 W/ViewRootImpl[LauncherUI](17393): Cancelling event due to no window focus: KeyEvent { action=ACTION_UP, keyCode=KEYCODE_BACK, scanCode=158, metaState=0, flags=0x28, repeatCount=0, eventTime=1057112952, downTime=1057112952, deviceId=3, source=0x101 }
03-05 10:52:50.606 W/ViewRootImpl[LauncherUI](17393): Cancelling event due to no window focus: KeyEvent { action=ACTION_UP, keyCode=KEYCODE_BACK, scanCode=158, metaState=0, flags=0x28, repeatCount=0, eventTime=1057112952, downTime=1057112952, deviceId=3, source=0x101 }
03-05 10:52:50.606 W/ViewRootImpl[LauncherUI](17393): Cancelling event due to no window focus: KeyEvent { action=ACTION_UP, keyCode=KEYCODE_BACK, scanCode=158, metaState=0, flags=0x28, repeatCount=0, eventTime=1057112952, downTime=1057112952, deviceId=3, source=0x101 }
03-05 10:52:50.606 W/ViewRootImpl[LauncherUI](17393): Cancelling event due to no window focus: KeyEvent { action=ACTION_UP, keyCode=KEYCODE_BACK, scanCode=158, metaState=0, flags=0x28, repeatCount=0, eventTime=1057112952, downTime=1057112952, deviceId=3, source=0x101 }
03-05 10:52:50.632 W/ViewRootImpl[LauncherUI](17393): Dropping event due to no window focus: KeyEvent { action=ACTION_DOWN, keyCode=KEYCODE_BACK, scanCode=158, metaState=0, flags=0x8, repeatCount=0, eventTime=1057113186, downTime=1057113186, deviceId=3, source=0x101 }
03-05 10:52:50.699 W/ViewRootImpl[LauncherUI](17393): Cancelling event due to no window focus: KeyEvent { action=ACTION_UP, keyCode=KEYCODE_BACK, scanCode=158, metaState=0, flags=0x28, repeatCount=0, eventTime=1057113186, downTime=1057113186, deviceId=3, source=0x101 }
03-05 10:52:50.699 W/ViewRootImpl[LauncherUI](17393): Cancelling event due to no window focus: KeyEvent { action=ACTION_UP, keyCode=KEYCODE_BACK, scanCode=158, metaState=0, flags=0x28, repeatCount=0, eventTime=1057113186, downTime=1057113186, deviceId=3, source=0x101 }
03-05 10:52:50.699 W/ViewRootImpl[LauncherUI](17393): Cancelling event due to no window focus: KeyEvent { action=ACTION_UP, keyCode=KEYCODE_BACK, scanCode=158, metaState=0, flags=0x28, repeatCount=0, eventTime=1057113186, downTime=1057113186, deviceId=3, source=0x101 }
03-05 10:52:50.699 W/ViewRootImpl[LauncherUI](17393): Cancelling event due to no window focus: KeyEvent { action=ACTION_UP, keyCode=KEYCODE_BACK, scanCode=158, metaState=0, flags=0x28, repeatCount=0, eventTime=1057113186, downTime=1057113186, deviceId=3, source=0x101 }
03-05 10:52:50.699 W/ViewRootImpl[LauncherUI](17393): Cancelling event due to no window focus: KeyEvent { action=ACTION_UP, keyCode=KEYCODE_BACK, scanCode=158, metaState=0, flags=0x28, repeatCount=0, eventTime=1057113186, downTime=1057113186, deviceId=3, source=0x101 }
03-05 10:52:50.699 W/ViewRootImpl[LauncherUI](17393): Cancelling event due to no window focus: KeyEvent { action=ACTION_UP, keyCode=KEYCODE_BACK, scanCode=158, metaState=0, flags=0x28, repeatCount=0, eventTime=1057113186, downTime=1057113186, deviceId=3, source=0x101 }
03-05 10:52:50.700 W/ViewRootImpl[LauncherUI](17393): Cancelling event due to no window focus: KeyEvent { action=ACTION_UP, keyCode=KEYCODE_BACK, scanCode=158, metaState=0, flags=0x28, repeatCount=0, eventTime=1057113186, downTime=1057113186, deviceId=3, source=0x101 }
03-05 10:52:50.700 W/ViewRootImpl[LauncherUI](17393): Cancelling event due to no window focus: KeyEvent { action=ACTION_UP, keyCode=KEYCODE_BACK, scanCode=158, metaState=0, flags=0x28, repeatCount=0, eventTime=1057113186, downTime=1057113186, deviceId=3, source=0x101 }
03-05 10:52:50.700 W/ViewRootImpl[LauncherUI](17393): Cancelling event due to no window focus: KeyEvent { action=ACTION_UP, keyCode=KEYCODE_BACK, scanCode=158, metaState=0, flags=0x28, repeatCount=0, eventTime=1057113186, downTime=1057113186, deviceId=3, source=0x101 }
03-05 10:52:50.702 W/ViewRootImpl[LauncherUI](17393): Dropping event due to no window focus: KeyEvent { action=ACTION_DOWN, keyCode=KEYCODE_BACK, scanCode=158, metaState=0, flags=0x8, repeatCount=0, eventTime=1057113526, downTime=1057113526, deviceId=3, source=0x101 }
03-05 10:52:50.704 W/ViewRootImpl[LauncherUI](17393): Cancelling event due to no window focus: KeyEvent { action=ACTION_UP, keyCode=KEYCODE_BACK, scanCode=158, metaState=0, flags=0x28, repeatCount=0, eventTime=1057113526, downTime=1057113526, deviceId=3, source=0x101 }
03-05 10:52:50.704 W/ViewRootImpl[LauncherUI](17393): Cancelling event due to no window focus: KeyEvent { action=ACTION_UP, keyCode=KEYCODE_BACK, scanCode=158, metaState=0, flags=0x28, repeatCount=0, eventTime=1057113526, downTime=1057113526, deviceId=3, source=0x101 }
03-05 10:52:50.704 W/ViewRootImpl[LauncherUI](17393): Cancelling event due to no window focus: KeyEvent { action=ACTION_UP, keyCode=KEYCODE_BACK, scanCode=158, metaState=0, flags=0x28, repeatCount=0, eventTime=1057113526, downTime=1057113526, deviceId=3, source=0x101 }
03-05 10:52:50.704 W/ViewRootImpl[LauncherUI](17393): Cancelling event due to no window focus: KeyEvent { action=ACTION_UP, keyCode=KEYCODE_BACK, scanCode=158, metaState=0, flags=0x28, repeatCount=0, eventTime=1057113526, downTime=1057113526, deviceId=3, source=0x101 }
03-05 10:52:50.704 W/ViewRootImpl[LauncherUI](17393): Cancelling event due to no window focus: KeyEvent { action=ACTION_UP, keyCode=KEYCODE_BACK, scanCode=158, metaState=0, flags=0x28, repeatCount=0, eventTime=1057113526, downTime=1057113526, deviceId=3, source=0x101 }
03-05 10:52:50.704 W/ViewRootImpl[LauncherUI](17393): Cancelling event due to no window focus: KeyEvent { action=ACTION_UP, keyCode=KEYCODE_BACK, scanCode=158, metaState=0, flags=0x28, repeatCount=0, eventTime=1057113526, downTime=1057113526, deviceId=3, source=0x101 }
03-05 10:52:50.705 W/ViewRootImpl[LauncherUI](17393): Cancelling event due to no window focus: KeyEvent { action=ACTION_UP, keyCode=KEYCODE_BACK, scanCode=158, metaState=0, flags=0x28, repeatCount=0, eventTime=1057113526, downTime=1057113526, deviceId=3, source=0x101 }
03-05 10:52:50.705 W/ViewRootImpl[LauncherUI](17393): Cancelling event due to no window focus: KeyEvent { action=ACTION_UP, keyCode=KEYCODE_BACK, scanCode=158, metaState=0, flags=0x28, repeatCount=0, eventTime=1057113526, downTime=1057113526, deviceId=3, source=0x101 }
03-05 10:52:50.705 W/ViewRootImpl[LauncherUI](17393): Cancelling event due to no window focus: KeyEvent { action=ACTION_UP, keyCode=KEYCODE_BACK, scanCode=158, metaState=0, flags=0x28, repeatCount=0, eventTime=1057113526, downTime=1057113526, deviceId=3, source=0x101 }
03-05 10:52:50.847 I/chatty ( 1315): uid=1000(system) InputReader expire 2 lines
03-05 10:52:51.128 W/ViewRootImpl[smt_launcher]( 2651): Cancelling event due to no window focus: KeyEvent { action=ACTION_UP, keyCode=KEYCODE_BACK, scanCode=158, metaState=0, flags=0x28, repeatCount=0, eventTime=1057113796, downTime=1057113796, deviceId=3, source=0x101 }
03-05 10:52:51.128 W/ViewRootImpl[smt_launcher]( 2651): Cancelling event due to no window focus: KeyEvent { action=ACTION_UP, keyCode=KEYCODE_BACK, scanCode=158, metaState=0, flags=0x28, repeatCount=0, eventTime=1057113796, downTime=1057113796, deviceId=3, source=0x101 }
03-05 10:52:51.128 W/ViewRootImpl[smt_launcher]( 2651): Cancelling event due to no window focus: KeyEvent { action=ACTION_UP, keyCode=KEYCODE_BACK, scanCode=158, metaState=0, flags=0x28, repeatCount=0, eventTime=1057113796, downTime=1057113796, deviceId=3, source=0x101 }
03-05 10:52:51.129 W/ViewRootImpl[smt_launcher]( 2651): Cancelling event due to no window focus: KeyEvent { action=ACTION_UP, keyCode=KEYCODE_BACK, scanCode=158, metaState=0, flags=0x28, repeatCount=0, eventTime=1057113796, downTime=1057113796, deviceId=3, source=0x101 }
03-05 10:52:51.129 W/ViewRootImpl[smt_launcher]( 2651): Cancelling event due to no window focus: KeyEvent { action=ACTION_UP, keyCode=KEYCODE_BACK, scanCode=158, metaState=0, flags=0x28, repeatCount=0, eventTime=1057113796, downTime=1057113796, deviceId=3, source=0x101 }
03-05 10:52:51.129 W/ViewRootImpl[smt_launcher]( 2651): Cancelling event due to no window focus: KeyEvent { action=ACTION_UP, keyCode=KEYCODE_BACK, scanCode=158, metaState=0, flags=0x28, repeatCount=0, eventTime=1057113796, downTime=1057113796, deviceId=3, source=0x101 }
03-05 10:52:54.605 I/chatty ( 1315): uid=1000(system) android.bg expire 7 lines
03-05 10:53:08.580 I/chatty ( 1315): uid=1000(system) Binder:1315_7 expire 2 lines
03-05 10:53:20.577 I/chatty ( 1315): uid=1000(system) PowerManagerSer expire 10 lines
03-05 10:53:20.669 I/chatty ( 1315): uid=1000 system_server expire 17 lines
03-05 10:53:23.668 I/chatty ( 1315): uid=1000(system) Binder:1315_11 expire 1 line
03-05 10:53:23.814 I/chatty ( 1315): uid=1000(system) Binder:1315_1A expire 2 lines
03-05 10:53:24.293 I/chatty ( 1315): uid=1000(system) PackageManager expire 2 lines
03-05 10:53:52.169 D/ActivityThread(18752): Loading provider com.android.email.provider;com.android.email.notifier: com.android.email.provider.EmailProvider
03-05 10:53:52.170 D/ActivityThread(18752): Loading provider com.android.email.provider;com.android.email.notifier: com.android.email.provider.EmailProvider
03-05 10:53:52.172 D/ActivityThread(18752): Loading provider com.android.email.provider;com.android.email.notifier: com.android.email.provider.EmailProvider
03-05 10:53:54.456 W/ContextImpl( 1697): Calling a method in the system process without a qualified user: android.app.ContextImpl.bindService:1435 android.content.ContextWrapper.bindService:639 smartisanos.app.tracker.TrackerServiceConnection.connect:34 smartisanos.app.tracker.Agent.connectService:65 smartisanos.app.tracker.Agent.flush:388
03-05 10:53:57.014 I/chatty ( 1315): uid=1000(system) ActivityManager expire 4 lines
03-05 10:54:07.025 I/chatty ( 1315): uid=1000(system) Binder:1315_D expire 3 lines
03-05 10:54:21.451 I/chatty ( 1315): uid=1000 system_server expire 16 lines
03-05 10:54:31.885 I/chatty ( 1315): uid=1000(system) NetworkPolicy expire 1 line
03-05 10:55:07.898 I/chatty ( 1315): uid=1000(system) Binder:1315_16 expire 3 lines
03-05 10:55:08.024 I/chatty ( 1315): uid=1000(system) Binder:1315_1F expire 3 lines
03-05 10:55:09.440 W/ContextImpl( 1697): Calling a method in the system process without a qualified user: android.app.ContextImpl.bindService:1435 android.content.ContextWrapper.bindService:639 smartisanos.app.tracker.TrackerServiceConnection.connect:34 smartisanos.app.tracker.Agent.connectService:65 smartisanos.app.tracker.Agent.flush:388
03-05 10:55:38.924 I/chatty ( 1315): uid=1000(system) PowerManagerSer expire 3 lines
03-05 10:55:39.131 I/chatty ( 1315): uid=1000 system_server expire 19 lines
03-05 10:55:39.486 I/chatty ( 1315): uid=1000(system) android.display expire 31 lines
03-05 10:55:42.978 I/chatty ( 1315): uid=1000(system) PackageManager expire 1 line
03-05 10:56:07.585 I/chatty ( 1315): uid=1000(system) android.bg expire 11 lines
03-05 10:57:29.085 I/chatty ( 1315): uid=1000(system) batterystats-sy expire 6 lines
03-05 10:57:29.195 I/chatty ( 1315): uid=1000(system) Binder:1315_E expire 12 lines
03-05 10:58:52.233 I/chatty ( 1315): uid=1000(system) Binder:1315_8 expire 10 lines
03-05 10:58:53.255 I/chatty ( 1315): uid=1000(system) ActivityManager expire 14 lines
03-05 10:58:53.276 I/chatty ( 1315): uid=1000(system) Binder:1315_1C expire 2 lines
03-05 10:59:12.751 I/chatty ( 1315): uid=1000(system) Binder:1315_1D expire 10 lines
03-05 10:59:13.597 I/chatty ( 1315): uid=1000(system) Binder:1315_11 expire 8 lines
03-05 10:59:13.615 I/chatty ( 1315): uid=1000(system) PowerManagerSer expire 2 lines
03-05 10:59:13.857 I/chatty ( 1315): uid=1000(system) Binder:1315_19 expire 4 lines
03-05 10:59:14.042 I/chatty ( 1315): uid=1000(system) Binder:1315_6 expire 8 lines
03-05 10:59:14.965 I/chatty ( 1315): uid=1000(system) InputReader expire 8 lines
03-05 10:59:15.025 I/chatty ( 1315): uid=1000(system) Binder:1315_14 expire 1 line
03-05 10:59:15.026 I/chatty ( 1315): uid=1000(system) Binder:1315_1B expire 8 lines
03-05 10:59:15.038 I/chatty ( 1315): uid=1000(system) Binder:1315_C expire 2 lines
03-05 10:59:15.954 I/chatty ( 1315): uid=1000(system) Binder:1315_D expire 5 lines
03-05 10:59:16.030 W/ViewRootImpl[SplashActivity](31560): Cancelling event due to no window focus: KeyEvent { action=ACTION_UP, keyCode=KEYCODE_BACK, scanCode=158, metaState=0, flags=0x28, repeatCount=0, eventTime=1057292449, downTime=1057292432, deviceId=3, source=0x101 }
03-05 10:59:16.030 W/ViewRootImpl[SplashActivity](31560): Cancelling event due to no window focus: KeyEvent { action=ACTION_UP, keyCode=KEYCODE_BACK, scanCode=158, metaState=0, flags=0x28, repeatCount=0, eventTime=1057292449, downTime=1057292432, deviceId=3, source=0x101 }
03-05 10:59:16.030 W/ViewRootImpl[SplashActivity](31560): Cancelling event due to no window focus: KeyEvent { action=ACTION_UP, keyCode=KEYCODE_BACK, scanCode=158, metaState=0, flags=0x28, repeatCount=0, eventTime=1057292449, downTime=1057292432, deviceId=3, source=0x101 }
03-05 10:59:16.044 W/ViewRootImpl[SplashActivity](31560): Cancelling event due to no window focus: KeyEvent { action=ACTION_UP, keyCode=KEYCODE_BACK, scanCode=158, metaState=0, flags=0x28, repeatCount=0, eventTime=1057292449, downTime=1057292432, deviceId=3, source=0x101 }
03-05 10:59:16.044 W/ViewRootImpl[SplashActivity](31560): Cancelling event due to no window focus: KeyEvent { action=ACTION_UP, keyCode=KEYCODE_BACK, scanCode=158, metaState=0, flags=0x28, repeatCount=0, eventTime=1057292449, downTime=1057292432, deviceId=3, source=0x101 }
03-05 10:59:16.044 W/ViewRootImpl[SplashActivity](31560): Cancelling event due to no window focus: KeyEvent { action=ACTION_UP, keyCode=KEYCODE_BACK, scanCode=158, metaState=0, flags=0x28, repeatCount=0, eventTime=1057292449, downTime=1057292432, deviceId=3, source=0x101 }
03-05 10:59:16.045 W/ViewRootImpl[SplashActivity](31560): Cancelling event due to no window focus: KeyEvent { action=ACTION_UP, keyCode=KEYCODE_BACK, scanCode=158, metaState=0, flags=0x28, repeatCount=0, eventTime=1057292449, downTime=1057292432, deviceId=3, source=0x101 }
03-05 10:59:16.045 W/ViewRootImpl[SplashActivity](31560): Cancelling event due to no window focus: KeyEvent { action=ACTION_UP, keyCode=KEYCODE_BACK, scanCode=158, metaState=0, flags=0x28, repeatCount=0, eventTime=1057292449, downTime=1057292432, deviceId=3, source=0x101 }
03-05 10:59:16.045 W/ViewRootImpl[SplashActivity](31560): Cancelling event due to no window focus: KeyEvent { action=ACTION_UP, keyCode=KEYCODE_BACK, scanCode=158, metaState=0, flags=0x28, repeatCount=0, eventTime=1057292449, downTime=1057292432, deviceId=3, source=0x101 }
03-05 10:59:16.092 W/ViewRootImpl[smt_launcher]( 2651): Cancelling event due to no window focus: KeyEvent { action=ACTION_UP, keyCode=KEYCODE_BACK, scanCode=158, metaState=0, flags=0x28, repeatCount=0, eventTime=1057292432, downTime=1057292432, deviceId=3, source=0x101 }
03-05 10:59:16.092 W/ViewRootImpl[smt_launcher]( 2651): Cancelling event due to no window focus: KeyEvent { action=ACTION_UP, keyCode=KEYCODE_BACK, scanCode=158, metaState=0, flags=0x28, repeatCount=0, eventTime=1057292432, downTime=1057292432, deviceId=3, source=0x101 }
03-05 10:59:16.092 W/ViewRootImpl[smt_launcher]( 2651): Cancelling event due to no window focus: KeyEvent { action=ACTION_UP, keyCode=KEYCODE_BACK, scanCode=158, metaState=0, flags=0x28, repeatCount=0, eventTime=1057292432, downTime=1057292432, deviceId=3, source=0x101 }
03-05 10:59:16.092 W/ViewRootImpl[smt_launcher]( 2651): Cancelling event due to no window focus: KeyEvent { action=ACTION_UP, keyCode=KEYCODE_BACK, scanCode=158, metaState=0, flags=0x28, repeatCount=0, eventTime=1057292432, downTime=1057292432, deviceId=3, source=0x101 }
03-05 10:59:16.092 W/ViewRootImpl[smt_launcher]( 2651): Cancelling event due to no window focus: KeyEvent { action=ACTION_UP, keyCode=KEYCODE_BACK, scanCode=158, metaState=0, flags=0x28, repeatCount=0, eventTime=1057292432, downTime=1057292432, deviceId=3, source=0x101 }
03-05 10:59:16.092 W/ViewRootImpl[smt_launcher]( 2651): Cancelling event due to no window focus: KeyEvent { action=ACTION_UP, keyCode=KEYCODE_BACK, scanCode=158, metaState=0, flags=0x28, repeatCount=0, eventTime=1057292432, downTime=1057292432, deviceId=3, source=0x101 }
03-05 10:59:16.638 W/ContextImpl( 1697): Calling a method in the system process without a qualified user: android.app.ContextImpl.bindService:1435 android.content.ContextWrapper.bindService:639 smartisanos.app.tracker.TrackerServiceConnection.connect:34 smartisanos.app.tracker.Agent.connectService:65 smartisanos.app.tracker.Agent.flush:388
03-05 10:59:19.794 I/chatty ( 1315): uid=1000(system) Binder:1315_2 expire 1 line
03-05 10:59:19.866 I/chatty ( 1315): uid=1000(system) android.bg expire 9 lines
03-05 10:59:19.871 I/chatty ( 1315): uid=1000(system) Binder:1315_20 expire 6 lines
03-05 10:59:19.930 I/chatty ( 1315): uid=1000(system) Binder:1315_3 expire 7 lines
03-05 10:59:19.981 I/chatty ( 1315): uid=1000(system) Binder:1315_5 expire 2 lines
03-05 10:59:21.359 I/chatty ( 1315): uid=1000(system) Binder:1315_4 expire 4 lines
03-05 10:59:21.386 I/ActivityThread(17845): Removing dead content provider:android.content.ContentProviderProxy@303bb6e
03-05 10:59:21.598 I/chatty ( 1315): uid=1000(system) android.io expire 2 lines
03-05 10:59:22.067 I/chatty ( 1315): uid=1000(system) android.display expire 17 lines
03-05 10:59:22.306 I/chatty ( 1315): uid=1000(system) Binder:1315_12 expire 8 lines
03-05 10:59:23.274 I/chatty ( 1315): uid=1000(system) Binder:1315_17 expire 4 lines
03-05 10:59:23.805 I/chatty ( 1315): uid=1000(system) Binder:1315_8 expire 6 lines
03-05 10:59:24.363 I/chatty ( 1315): uid=1000(system) Binder:1315_F expire 10 lines
03-05 10:59:24.487 I/chatty ( 1315): uid=1000(system) Binder:1315_9 expire 1 line
03-05 10:59:24.512 I/chatty ( 1315): uid=1000(system) Binder:1315_1F expire 5 lines
03-05 10:59:25.182 I/chatty ( 1315): uid=1000(system) ConnectivitySer expire 2 lines
03-05 10:59:25.191 E/ActivityThread(19825): Failed to find provider info for com.vivo.push.sdk.service.SystemPushConfig
03-05 10:59:25.275 I/chatty ( 1315): uid=1000(system) Binder:1315_13 expire 1 line
03-05 10:59:25.385 I/chatty ( 1315): uid=1000(system) ActivityManager expire 1 line
03-05 10:59:31.836 I/chatty ( 1315): uid=1000(system) InputDispatcher expire 3 lines
03-05 10:59:32.951 I/chatty ( 1315): uid=1000(system) Binder:1315_1D expire 3 lines
03-05 10:59:32.960 I/chatty ( 1315): uid=1000(system) Binder:1315_10 expire 4 lines
03-05 10:59:33.088 I/chatty ( 1315): uid=1000(system) Binder:1315_18 expire 6 lines
03-05 10:59:33.201 I/chatty ( 1315): uid=1000(system) Binder:1315_F expire 15 lines
03-05 10:59:33.201 I/chatty ( 1315): uid=1000(system) android.display expire 41 lines
03-05 10:59:33.263 I/chatty ( 1315): uid=1000(system) Binder:1315_10 expire 6 lines
03-05 10:59:33.362 I/chatty ( 1315): uid=1000(system) Binder:1315_8 expire 7 lines
03-05 10:59:33.391 I/chatty ( 1315): uid=1000(system) Binder:1315_13 expire 4 lines
03-05 10:59:33.401 I/chatty ( 1315): uid=1000(system) ActivityManager expire 10 lines
03-05 10:59:33.424 I/chatty ( 1315): uid=1000(system) Binder:1315_17 expire 7 lines
03-05 10:59:33.440 I/chatty ( 1315): uid=1000(system) Binder:1315_1B expire 13 lines
03-05 10:59:33.633 I/chatty ( 1315): uid=1000(system) Binder:1315_16 expire 1 line
03-05 10:59:33.776 I/chatty ( 1315): uid=1000(system) Binder:1315_1C expire 9 lines
03-05 10:59:33.868 I/chatty ( 1315): uid=1000(system) Binder:1315_2 expire 9 lines
03-05 10:59:33.875 I/chatty ( 1315): uid=1000(system) Binder:1315_4 expire 1 line
03-05 10:59:33.944 I/chatty ( 1315): uid=1000(system) Binder:1315_1A expire 6 lines
03-05 10:59:34.411 I/chatty ( 1315): uid=1000(system) Binder:1315_11 expire 5 lines
03-05 10:59:34.426 I/chatty ( 1315): uid=1000(system) Binder:1315_3 expire 6 lines
03-05 10:59:34.446 I/chatty ( 1315): uid=1000(system) Binder:1315_D expire 4 lines
03-05 10:59:34.464 I/chatty ( 1315): uid=1000(system) Binder:1315_1D expire 2 lines
03-05 10:59:34.471 I/chatty ( 1315): uid=1000(system) Binder:1315_1F expire 5 lines
03-05 10:59:34.996 E/ActivityThread(20098): Failed to find provider info for com.tencent.mm.coolassist.debugprovider
03-05 10:59:34.996 E/ActivityThread(20111): Failed to find provider info for com.tencent.mm.coolassist.debugprovider
03-05 10:59:35.074 I/chatty ( 1315): uid=1000(system) Binder:1315_1 expire 2 lines
03-05 10:59:35.082 I/chatty ( 1315): uid=1000(system) Binder:1315_5 expire 1 line
03-05 10:59:35.606 I/chatty ( 1315): uid=1000(system) Binder:1315_14 expire 3 lines
03-05 10:59:35.802 I/chatty ( 1315): uid=1000(system) Binder:1315_1E expire 10 lines
03-05 10:59:35.845 I/chatty ( 1315): uid=1000(system) Binder:1315_15 expire 9 lines
03-05 10:59:36.021 I/chatty ( 1315): uid=1000(system) Binder:1315_B expire 4 lines
03-05 10:59:36.040 I/chatty ( 1315): uid=1000(system) android.bg expire 4 lines
03-05 10:59:37.516 E/ActivityThread(20335): Failed to find provider info for com.tencent.mm.coolassist.debugprovider
03-05 10:59:38.658 I/chatty ( 1315): uid=1000(system) Binder:1315_7 expire 4 lines
03-05 10:59:38.675 I/chatty ( 1315): uid=1000(system) NetworkStatsObs expire 1 line
03-05 10:59:39.397 I/chatty ( 1315): uid=1000(system) Binder:1315_20 expire 7 lines
03-05 10:59:41.179 I/chatty ( 1315): uid=1000(system) android.io expire 5 lines
03-05 10:59:41.701 I/chatty ( 1315): uid=1000(system) Binder:1315_9 expire 4 lines
03-05 10:59:44.063 I/chatty ( 1315): uid=1000(system) Binder:1315_19 expire 1 line
03-05 10:59:44.653 I/chatty ( 1315): uid=1000(system) Binder:1315_6 expire 1 line
03-05 10:59:45.235 E/ActivityThread(20682): Failed to find provider info for com.tencent.mm.coolassist.debugprovider
03-05 10:59:45.399 I/chatty ( 1315): uid=1000(system) InputReader expire 12 lines
03-05 10:59:46.834 I/chatty ( 1315): uid=1000(system) ConnectivitySer expire 4 lines
03-05 10:59:47.852 W/ViewRootImpl[LauncherUI](17393): Cancelling event due to no window focus: KeyEvent { action=ACTION_UP, keyCode=KEYCODE_BACK, scanCode=158, metaState=0, flags=0x28, repeatCount=0, eventTime=1057324158, downTime=1057324127, deviceId=3, source=0x101 }
03-05 10:59:47.852 W/ViewRootImpl[LauncherUI](17393): Cancelling event due to no window focus: KeyEvent { action=ACTION_UP, keyCode=KEYCODE_BACK, scanCode=158, metaState=0, flags=0x28, repeatCount=0, eventTime=1057324158, downTime=1057324127, deviceId=3, source=0x101 }
03-05 10:59:47.852 W/ViewRootImpl[LauncherUI](17393): Cancelling event due to no window focus: KeyEvent { action=ACTION_UP, keyCode=KEYCODE_BACK, scanCode=158, metaState=0, flags=0x28, repeatCount=0, eventTime=1057324158, downTime=1057324127, deviceId=3, source=0x101 }
03-05 10:59:47.931 W/ViewRootImpl[LauncherUI](17393): Cancelling event due to no window focus: KeyEvent { action=ACTION_UP, keyCode=KEYCODE_BACK, scanCode=158, metaState=0, flags=0x28, repeatCount=0, eventTime=1057324158, downTime=1057324127, deviceId=3, source=0x101 }
03-05 10:59:47.931 W/ViewRootImpl[LauncherUI](17393): Cancelling event due to no window focus: KeyEvent { action=ACTION_UP, keyCode=KEYCODE_BACK, scanCode=158, metaState=0, flags=0x28, repeatCount=0, eventTime=1057324158, downTime=1057324127, deviceId=3, source=0x101 }
03-05 10:59:47.931 W/ViewRootImpl[LauncherUI](17393): Cancelling event due to no window focus: KeyEvent { action=ACTION_UP, keyCode=KEYCODE_BACK, scanCode=158, metaState=0, flags=0x28, repeatCount=0, eventTime=1057324158, downTime=1057324127, deviceId=3, source=0x101 }
03-05 10:59:47.932 W/ViewRootImpl[LauncherUI](17393): Cancelling event due to no window focus: KeyEvent { action=ACTION_UP, keyCode=KEYCODE_BACK, scanCode=158, metaState=0, flags=0x28, repeatCount=0, eventTime=1057324158, downTime=1057324127, deviceId=3, source=0x101 }
03-05 10:59:47.932 W/ViewRootImpl[LauncherUI](17393): Cancelling event due to no window focus: KeyEvent { action=ACTION_UP, keyCode=KEYCODE_BACK, scanCode=158, metaState=0, flags=0x28, repeatCount=0, eventTime=1057324158, downTime=1057324127, deviceId=3, source=0x101 }
03-05 10:59:47.932 W/ViewRootImpl[LauncherUI](17393): Cancelling event due to no window focus: KeyEvent { action=ACTION_UP, keyCode=KEYCODE_BACK, scanCode=158, metaState=0, flags=0x28, repeatCount=0, eventTime=1057324158, downTime=1057324127, deviceId=3, source=0x101 }
03-05 10:59:48.054 W/ViewRootImpl[smt_launcher]( 2651): Cancelling event due to no window focus: KeyEvent { action=ACTION_UP, keyCode=KEYCODE_BACK, scanCode=158, metaState=0, flags=0x28, repeatCount=0, eventTime=1057324127, downTime=1057324127, deviceId=3, source=0x101 }
03-05 10:59:48.054 W/ViewRootImpl[smt_launcher]( 2651): Cancelling event due to no window focus: KeyEvent { action=ACTION_UP, keyCode=KEYCODE_BACK, scanCode=158, metaState=0, flags=0x28, repeatCount=0, eventTime=1057324127, downTime=1057324127, deviceId=3, source=0x101 }
03-05 10:59:48.055 W/ViewRootImpl[smt_launcher]( 2651): Cancelling event due to no window focus: KeyEvent { action=ACTION_UP, keyCode=KEYCODE_BACK, scanCode=158, metaState=0, flags=0x28, repeatCount=0, eventTime=1057324127, downTime=1057324127, deviceId=3, source=0x101 }
03-05 10:59:48.055 W/ViewRootImpl[smt_launcher]( 2651): Cancelling event due to no window focus: KeyEvent { action=ACTION_UP, keyCode=KEYCODE_BACK, scanCode=158, metaState=0, flags=0x28, repeatCount=0, eventTime=1057324127, downTime=1057324127, deviceId=3, source=0x101 }
03-05 10:59:48.055 W/ViewRootImpl[smt_launcher]( 2651): Cancelling event due to no window focus: KeyEvent { action=ACTION_UP, keyCode=KEYCODE_BACK, scanCode=158, metaState=0, flags=0x28, repeatCount=0, eventTime=1057324127, downTime=1057324127, deviceId=3, source=0x101 }
03-05 10:59:48.055 W/ViewRootImpl[smt_launcher]( 2651): Cancelling event due to no window focus: KeyEvent { action=ACTION_UP, keyCode=KEYCODE_BACK, scanCode=158, metaState=0, flags=0x28, repeatCount=0, eventTime=1057324127, downTime=1057324127, deviceId=3, source=0x101 }
03-05 10:59:48.112 I/chatty ( 1315): uid=1000(system) android.display expire 1 line
03-05 10:59:48.119 I/chatty ( 1315): uid=1000(system) Binder:1315_12 expire 11 lines
03-05 10:59:48.834 I/chatty ( 1315): uid=1000(system) InputDispatcher expire 7 lines
03-05 10:59:51.886 I/chatty ( 1315): uid=1000(system) Binder:1315_A expire 1 line
03-05 10:59:54.781 I/chatty ( 1315): uid=1000(system) Binder:1315_1E expire 12 lines
03-05 10:59:55.125 I/chatty ( 1315): uid=1000(system) android.io expire 11 lines
03-05 10:59:55.133 I/chatty ( 1315): uid=1000(system) Binder:1315_7 expire 13 lines
03-05 10:59:55.144 I/chatty ( 1315): uid=1000(system) Binder:1315_16 expire 10 lines
03-05 10:59:55.207 I/chatty ( 1315): uid=1000(system) Binder:1315_8 expire 7 lines
03-05 10:59:55.209 I/chatty ( 1315): uid=1000(system) android.display expire 40 lines
03-05 10:59:55.253 I/chatty ( 1315): uid=1000(system) Binder:1315_D expire 7 lines
03-05 10:59:55.272 I/chatty ( 1315): uid=1000(system) Binder:1315_20 expire 4 lines
03-05 10:59:55.307 I/chatty ( 1315): uid=1000(system) Binder:1315_3 expire 4 lines
03-05 10:59:55.317 I/chatty ( 1315): uid=1000(system) Binder:1315_5 expire 4 lines
03-05 10:59:55.364 I/chatty ( 1315): uid=1000(system) ActivityManager expire 11 lines
03-05 10:59:55.504 I/chatty ( 1315): uid=1000(system) Binder:1315_1F expire 4 lines
03-05 10:59:55.518 I/chatty ( 1315): uid=1000(system) Binder:1315_A expire 5 lines
03-05 10:59:55.536 I/chatty ( 1315): uid=1000(system) Binder:1315_10 expire 2 lines
03-05 10:59:55.600 I/chatty ( 1315): uid=1000(system) Binder:1315_17 expire 2 lines
03-05 10:59:55.765 I/chatty ( 1315): uid=1000(system) Binder:1315_15 expire 11 lines
03-05 10:59:55.816 I/chatty ( 1315): uid=1000(system) android.bg expire 16 lines
03-05 10:59:55.820 I/chatty ( 1315): uid=1000(system) Binder:1315_B expire 3 lines
03-05 10:59:55.836 I/chatty ( 1315): uid=1000(system) Binder:1315_E expire 3 lines
03-05 10:59:56.339 I/chatty ( 1315): uid=1000(system) Binder:1315_14 expire 8 lines
03-05 10:59:58.121 I/chatty ( 1315): uid=1000(system) batterystats-sy expire 1 line
03-05 10:59:58.140 I/chatty ( 1315): uid=1000(system) Binder:1315_18 expire 6 lines
03-05 10:59:58.269 I/chatty ( 1315): uid=1000(system) Binder:1315_1B expire 4 lines
03-05 10:59:58.798 W/ContextImpl(21341): Calling a method in the system process without a qualified user: android.app.ContextImpl.startService:1371 android.content.ContextWrapper.startService:616 android.content.ContextWrapper.startService:616 com.android.settings.fuelgauge.BatteryChangeReceiver.tL:-1 com.android.settings.fuelgauge.BatteryChangeReceiver.tO:-1
03-05 11:00:00.337 E/ActivityThread(20625): Failed to find provider info for com.android.partnerbookmarks
03-05 11:00:05.479 I/chatty ( 1315): uid=1000(system) Binder:1315_6 expire 7 lines
03-05 11:00:06.252 I/chatty ( 1315): uid=1000(system) Binder:1315_9 expire 9 lines
03-05 11:00:06.848 D/ActivityThread(21466): Loading provider com.baidu.netdisk.account: com.baidu.netdisk.account.storage.AccountProvider
03-05 11:00:07.799 I/chatty ( 1315): uid=1000(system) Binder:1315_F expire 8 lines
03-05 11:00:07.957 E/ActivityThread(21466): Failed to find provider info for com.baidu.netdisk.BaiduGidContentProvider
03-05 11:00:09.159 I/chatty ( 1315): uid=1000(system) Binder:1315_C expire 5 lines
03-05 11:00:09.646 I/chatty ( 1315): uid=1000(system) Binder:1315_1A expire 9 lines
03-05 11:00:09.812 I/chatty ( 1315): uid=1000(system) Binder:1315_2 expire 6 lines
03-05 11:00:10.780 E/ActivityThread(21850): Failed to find provider info for com.tencent.mm.coolassist.debugprovider
03-05 11:00:11.131 I/chatty ( 1315): uid=1000(system) ActivityManager expire 12 lines
03-05 11:00:11.543 I/chatty ( 1315): uid=1000(system) ConnectivitySer expire 5 lines
03-05 11:00:12.109 I/chatty ( 1315): uid=1000(system) Binder:1315_1C expire 1 line
03-05 11:00:12.435 I/chatty ( 1315): uid=1000(system) Binder:1315_19 expire 1 line
03-05 11:00:13.079 I/chatty ( 1315): uid=1000(system) Binder:1315_15 expire 3 lines
03-05 11:00:13.089 I/chatty ( 1315): uid=1000(system) Binder:1315_12 expire 2 lines
03-05 11:00:13.089 I/chatty ( 1315): uid=1000(system) Binder:1315_1E expire 1 line
03-05 11:00:13.500 E/ActivityThread(21466): Failed to find provider info for com.vivo.push.sdk.service.SystemPushConfig
03-05 11:00:13.539 E/ActivityThread(21466): Failed to find provider info for com.vivo.push.sdk.service.SystemPushConfig
03-05 11:00:14.189 E/ActivityThread(21466): Failed to find provider info for com.baidu.netdisk.BaiduGidContentProvider
03-05 11:00:14.191 E/ActivityThread(21466): Failed to find provider info for com.baidu.netdisk.BaiduGidContentProvider
03-05 11:00:14.493 I/chatty ( 1315): uid=1000(system) android.display expire 2 lines
03-05 11:00:14.641 I/chatty ( 1315): uid=1000(system) Binder:1315_4 expire 1 line
03-05 11:00:22.179 I/chatty ( 1315): uid=1000 system_server expire 3 lines
03-05 11:00:34.554 I/chatty ( 1315): uid=1000(system) Binder:1315_11 expire 5 lines
03-05 11:00:42.798 I/chatty ( 1315): uid=1000(system) Binder:1315_A expire 9 lines
03-05 11:00:43.303 I/chatty ( 1315): uid=1000(system) ActivityManager expire 41 lines
03-05 11:00:44.898 I/chatty ( 1315): uid=1000(system) Binder:1315_C expire 6 lines
03-05 11:00:47.736 I/chatty ( 1315): uid=1000(system) android.display expire 6 lines
03-05 11:00:53.708 I/chatty ( 1315): uid=1000(system) android.bg expire 45 lines
03-05 11:00:55.494 I/chatty ( 1315): uid=1000(system) Binder:1315_3 expire 6 lines
03-05 11:01:14.373 I/chatty ( 1315): uid=1000(system) InputReader expire 14 lines
03-05 11:01:14.525 I/chatty ( 1315): uid=1000(system) InputDispatcher expire 6 lines
03-05 11:01:15.122 I/chatty ( 1315): uid=1000(system) android.ui expire 2 lines
03-05 11:01:18.300 I/chatty ( 1315): uid=1000(system) Binder:1315_10 expire 1 line
03-05 11:01:18.345 I/chatty ( 1315): uid=1000(system) Binder:1315_13 expire 3 lines
03-05 11:01:19.503 I/chatty ( 1315): uid=1000(system) Binder:1315_19 expire 6 lines
03-05 11:01:20.800 I/chatty ( 1315): uid=1000(system) Binder:1315_5 expire 6 lines
03-05 11:01:20.971 I/chatty ( 1315): uid=1000(system) Binder:1315_6 expire 1 line
03-05 11:01:21.013 I/chatty ( 1315): uid=1000(system) Binder:1315_4 expire 5 lines
03-05 11:01:23.005 I/chatty ( 1315): uid=1000(system) Binder:1315_E expire 2 lines
03-05 11:01:23.637 E/ActivityThread(23076): Failed to find provider info for com.tencent.mm.coolassist.debugprovider
03-05 11:01:28.355 I/chatty ( 1315): uid=1000(system) batterystats-sy expire 1 line
03-05 11:01:28.541 W/ContextImpl(21341): Calling a method in the system process without a qualified user: android.app.ContextImpl.startService:1371 android.content.ContextWrapper.startService:616 android.content.ContextWrapper.startService:616 com.android.settings.fuelgauge.BatteryChangeReceiver.tL:-1 com.android.settings.fuelgauge.BatteryChangeReceiver.tO:-1
03-05 11:01:29.621 I/chatty ( 1315): uid=1000(system) Binder:1315_2 expire 2 lines
03-05 11:01:30.643 E/ActivityThread(23194): Failed to find provider info for com.tencent.mm.coolassist.debugprovider
03-05 11:01:35.447 I/chatty ( 1315): uid=1000(system) android.io expire 2 lines
03-05 11:01:35.538 I/chatty ( 1315): uid=1000(system) Binder:1315_14 expire 5 lines
03-05 11:01:36.349 I/chatty ( 1315): uid=1000(system) Binder:1315_16 expire 6 lines
03-05 11:01:38.056 E/ActivityThread(23373): Failed to find provider info for com.tencent.mm.coolassist.debugprovider
03-05 11:01:49.147 I/chatty ( 1315): uid=1000(system) Binder:1315_D expire 2 lines
03-05 11:01:52.335 W/ViewRootImpl[LauncherUI](17393): Cancelling event due to no window focus: KeyEvent { action=ACTION_UP, keyCode=KEYCODE_BACK, scanCode=158, metaState=0, flags=0x28, repeatCount=0, eventTime=1057448719, downTime=1057448093, deviceId=3, source=0x101 }
03-05 11:01:52.336 W/ViewRootImpl[LauncherUI](17393): Cancelling event due to no window focus: KeyEvent { action=ACTION_UP, keyCode=KEYCODE_BACK, scanCode=158, metaState=0, flags=0x28, repeatCount=0, eventTime=1057448719, downTime=1057448093, deviceId=3, source=0x101 }
03-05 11:01:52.336 W/ViewRootImpl[LauncherUI](17393): Cancelling event due to no window focus: KeyEvent { action=ACTION_UP, keyCode=KEYCODE_BACK, scanCode=158, metaState=0, flags=0x28, repeatCount=0, eventTime=1057448719, downTime=1057448093, deviceId=3, source=0x101 }
03-05 11:01:52.376 W/ViewRootImpl[LauncherUI](17393): Cancelling event due to no window focus: KeyEvent { action=ACTION_UP, keyCode=KEYCODE_BACK, scanCode=158, metaState=0, flags=0x28, repeatCount=0, eventTime=1057448719, downTime=1057448093, deviceId=3, source=0x101 }
03-05 11:01:52.376 W/ViewRootImpl[LauncherUI](17393): Cancelling event due to no window focus: KeyEvent { action=ACTION_UP, keyCode=KEYCODE_BACK, scanCode=158, metaState=0, flags=0x28, repeatCount=0, eventTime=1057448719, downTime=1057448093, deviceId=3, source=0x101 }
03-05 11:01:52.376 W/ViewRootImpl[LauncherUI](17393): Cancelling event due to no window focus: KeyEvent { action=ACTION_UP, keyCode=KEYCODE_BACK, scanCode=158, metaState=0, flags=0x28, repeatCount=0, eventTime=1057448719, downTime=1057448093, deviceId=3, source=0x101 }
03-05 11:01:52.380 W/ViewRootImpl[LauncherUI](17393): Cancelling event due to no window focus: KeyEvent { action=ACTION_UP, keyCode=KEYCODE_BACK, scanCode=158, metaState=0, flags=0x28, repeatCount=0, eventTime=1057448719, downTime=1057448093, deviceId=3, source=0x101 }
03-05 11:01:52.380 W/ViewRootImpl[LauncherUI](17393): Cancelling event due to no window focus: KeyEvent { action=ACTION_UP, keyCode=KEYCODE_BACK, scanCode=158, metaState=0, flags=0x28, repeatCount=0, eventTime=1057448719, downTime=1057448093, deviceId=3, source=0x101 }
03-05 11:01:52.380 W/ViewRootImpl[LauncherUI](17393): Cancelling event due to no window focus: KeyEvent { action=ACTION_UP, keyCode=KEYCODE_BACK, scanCode=158, metaState=0, flags=0x28, repeatCount=0, eventTime=1057448719, downTime=1057448093, deviceId=3, source=0x101 }
03-05 11:01:52.498 W/ViewRootImpl[smt_launcher]( 2651): Cancelling event due to no window focus: KeyEvent { action=ACTION_UP, keyCode=KEYCODE_BACK, scanCode=158, metaState=0, flags=0x28, repeatCount=0, eventTime=1057448093, downTime=1057448093, deviceId=3, source=0x101 }
03-05 11:01:52.498 W/ViewRootImpl[smt_launcher]( 2651): Cancelling event due to no window focus: KeyEvent { action=ACTION_UP, keyCode=KEYCODE_BACK, scanCode=158, metaState=0, flags=0x28, repeatCount=0, eventTime=1057448093, downTime=1057448093, deviceId=3, source=0x101 }
03-05 11:01:52.498 W/ViewRootImpl[smt_launcher]( 2651): Cancelling event due to no window focus: KeyEvent { action=ACTION_UP, keyCode=KEYCODE_BACK, scanCode=158, metaState=0, flags=0x28, repeatCount=0, eventTime=1057448093, downTime=1057448093, deviceId=3, source=0x101 }
03-05 11:01:52.498 W/ViewRootImpl[smt_launcher]( 2651): Cancelling event due to no window focus: KeyEvent { action=ACTION_UP, keyCode=KEYCODE_BACK, scanCode=158, metaState=0, flags=0x28, repeatCount=0, eventTime=1057448093, downTime=1057448093, deviceId=3, source=0x101 }
03-05 11:01:52.498 W/ViewRootImpl[smt_launcher]( 2651): Cancelling event due to no window focus: KeyEvent { action=ACTION_UP, keyCode=KEYCODE_BACK, scanCode=158, metaState=0, flags=0x28, repeatCount=0, eventTime=1057448093, downTime=1057448093, deviceId=3, source=0x101 }
03-05 11:01:52.498 W/ViewRootImpl[smt_launcher]( 2651): Cancelling event due to no window focus: KeyEvent { action=ACTION_UP, keyCode=KEYCODE_BACK, scanCode=158, metaState=0, flags=0x28, repeatCount=0, eventTime=1057448093, downTime=1057448093, deviceId=3, source=0x101 }
03-05 11:01:53.555 I/chatty ( 1315): uid=1000(system) Binder:1315_15 expire 4 lines
03-05 11:02:21.602 I/chatty ( 1315): uid=1000(system) PowerManagerSer expire 6 lines
03-05 11:02:21.749 I/chatty ( 1315): uid=1000 system_server expire 15 lines
03-05 11:02:25.159 I/chatty ( 1315): uid=1000(system) Binder:1315_1F expire 4 lines
03-05 11:02:25.675 I/chatty ( 1315): uid=1000(system) PackageManager expire 1 line
03-05 11:02:53.777 I/chatty ( 1315): uid=1000(system) Binder:1315_8 expire 6 lines
03-05 11:02:53.835 I/chatty ( 1315): uid=1000(system) Binder:1315_1D expire 3 lines
03-05 11:02:55.763 I/chatty ( 1315): uid=1000(system) Binder:1315_9 expire 3 lines
03-05 11:03:18.912 I/chatty ( 1315): uid=1000(system) AlarmManager expire 1 line
03-05 11:03:39.820 I/chatty ( 1315): uid=1000(system) Binder:1315_1B expire 1 line
03-05 11:04:00.100 I/chatty ( 1315): uid=1000(system) Binder:1315_7 expire 2 lines
03-05 11:06:44.314 I/chatty ( 1315): uid=1000(system) Binder:1315_1C expire 7 lines
03-05 11:06:45.086 I/chatty ( 1315): uid=1000(system) Binder:1315_1 expire 2 lines
03-05 11:06:45.197 E/ActivityThread(21466): Failed to find provider info for com.baidu.netdisk.BaiduGidContentProvider
03-05 11:06:45.256 I/chatty ( 1315): uid=1000(system) Binder:1315_18 expire 5 lines
03-05 11:06:45.263 I/chatty ( 1315): uid=1000(system) android.bg expire 5 lines
03-05 11:06:45.275 I/chatty ( 1315): uid=1000(system) Binder:1315_12 expire 1 line
03-05 11:06:45.414 I/chatty ( 1315): uid=1000(system) ConnectivitySer expire 1 line
03-05 11:06:45.496 D/ActivityThread(24232): Loading provider com.android.email.provider;com.android.email.notifier: com.android.email.provider.EmailProvider
03-05 11:06:45.498 D/ActivityThread(24232): Loading provider com.android.email.provider;com.android.email.notifier: com.android.email.provider.EmailProvider
03-05 11:06:46.526 I/chatty ( 1315): uid=1000(system) Binder:1315_17 expire 1 line
03-05 11:06:47.324 I/chatty ( 1315): uid=1000(system) Binder:1315_F expire 1 line
03-05 11:06:47.374 W/ContextImpl( 1697): Calling a method in the system process without a qualified user: android.app.ContextImpl.bindService:1435 android.content.ContextWrapper.bindService:639 smartisanos.app.tracker.TrackerServiceConnection.connect:34 smartisanos.app.tracker.Agent.connectService:65 smartisanos.app.tracker.Agent.flush:388
03-05 11:06:47.454 I/chatty ( 1315): uid=1000(system) Binder:1315_20 expire 8 lines
03-05 11:06:47.689 I/chatty ( 1315): uid=1000(system) Binder:1315_9 expire 11 lines
03-05 11:06:47.689 I/chatty ( 1315): uid=1000(system) android.display expire 38 lines
03-05 11:06:47.724 I/chatty ( 1315): uid=1000(system) Binder:1315_11 expire 6 lines
03-05 11:06:47.726 I/chatty ( 1315): uid=1000(system) Binder:1315_15 expire 8 lines
03-05 11:06:47.728 I/chatty ( 1315): uid=1000(system) Binder:1315_17 expire 3 lines
03-05 11:06:47.745 I/chatty ( 1315): uid=1000(system) Binder:1315_3 expire 6 lines
03-05 11:06:47.805 I/chatty ( 1315): uid=1000(system) Binder:1315_10 expire 3 lines
03-05 11:06:47.811 I/chatty ( 1315): uid=1000(system) ActivityManager expire 17 lines
03-05 11:06:47.813 I/chatty ( 1315): uid=1000(system) Binder:1315_1D expire 9 lines
03-05 11:06:47.884 I/chatty ( 1315): uid=1000(system) Binder:1315_1C expire 12 lines
03-05 11:06:47.898 I/chatty ( 1315): uid=1000(system) Binder:1315_5 expire 3 lines
03-05 11:06:48.148 I/chatty ( 1315): uid=1000(system) Binder:1315_4 expire 2 lines
03-05 11:06:48.178 I/chatty ( 1315): uid=1000(system) Binder:1315_8 expire 7 lines
03-05 11:06:48.422 I/chatty ( 1315): uid=1000(system) Binder:1315_14 expire 2 lines
03-05 11:06:49.216 I/chatty ( 1315): uid=1000(system) Binder:1315_2 expire 7 lines
03-05 11:06:49.240 I/chatty ( 1315): uid=1000(system) Binder:1315_D expire 6 lines
03-05 11:06:50.490 I/chatty ( 1315): uid=1000(system) android.bg expire 10 lines
03-05 11:06:50.716 I/chatty ( 1315): uid=1000(system) Binder:1315_7 expire 9 lines
03-05 11:06:50.771 I/chatty ( 1315): uid=1000(system) Binder:1315_B expire 5 lines
03-05 11:06:50.904 I/chatty ( 1315): uid=1000(system) Binder:1315_E expire 5 lines
03-05 11:06:51.024 I/chatty ( 1315): uid=1000(system) ConnectivitySer expire 2 lines
03-05 11:06:54.790 I/chatty ( 1315): uid=1000(system) Binder:1315_1 expire 6 lines
03-05 11:07:00.679 I/chatty ( 1315): uid=1000(system) ActivityManager expire 1 line
03-05 11:07:00.728 I/chatty ( 1315): uid=1000(system) Binder:1315_F expire 2 lines
03-05 11:07:17.378 I/chatty ( 1315): uid=1000(system) PowerManagerSer expire 6 lines
03-05 11:07:17.396 I/chatty ( 1315): uid=1000 system_server expire 15 lines
03-05 11:07:19.769 I/chatty ( 1315): uid=1000(system) batterystats-sy expire 1 line
03-05 11:07:20.411 W/ContextImpl(21341): Calling a method in the system process without a qualified user: android.app.ContextImpl.startService:1371 android.content.ContextWrapper.startService:616 android.content.ContextWrapper.startService:616 com.android.settings.fuelgauge.BatteryChangeReceiver.tL:-1 com.android.settings.fuelgauge.BatteryChangeReceiver.tO:-1
03-05 11:07:20.431 I/chatty ( 1315): uid=1000(system) Binder:1315_1B expire 2 lines
03-05 11:07:20.772 I/chatty ( 1315): uid=1000(system) PackageManager expire 1 line
03-05 11:07:24.957 I/chatty ( 1315): uid=1000(system) Binder:1315_1F expire 1 line
03-05 11:07:25.969 I/chatty ( 1315): uid=1000(system) Binder:1315_1A expire 2 lines
03-05 11:07:31.983 I/chatty ( 1315): uid=1000(system) Binder:1315_6 expire 2 lines
03-05 11:07:33.000 I/chatty ( 1315): uid=1000(system) Binder:1315_C expire 1 line
03-05 11:07:38.840 I/chatty ( 1315): uid=1000(system) ActivityManager expire 17 lines
03-05 11:07:38.904 I/chatty ( 1315): uid=1000(system) Binder:1315_1E expire 4 lines
03-05 11:08:44.699 I/chatty ( 1315): uid=1000(system) NetworkPolicy expire 1 line
03-05 11:09:08.385 I/chatty ( 1315): uid=1000(system) android.display expire 1 line
03-05 11:09:11.296 W/ContextImpl( 1697): Calling a method in the system process without a qualified user: android.app.ContextImpl.bindService:1435 android.content.ContextWrapper.bindService:639 smartisanos.app.tracker.TrackerServiceConnection.connect:34 smartisanos.app.tracker.Agent.connectService:65 smartisanos.app.tracker.Agent.flush:388
03-05 11:09:12.096 I/chatty ( 1315): uid=1000(system) android.bg expire 8 lines
03-05 11:09:14.396 I/chatty ( 1315): uid=1000(system) InputReader expire 2 lines
03-05 11:09:23.933 I/chatty ( 1315): uid=1000(system) AlarmManager expire 1 line
03-05 11:09:24.137 I/chatty ( 1315): uid=1000(system) Binder:1315_19 expire 2 lines
03-05 11:09:34.151 E/ActivityThread(25237): Failed to find provider info for com.google.android.gsf.gservices
03-05 11:09:34.191 I/chatty ( 1315): uid=1000(system) ActivityManager expire 2 lines
03-05 11:09:34.226 I/chatty ( 1315): uid=1000(system) Binder:1315_1C expire 1 line
03-05 11:09:42.061 I/chatty ( 1315): uid=1000(system) Binder:1315_9 expire 3 lines
03-05 11:09:55.508 I/chatty ( 1315): uid=1000(system) PowerManagerSer expire 11 lines
