03-05 14:14:05.090 I/chatty ( 1315): uid=1000(system) Binder:1315_1 expire 4 lines
03-05 14:14:07.060 I/chatty ( 1315): uid=1000(system) Binder:1315_1A expire 1 line
03-05 14:14:07.246 I/chatty ( 1315): uid=1000(system) Binder:1315_8 expire 5 lines
03-05 14:14:07.820 I/chatty ( 1315): uid=1000(system) Binder:1315_1B expire 5 lines
03-05 14:14:09.513 I/chatty ( 1315): uid=1000(system) Binder:1315_13 expire 4 lines
03-05 14:14:10.459 I/chatty ( 1315): uid=1000(system) Binder:1315_7 expire 4 lines
03-05 14:14:11.562 E/ActivityThread(13585): Failed to find provider info for com.tencent.mm.coolassist.debugprovider
03-05 14:14:13.191 I/chatty ( 1315): uid=1000(system) Binder:1315_15 expire 3 lines
03-05 14:14:15.367 I/PackageParser(13171): com.tencent.x5sdk.res: compat added android.permission.WRITE_EXTERNAL_STORAGE android.permission.READ_PHONE_STATE
03-05 14:14:15.490 I/PackageParser(13171): com.tencent.x5sdk.res: compat added android.permission.WRITE_EXTERNAL_STORAGE android.permission.READ_PHONE_STATE
03-05 14:14:15.954 I/chatty ( 1315): uid=1000(system) batterystats-sy expire 2 lines
03-05 14:14:16.305 I/chatty ( 1315): uid=1000(system) Binder:1315_17 expire 3 lines
03-05 14:14:16.409 W/ContextImpl( 7927): Calling a method in the system process without a qualified user: android.app.ContextImpl.startService:1371 android.content.ContextWrapper.startService:616 android.content.ContextWrapper.startService:616 com.android.settings.fuelgauge.BatteryChangeReceiver.tL:-1 com.android.settings.fuelgauge.BatteryChangeReceiver.tO:-1
03-05 14:14:16.969 I/PackageParser(13278): com.tencent.x5sdk.res: compat added android.permission.WRITE_EXTERNAL_STORAGE android.permission.READ_PHONE_STATE
03-05 14:14:17.003 I/chatty ( 1315): uid=1000(system) Binder:1315_4 expire 6 lines
03-05 14:14:17.041 I/PackageParser(13278): com.tencent.x5sdk.res: compat added android.permission.WRITE_EXTERNAL_STORAGE android.permission.READ_PHONE_STATE
03-05 14:14:18.472 I/chatty ( 1315): uid=1000(system) Binder:1315_12 expire 1 line
03-05 14:14:20.206 I/chatty ( 1315): uid=1000(system) android.io expire 2 lines
03-05 14:14:20.445 W/ContextImpl( 7927): Calling a method in the system process without a qualified user: android.app.ContextImpl.startService:1371 android.content.ContextWrapper.startService:616 android.content.ContextWrapper.startService:616 com.android.settings.fuelgauge.BatteryChangeReceiver.tL:-1 com.android.settings.fuelgauge.BatteryChangeReceiver.tO:-1
03-05 14:14:21.804 I/chatty ( 1315): uid=1000(system) ActivityManager expire 4 lines
03-05 14:14:21.952 I/chatty ( 1315): uid=1000(system) Binder:1315_9 expire 4 lines
03-05 14:14:48.319 I/chatty ( 1315): uid=1000(system) Binder:1315_20 expire 9 lines
03-05 14:14:52.622 I/chatty ( 1315): uid=1000(system) android.bg expire 11 lines
03-05 14:14:58.303 I/chatty ( 1315): uid=1000(system) ActivityManager expire 13 lines
03-05 14:14:58.320 I/chatty ( 1315): uid=1000(system) Binder:1315_16 expire 8 lines
03-05 14:14:58.607 I/chatty ( 1315): uid=1000(system) Binder:1315_17 expire 8 lines
03-05 14:14:58.621 I/chatty ( 1315): uid=1000(system) Binder:1315_8 expire 11 lines
03-05 14:15:02.907 I/chatty ( 1315): uid=1000(system) Binder:1315_7 expire 2 lines
03-05 14:15:02.929 I/chatty ( 1315): uid=1000(system) Binder:1315_12 expire 10 lines
03-05 14:15:03.789 I/chatty ( 1315): uid=1000(system) Binder:1315_19 expire 2 lines
03-05 14:15:03.805 I/chatty ( 1315): uid=1000(system) Binder:1315_1D expire 10 lines
03-05 14:15:06.705 I/chatty ( 1315): uid=1000(system) Binder:1315_13 expire 11 lines
03-05 14:15:08.489 I/chatty ( 1315): uid=1000(system) Binder:1315_1F expire 9 lines
03-05 14:15:08.489 I/chatty ( 1315): uid=1000(system) Binder:1315_D expire 8 lines
03-05 14:15:08.490 I/chatty ( 1315): uid=1000(system) ConnectivitySer expire 4 lines
03-05 14:15:08.530 I/chatty ( 1315): uid=1000(system) Binder:1315_1 expire 9 lines
03-05 14:15:08.547 I/chatty ( 1315): uid=1000(system) Binder:1315_18 expire 6 lines
03-05 14:15:22.304 I/chatty ( 1315): uid=1000(system) Binder:1315_3 expire 5 lines
03-05 14:15:24.158 I/chatty ( 1315): uid=1000(system) Binder:1315_1E expire 8 lines
03-05 14:15:26.608 E/ActivityThread(14939): Failed to find provider info for com.tencent.mm.coolassist.debugprovider
03-05 14:15:28.370 I/chatty ( 1315): uid=1000(system) Binder:1315_1A expire 8 lines
03-05 14:15:28.763 I/chatty ( 1315): uid=1000(system) Binder:1315_10 expire 5 lines
03-05 14:15:28.797 I/chatty ( 1315): uid=1000(system) Binder:1315_4 expire 5 lines
03-05 14:15:28.886 I/chatty ( 1315): uid=1000(system) Binder:1315_B expire 6 lines
03-05 14:15:29.530 I/chatty ( 1315): uid=1000(system) Binder:1315_11 expire 11 lines
03-05 14:15:31.448 I/chatty ( 1315): uid=1000(system) Binder:1315_15 expire 11 lines
03-05 14:15:35.328 I/PackageParser(14862): com.tencent.x5sdk.res: compat added android.permission.WRITE_EXTERNAL_STORAGE android.permission.READ_PHONE_STATE
03-05 14:15:35.374 I/PackageParser(14862): com.tencent.x5sdk.res: compat added android.permission.WRITE_EXTERNAL_STORAGE android.permission.READ_PHONE_STATE
03-05 14:15:37.523 I/chatty ( 1315): uid=1000(system) android.io expire 2 lines
03-05 14:15:37.585 I/chatty ( 1315): uid=1000(system) Binder:1315_2 expire 4 lines
03-05 14:15:39.091 I/chatty ( 1315): uid=1000(system) Binder:1315_6 expire 11 lines
03-05 14:15:48.352 I/chatty ( 1315): uid=1000(system) Binder:1315_F expire 8 lines
03-05 14:15:48.657 I/chatty ( 1315): uid=1000(system) Binder:1315_5 expire 5 lines
03-05 14:15:58.630 I/chatty ( 1315): uid=1000(system) Binder:1315_1C expire 7 lines
03-05 14:16:01.082 I/chatty ( 1315): uid=1000(system) Binder:1315_E expire 7 lines
03-05 14:16:01.141 I/chatty ( 1315): uid=1000(system) Binder:1315_1B expire 2 lines
03-05 14:16:06.821 I/chatty ( 1315): uid=1000(system) Binder:1315_14 expire 2 lines
03-05 14:16:11.361 I/chatty ( 1315): uid=1000(system) Binder:1315_C expire 1 line
03-05 14:16:13.263 I/chatty ( 1315): uid=1000(system) Binder:1315_A expire 1 line
03-05 14:16:16.311 I/chatty ( 1315): uid=1000(system) batterystats-sy expire 1 line
03-05 14:16:18.030 E/ActivityThread(16546): Failed to find provider info for com.tencent.mm.coolassist.debugprovider
03-05 14:16:18.294 I/chatty ( 1315): uid=1000(system) ActivityManager expire 6 lines
03-05 14:16:20.402 I/chatty ( 1315): uid=1000(system) Binder:1315_12 expire 1 line
03-05 14:16:22.080 I/chatty ( 1315): uid=1000(system) Binder:1315_8 expire 1 line
03-05 14:16:23.145 W/ContextImpl(16858): Calling a method in the system process without a qualified user: android.app.ContextImpl.startService:1371 android.content.ContextWrapper.startService:616 android.content.ContextWrapper.startService:616 com.android.settings.fuelgauge.BatteryChangeReceiver.tL:-1 com.android.settings.fuelgauge.BatteryChangeReceiver.tO:-1
03-05 14:17:00.010 I/chatty ( 1315): uid=1000(system) AlarmManager expire 1 line
03-05 14:17:24.406 I/chatty ( 1315): uid=1000(system) android.fg expire 4 lines
03-05 14:17:24.408 I/chatty ( 1315): uid=1000 system_server expire 2 lines
03-05 14:17:25.252 W/PowerUI ( 1859): unknown intent: Intent { act=android.intent.action.ACTION_POWER_CONNECTED flg=0x4000010 }
03-05 14:17:25.283 I/chatty ( 1315): uid=1000(system) batterystats-sy expire 3 lines
03-05 14:17:25.670 I/chatty ( 1315): uid=1000(system) Binder:1315_B expire 6 lines
03-05 14:17:25.681 I/chatty ( 1315): uid=1000(system) Binder:1315_10 expire 7 lines
03-05 14:17:25.684 I/chatty ( 1315): uid=1000(system) Binder:1315_1A expire 5 lines
03-05 14:17:25.943 I/chatty ( 1315): uid=1000(system) android.bg expire 12 lines
03-05 14:17:25.971 I/chatty ( 1315): uid=1000(system) Binder:1315_15 expire 26 lines
03-05 14:17:26.087 I/chatty ( 1315): uid=1000(system) Binder:1315_F expire 4 lines
03-05 14:17:26.122 I/chatty ( 1315): uid=1000(system) Binder:1315_1C expire 14 lines
03-05 14:17:26.154 I/chatty ( 1315): uid=1000(system) Binder:1315_1B expire 3 lines
03-05 14:17:26.530 I/chatty ( 1315): uid=1000(system) Binder:1315_D expire 7 lines
03-05 14:17:26.549 I/chatty ( 1315): uid=1000(system) Binder:1315_14 expire 4 lines
03-05 14:17:26.708 I/chatty ( 1315): uid=1000(system) Binder:1315_1 expire 6 lines
03-05 14:17:26.752 I/chatty ( 1315): uid=1000(system) Binder:1315_C expire 13 lines
03-05 14:17:27.770 I/chatty ( 1315): uid=1000(system) Binder:1315_18 expire 8 lines
03-05 14:17:28.289 I/chatty ( 1315): uid=1000(system) ActivityManager expire 8 lines
03-05 14:17:28.589 I/chatty ( 1315): uid=1000(system) Binder:1315_16 expire 4 lines
03-05 14:17:31.181 I/chatty ( 1315): uid=1000(system) Binder:1315_19 expire 5 lines
03-05 14:17:31.201 I/chatty ( 1315): uid=1000(system) Binder:1315_1F expire 7 lines
03-05 14:17:32.587 I/chatty ( 1315): uid=1000(system) Binder:1315_17 expire 2 lines
03-05 14:17:38.334 I/chatty ( 1315): uid=1000(system) Binder:1315_11 expire 5 lines
03-05 14:17:38.861 I/chatty ( 1315): uid=1000(system) ConnectivitySer expire 11 lines
03-05 14:17:38.925 I/chatty ( 1315): uid=1000(system) Binder:1315_9 expire 2 lines
03-05 14:17:51.223 I/chatty ( 1315): uid=1000(system) Binder:1315_1E expire 1 line
03-05 14:17:53.300 I/chatty ( 1315): uid=1000(system) Binder:1315_3 expire 14 lines
03-05 14:17:54.550 I/chatty ( 1315): uid=1000(system) Binder:1315_A expire 6 lines
03-05 14:17:54.660 I/chatty ( 1315): uid=1000(system) Binder:1315_2 expire 5 lines
03-05 14:17:56.305 I/chatty ( 1315): uid=1000(system) InputReader expire 18 lines
03-05 14:17:56.356 I/chatty ( 1315): uid=1000(system) Binder:1315_13 expire 4 lines
03-05 14:17:57.646 I/chatty ( 1315): uid=1000(system) Binder:1315_E expire 3 lines
03-05 14:17:57.952 I/chatty ( 1315): uid=1000(system) Binder:1315_20 expire 7 lines
03-05 14:17:58.063 I/chatty ( 1315): uid=1000(system) Binder:1315_6 expire 5 lines
03-05 14:17:58.242 W/ViewRootImpl[smt_launcher]( 2651): Dropping event due to no window focus: KeyEvent { action=ACTION_DOWN, keyCode=KEYCODE_BACK, scanCode=158, metaState=0, flags=0x8, repeatCount=0, eventTime=1066809804, downTime=1066809804, deviceId=3, source=0x101 }
03-05 14:17:58.242 I/chatty ( 1315): uid=1000(system) InputDispatcher expire 7 lines
03-05 14:17:58.323 I/chatty ( 1315): uid=1000(system) android.display expire 6 lines
03-05 14:17:59.046 E/ActivityThread(18390): Failed to find provider info for com.tencent.mm.coolassist.debugprovider
03-05 14:17:59.980 I/chatty ( 1315): uid=1000(system) Binder:1315_8 expire 4 lines
03-05 14:18:00.668 I/chatty ( 1315): uid=1000(system) android.bg expire 3 lines
03-05 14:18:01.276 I/chatty ( 1315): uid=1000(system) Binder:1315_7 expire 2 lines
03-05 14:18:01.516 I/chatty ( 1315): uid=1000(system) Binder:1315_4 expire 1 line
03-05 14:18:02.835 I/PackageParser(17895): com.tencent.x5sdk.res: compat added android.permission.WRITE_EXTERNAL_STORAGE android.permission.READ_PHONE_STATE
03-05 14:18:02.900 I/PackageParser(17895): com.tencent.x5sdk.res: compat added android.permission.WRITE_EXTERNAL_STORAGE android.permission.READ_PHONE_STATE
03-05 14:18:04.139 I/PackageParser(18011): com.tencent.x5sdk.res: compat added android.permission.WRITE_EXTERNAL_STORAGE android.permission.READ_PHONE_STATE
03-05 14:18:04.158 I/chatty ( 1315): uid=1000(system) Binder:1315_12 expire 2 lines
03-05 14:18:04.250 I/PackageParser(18011): com.tencent.x5sdk.res: compat added android.permission.WRITE_EXTERNAL_STORAGE android.permission.READ_PHONE_STATE
03-05 14:18:07.327 I/chatty ( 1315): uid=1000(system) android.io expire 4 lines
03-05 14:18:10.230 I/chatty ( 1315): uid=1000(system) Binder:1315_15 expire 3 lines
03-05 14:18:10.855 I/chatty ( 1315): uid=1000(system) Binder:1315_17 expire 7 lines
03-05 14:18:10.868 I/chatty ( 1315): uid=1000(system) Binder:1315_2 expire 10 lines
03-05 14:18:11.152 I/chatty ( 1315): uid=1000(system) android.display expire 12 lines
03-05 14:18:11.446 I/chatty ( 1315): uid=1000(system) Binder:1315_1A expire 2 lines
03-05 14:18:12.016 I/chatty ( 1315): uid=1000(system) Binder:1315_6 expire 8 lines
03-05 14:18:12.788 I/chatty ( 1315): uid=1000(system) Binder:1315_1E expire 7 lines
03-05 14:18:12.802 I/chatty ( 1315): uid=1000(system) Binder:1315_1C expire 9 lines
03-05 14:18:13.187 I/chatty ( 1315): uid=1000(system) Binder:1315_19 expire 3 lines
03-05 14:18:13.379 I/chatty ( 1315): uid=1000(system) ActivityManager expire 10 lines
03-05 14:18:17.846 I/chatty ( 1315): uid=1000(system) android.bg expire 11 lines
03-05 14:18:29.379 I/chatty ( 1315): uid=1000(system) Binder:1315_C expire 7 lines
03-05 14:18:29.402 I/chatty ( 1315): uid=1000(system) Binder:1315_7 expire 3 lines
03-05 14:18:35.278 I/chatty ( 1315): uid=1000(system) Binder:1315_11 expire 11 lines
03-05 14:18:35.279 I/chatty ( 1315): uid=1000(system) Binder:1315_10 expire 3 lines
03-05 14:18:36.600 I/chatty ( 1315): uid=1000(system) batterystats-sy expire 3 lines
03-05 14:18:41.074 I/chatty ( 1315): uid=1000(system) Binder:1315_8 expire 2 lines
03-05 14:18:41.094 I/chatty ( 1315): uid=1000(system) Binder:1315_5 expire 12 lines
03-05 14:18:41.144 E/ActivityThread(19139): Activity com.tencent.mobileqq.gallery.view.AIOGalleryActivity has leaked IntentReceiver alxh@ce778a that was originally registered here. Are you missing a call to unregisterReceiver()?
03-05 14:18:41.144 E/ActivityThread(19139): android.app.IntentReceiverLeaked: Activity com.tencent.mobileqq.gallery.view.AIOGalleryActivity has leaked IntentReceiver alxh@ce778a that was originally registered here. Are you missing a call to unregisterReceiver()?
03-05 14:18:41.144 E/ActivityThread(19139): at android.app.LoadedApk$ReceiverDispatcher.(LoadedApk.java:1157)
03-05 14:18:41.144 E/ActivityThread(19139): at android.app.LoadedApk.getReceiverDispatcher(LoadedApk.java:944)
03-05 14:18:41.144 E/ActivityThread(19139): at android.app.ContextImpl.registerReceiverInternal(ContextImpl.java:1316)
03-05 14:18:41.144 E/ActivityThread(19139): at android.app.ContextImpl.registerReceiver(ContextImpl.java:1296)
03-05 14:18:41.144 E/ActivityThread(19139): at android.content.ContextWrapper.registerReceiver(ContextWrapper.java:596)
03-05 14:18:41.144 E/ActivityThread(19139): at alxg.a(P:91)
03-05 14:18:41.144 E/ActivityThread(19139): at amlr.b(P:78)
03-05 14:18:41.144 E/ActivityThread(19139): at amlr.(P:70)
03-05 14:18:41.144 E/ActivityThread(19139): at amll.a(P:109)
03-05 14:18:41.144 E/ActivityThread(19139): at aqnd.x(P:173)
03-05 14:18:41.144 E/ActivityThread(19139): at aqnd.d(P:160)
03-05 14:18:41.144 E/ActivityThread(19139): at aqlu.c(P:62)
03-05 14:18:41.144 E/ActivityThread(19139): at aqlw.a(P:49)
03-05 14:18:41.144 E/ActivityThread(19139): at com.tencent.mobileqq.gallery.view.AIOGalleryActivity.onCreate(P:90)
03-05 14:18:41.144 E/ActivityThread(19139): at android.app.Activity.performCreate(Activity.java:6813)
03-05 14:18:41.144 E/ActivityThread(19139): at android.app.Instrumentation.callActivityOnCreate(Instrumentation.java:1119)
03-05 14:18:41.144 E/ActivityThread(19139): at android.app.ActivityThread.performLaunchActivity(ActivityThread.java:2805)
03-05 14:18:41.144 E/ActivityThread(19139): at android.app.ActivityThread.handleLaunchActivity(ActivityThread.java:2927)
03-05 14:18:41.144 E/ActivityThread(19139): at android.app.ActivityThread.-wrap12(ActivityThread.java)
03-05 14:18:41.144 E/ActivityThread(19139): at android.app.ActivityThread$H.handleMessage(ActivityThread.java:1650)
03-05 14:18:41.144 E/ActivityThread(19139): at android.os.Handler.dispatchMessage(Handler.java:102)
03-05 14:18:41.144 E/ActivityThread(19139): at android.os.Looper.loop(Looper.java:159)
03-05 14:18:41.144 E/ActivityThread(19139): at android.app.ActivityThread.main(ActivityThread.java:6364)
03-05 14:18:41.144 E/ActivityThread(19139): at java.lang.reflect.Method.invoke(Native Method)
03-05 14:18:41.144 E/ActivityThread(19139): at com.android.internal.os.ZygoteInit$MethodAndArgsCaller.run(ZygoteInit.java:1096)
03-05 14:18:41.144 E/ActivityThread(19139): at com.android.internal.os.ZygoteInit.main(ZygoteInit.java:883)
03-05 14:18:49.319 I/chatty ( 1315): uid=1000(system) android.io expire 2 lines
03-05 14:18:49.661 W/ContextImpl(16858): Calling a method in the system process without a qualified user: android.app.ContextImpl.bindService:1435 android.content.ContextWrapper.bindService:639 smartisanos.app.tracker.TrackerServiceConnection.connect:34 smartisanos.app.tracker.Agent.connectService:65 smartisanos.app.tracker.Agent.flush:388
03-05 14:18:49.788 W/ContextImpl(16858): Calling a method in the system process without a qualified user: android.app.ContextImpl.bindService:1435 android.content.ContextWrapper.bindService:639 smartisanos.app.tracker.TrackerServiceConnection.connect:34 smartisanos.app.tracker.Agent.connectService:65 smartisanos.app.tracker.Agent.flush:388
03-05 14:18:55.989 I/chatty ( 1315): uid=1000(system) Binder:1315_A expire 6 lines
03-05 14:18:57.671 I/chatty ( 1315): uid=1000(system) Binder:1315_4 expire 2 lines
03-05 14:19:07.396 I/chatty ( 1315): uid=1000(system) Binder:1315_B expire 11 lines
03-05 14:19:07.410 I/chatty ( 1315): uid=1000(system) Binder:1315_1F expire 2 lines
03-05 14:19:09.699 I/chatty ( 1315): uid=1000(system) Binder:1315_12 expire 7 lines
03-05 14:19:09.713 I/chatty ( 1315): uid=1000(system) Binder:1315_1B expire 2 lines
03-05 14:19:10.642 I/chatty ( 1315): uid=1000(system) Binder:1315_9 expire 3 lines
03-05 14:19:10.642 I/chatty ( 1315): uid=1000(system) Binder:1315_20 expire 5 lines
03-05 14:19:10.643 I/chatty ( 1315): uid=1000(system) ConnectivitySer expire 4 lines
03-05 14:19:12.315 I/chatty ( 1315): uid=1000(system) InputReader expire 10 lines
03-05 14:19:12.702 W/ViewRootImpl[SplashActivity](17553): Cancelling event due to no window focus: KeyEvent { action=ACTION_UP, keyCode=KEYCODE_BACK, scanCode=158, metaState=0, flags=0x28, repeatCount=0, eventTime=1066884838, downTime=1066884821, deviceId=3, source=0x101 }
03-05 14:19:12.702 W/ViewRootImpl[SplashActivity](17553): Cancelling event due to no window focus: KeyEvent { action=ACTION_UP, keyCode=KEYCODE_BACK, scanCode=158, metaState=0, flags=0x28, repeatCount=0, eventTime=1066884838, downTime=1066884821, deviceId=3, source=0x101 }
03-05 14:19:12.702 W/ViewRootImpl[SplashActivity](17553): Cancelling event due to no window focus: KeyEvent { action=ACTION_UP, keyCode=KEYCODE_BACK, scanCode=158, metaState=0, flags=0x28, repeatCount=0, eventTime=1066884838, downTime=1066884821, deviceId=3, source=0x101 }
03-05 14:19:12.749 W/ViewRootImpl[SplashActivity](17553): Cancelling event due to no window focus: KeyEvent { action=ACTION_UP, keyCode=KEYCODE_BACK, scanCode=158, metaState=0, flags=0x28, repeatCount=0, eventTime=1066884838, downTime=1066884821, deviceId=3, source=0x101 }
03-05 14:19:12.749 W/ViewRootImpl[SplashActivity](17553): Cancelling event due to no window focus: KeyEvent { action=ACTION_UP, keyCode=KEYCODE_BACK, scanCode=158, metaState=0, flags=0x28, repeatCount=0, eventTime=1066884838, downTime=1066884821, deviceId=3, source=0x101 }
03-05 14:19:12.750 W/ViewRootImpl[SplashActivity](17553): Cancelling event due to no window focus: KeyEvent { action=ACTION_UP, keyCode=KEYCODE_BACK, scanCode=158, metaState=0, flags=0x28, repeatCount=0, eventTime=1066884838, downTime=1066884821, deviceId=3, source=0x101 }
03-05 14:19:12.750 W/ViewRootImpl[SplashActivity](17553): Cancelling event due to no window focus: KeyEvent { action=ACTION_UP, keyCode=KEYCODE_BACK, scanCode=158, metaState=0, flags=0x28, repeatCount=0, eventTime=1066884838, downTime=1066884821, deviceId=3, source=0x101 }
03-05 14:19:12.751 W/ViewRootImpl[SplashActivity](17553): Cancelling event due to no window focus: KeyEvent { action=ACTION_UP, keyCode=KEYCODE_BACK, scanCode=158, metaState=0, flags=0x28, repeatCount=0, eventTime=1066884838, downTime=1066884821, deviceId=3, source=0x101 }
03-05 14:19:12.751 W/ViewRootImpl[SplashActivity](17553): Cancelling event due to no window focus: KeyEvent { action=ACTION_UP, keyCode=KEYCODE_BACK, scanCode=158, metaState=0, flags=0x28, repeatCount=0, eventTime=1066884838, downTime=1066884821, deviceId=3, source=0x101 }
03-05 14:19:12.770 W/ViewRootImpl[smt_launcher]( 2651): Cancelling event due to no window focus: KeyEvent { action=ACTION_UP, keyCode=KEYCODE_BACK, scanCode=158, metaState=0, flags=0x28, repeatCount=0, eventTime=1066884821, downTime=1066884821, deviceId=3, source=0x101 }
03-05 14:19:12.770 W/ViewRootImpl[smt_launcher]( 2651): Cancelling event due to no window focus: KeyEvent { action=ACTION_UP, keyCode=KEYCODE_BACK, scanCode=158, metaState=0, flags=0x28, repeatCount=0, eventTime=1066884821, downTime=1066884821, deviceId=3, source=0x101 }
03-05 14:19:12.771 W/ViewRootImpl[smt_launcher]( 2651): Cancelling event due to no window focus: KeyEvent { action=ACTION_UP, keyCode=KEYCODE_BACK, scanCode=158, metaState=0, flags=0x28, repeatCount=0, eventTime=1066884821, downTime=1066884821, deviceId=3, source=0x101 }
03-05 14:19:12.771 W/ViewRootImpl[smt_launcher]( 2651): Cancelling event due to no window focus: KeyEvent { action=ACTION_UP, keyCode=KEYCODE_BACK, scanCode=158, metaState=0, flags=0x28, repeatCount=0, eventTime=1066884821, downTime=1066884821, deviceId=3, source=0x101 }
03-05 14:19:12.771 W/ViewRootImpl[smt_launcher]( 2651): Cancelling event due to no window focus: KeyEvent { action=ACTION_UP, keyCode=KEYCODE_BACK, scanCode=158, metaState=0, flags=0x28, repeatCount=0, eventTime=1066884821, downTime=1066884821, deviceId=3, source=0x101 }
03-05 14:19:12.771 W/ViewRootImpl[smt_launcher]( 2651): Cancelling event due to no window focus: KeyEvent { action=ACTION_UP, keyCode=KEYCODE_BACK, scanCode=158, metaState=0, flags=0x28, repeatCount=0, eventTime=1066884821, downTime=1066884821, deviceId=3, source=0x101 }
03-05 14:19:12.804 I/chatty ( 1315): uid=1000(system) android.display expire 25 lines
03-05 14:19:18.236 I/chatty ( 1315): uid=1000(system) Binder:1315_F expire 3 lines
03-05 14:19:47.179 I/chatty ( 1315): uid=1000(system) PowerManagerSer expire 5 lines
03-05 14:19:47.468 I/chatty ( 1315): uid=1000 system_server expire 18 lines
03-05 14:19:51.375 I/chatty ( 1315): uid=1000(system) PackageManager expire 3 lines
03-05 14:20:01.856 I/chatty ( 1315): uid=1000(system) Binder:1315_14 expire 1 line
03-05 14:20:01.869 I/chatty ( 1315): uid=1000(system) Binder:1315_1D expire 2 lines
03-05 14:20:02.217 I/chatty ( 1315): uid=1000(system) Binder:1315_18 expire 5 lines
03-05 14:20:02.256 I/chatty ( 1315): uid=1000(system) Binder:1315_E expire 3 lines
03-05 14:20:02.435 D/ActivityThread(20208): Loading provider com.android.email.provider;com.android.email.notifier: com.android.email.provider.EmailProvider
03-05 14:20:03.216 W/ViewRootImpl[SplashActivity](17553): Cancelling event due to no window focus: KeyEvent { action=ACTION_UP, keyCode=KEYCODE_BACK, scanCode=158, metaState=0, flags=0x28, repeatCount=0, eventTime=1066931160, downTime=1066931141, deviceId=3, source=0x101 }
03-05 14:20:03.217 W/ViewRootImpl[SplashActivity](17553): Cancelling event due to no window focus: KeyEvent { action=ACTION_UP, keyCode=KEYCODE_BACK, scanCode=158, metaState=0, flags=0x28, repeatCount=0, eventTime=1066931160, downTime=1066931141, deviceId=3, source=0x101 }
03-05 14:20:03.217 W/ViewRootImpl[SplashActivity](17553): Cancelling event due to no window focus: KeyEvent { action=ACTION_UP, keyCode=KEYCODE_BACK, scanCode=158, metaState=0, flags=0x28, repeatCount=0, eventTime=1066931160, downTime=1066931141, deviceId=3, source=0x101 }
03-05 14:20:03.242 W/ViewRootImpl[SplashActivity](17553): Cancelling event due to no window focus: KeyEvent { action=ACTION_UP, keyCode=KEYCODE_BACK, scanCode=158, metaState=0, flags=0x28, repeatCount=0, eventTime=1066931160, downTime=1066931141, deviceId=3, source=0x101 }
03-05 14:20:03.242 W/ViewRootImpl[SplashActivity](17553): Cancelling event due to no window focus: KeyEvent { action=ACTION_UP, keyCode=KEYCODE_BACK, scanCode=158, metaState=0, flags=0x28, repeatCount=0, eventTime=1066931160, downTime=1066931141, deviceId=3, source=0x101 }
03-05 14:20:03.242 W/ViewRootImpl[SplashActivity](17553): Cancelling event due to no window focus: KeyEvent { action=ACTION_UP, keyCode=KEYCODE_BACK, scanCode=158, metaState=0, flags=0x28, repeatCount=0, eventTime=1066931160, downTime=1066931141, deviceId=3, source=0x101 }
03-05 14:20:03.243 W/ViewRootImpl[SplashActivity](17553): Cancelling event due to no window focus: KeyEvent { action=ACTION_UP, keyCode=KEYCODE_BACK, scanCode=158, metaState=0, flags=0x28, repeatCount=0, eventTime=1066931160, downTime=1066931141, deviceId=3, source=0x101 }
03-05 14:20:03.243 W/ViewRootImpl[SplashActivity](17553): Cancelling event due to no window focus: KeyEvent { action=ACTION_UP, keyCode=KEYCODE_BACK, scanCode=158, metaState=0, flags=0x28, repeatCount=0, eventTime=1066931160, downTime=1066931141, deviceId=3, source=0x101 }
03-05 14:20:03.244 W/ViewRootImpl[SplashActivity](17553): Cancelling event due to no window focus: KeyEvent { action=ACTION_UP, keyCode=KEYCODE_BACK, scanCode=158, metaState=0, flags=0x28, repeatCount=0, eventTime=1066931160, downTime=1066931141, deviceId=3, source=0x101 }
03-05 14:20:03.291 W/ViewRootImpl[smt_launcher]( 2651): Cancelling event due to no window focus: KeyEvent { action=ACTION_UP, keyCode=KEYCODE_BACK, scanCode=158, metaState=0, flags=0x28, repeatCount=0, eventTime=1066931141, downTime=1066931141, deviceId=3, source=0x101 }
03-05 14:20:03.291 W/ViewRootImpl[smt_launcher]( 2651): Cancelling event due to no window focus: KeyEvent { action=ACTION_UP, keyCode=KEYCODE_BACK, scanCode=158, metaState=0, flags=0x28, repeatCount=0, eventTime=1066931141, downTime=1066931141, deviceId=3, source=0x101 }
03-05 14:20:03.291 W/ViewRootImpl[smt_launcher]( 2651): Cancelling event due to no window focus: KeyEvent { action=ACTION_UP, keyCode=KEYCODE_BACK, scanCode=158, metaState=0, flags=0x28, repeatCount=0, eventTime=1066931141, downTime=1066931141, deviceId=3, source=0x101 }
03-05 14:20:03.291 W/ViewRootImpl[smt_launcher]( 2651): Cancelling event due to no window focus: KeyEvent { action=ACTION_UP, keyCode=KEYCODE_BACK, scanCode=158, metaState=0, flags=0x28, repeatCount=0, eventTime=1066931141, downTime=1066931141, deviceId=3, source=0x101 }
03-05 14:20:03.291 W/ViewRootImpl[smt_launcher]( 2651): Cancelling event due to no window focus: KeyEvent { action=ACTION_UP, keyCode=KEYCODE_BACK, scanCode=158, metaState=0, flags=0x28, repeatCount=0, eventTime=1066931141, downTime=1066931141, deviceId=3, source=0x101 }
03-05 14:20:03.291 W/ViewRootImpl[smt_launcher]( 2651): Cancelling event due to no window focus: KeyEvent { action=ACTION_UP, keyCode=KEYCODE_BACK, scanCode=158, metaState=0, flags=0x28, repeatCount=0, eventTime=1066931141, downTime=1066931141, deviceId=3, source=0x101 }
03-05 14:20:04.792 W/ContextImpl( 1697): Calling a method in the system process without a qualified user: android.app.ContextImpl.bindService:1435 android.content.ContextWrapper.bindService:639 smartisanos.app.tracker.TrackerServiceConnection.connect:34 smartisanos.app.tracker.Agent.connectService:65 smartisanos.app.tracker.Agent.flush:388
03-05 14:20:07.115 I/chatty ( 1315): uid=1000(system) android.bg expire 5 lines
03-05 14:20:08.413 I/chatty ( 1315): uid=1000(system) Binder:1315_16 expire 1 line
03-05 14:20:09.609 W/ViewRootImpl[SplashActivity](17553): Cancelling event due to no window focus: KeyEvent { action=ACTION_UP, keyCode=KEYCODE_BACK, scanCode=158, metaState=0, flags=0x28, repeatCount=0, eventTime=1066937561, downTime=1066937542, deviceId=3, source=0x101 }
03-05 14:20:09.609 W/ViewRootImpl[SplashActivity](17553): Cancelling event due to no window focus: KeyEvent { action=ACTION_UP, keyCode=KEYCODE_BACK, scanCode=158, metaState=0, flags=0x28, repeatCount=0, eventTime=1066937561, downTime=1066937542, deviceId=3, source=0x101 }
03-05 14:20:09.609 W/ViewRootImpl[SplashActivity](17553): Cancelling event due to no window focus: KeyEvent { action=ACTION_UP, keyCode=KEYCODE_BACK, scanCode=158, metaState=0, flags=0x28, repeatCount=0, eventTime=1066937561, downTime=1066937542, deviceId=3, source=0x101 }
03-05 14:20:09.624 W/ViewRootImpl[SplashActivity](17553): Cancelling event due to no window focus: KeyEvent { action=ACTION_UP, keyCode=KEYCODE_BACK, scanCode=158, metaState=0, flags=0x28, repeatCount=0, eventTime=1066937561, downTime=1066937542, deviceId=3, source=0x101 }
03-05 14:20:09.624 W/ViewRootImpl[SplashActivity](17553): Cancelling event due to no window focus: KeyEvent { action=ACTION_UP, keyCode=KEYCODE_BACK, scanCode=158, metaState=0, flags=0x28, repeatCount=0, eventTime=1066937561, downTime=1066937542, deviceId=3, source=0x101 }
03-05 14:20:09.624 W/ViewRootImpl[SplashActivity](17553): Cancelling event due to no window focus: KeyEvent { action=ACTION_UP, keyCode=KEYCODE_BACK, scanCode=158, metaState=0, flags=0x28, repeatCount=0, eventTime=1066937561, downTime=1066937542, deviceId=3, source=0x101 }
03-05 14:20:09.627 W/ViewRootImpl[SplashActivity](17553): Cancelling event due to no window focus: KeyEvent { action=ACTION_UP, keyCode=KEYCODE_BACK, scanCode=158, metaState=0, flags=0x28, repeatCount=0, eventTime=1066937561, downTime=1066937542, deviceId=3, source=0x101 }
03-05 14:20:09.628 W/ViewRootImpl[SplashActivity](17553): Cancelling event due to no window focus: KeyEvent { action=ACTION_UP, keyCode=KEYCODE_BACK, scanCode=158, metaState=0, flags=0x28, repeatCount=0, eventTime=1066937561, downTime=1066937542, deviceId=3, source=0x101 }
03-05 14:20:09.628 W/ViewRootImpl[SplashActivity](17553): Cancelling event due to no window focus: KeyEvent { action=ACTION_UP, keyCode=KEYCODE_BACK, scanCode=158, metaState=0, flags=0x28, repeatCount=0, eventTime=1066937561, downTime=1066937542, deviceId=3, source=0x101 }
03-05 14:20:09.666 W/ViewRootImpl[smt_launcher]( 2651): Cancelling event due to no window focus: KeyEvent { action=ACTION_UP, keyCode=KEYCODE_BACK, scanCode=158, metaState=0, flags=0x28, repeatCount=0, eventTime=1066937542, downTime=1066937542, deviceId=3, source=0x101 }
03-05 14:20:09.666 W/ViewRootImpl[smt_launcher]( 2651): Cancelling event due to no window focus: KeyEvent { action=ACTION_UP, keyCode=KEYCODE_BACK, scanCode=158, metaState=0, flags=0x28, repeatCount=0, eventTime=1066937542, downTime=1066937542, deviceId=3, source=0x101 }
03-05 14:20:09.666 W/ViewRootImpl[smt_launcher]( 2651): Cancelling event due to no window focus: KeyEvent { action=ACTION_UP, keyCode=KEYCODE_BACK, scanCode=158, metaState=0, flags=0x28, repeatCount=0, eventTime=1066937542, downTime=1066937542, deviceId=3, source=0x101 }
03-05 14:20:09.666 W/ViewRootImpl[smt_launcher]( 2651): Cancelling event due to no window focus: KeyEvent { action=ACTION_UP, keyCode=KEYCODE_BACK, scanCode=158, metaState=0, flags=0x28, repeatCount=0, eventTime=1066937542, downTime=1066937542, deviceId=3, source=0x101 }
03-05 14:20:09.666 W/ViewRootImpl[smt_launcher]( 2651): Cancelling event due to no window focus: KeyEvent { action=ACTION_UP, keyCode=KEYCODE_BACK, scanCode=158, metaState=0, flags=0x28, repeatCount=0, eventTime=1066937542, downTime=1066937542, deviceId=3, source=0x101 }
03-05 14:20:09.666 W/ViewRootImpl[smt_launcher]( 2651): Cancelling event due to no window focus: KeyEvent { action=ACTION_UP, keyCode=KEYCODE_BACK, scanCode=158, metaState=0, flags=0x28, repeatCount=0, eventTime=1066937542, downTime=1066937542, deviceId=3, source=0x101 }
03-05 14:20:24.478 I/chatty ( 1315): uid=1000(system) Binder:1315_13 expire 7 lines
03-05 14:20:24.647 I/chatty ( 1315): uid=1000(system) Binder:1315_3 expire 1 line
03-05 14:20:24.720 I/chatty ( 1315): uid=1000(system) Binder:1315_12 expire 3 lines
03-05 14:20:24.724 I/chatty ( 1315): uid=1000(system) android.display expire 71 lines
03-05 14:20:24.732 I/chatty ( 1315): uid=1000(system) Binder:1315_1D expire 10 lines
03-05 14:20:25.659 I/chatty ( 1315): uid=1000(system) Binder:1315_19 expire 11 lines
03-05 14:20:25.697 I/chatty ( 1315): uid=1000(system) Binder:1315_D expire 6 lines
03-05 14:20:25.752 I/chatty ( 1315): uid=1000(system) Binder:1315_E expire 2 lines
03-05 14:20:25.756 I/chatty ( 1315): uid=1000(system) Binder:1315_A expire 3 lines
03-05 14:20:32.157 I/chatty ( 1315): uid=1000(system) android.bg expire 10 lines
03-05 14:20:33.551 I/chatty ( 1315): uid=1000(system) Binder:1315_13 expire 6 lines
03-05 14:20:33.651 I/chatty ( 1315): uid=1000(system) Binder:1315_5 expire 14 lines
03-05 14:20:33.735 I/chatty ( 1315): uid=1000(system) Binder:1315_4 expire 14 lines
03-05 14:20:34.450 I/chatty ( 1315): uid=1000(system) ActivityManager expire 4 lines
03-05 14:20:34.457 I/chatty ( 1315): uid=1000(system) Binder:1315_1F expire 3 lines
03-05 14:20:35.395 I/chatty ( 1315): uid=1000(system) InputReader expire 18 lines
03-05 14:20:35.502 I/chatty ( 1315): uid=1000(system) Binder:1315_F expire 8 lines
03-05 14:20:35.547 I/chatty ( 1315): uid=1000(system) InputDispatcher expire 2 lines
03-05 14:20:35.785 I/chatty ( 1315): uid=1000(system) android.ui expire 2 lines
03-05 14:20:38.130 I/chatty ( 1315): uid=1000(system) Binder:1315_1E expire 13 lines
03-05 14:20:38.260 I/chatty ( 1315): uid=1000(system) Binder:1315_6 expire 4 lines
03-05 14:20:38.818 I/chatty ( 1315): uid=1000(system) Binder:1315_18 expire 4 lines
03-05 14:20:39.010 I/chatty ( 1315): uid=1000(system) Binder:1315_10 expire 1 line
03-05 14:20:39.021 I/chatty ( 1315): uid=1000(system) Binder:1315_C expire 6 lines
03-05 14:20:39.205 I/chatty ( 1315): uid=1000(system) Binder:1315_11 expire 6 lines
03-05 14:20:39.584 I/chatty ( 1315): uid=1000(system) Binder:1315_20 expire 1 line
03-05 14:20:39.595 I/chatty ( 1315): uid=1000(system) Binder:1315_16 expire 3 lines
03-05 14:20:40.344 I/chatty ( 1315): uid=1000(system) Binder:1315_9 expire 2 lines
03-05 14:20:41.229 I/chatty ( 1315): uid=1000(system) Binder:1315_1 expire 1 line
03-05 14:20:41.248 I/chatty ( 1315): uid=1000(system) Binder:1315_7 expire 2 lines
03-05 14:20:41.284 I/chatty ( 1315): uid=1000(system) android.io expire 2 lines
03-05 14:20:43.192 I/chatty ( 1315): uid=1000(system) Binder:1315_1A expire 2 lines
03-05 14:20:46.096 I/chatty ( 1315): uid=1000(system) Binder:1315_17 expire 3 lines
03-05 14:20:56.122 I/chatty ( 1315): uid=1000(system) Binder:1315_15 expire 1 line
03-05 14:20:56.172 I/chatty ( 1315): uid=1000(system) Binder:1315_8 expire 2 lines
03-05 14:20:57.090 I/chatty ( 1315): uid=1000(system) Binder:1315_1B expire 3 lines
03-05 14:20:57.816 I/chatty ( 1315): uid=1000(system) Binder:1315_B expire 7 lines
03-05 14:20:59.820 I/chatty ( 1315): uid=1000(system) Binder:1315_14 expire 2 lines
03-05 14:21:05.221 I/chatty ( 1315): uid=1000(system) Binder:1315_2 expire 1 line
03-05 14:21:06.810 I/chatty ( 1315): uid=1000(system) Binder:1315_1C expire 1 line
03-05 14:21:07.439 I/chatty ( 1315): uid=1000 system_server expire 3 lines
03-05 14:21:09.050 I/chatty ( 1315): uid=1000(system) Binder:1315_8 expire 7 lines
03-05 14:21:09.071 I/chatty ( 1315): uid=1000(system) Binder:1315_19 expire 8 lines
03-05 14:21:09.290 I/chatty ( 1315): uid=1000(system) android.display expire 11 lines
03-05 14:21:11.426 I/chatty ( 1315): uid=1000(system) InputReader expire 16 lines
03-05 14:21:11.458 I/chatty ( 1315): uid=1000(system) Binder:1315_D expire 8 lines
03-05 14:21:11.472 I/chatty ( 1315): uid=1000(system) Binder:1315_F expire 4 lines
03-05 14:21:13.063 I/chatty ( 1315): uid=1000(system) Binder:1315_18 expire 10 lines
03-05 14:21:13.077 I/chatty ( 1315): uid=1000(system) Binder:1315_17 expire 3 lines
03-05 14:21:17.198 I/chatty ( 1315): uid=1000(system) android.bg expire 9 lines
03-05 14:21:20.477 I/chatty ( 1315): uid=1000(system) Binder:1315_A expire 3 lines
03-05 14:21:20.504 I/chatty ( 1315): uid=1000(system) Binder:1315_1E expire 6 lines
03-05 14:21:20.525 I/chatty ( 1315): uid=1000(system) Binder:1315_5 expire 2 lines
03-05 14:21:20.739 I/chatty ( 1315): uid=1000(system) ActivityManager expire 6 lines
03-05 14:21:20.764 I/chatty ( 1315): uid=1000(system) Binder:1315_14 expire 11 lines
03-05 14:21:20.764 I/chatty ( 1315): uid=1000(system) Binder:1315_12 expire 2 lines
03-05 14:21:20.805 I/chatty ( 1315): uid=1000(system) ConnectivitySer expire 1 line
03-05 14:21:21.547 I/chatty ( 1315): uid=1000(system) InputDispatcher expire 2 lines
03-05 14:21:21.764 I/chatty ( 1315): uid=1000(system) android.ui expire 2 lines
03-05 14:21:23.705 I/chatty ( 1315): uid=1000(system) Binder:1315_10 expire 8 lines
03-05 14:21:23.757 I/chatty ( 1315): uid=1000(system) Binder:1315_3 expire 3 lines
03-05 14:21:25.490 I/chatty ( 1315): uid=1000(system) Binder:1315_1F expire 6 lines
03-05 14:21:27.261 I/chatty ( 1315): uid=1000(system) Binder:1315_1B expire 1 line
03-05 14:21:27.262 I/chatty ( 1315): uid=1000(system) Binder:1315_2 expire 4 lines
03-05 14:21:27.766 W/ViewRootImpl[SplashActivity](17553): Cancelling event due to no window focus: KeyEvent { action=ACTION_UP, keyCode=KEYCODE_BACK, scanCode=158, metaState=0, flags=0x28, repeatCount=0, eventTime=1067015705, downTime=1067015684, deviceId=3, source=0x101 }
03-05 14:21:27.766 W/ViewRootImpl[SplashActivity](17553): Cancelling event due to no window focus: KeyEvent { action=ACTION_UP, keyCode=KEYCODE_BACK, scanCode=158, metaState=0, flags=0x28, repeatCount=0, eventTime=1067015705, downTime=1067015684, deviceId=3, source=0x101 }
03-05 14:21:27.766 W/ViewRootImpl[SplashActivity](17553): Cancelling event due to no window focus: KeyEvent { action=ACTION_UP, keyCode=KEYCODE_BACK, scanCode=158, metaState=0, flags=0x28, repeatCount=0, eventTime=1067015705, downTime=1067015684, deviceId=3, source=0x101 }
03-05 14:21:27.770 W/ViewRootImpl[SplashActivity](17553): Cancelling event due to no window focus: KeyEvent { action=ACTION_UP, keyCode=KEYCODE_BACK, scanCode=158, metaState=0, flags=0x28, repeatCount=0, eventTime=1067015705, downTime=1067015684, deviceId=3, source=0x101 }
03-05 14:21:27.770 W/ViewRootImpl[SplashActivity](17553): Cancelling event due to no window focus: KeyEvent { action=ACTION_UP, keyCode=KEYCODE_BACK, scanCode=158, metaState=0, flags=0x28, repeatCount=0, eventTime=1067015705, downTime=1067015684, deviceId=3, source=0x101 }
03-05 14:21:27.770 W/ViewRootImpl[SplashActivity](17553): Cancelling event due to no window focus: KeyEvent { action=ACTION_UP, keyCode=KEYCODE_BACK, scanCode=158, metaState=0, flags=0x28, repeatCount=0, eventTime=1067015705, downTime=1067015684, deviceId=3, source=0x101 }
03-05 14:21:27.770 W/ViewRootImpl[SplashActivity](17553): Cancelling event due to no window focus: KeyEvent { action=ACTION_UP, keyCode=KEYCODE_BACK, scanCode=158, metaState=0, flags=0x28, repeatCount=0, eventTime=1067015705, downTime=1067015684, deviceId=3, source=0x101 }
03-05 14:21:27.770 W/ViewRootImpl[SplashActivity](17553): Cancelling event due to no window focus: KeyEvent { action=ACTION_UP, keyCode=KEYCODE_BACK, scanCode=158, metaState=0, flags=0x28, repeatCount=0, eventTime=1067015705, downTime=1067015684, deviceId=3, source=0x101 }
03-05 14:21:27.770 W/ViewRootImpl[SplashActivity](17553): Cancelling event due to no window focus: KeyEvent { action=ACTION_UP, keyCode=KEYCODE_BACK, scanCode=158, metaState=0, flags=0x28, repeatCount=0, eventTime=1067015705, downTime=1067015684, deviceId=3, source=0x101 }
03-05 14:21:27.851 W/ViewRootImpl[smt_launcher]( 2651): Cancelling event due to no window focus: KeyEvent { action=ACTION_UP, keyCode=KEYCODE_BACK, scanCode=158, metaState=0, flags=0x28, repeatCount=0, eventTime=1067015684, downTime=1067015684, deviceId=3, source=0x101 }
03-05 14:21:27.851 W/ViewRootImpl[smt_launcher]( 2651): Cancelling event due to no window focus: KeyEvent { action=ACTION_UP, keyCode=KEYCODE_BACK, scanCode=158, metaState=0, flags=0x28, repeatCount=0, eventTime=1067015684, downTime=1067015684, deviceId=3, source=0x101 }
03-05 14:21:27.851 W/ViewRootImpl[smt_launcher]( 2651): Cancelling event due to no window focus: KeyEvent { action=ACTION_UP, keyCode=KEYCODE_BACK, scanCode=158, metaState=0, flags=0x28, repeatCount=0, eventTime=1067015684, downTime=1067015684, deviceId=3, source=0x101 }
03-05 14:21:27.851 W/ViewRootImpl[smt_launcher]( 2651): Cancelling event due to no window focus: KeyEvent { action=ACTION_UP, keyCode=KEYCODE_BACK, scanCode=158, metaState=0, flags=0x28, repeatCount=0, eventTime=1067015684, downTime=1067015684, deviceId=3, source=0x101 }
03-05 14:21:27.851 W/ViewRootImpl[smt_launcher]( 2651): Cancelling event due to no window focus: KeyEvent { action=ACTION_UP, keyCode=KEYCODE_BACK, scanCode=158, metaState=0, flags=0x28, repeatCount=0, eventTime=1067015684, downTime=1067015684, deviceId=3, source=0x101 }
03-05 14:21:27.851 W/ViewRootImpl[smt_launcher]( 2651): Cancelling event due to no window focus: KeyEvent { action=ACTION_UP, keyCode=KEYCODE_BACK, scanCode=158, metaState=0, flags=0x28, repeatCount=0, eventTime=1067015684, downTime=1067015684, deviceId=3, source=0x101 }
03-05 14:21:28.409 I/chatty ( 1315): uid=1000(system) Binder:1315_6 expire 10 lines
03-05 14:21:29.034 I/chatty ( 1315): uid=1000(system) Binder:1315_9 expire 1 line
03-05 14:21:29.116 I/chatty ( 1315): uid=1000(system) Binder:1315_20 expire 1 line
03-05 14:21:29.292 E/ActivityThread(21347): Failed to find provider info for com.tencent.mm.coolassist.debugprovider
03-05 14:21:29.292 E/ActivityThread(21360): Failed to find provider info for com.tencent.mm.coolassist.debugprovider
03-05 14:21:29.929 I/chatty ( 1315): uid=1000(system) batterystats-sy expire 1 line
03-05 14:21:32.177 E/ActivityThread(21507): Failed to find provider info for com.tencent.mm.coolassist.debugprovider
03-05 14:21:33.170 I/chatty ( 1315): uid=1000(system) InputReader expire 12 lines
03-05 14:21:33.457 I/chatty ( 1315): uid=1000(system) android.io expire 6 lines
03-05 14:21:35.514 E/ActivityThread(21676): Failed to find provider info for com.tencent.mm.coolassist.debugprovider
03-05 14:21:35.615 I/chatty ( 1315): uid=1000(system) Binder:1315_1C expire 11 lines
03-05 14:21:35.629 I/chatty ( 1315): uid=1000(system) Binder:1315_B expire 7 lines
03-05 14:21:35.889 I/chatty ( 1315): uid=1000(system) Binder:1315_15 expire 9 lines
03-05 14:21:36.206 I/chatty ( 1315): uid=1000(system) Binder:1315_11 expire 6 lines
03-05 14:21:36.300 I/chatty ( 1315): uid=1000(system) Binder:1315_16 expire 12 lines
03-05 14:21:36.301 I/ActivityThread(18108): Removing dead content provider:android.content.ContentProviderProxy@da7f70
03-05 14:21:36.519 E/ActivityThread(21731): Failed to find provider info for com.tencent.mm.coolassist.debugprovider
03-05 14:21:36.733 I/chatty ( 1315): uid=1000(system) Binder:1315_1D expire 8 lines
03-05 14:21:37.139 I/chatty ( 1315): uid=1000(system) NetworkStatsObs expire 1 line
03-05 14:21:37.569 I/chatty ( 1315): uid=1000(system) Binder:1315_C expire 3 lines
03-05 14:21:37.795 I/chatty ( 1315): uid=1000(system) Binder:1315_E expire 3 lines
03-05 14:21:39.243 I/chatty ( 1315): uid=1000(system) Binder:1315_1 expire 1 line
03-05 14:21:46.877 I/chatty ( 1315): uid=1000(system) Binder:1315_13 expire 1 line
03-05 14:21:52.752 W/ViewRootImpl[LauncherUI](17393): Cancelling event due to no window focus: KeyEvent { action=ACTION_UP, keyCode=KEYCODE_BACK, scanCode=158, metaState=0, flags=0x28, repeatCount=0, eventTime=1067040645, downTime=1067040624, deviceId=3, source=0x101 }
03-05 14:21:52.752 W/ViewRootImpl[LauncherUI](17393): Cancelling event due to no window focus: KeyEvent { action=ACTION_UP, keyCode=KEYCODE_BACK, scanCode=158, metaState=0, flags=0x28, repeatCount=0, eventTime=1067040645, downTime=1067040624, deviceId=3, source=0x101 }
03-05 14:21:52.752 W/ViewRootImpl[LauncherUI](17393): Cancelling event due to no window focus: KeyEvent { action=ACTION_UP, keyCode=KEYCODE_BACK, scanCode=158, metaState=0, flags=0x28, repeatCount=0, eventTime=1067040645, downTime=1067040624, deviceId=3, source=0x101 }
03-05 14:21:52.760 W/ViewRootImpl[LauncherUI](17393): Cancelling event due to no window focus: KeyEvent { action=ACTION_UP, keyCode=KEYCODE_BACK, scanCode=158, metaState=0, flags=0x28, repeatCount=0, eventTime=1067040645, downTime=1067040624, deviceId=3, source=0x101 }
03-05 14:21:52.760 W/ViewRootImpl[LauncherUI](17393): Cancelling event due to no window focus: KeyEvent { action=ACTION_UP, keyCode=KEYCODE_BACK, scanCode=158, metaState=0, flags=0x28, repeatCount=0, eventTime=1067040645, downTime=1067040624, deviceId=3, source=0x101 }
03-05 14:21:52.760 W/ViewRootImpl[LauncherUI](17393): Cancelling event due to no window focus: KeyEvent { action=ACTION_UP, keyCode=KEYCODE_BACK, scanCode=158, metaState=0, flags=0x28, repeatCount=0, eventTime=1067040645, downTime=1067040624, deviceId=3, source=0x101 }
03-05 14:21:52.761 W/ViewRootImpl[LauncherUI](17393): Cancelling event due to no window focus: KeyEvent { action=ACTION_UP, keyCode=KEYCODE_BACK, scanCode=158, metaState=0, flags=0x28, repeatCount=0, eventTime=1067040645, downTime=1067040624, deviceId=3, source=0x101 }
03-05 14:21:52.762 W/ViewRootImpl[LauncherUI](17393): Cancelling event due to no window focus: KeyEvent { action=ACTION_UP, keyCode=KEYCODE_BACK, scanCode=158, metaState=0, flags=0x28, repeatCount=0, eventTime=1067040645, downTime=1067040624, deviceId=3, source=0x101 }
03-05 14:21:52.762 W/ViewRootImpl[LauncherUI](17393): Cancelling event due to no window focus: KeyEvent { action=ACTION_UP, keyCode=KEYCODE_BACK, scanCode=158, metaState=0, flags=0x28, repeatCount=0, eventTime=1067040645, downTime=1067040624, deviceId=3, source=0x101 }
03-05 14:21:52.814 W/ViewRootImpl[smt_launcher]( 2651): Cancelling event due to no window focus: KeyEvent { action=ACTION_UP, keyCode=KEYCODE_BACK, scanCode=158, metaState=0, flags=0x28, repeatCount=0, eventTime=1067040625, downTime=1067040624, deviceId=3, source=0x101 }
03-05 14:21:52.814 W/ViewRootImpl[smt_launcher]( 2651): Cancelling event due to no window focus: KeyEvent { action=ACTION_UP, keyCode=KEYCODE_BACK, scanCode=158, metaState=0, flags=0x28, repeatCount=0, eventTime=1067040625, downTime=1067040624, deviceId=3, source=0x101 }
03-05 14:21:52.814 W/ViewRootImpl[smt_launcher]( 2651): Cancelling event due to no window focus: KeyEvent { action=ACTION_UP, keyCode=KEYCODE_BACK, scanCode=158, metaState=0, flags=0x28, repeatCount=0, eventTime=1067040625, downTime=1067040624, deviceId=3, source=0x101 }
03-05 14:21:52.814 W/ViewRootImpl[smt_launcher]( 2651): Cancelling event due to no window focus: KeyEvent { action=ACTION_UP, keyCode=KEYCODE_BACK, scanCode=158, metaState=0, flags=0x28, repeatCount=0, eventTime=1067040625, downTime=1067040624, deviceId=3, source=0x101 }
03-05 14:21:52.814 W/ViewRootImpl[smt_launcher]( 2651): Cancelling event due to no window focus: KeyEvent { action=ACTION_UP, keyCode=KEYCODE_BACK, scanCode=158, metaState=0, flags=0x28, repeatCount=0, eventTime=1067040625, downTime=1067040624, deviceId=3, source=0x101 }
03-05 14:21:52.814 W/ViewRootImpl[smt_launcher]( 2651): Cancelling event due to no window focus: KeyEvent { action=ACTION_UP, keyCode=KEYCODE_BACK, scanCode=158, metaState=0, flags=0x28, repeatCount=0, eventTime=1067040625, downTime=1067040624, deviceId=3, source=0x101 }
03-05 14:21:52.859 I/chatty ( 1315): uid=1000(system) android.display expire 5 lines
03-05 14:21:53.471 I/chatty ( 1315): uid=1000(system) Binder:1315_7 expire 1 line
03-05 14:21:54.674 I/chatty ( 1315): uid=1000(system) InputReader expire 8 lines
03-05 14:21:54.830 W/ViewRootImpl[smt_launcher]( 2651): Cancelling event due to no window focus: KeyEvent { action=ACTION_UP, keyCode=KEYCODE_BACK, scanCode=158, metaState=0, flags=0x28, repeatCount=0, eventTime=1067042679, downTime=1067042679, deviceId=3, source=0x101 }
03-05 14:21:54.830 W/ViewRootImpl[smt_launcher]( 2651): Cancelling event due to no window focus: KeyEvent { action=ACTION_UP, keyCode=KEYCODE_BACK, scanCode=158, metaState=0, flags=0x28, repeatCount=0, eventTime=1067042679, downTime=1067042679, deviceId=3, source=0x101 }
03-05 14:21:54.830 W/ViewRootImpl[smt_launcher]( 2651): Cancelling event due to no window focus: KeyEvent { action=ACTION_UP, keyCode=KEYCODE_BACK, scanCode=158, metaState=0, flags=0x28, repeatCount=0, eventTime=1067042679, downTime=1067042679, deviceId=3, source=0x101 }
03-05 14:21:54.830 W/ViewRootImpl[smt_launcher]( 2651): Cancelling event due to no window focus: KeyEvent { action=ACTION_UP, keyCode=KEYCODE_BACK, scanCode=158, metaState=0, flags=0x28, repeatCount=0, eventTime=1067042679, downTime=1067042679, deviceId=3, source=0x101 }
03-05 14:21:54.830 W/ViewRootImpl[smt_launcher]( 2651): Cancelling event due to no window focus: KeyEvent { action=ACTION_UP, keyCode=KEYCODE_BACK, scanCode=158, metaState=0, flags=0x28, repeatCount=0, eventTime=1067042679, downTime=1067042679, deviceId=3, source=0x101 }
03-05 14:21:54.830 W/ViewRootImpl[smt_launcher]( 2651): Cancelling event due to no window focus: KeyEvent { action=ACTION_UP, keyCode=KEYCODE_BACK, scanCode=158, metaState=0, flags=0x28, repeatCount=0, eventTime=1067042679, downTime=1067042679, deviceId=3, source=0x101 }
03-05 14:21:56.802 I/chatty ( 1315): uid=1000(system) Binder:1315_4 expire 8 lines
03-05 14:22:07.076 I/chatty ( 1315): uid=1000(system) Binder:1315_6 expire 12 lines
03-05 14:22:08.201 I/chatty ( 1315): uid=1000(system) Binder:1315_8 expire 11 lines
03-05 14:22:08.213 I/chatty ( 1315): uid=1000(system) Binder:1315_16 expire 9 lines
03-05 14:22:08.274 I/chatty ( 1315): uid=1000(system) android.display expire 47 lines
03-05 14:22:08.725 I/chatty ( 1315): uid=1000(system) android.bg expire 7 lines
03-05 14:22:08.795 I/chatty ( 1315): uid=1000(system) Binder:1315_1 expire 1 line
03-05 14:22:08.798 I/chatty ( 1315): uid=1000(system) Binder:1315_5 expire 2 lines
03-05 14:22:09.038 E/ActivityThread(22246): Failed to find provider info for com.tencent.mm.coolassist.debugprovider
03-05 14:22:09.124 I/chatty ( 1315): uid=1000(system) InputReader expire 6 lines
03-05 14:22:09.200 I/chatty ( 1315): uid=1000(system) Binder:1315_9 expire 3 lines
03-05 14:22:09.278 I/chatty ( 1315): uid=1000(system) InputDispatcher expire 5 lines
03-05 14:22:09.498 I/chatty ( 1315): uid=1000(system) android.ui expire 2 lines
03-05 14:22:09.673 I/chatty ( 1315): uid=1000(system) Binder:1315_1A expire 2 lines
03-05 14:22:09.851 I/chatty ( 1315): uid=1000(system) Binder:1315_14 expire 13 lines
