03-04 23:33:57.286 I/chatty ( 1315): uid=1000(system) Binder:1315_1B expire 4 lines
03-04 23:33:58.640 I/chatty ( 1315): uid=1000(system) Binder:1315_9 expire 3 lines
03-04 23:34:00.769 I/chatty ( 1315): uid=1000(system) Binder:1315_17 expire 9 lines
03-04 23:34:00.771 I/chatty ( 1315): uid=1000(system) NetworkStatsObs expire 1 line
03-04 23:34:00.773 I/chatty ( 1315): uid=1000(system) Binder:1315_D expire 9 lines
03-04 23:34:02.681 I/chatty ( 1315): uid=1000(system) Binder:1315_20 expire 9 lines
03-04 23:34:02.704 I/chatty ( 1315): uid=1000(system) Binder:1315_3 expire 6 lines
03-04 23:34:04.903 I/chatty ( 1315): uid=1000(system) Binder:1315_6 expire 9 lines
03-04 23:34:08.031 I/chatty ( 1315): uid=1000(system) Binder:1315_A expire 5 lines
03-04 23:34:10.406 I/PackageParser(27179): com.tencent.x5sdk.res: compat added android.permission.WRITE_EXTERNAL_STORAGE android.permission.READ_PHONE_STATE
03-04 23:34:10.437 I/PackageParser(27062): com.tencent.x5sdk.res: compat added android.permission.WRITE_EXTERNAL_STORAGE android.permission.READ_PHONE_STATE
03-04 23:34:10.445 I/chatty ( 1315): uid=1000(system) Binder:1315_10 expire 4 lines
03-04 23:34:10.475 I/PackageParser(27062): com.tencent.x5sdk.res: compat added android.permission.WRITE_EXTERNAL_STORAGE android.permission.READ_PHONE_STATE
03-04 23:34:10.496 I/PackageParser(27179): com.tencent.x5sdk.res: compat added android.permission.WRITE_EXTERNAL_STORAGE android.permission.READ_PHONE_STATE
03-04 23:34:10.886 I/chatty ( 1315): uid=1000(system) Binder:1315_16 expire 2 lines
03-04 23:34:12.165 I/chatty ( 1315): uid=1000(system) Binder:1315_12 expire 5 lines
03-04 23:34:12.925 I/chatty ( 1315): uid=1000(system) android.bg expire 11 lines
03-04 23:34:23.179 I/chatty ( 1315): uid=1000(system) android.io expire 8 lines
03-04 23:34:29.351 I/chatty ( 1315): uid=1000(system) Binder:1315_F expire 7 lines
03-04 23:34:52.067 I/ActivityThread(25043): Removing dead content provider:android.content.ContentProviderProxy@303bb6e
03-04 23:34:52.070 I/chatty ( 1315): uid=1000(system) Binder:1315_15 expire 5 lines
03-04 23:34:52.123 I/chatty ( 1315): uid=1000(system) ConnectivitySer expire 1 line
03-04 23:34:55.622 I/chatty ( 1315): uid=1000(system) Binder:1315_1F expire 12 lines
03-04 23:35:18.561 I/chatty ( 1315): uid=1000 system_server expire 8 lines
03-04 23:35:18.694 I/chatty ( 1315): uid=1000(system) PowerManagerSer expire 2 lines
03-04 23:35:18.696 I/chatty ( 1315): uid=1000(system) android.display expire 10 lines
03-04 23:35:18.851 I/chatty ( 1315): uid=1000(system) Binder:1315_E expire 7 lines
03-04 23:35:19.265 I/chatty ( 1315): uid=1000(system) Binder:1315_7 expire 1 line
03-04 23:35:19.285 I/chatty ( 1315): uid=1000(system) Binder:1315_1A expire 2 lines
03-04 23:35:19.484 D/ActivityThread(28031): Loading provider com.android.email.provider;com.android.email.notifier: com.android.email.provider.EmailProvider
03-04 23:35:19.486 D/ActivityThread(28031): Loading provider com.android.email.provider;com.android.email.notifier: com.android.email.provider.EmailProvider
03-04 23:35:19.487 D/ActivityThread(28031): Loading provider com.android.email.provider;com.android.email.notifier: com.android.email.provider.EmailProvider
03-04 23:35:19.489 D/ActivityThread(28031): Loading provider com.android.email.provider;com.android.email.notifier: com.android.email.provider.EmailProvider
03-04 23:35:20.295 I/chatty ( 1315): uid=1000(system) Binder:1315_2 expire 1 line
03-04 23:35:20.752 I/chatty ( 1315): uid=1000(system) Binder:1315_13 expire 4 lines
03-04 23:35:20.886 I/chatty ( 1315): uid=1000(system) Binder:1315_14 expire 10 lines
03-04 23:35:21.738 W/ContextImpl( 1697): Calling a method in the system process without a qualified user: android.app.ContextImpl.bindService:1435 android.content.ContextWrapper.bindService:639 smartisanos.app.tracker.TrackerServiceConnection.connect:34 smartisanos.app.tracker.Agent.connectService:65 smartisanos.app.tracker.Agent.flush:388
03-04 23:35:22.126 I/chatty ( 1315): uid=1000(system) Binder:1315_1D expire 6 lines
03-04 23:35:24.437 I/chatty ( 1315): uid=1000(system) Binder:1315_11 expire 8 lines
03-04 23:35:25.350 I/chatty ( 1315): uid=1000(system) InputReader expire 6 lines
03-04 23:35:27.064 I/chatty ( 1315): uid=1000(system) Binder:1315_B expire 6 lines
03-04 23:35:28.306 I/chatty ( 1315): uid=1000(system) Binder:1315_1E expire 1 line
03-04 23:35:29.494 W/ViewRootImpl[SplashActivity](26587): Cancelling event due to no window focus: KeyEvent { action=ACTION_UP, keyCode=KEYCODE_BACK, scanCode=158, metaState=0, flags=0x28, repeatCount=0, eventTime=1042890498, downTime=1042890423, deviceId=3, source=0x101 }
03-04 23:35:29.494 W/ViewRootImpl[SplashActivity](26587): Cancelling event due to no window focus: KeyEvent { action=ACTION_UP, keyCode=KEYCODE_BACK, scanCode=158, metaState=0, flags=0x28, repeatCount=0, eventTime=1042890498, downTime=1042890423, deviceId=3, source=0x101 }
03-04 23:35:29.494 W/ViewRootImpl[SplashActivity](26587): Cancelling event due to no window focus: KeyEvent { action=ACTION_UP, keyCode=KEYCODE_BACK, scanCode=158, metaState=0, flags=0x28, repeatCount=0, eventTime=1042890498, downTime=1042890423, deviceId=3, source=0x101 }
03-04 23:35:29.495 W/ViewRootImpl[SplashActivity](26587): Cancelling event due to no window focus: KeyEvent { action=ACTION_UP, keyCode=KEYCODE_BACK, scanCode=158, metaState=0, flags=0x28, repeatCount=0, eventTime=1042890498, downTime=1042890423, deviceId=3, source=0x101 }
03-04 23:35:29.495 W/ViewRootImpl[SplashActivity](26587): Cancelling event due to no window focus: KeyEvent { action=ACTION_UP, keyCode=KEYCODE_BACK, scanCode=158, metaState=0, flags=0x28, repeatCount=0, eventTime=1042890498, downTime=1042890423, deviceId=3, source=0x101 }
03-04 23:35:29.495 W/ViewRootImpl[SplashActivity](26587): Cancelling event due to no window focus: KeyEvent { action=ACTION_UP, keyCode=KEYCODE_BACK, scanCode=158, metaState=0, flags=0x28, repeatCount=0, eventTime=1042890498, downTime=1042890423, deviceId=3, source=0x101 }
03-04 23:35:29.524 W/ViewRootImpl[smt_launcher]( 2651): Cancelling event due to no window focus: KeyEvent { action=ACTION_UP, keyCode=KEYCODE_BACK, scanCode=158, metaState=0, flags=0x28, repeatCount=0, eventTime=1042890423, downTime=1042890423, deviceId=3, source=0x101 }
03-04 23:35:29.524 W/ViewRootImpl[smt_launcher]( 2651): Cancelling event due to no window focus: KeyEvent { action=ACTION_UP, keyCode=KEYCODE_BACK, scanCode=158, metaState=0, flags=0x28, repeatCount=0, eventTime=1042890423, downTime=1042890423, deviceId=3, source=0x101 }
03-04 23:35:29.526 W/ViewRootImpl[smt_launcher]( 2651): Cancelling event due to no window focus: KeyEvent { action=ACTION_UP, keyCode=KEYCODE_BACK, scanCode=158, metaState=0, flags=0x28, repeatCount=0, eventTime=1042890423, downTime=1042890423, deviceId=3, source=0x101 }
03-04 23:35:29.527 W/ViewRootImpl[smt_launcher]( 2651): Cancelling event due to no window focus: KeyEvent { action=ACTION_UP, keyCode=KEYCODE_BACK, scanCode=158, metaState=0, flags=0x28, repeatCount=0, eventTime=1042890423, downTime=1042890423, deviceId=3, source=0x101 }
03-04 23:35:29.529 W/ViewRootImpl[smt_launcher]( 2651): Cancelling event due to no window focus: KeyEvent { action=ACTION_UP, keyCode=KEYCODE_BACK, scanCode=158, metaState=0, flags=0x28, repeatCount=0, eventTime=1042890423, downTime=1042890423, deviceId=3, source=0x101 }
03-04 23:35:29.529 W/ViewRootImpl[smt_launcher]( 2651): Cancelling event due to no window focus: KeyEvent { action=ACTION_UP, keyCode=KEYCODE_BACK, scanCode=158, metaState=0, flags=0x28, repeatCount=0, eventTime=1042890423, downTime=1042890423, deviceId=3, source=0x101 }
03-04 23:35:29.958 I/chatty ( 1315): uid=1000(system) ActivityManager expire 2 lines
03-04 23:35:30.990 E/ActivityThread(28647): Failed to find provider info for com.tencent.mm.coolassist.debugprovider
03-04 23:35:34.388 I/chatty ( 1315): uid=1000(system) Binder:1315_14 expire 2 lines
03-04 23:35:34.774 I/chatty ( 1315): uid=1000(system) Binder:1315_1F expire 2 lines
03-04 23:35:34.975 E/ActivityThread(28886): Failed to find provider info for com.tencent.mm.coolassist.debugprovider
03-04 23:35:35.389 E/ActivityThread(28873): Failed to find provider info for com.tencent.mm.coolassist.debugprovider
03-04 23:35:35.728 I/chatty ( 1315): uid=1000(system) ActivityManager expire 14 lines
03-04 23:35:36.064 I/chatty ( 1315): uid=1000(system) Binder:1315_16 expire 4 lines
03-04 23:35:36.083 I/chatty ( 1315): uid=1000(system) Binder:1315_18 expire 4 lines
03-04 23:35:36.131 I/chatty ( 1315): uid=1000(system) Binder:1315_1E expire 7 lines
03-04 23:35:36.173 I/chatty ( 1315): uid=1000(system) Binder:1315_2 expire 4 lines
03-04 23:35:36.381 E/ActivityThread(29022): Failed to find provider info for com.tencent.mm.coolassist.debugprovider
03-04 23:35:37.598 I/chatty ( 1315): uid=1000(system) Binder:1315_A expire 1 line
03-04 23:35:37.637 I/chatty ( 1315): uid=1000(system) Binder:1315_9 expire 5 lines
03-04 23:35:37.691 I/chatty ( 1315): uid=1000(system) Binder:1315_B expire 14 lines
03-04 23:35:38.118 I/chatty ( 1315): uid=1000(system) Binder:1315_12 expire 6 lines
03-04 23:35:38.152 I/chatty ( 1315): uid=1000(system) Binder:1315_14 expire 4 lines
03-04 23:35:38.753 I/chatty ( 1315): uid=1000(system) Binder:1315_F expire 7 lines
03-04 23:35:38.969 I/chatty ( 1315): uid=1000(system) Binder:1315_15 expire 2 lines
03-04 23:35:39.021 I/chatty ( 1315): uid=1000(system) Binder:1315_5 expire 8 lines
03-04 23:35:39.090 I/chatty ( 1315): uid=1000(system) Binder:1315_8 expire 5 lines
03-04 23:35:39.118 I/chatty ( 1315): uid=1000(system) ConnectivitySer expire 5 lines
03-04 23:35:39.268 I/chatty ( 1315): uid=1000(system) android.io expire 2 lines
03-04 23:35:39.992 I/chatty ( 1315): uid=1000(system) Binder:1315_1D expire 6 lines
03-04 23:35:40.005 I/chatty ( 1315): uid=1000(system) Binder:1315_13 expire 5 lines
03-04 23:35:40.066 I/chatty ( 1315): uid=1000(system) Binder:1315_4 expire 5 lines
03-04 23:35:40.069 I/chatty ( 1315): uid=1000(system) android.bg expire 30 lines
03-04 23:35:41.284 I/chatty ( 1315): uid=1000(system) android.display expire 13 lines
03-04 23:35:41.845 I/chatty ( 1315): uid=1000(system) Binder:1315_C expire 2 lines
03-04 23:35:45.687 I/chatty ( 1315): uid=1000(system) Binder:1315_1B expire 6 lines
03-04 23:35:45.792 I/chatty ( 1315): uid=1000(system) Binder:1315_10 expire 7 lines
03-04 23:35:45.810 I/chatty ( 1315): uid=1000(system) Binder:1315_E expire 4 lines
03-04 23:35:46.750 I/chatty ( 1315): uid=1000(system) Binder:1315_1C expire 1 line
03-04 23:35:50.910 I/chatty ( 1315): uid=1000(system) Binder:1315_7 expire 6 lines
03-04 23:35:51.123 I/chatty ( 1315): uid=1000(system) batterystats-sy expire 8 lines
03-04 23:36:00.091 I/chatty ( 1315): uid=1000(system) Binder:1315_20 expire 1 line
03-04 23:36:00.091 I/chatty ( 1315): uid=1000(system) Binder:1315_D expire 8 lines
03-04 23:36:01.081 I/chatty ( 1315): uid=1000(system) InputReader expire 13 lines
03-04 23:36:01.428 W/ViewRootImpl[BizTimeLineUI](17421): Cancelling event due to no window focus: KeyEvent { action=ACTION_UP, keyCode=KEYCODE_BACK, scanCode=158, metaState=0, flags=0x28, repeatCount=0, eventTime=1042922527, downTime=1042922527, deviceId=3, source=0x101 }
03-04 23:36:01.428 W/ViewRootImpl[BizTimeLineUI](17421): Cancelling event due to no window focus: KeyEvent { action=ACTION_UP, keyCode=KEYCODE_BACK, scanCode=158, metaState=0, flags=0x28, repeatCount=0, eventTime=1042922527, downTime=1042922527, deviceId=3, source=0x101 }
03-04 23:36:01.428 W/ViewRootImpl[BizTimeLineUI](17421): Cancelling event due to no window focus: KeyEvent { action=ACTION_UP, keyCode=KEYCODE_BACK, scanCode=158, metaState=0, flags=0x28, repeatCount=0, eventTime=1042922527, downTime=1042922527, deviceId=3, source=0x101 }
03-04 23:36:01.428 W/ViewRootImpl[BizTimeLineUI](17421): Cancelling event due to no window focus: KeyEvent { action=ACTION_UP, keyCode=KEYCODE_BACK, scanCode=158, metaState=0, flags=0x28, repeatCount=0, eventTime=1042922527, downTime=1042922527, deviceId=3, source=0x101 }
03-04 23:36:01.429 W/ViewRootImpl[BizTimeLineUI](17421): Cancelling event due to no window focus: KeyEvent { action=ACTION_UP, keyCode=KEYCODE_BACK, scanCode=158, metaState=0, flags=0x28, repeatCount=0, eventTime=1042922527, downTime=1042922527, deviceId=3, source=0x101 }
03-04 23:36:01.429 W/ViewRootImpl[BizTimeLineUI](17421): Cancelling event due to no window focus: KeyEvent { action=ACTION_UP, keyCode=KEYCODE_BACK, scanCode=158, metaState=0, flags=0x28, repeatCount=0, eventTime=1042922527, downTime=1042922527, deviceId=3, source=0x101 }
03-04 23:36:01.429 W/ViewRootImpl[BizTimeLineUI](17421): Cancelling event due to no window focus: KeyEvent { action=ACTION_UP, keyCode=KEYCODE_BACK, scanCode=158, metaState=0, flags=0x28, repeatCount=0, eventTime=1042922527, downTime=1042922527, deviceId=3, source=0x101 }
03-04 23:36:01.429 W/ViewRootImpl[BizTimeLineUI](17421): Cancelling event due to no window focus: KeyEvent { action=ACTION_UP, keyCode=KEYCODE_BACK, scanCode=158, metaState=0, flags=0x28, repeatCount=0, eventTime=1042922527, downTime=1042922527, deviceId=3, source=0x101 }
03-04 23:36:01.429 W/ViewRootImpl[BizTimeLineUI](17421): Cancelling event due to no window focus: KeyEvent { action=ACTION_UP, keyCode=KEYCODE_BACK, scanCode=158, metaState=0, flags=0x28, repeatCount=0, eventTime=1042922527, downTime=1042922527, deviceId=3, source=0x101 }
03-04 23:36:01.578 I/chatty ( 1315): uid=1000(system) Binder:1315_3 expire 5 lines
03-04 23:36:02.145 I/chatty ( 1315): uid=1000(system) PowerManagerSer expire 6 lines
03-04 23:36:02.239 I/chatty ( 1315): uid=1000 system_server expire 15 lines
03-04 23:36:05.712 I/chatty ( 1315): uid=1000(system) PackageManager expire 1 line
03-04 23:37:55.760 I/chatty ( 1315): uid=1000(system) Binder:1315_1A expire 2 lines
03-04 23:38:00.008 I/chatty ( 1315): uid=1000(system) AlarmManager expire 1 line
03-04 23:42:45.780 I/chatty ( 1315): uid=1000(system) Binder:1315_17 expire 2 lines
03-04 23:42:48.167 W/ContextImpl( 1697): Calling a method in the system process without a qualified user: android.app.ContextImpl.bindService:1435 android.content.ContextWrapper.bindService:639 smartisanos.app.tracker.TrackerServiceConnection.connect:34 smartisanos.app.tracker.Agent.connectService:65 smartisanos.app.tracker.Agent.flush:388
03-04 23:42:50.111 W/ViewRootImpl[LauncherUI](17421): Cancelling event due to no window focus: KeyEvent { action=ACTION_UP, keyCode=KEYCODE_BACK, scanCode=158, metaState=0, flags=0x28, repeatCount=0, eventTime=1043175169, downTime=1043175131, deviceId=3, source=0x101 }
03-04 23:42:50.111 W/ViewRootImpl[LauncherUI](17421): Cancelling event due to no window focus: KeyEvent { action=ACTION_UP, keyCode=KEYCODE_BACK, scanCode=158, metaState=0, flags=0x28, repeatCount=0, eventTime=1043175169, downTime=1043175131, deviceId=3, source=0x101 }
03-04 23:42:50.111 W/ViewRootImpl[LauncherUI](17421): Cancelling event due to no window focus: KeyEvent { action=ACTION_UP, keyCode=KEYCODE_BACK, scanCode=158, metaState=0, flags=0x28, repeatCount=0, eventTime=1043175169, downTime=1043175131, deviceId=3, source=0x101 }
03-04 23:42:50.117 W/ViewRootImpl[LauncherUI](17421): Cancelling event due to no window focus: KeyEvent { action=ACTION_UP, keyCode=KEYCODE_BACK, scanCode=158, metaState=0, flags=0x28, repeatCount=0, eventTime=1043175169, downTime=1043175131, deviceId=3, source=0x101 }
03-04 23:42:50.117 W/ViewRootImpl[LauncherUI](17421): Cancelling event due to no window focus: KeyEvent { action=ACTION_UP, keyCode=KEYCODE_BACK, scanCode=158, metaState=0, flags=0x28, repeatCount=0, eventTime=1043175169, downTime=1043175131, deviceId=3, source=0x101 }
03-04 23:42:50.117 W/ViewRootImpl[LauncherUI](17421): Cancelling event due to no window focus: KeyEvent { action=ACTION_UP, keyCode=KEYCODE_BACK, scanCode=158, metaState=0, flags=0x28, repeatCount=0, eventTime=1043175169, downTime=1043175131, deviceId=3, source=0x101 }
03-04 23:42:50.119 W/ViewRootImpl[LauncherUI](17421): Cancelling event due to no window focus: KeyEvent { action=ACTION_UP, keyCode=KEYCODE_BACK, scanCode=158, metaState=0, flags=0x28, repeatCount=0, eventTime=1043175169, downTime=1043175131, deviceId=3, source=0x101 }
03-04 23:42:50.119 W/ViewRootImpl[LauncherUI](17421): Cancelling event due to no window focus: KeyEvent { action=ACTION_UP, keyCode=KEYCODE_BACK, scanCode=158, metaState=0, flags=0x28, repeatCount=0, eventTime=1043175169, downTime=1043175131, deviceId=3, source=0x101 }
03-04 23:42:50.119 W/ViewRootImpl[LauncherUI](17421): Cancelling event due to no window focus: KeyEvent { action=ACTION_UP, keyCode=KEYCODE_BACK, scanCode=158, metaState=0, flags=0x28, repeatCount=0, eventTime=1043175169, downTime=1043175131, deviceId=3, source=0x101 }
03-04 23:42:50.293 W/ViewRootImpl[smt_launcher]( 2651): Cancelling event due to no window focus: KeyEvent { action=ACTION_UP, keyCode=KEYCODE_BACK, scanCode=158, metaState=0, flags=0x28, repeatCount=0, eventTime=1043175131, downTime=1043175131, deviceId=3, source=0x101 }
03-04 23:42:50.293 W/ViewRootImpl[smt_launcher]( 2651): Cancelling event due to no window focus: KeyEvent { action=ACTION_UP, keyCode=KEYCODE_BACK, scanCode=158, metaState=0, flags=0x28, repeatCount=0, eventTime=1043175131, downTime=1043175131, deviceId=3, source=0x101 }
03-04 23:42:50.293 W/ViewRootImpl[smt_launcher]( 2651): Cancelling event due to no window focus: KeyEvent { action=ACTION_UP, keyCode=KEYCODE_BACK, scanCode=158, metaState=0, flags=0x28, repeatCount=0, eventTime=1043175131, downTime=1043175131, deviceId=3, source=0x101 }
03-04 23:42:50.293 W/ViewRootImpl[smt_launcher]( 2651): Cancelling event due to no window focus: KeyEvent { action=ACTION_UP, keyCode=KEYCODE_BACK, scanCode=158, metaState=0, flags=0x28, repeatCount=0, eventTime=1043175131, downTime=1043175131, deviceId=3, source=0x101 }
03-04 23:42:50.293 W/ViewRootImpl[smt_launcher]( 2651): Cancelling event due to no window focus: KeyEvent { action=ACTION_UP, keyCode=KEYCODE_BACK, scanCode=158, metaState=0, flags=0x28, repeatCount=0, eventTime=1043175131, downTime=1043175131, deviceId=3, source=0x101 }
03-04 23:42:50.293 W/ViewRootImpl[smt_launcher]( 2651): Cancelling event due to no window focus: KeyEvent { action=ACTION_UP, keyCode=KEYCODE_BACK, scanCode=158, metaState=0, flags=0x28, repeatCount=0, eventTime=1043175131, downTime=1043175131, deviceId=3, source=0x101 }
03-04 23:42:54.543 I/chatty ( 1315): uid=1000(system) InputReader expire 7 lines
03-04 23:42:55.342 I/chatty ( 1315): uid=1000 system_server expire 7 lines
03-04 23:42:56.661 I/chatty ( 1315): uid=1000(system) android.bg expire 16 lines
03-04 23:42:57.913 I/chatty ( 1315): uid=1000(system) batterystats-sy expire 5 lines
03-04 23:42:58.994 I/chatty ( 1315): uid=1000(system) PackageManager expire 23 lines
03-04 23:43:27.073 I/chatty ( 1315): uid=1000(system) ActivityManager expire 12 lines
03-04 23:43:27.093 I/chatty ( 1315): uid=1000(system) Binder:1315_3 expire 6 lines
03-04 23:44:04.632 I/chatty ( 1315): uid=1000(system) Binder:1315_1E expire 2 lines
03-04 23:44:46.861 I/chatty ( 1315): uid=1000(system) Binder:1315_1B expire 7 lines
03-04 23:46:16.005 W/PackageParser(28045): No actions in intent filter at /storage/emulated/0/smartisan/appstore/com.xiaomi.youpin_244_bak.apk Binary XML file line #1237
03-04 23:46:16.039 I/chatty ( 1315): uid=1000(system) android.bg expire 23 lines
03-04 23:46:19.213 I/chatty ( 1315): uid=1000(system) Binder:1315_C expire 9 lines
03-04 23:46:20.088 W/PackageParser(28045): Ignoring duplicate uses-permissions/uses-permissions-sdk-m: android.permission.CAMERA in package: com.sina.weibo at: Binary XML file line #27
03-04 23:46:20.088 W/PackageParser(28045): Ignoring duplicate uses-permissions/uses-permissions-sdk-m: android.permission.READ_EXTERNAL_STORAGE in package: com.sina.weibo at: Binary XML file line #37
03-04 23:46:20.090 W/PackageParser(28045): Ignoring duplicate uses-permissions/uses-permissions-sdk-m: com.android.launcher3.permission.READ_SETTINGS in package: com.sina.weibo at: Binary XML file line #137
03-04 23:46:20.090 W/PackageParser(28045): Ignoring duplicate uses-permissions/uses-permissions-sdk-m: com.oppo.launcher.permission.READ_SETTINGS in package: com.sina.weibo at: Binary XML file line #139
03-04 23:46:20.090 W/PackageParser(28045): Ignoring duplicate uses-permissions/uses-permissions-sdk-m: android.permission.REQUEST_INSTALL_PACKAGES in package: com.sina.weibo at: Binary XML file line #183
03-04 23:46:20.090 W/PackageParser(28045): Ignoring duplicate uses-permissions/uses-permissions-sdk-m: android.permission.FOREGROUND_SERVICE in package: com.sina.weibo at: Binary XML file line #188
03-04 23:46:20.124 W/PackageParser(28045): No actions in intent filter at /storage/emulated/0/smartisan/appstore/com.sina.weibo_4327_bak.apk Binary XML file line #5960
03-04 23:46:37.520 I/chatty ( 1315): uid=1000(system) IconManagerServ expire 4 lines
03-04 23:46:38.048 I/chatty ( 1315): uid=1000(system) Binder:1315_20 expire 9 lines
03-04 23:46:40.154 I/chatty ( 1315): uid=1000(system) Binder:1315_8 expire 4 lines
03-04 23:46:40.203 I/chatty ( 1315): uid=1000(system) Binder:1315_1C expire 8 lines
03-04 23:46:40.932 I/chatty ( 1315): uid=1000(system) Binder:1315_11 expire 1 line
03-04 23:46:41.282 I/chatty ( 1315): uid=1000(system) Binder:1315_E expire 2 lines
03-04 23:46:41.298 I/chatty ( 1315): uid=1000(system) Binder:1315_1D expire 7 lines
03-04 23:46:41.352 W/ContextImpl(30645): Calling a method in the system process without a qualified user: android.app.ContextImpl.startService:1371 android.content.ContextWrapper.startService:616 android.content.ContextWrapper.startService:616 com.android.keychain.KeyChainBroadcastReceiver.onReceive:12 android.app.ActivityThread.handleReceiver:3241
03-04 23:46:41.973 I/chatty ( 1315): uid=1000(system) Binder:1315_15 expire 3 lines
03-04 23:46:41.998 I/chatty ( 1315): uid=1000(system) Binder:1315_17 expire 5 lines
03-04 23:46:42.083 I/chatty ( 1315): uid=1000(system) Binder:1315_2 expire 4 lines
03-04 23:46:45.242 I/chatty ( 1315): uid=1000(system) Binder:1315_6 expire 4 lines
03-04 23:46:54.826 I/chatty ( 1315): uid=1000(system) Binder:1315_F expire 3 lines
03-04 23:46:54.838 I/chatty ( 1315): uid=1000(system) Binder:1315_A expire 2 lines
03-04 23:46:56.386 I/chatty ( 1315): uid=1000(system) Binder:1315_10 expire 21 lines
03-04 23:46:56.408 I/chatty ( 1315): uid=1000(system) Binder:1315_B expire 7 lines
03-04 23:46:56.447 I/chatty ( 1315): uid=1000(system) ConnectivitySer expire 1 line
03-04 23:46:56.643 I/chatty ( 1315): uid=1000(system) Binder:1315_12 expire 10 lines
03-04 23:46:56.838 I/chatty ( 1315): uid=1000(system) Binder:1315_1A expire 2 lines
03-04 23:46:57.396 I/chatty ( 1315): uid=1000(system) Binder:1315_5 expire 2 lines
03-04 23:46:57.828 I/chatty ( 1315): uid=1000 system_server expire 9 lines
03-04 23:46:58.247 I/chatty ( 1315): uid=1000(system) Binder:1315_16 expire 11 lines
03-04 23:46:58.272 I/chatty ( 1315): uid=1000(system) Binder:1315_9 expire 8 lines
03-04 23:47:07.092 I/chatty ( 1315): uid=1000(system) Binder:1315_1F expire 2 lines
03-04 23:47:07.547 I/chatty ( 1315): uid=1000(system) NetworkStatsObs expire 1 line
03-04 23:47:07.632 E/ActivityThread(30860): Failed to find provider info for com.tencent.mm.coolassist.debugprovider
03-04 23:47:07.698 I/chatty ( 1315): uid=1000(system) Binder:1315_14 expire 2 lines
03-04 23:47:07.947 I/chatty ( 1315): uid=1000(system) Binder:1315_19 expire 6 lines
03-04 23:47:08.234 I/chatty ( 1315): uid=1000(system) android.io expire 2 lines
03-04 23:47:15.337 I/chatty ( 1315): uid=1000(system) Binder:1315_1 expire 1 line
03-04 23:48:21.809 I/chatty ( 1315): uid=1000(system) Binder:1315_7 expire 2 lines
03-04 23:49:11.358 I/chatty ( 1315): uid=1000(system) PowerManagerSer expire 2 lines
03-04 23:49:11.362 I/chatty ( 1315): uid=1000(system) android.display expire 3 lines
03-04 23:49:12.882 I/chatty ( 1315): uid=1000(system) Binder:1315_13 expire 2 lines
03-04 23:49:13.771 I/chatty ( 1315): uid=1000(system) Binder:1315_4 expire 6 lines
03-04 23:49:14.364 I/chatty ( 1315): uid=1000(system) Binder:1315_F expire 5 lines
03-04 23:49:14.373 W/ContextImpl( 1697): Calling a method in the system process without a qualified user: android.app.ContextImpl.bindService:1435 android.content.ContextWrapper.bindService:639 smartisanos.app.tracker.TrackerServiceConnection.connect:34 smartisanos.app.tracker.Agent.connectService:65 smartisanos.app.tracker.Agent.flush:388
03-04 23:49:14.517 I/chatty ( 1315): uid=1000(system) ActivityManager expire 13 lines
03-04 23:49:14.538 I/chatty ( 1315): uid=1000(system) Binder:1315_16 expire 7 lines
03-04 23:49:15.548 I/chatty ( 1315): uid=1000(system) Binder:1315_9 expire 9 lines
03-04 23:49:15.639 I/chatty ( 1315): uid=1000(system) android.display expire 44 lines
03-04 23:49:16.471 I/chatty ( 1315): uid=1000(system) Binder:1315_1B expire 5 lines
03-04 23:49:16.501 I/chatty ( 1315): uid=1000(system) Binder:1315_13 expire 12 lines
03-04 23:49:17.052 I/chatty ( 1315): uid=1000(system) InputReader expire 6 lines
03-04 23:49:17.094 I/chatty ( 1315): uid=1000(system) Binder:1315_1F expire 9 lines
03-04 23:49:17.095 I/chatty ( 1315): uid=1000(system) Binder:1315_1D expire 8 lines
03-04 23:49:17.542 W/ViewRootImpl[SplashActivity](26587): Cancelling event due to no window focus: KeyEvent { action=ACTION_UP, keyCode=KEYCODE_BACK, scanCode=158, metaState=0, flags=0x28, repeatCount=0, eventTime=1043320897, downTime=1043320858, deviceId=3, source=0x101 }
03-04 23:49:17.542 W/ViewRootImpl[SplashActivity](26587): Cancelling event due to no window focus: KeyEvent { action=ACTION_UP, keyCode=KEYCODE_BACK, scanCode=158, metaState=0, flags=0x28, repeatCount=0, eventTime=1043320897, downTime=1043320858, deviceId=3, source=0x101 }
03-04 23:49:17.543 W/ViewRootImpl[SplashActivity](26587): Cancelling event due to no window focus: KeyEvent { action=ACTION_UP, keyCode=KEYCODE_BACK, scanCode=158, metaState=0, flags=0x28, repeatCount=0, eventTime=1043320897, downTime=1043320858, deviceId=3, source=0x101 }
03-04 23:49:17.551 W/ViewRootImpl[SplashActivity](26587): Cancelling event due to no window focus: KeyEvent { action=ACTION_UP, keyCode=KEYCODE_BACK, scanCode=158, metaState=0, flags=0x28, repeatCount=0, eventTime=1043320897, downTime=1043320858, deviceId=3, source=0x101 }
03-04 23:49:17.551 W/ViewRootImpl[SplashActivity](26587): Cancelling event due to no window focus: KeyEvent { action=ACTION_UP, keyCode=KEYCODE_BACK, scanCode=158, metaState=0, flags=0x28, repeatCount=0, eventTime=1043320897, downTime=1043320858, deviceId=3, source=0x101 }
03-04 23:49:17.551 W/ViewRootImpl[SplashActivity](26587): Cancelling event due to no window focus: KeyEvent { action=ACTION_UP, keyCode=KEYCODE_BACK, scanCode=158, metaState=0, flags=0x28, repeatCount=0, eventTime=1043320897, downTime=1043320858, deviceId=3, source=0x101 }
03-04 23:49:17.551 W/ViewRootImpl[SplashActivity](26587): Cancelling event due to no window focus: KeyEvent { action=ACTION_UP, keyCode=KEYCODE_BACK, scanCode=158, metaState=0, flags=0x28, repeatCount=0, eventTime=1043320897, downTime=1043320858, deviceId=3, source=0x101 }
03-04 23:49:17.551 W/ViewRootImpl[SplashActivity](26587): Cancelling event due to no window focus: KeyEvent { action=ACTION_UP, keyCode=KEYCODE_BACK, scanCode=158, metaState=0, flags=0x28, repeatCount=0, eventTime=1043320897, downTime=1043320858, deviceId=3, source=0x101 }
03-04 23:49:17.551 W/ViewRootImpl[SplashActivity](26587): Cancelling event due to no window focus: KeyEvent { action=ACTION_UP, keyCode=KEYCODE_BACK, scanCode=158, metaState=0, flags=0x28, repeatCount=0, eventTime=1043320897, downTime=1043320858, deviceId=3, source=0x101 }
03-04 23:49:17.784 W/ViewRootImpl[smt_launcher]( 2651): Cancelling event due to no window focus: KeyEvent { action=ACTION_UP, keyCode=KEYCODE_BACK, scanCode=158, metaState=0, flags=0x28, repeatCount=0, eventTime=1043320858, downTime=1043320858, deviceId=3, source=0x101 }
03-04 23:49:17.785 W/ViewRootImpl[smt_launcher]( 2651): Cancelling event due to no window focus: KeyEvent { action=ACTION_UP, keyCode=KEYCODE_BACK, scanCode=158, metaState=0, flags=0x28, repeatCount=0, eventTime=1043320858, downTime=1043320858, deviceId=3, source=0x101 }
03-04 23:49:17.785 W/ViewRootImpl[smt_launcher]( 2651): Cancelling event due to no window focus: KeyEvent { action=ACTION_UP, keyCode=KEYCODE_BACK, scanCode=158, metaState=0, flags=0x28, repeatCount=0, eventTime=1043320858, downTime=1043320858, deviceId=3, source=0x101 }
03-04 23:49:17.785 W/ViewRootImpl[smt_launcher]( 2651): Cancelling event due to no window focus: KeyEvent { action=ACTION_UP, keyCode=KEYCODE_BACK, scanCode=158, metaState=0, flags=0x28, repeatCount=0, eventTime=1043320858, downTime=1043320858, deviceId=3, source=0x101 }
03-04 23:49:17.785 W/ViewRootImpl[smt_launcher]( 2651): Cancelling event due to no window focus: KeyEvent { action=ACTION_UP, keyCode=KEYCODE_BACK, scanCode=158, metaState=0, flags=0x28, repeatCount=0, eventTime=1043320858, downTime=1043320858, deviceId=3, source=0x101 }
03-04 23:49:17.785 W/ViewRootImpl[smt_launcher]( 2651): Cancelling event due to no window focus: KeyEvent { action=ACTION_UP, keyCode=KEYCODE_BACK, scanCode=158, metaState=0, flags=0x28, repeatCount=0, eventTime=1043320858, downTime=1043320858, deviceId=3, source=0x101 }
03-04 23:49:20.705 I/chatty ( 1315): uid=1000(system) Binder:1315_A expire 11 lines
03-04 23:49:20.823 I/chatty ( 1315): uid=1000(system) Binder:1315_15 expire 7 lines
03-04 23:49:20.836 I/chatty ( 1315): uid=1000(system) Binder:1315_3 expire 6 lines
03-04 23:49:20.846 I/chatty ( 1315): uid=1000(system) Binder:1315_18 expire 3 lines
03-04 23:49:20.856 I/chatty ( 1315): uid=1000(system) Binder:1315_8 expire 3 lines
03-04 23:49:20.865 I/chatty ( 1315): uid=1000(system) Binder:1315_14 expire 7 lines
03-04 23:49:20.922 I/chatty ( 1315): uid=1000(system) Binder:1315_E expire 2 lines
03-04 23:49:23.206 I/chatty ( 1315): uid=1000(system) Binder:1315_11 expire 15 lines
03-04 23:49:23.891 I/chatty ( 1315): uid=1000(system) Binder:1315_C expire 16 lines
03-04 23:49:24.487 I/chatty ( 1315): uid=1000(system) android.io expire 2 lines
03-04 23:49:26.031 I/chatty ( 1315): uid=1000(system) android.bg expire 9 lines
03-04 23:49:30.016 I/chatty ( 1315): uid=1000(system) batterystats-sy expire 1 line
03-04 23:49:31.615 I/chatty ( 1315): uid=1000(system) PackageManager expire 8 lines
03-04 23:49:32.438 I/chatty ( 1315): uid=1000(system) Binder:1315_6 expire 2 lines
03-04 23:49:32.532 I/chatty ( 1315): uid=1000(system) Binder:1315_20 expire 2 lines
03-04 23:49:32.609 I/chatty ( 1315): uid=1000(system) Binder:1315_B expire 5 lines
03-04 23:49:32.634 I/chatty ( 1315): uid=1000(system) Binder:1315_19 expire 8 lines
03-04 23:49:33.303 I/ActivityThread(28142): Removing dead content provider:android.content.ContentProviderProxy@7c92e9
03-04 23:49:34.585 I/chatty ( 1315): uid=1000(system) ActivityManager expire 2 lines
03-04 23:49:34.771 I/chatty ( 1315): uid=1000(system) Binder:1315_17 expire 10 lines
03-04 23:49:38.041 E/ActivityThread(31349): Failed to find provider info for com.vivo.push.sdk.service.SystemPushConfig
03-04 23:49:38.507 I/chatty ( 1315): uid=1000(system) Binder:1315_1 expire 1 line
03-04 23:49:38.813 I/chatty ( 1315): uid=1000(system) Binder:1315_2 expire 2 lines
03-04 23:49:38.947 E/ActivityThread(31349): Failed to find provider info for com.alipay.setting
03-04 23:49:39.946 I/chatty ( 1315): uid=1000(system) Binder:1315_12 expire 3 lines
03-04 23:49:40.040 I/chatty ( 1315): uid=1000(system) Binder:1315_A expire 6 lines
03-04 23:49:40.516 I/chatty ( 1315): uid=1000(system) Binder:1315_1C expire 7 lines
03-04 23:49:40.803 I/chatty ( 1315): uid=1000(system) Binder:1315_E expire 3 lines
03-04 23:49:40.803 I/chatty ( 1315): uid=1000(system) NetworkStatsObs expire 1 line
03-04 23:49:40.939 I/chatty ( 1315): uid=1000(system) Binder:1315_8 expire 8 lines
03-04 23:49:40.952 I/chatty ( 1315): uid=1000(system) Binder:1315_7 expire 5 lines
03-04 23:49:40.952 I/chatty ( 1315): uid=1000(system) Binder:1315_1D expire 10 lines
03-04 23:49:40.953 I/chatty ( 1315): uid=1000(system) ConnectivitySer expire 6 lines
03-04 23:49:40.953 I/chatty ( 1315): uid=1000(system) Binder:1315_5 expire 6 lines
03-04 23:49:42.843 I/chatty ( 1315): uid=1000(system) Binder:1315_11 expire 5 lines
03-04 23:49:44.277 I/chatty ( 1315): uid=1000(system) Binder:1315_20 expire 8 lines
03-04 23:49:44.636 I/chatty ( 1315): uid=1000(system) ActivityManager expire 6 lines
03-04 23:49:44.679 I/chatty ( 1315): uid=1000(system) Binder:1315_1 expire 4 lines
03-04 23:49:44.715 I/chatty ( 1315): uid=1000(system) Binder:1315_19 expire 10 lines
03-04 23:49:44.720 I/chatty ( 1315): uid=1000(system) Binder:1315_6 expire 7 lines
03-04 23:49:44.948 I/chatty ( 1315): uid=1000(system) Binder:1315_1E expire 4 lines
03-04 23:49:45.405 I/chatty ( 1315): uid=1000(system) Binder:1315_D expire 8 lines
03-04 23:49:45.481 I/chatty ( 1315): uid=1000(system) Binder:1315_F expire 7 lines
03-04 23:49:45.931 I/chatty ( 1315): uid=1000(system) Binder:1315_10 expire 4 lines
03-04 23:49:45.984 I/chatty ( 1315): uid=1000(system) Binder:1315_13 expire 2 lines
03-04 23:49:46.576 I/chatty ( 1315): uid=1000(system) android.display expire 5 lines
03-04 23:49:48.952 I/chatty ( 1315): uid=1000(system) Binder:1315_9 expire 7 lines
03-04 23:49:51.971 I/chatty ( 1315): uid=1000(system) Binder:1315_1B expire 8 lines
03-04 23:49:52.732 I/chatty ( 1315): uid=1000(system) android.bg expire 6 lines
03-04 23:49:53.630 I/chatty ( 1315): uid=1000(system) Binder:1315_1A expire 6 lines
03-04 23:49:53.799 I/chatty ( 1315): uid=1000(system) Binder:1315_14 expire 7 lines
03-04 23:49:53.844 I/chatty ( 1315): uid=1000(system) Binder:1315_12 expire 12 lines
03-04 23:49:54.068 I/chatty ( 1315): uid=1000(system) Binder:1315_16 expire 5 lines
03-04 23:49:54.229 I/chatty ( 1315): uid=1000(system) Binder:1315_4 expire 2 lines
03-04 23:49:54.550 I/chatty ( 1315): uid=1000(system) Binder:1315_17 expire 5 lines
03-04 23:49:54.674 I/chatty ( 1315): uid=1000(system) Binder:1315_3 expire 9 lines
03-04 23:49:54.927 I/chatty ( 1315): uid=1000(system) batterystats-sy expire 1 line
03-04 23:49:55.029 E/ActivityThread(32578): Failed to find provider info for com.tencent.mm.coolassist.debugprovider
03-04 23:49:55.344 I/chatty ( 1315): uid=1000(system) InputReader expire 7 lines
03-04 23:49:57.672 I/chatty ( 1315): uid=1000(system) PackageManager expire 39 lines
03-04 23:49:59.775 I/chatty ( 1315): uid=1000(system) IconManagerServ expire 8 lines
03-04 23:50:00.115 I/chatty ( 1315): uid=1000(system) Binder:1315_15 expire 2 lines
03-04 23:50:01.998 E/ActivityThread( 491): Failed to find provider info for com.tencent.mm.coolassist.debugprovider
03-04 23:50:02.378 I/chatty ( 1315): uid=1000 system_server expire 9 lines
03-04 23:50:02.619 I/chatty ( 1315): uid=1000(system) PowerManagerSer expire 2 lines
03-04 23:50:02.740 E/ActivityThread( 491): Failed to find provider info for com.google.android.gsf.gservices
03-04 23:50:02.748 E/ActivityThread( 491): Failed to find provider info for com.google.android.gsf.gservices
03-04 23:50:02.751 E/ActivityThread( 491): Failed to find provider info for com.google.android.gms.phenotype
03-04 23:50:02.754 E/ActivityThread( 491): Failed to find provider info for com.google.android.gsf.gservices
03-04 23:50:02.921 E/ActivityThread( 491): Failed to find provider info for com.google.android.gsf.gservices
03-04 23:50:03.052 I/chatty ( 1315): uid=1000(system) Binder:1315_19 expire 5 lines
03-04 23:50:03.106 E/ActivityThread( 491): Failed to find provider info for com.google.android.gsf.gservices
03-04 23:50:03.113 E/ActivityThread( 491): Failed to find provider info for com.google.android.gsf.gservices
03-04 23:50:03.181 E/ActivityThread( 491): Failed to find provider info for com.google.android.gsf.gservices
03-04 23:50:03.183 E/ActivityThread( 491): Failed to find provider info for com.google.android.gsf.gservices
03-04 23:50:03.706 I/chatty ( 1315): uid=1000(system) Binder:1315_2 expire 1 line
03-04 23:50:03.868 W/ContextImpl( 821): Calling a method in the system process without a qualified user: android.app.ContextImpl.startService:1371 android.content.ContextWrapper.startService:616 android.content.ContextWrapper.startService:616 com.android.keychain.KeyChainBroadcastReceiver.onReceive:12 android.app.ActivityThread.handleReceiver:3241
03-04 23:50:07.759 I/chatty ( 1315): uid=1000(system) Binder:1315_1D expire 11 lines
03-04 23:50:11.681 I/chatty ( 1315): uid=1000(system) Binder:1315_19 expire 5 lines
03-04 23:50:12.132 I/chatty ( 1315): uid=1000(system) Binder:1315_16 expire 5 lines
03-04 23:50:12.401 I/chatty ( 1315): uid=1000(system) Binder:1315_11 expire 1 line
03-04 23:50:12.411 I/chatty ( 1315): uid=1000(system) Binder:1315_10 expire 16 lines
03-04 23:50:12.789 I/chatty ( 1315): uid=1000(system) android.bg expire 13 lines
03-04 23:50:13.026 I/chatty ( 1315): uid=1000(system) android.io expire 12 lines
03-04 23:50:13.377 I/chatty ( 1315): uid=1000(system) Binder:1315_5 expire 4 lines
03-04 23:50:13.394 I/chatty ( 1315): uid=1000(system) Binder:1315_C expire 6 lines
03-04 23:50:13.817 I/chatty ( 1315): uid=1000(system) Binder:1315_8 expire 7 lines
03-04 23:50:13.838 I/chatty ( 1315): uid=1000(system) Binder:1315_B expire 6 lines
03-04 23:50:13.955 I/chatty ( 1315): uid=1000(system) Binder:1315_9 expire 8 lines
03-04 23:50:14.810 E/ActivityThread( 491): Failed to find provider info for com.huawei.android.launcher.settings
03-04 23:50:15.106 I/chatty ( 1315): uid=1000(system) Binder:1315_A expire 4 lines
03-04 23:50:16.006 I/chatty ( 1315): uid=1000(system) Binder:1315_1 expire 14 lines
03-04 23:50:16.075 I/chatty ( 1315): uid=1000(system) Binder:1315_6 expire 6 lines
03-04 23:50:16.083 I/chatty ( 1315): uid=1000(system) Binder:1315_4 expire 6 lines
03-04 23:50:16.095 I/chatty ( 1315): uid=1000(system) Binder:1315_F expire 5 lines
03-04 23:50:16.768 I/chatty ( 1315): uid=1000(system) Binder:1315_15 expire 7 lines
03-04 23:50:16.822 E/ActivityThread( 1952): Failed to find provider info for com.tencent.mm.coolassist.debugprovider
03-04 23:50:17.090 I/chatty ( 1315): uid=1000(system) Binder:1315_20 expire 11 lines
03-04 23:50:17.168 E/ActivityThread( 1968): Failed to find provider info for com.tencent.mm.coolassist.debugprovider
03-04 23:50:17.302 I/chatty ( 1315): uid=1000(system) Binder:1315_7 expire 5 lines
03-04 23:50:17.618 I/chatty ( 1315): uid=1000(system) Binder:1315_3 expire 6 lines
03-04 23:50:17.641 I/chatty ( 1315): uid=1000(system) Binder:1315_1F expire 10 lines
03-04 23:50:17.921 I/chatty ( 1315): uid=1000(system) Binder:1315_1E expire 9 lines
03-04 23:50:18.105 I/chatty ( 1315): uid=1000(system) ActivityManager expire 11 lines
03-04 23:50:18.772 I/chatty ( 1315): uid=1000(system) Binder:1315_E expire 9 lines
03-04 23:50:19.810 I/chatty ( 1315): uid=1000(system) Binder:1315_12 expire 5 lines
03-04 23:50:20.545 I/chatty ( 1315): uid=1000(system) Binder:1315_18 expire 9 lines
03-04 23:50:20.601 I/chatty ( 1315): uid=1000(system) Binder:1315_17 expire 5 lines
03-04 23:50:20.623 E/ActivityThread( 2381): Failed to find provider info for com.tencent.mm.coolassist.debugprovider
03-04 23:50:20.978 E/ActivityThread( 2427): Failed to find provider info for com.tencent.mm.coolassist.debugprovider
03-04 23:50:21.355 E/ActivityThread( 2427): Failed to find provider info for com.google.android.gsf.gservices
03-04 23:50:21.364 E/ActivityThread( 2427): Failed to find provider info for com.google.android.gsf.gservices
03-04 23:50:21.365 E/ActivityThread( 2427): Failed to find provider info for com.google.android.gms.phenotype
03-04 23:50:21.366 E/ActivityThread( 2427): Failed to find provider info for com.google.android.gsf.gservices
03-04 23:50:21.384 E/ActivityThread( 2427): Failed to find provider info for com.google.android.gsf.gservices
03-04 23:50:21.509 E/ActivityThread( 2427): Failed to find provider info for com.google.android.gsf.gservices
03-04 23:50:21.627 E/ActivityThread( 2427): Failed to find provider info for com.google.android.gsf.gservices
03-04 23:50:21.665 E/ActivityThread( 2427): Failed to find provider info for com.google.android.gsf.gservices
03-04 23:50:27.729 E/ActivityThread( 2427): Failed to find provider info for com.huawei.android.launcher.settings
03-04 23:50:29.600 I/chatty ( 1315): uid=1000(system) Binder:1315_1A expire 6 lines
03-04 23:50:30.405 I/chatty ( 1315): uid=1000(system) Binder:1315_13 expire 5 lines
03-04 23:50:30.678 I/chatty ( 1315): uid=1000(system) Binder:1315_1 expire 8 lines
03-04 23:50:30.991 I/chatty ( 1315): uid=1000(system) Binder:1315_1D expire 1 line
03-04 23:50:31.023 I/chatty ( 1315): uid=1000(system) Binder:1315_1B expire 1 line
03-04 23:50:31.106 I/chatty ( 1315): uid=1000(system) ConnectivitySer expire 5 lines
03-04 23:50:31.220 I/chatty ( 1315): uid=1000(system) ActivityManager expire 1 line
03-04 23:50:33.033 I/chatty ( 1315): uid=1000(system) AlarmManager expire 1 line
03-04 23:50:33.648 E/ActivityThread( 3195): Failed to find provider info for com.tencent.mm.coolassist.debugprovider
03-04 23:50:34.054 I/chatty ( 1315): uid=1000(system) Binder:1315_10 expire 1 line
03-04 23:50:35.746 I/chatty ( 1315): uid=1000(system) android.io expire 2 lines
03-04 23:51:30.223 I/ActivityThread( 2132): Removing dead content provider:android.content.ContentProviderProxy@d97bdb3
03-04 23:51:30.889 E/ActivityThread( 3703): Failed to find provider info for com.tencent.mm.coolassist.debugprovider
03-04 23:51:31.761 I/chatty ( 1315): uid=1000(system) batterystats-sy expire 1 line
03-04 23:51:32.881 I/chatty ( 1315): uid=1000(system) android.bg expire 4 lines
03-04 23:51:34.545 I/chatty ( 1315): uid=1000(system) ActivityManager expire 3 lines
03-04 23:51:34.631 I/chatty ( 1315): uid=1000(system) Binder:1315_14 expire 7 lines
03-04 23:52:24.550 I/chatty ( 1315): uid=1000(system) ActivityManager expire 11 lines
03-04 23:52:24.583 I/chatty ( 1315): uid=1000(system) Binder:1315_19 expire 6 lines
03-04 23:52:30.835 I/chatty ( 1315): uid=1000(system) AlarmManager expire 1 line
03-04 23:52:30.864 I/chatty ( 1315): uid=1000(system) Binder:1315_20 expire 5 lines
03-04 23:52:31.282 I/chatty ( 1315): uid=1000(system) Binder:1315_1D expire 3 lines
03-04 23:52:34.625 I/chatty ( 1315): uid=1000(system) Binder:1315_17 expire 2 lines
03-04 23:52:44.536 I/chatty ( 1315): uid=1000(system) Binder:1315_B expire 9 lines
03-04 23:52:52.259 I/chatty ( 1315): uid=1000(system) android.bg expire 17 lines
03-04 23:53:00.591 I/chatty ( 1315): uid=1000(system) batterystats-sy expire 5 lines
03-04 23:53:04.581 I/chatty ( 1315): uid=1000(system) Binder:1315_7 expire 5 lines
03-04 23:53:14.583 I/chatty ( 1315): uid=1000(system) Binder:1315_1A expire 6 lines
03-04 23:53:18.855 I/chatty ( 1315): uid=1000(system) Binder:1315_F expire 2 lines
03-04 23:53:51.444 I/chatty ( 1315): uid=1000(system) Binder:1315_1 expire 5 lines
03-04 23:54:38.680 I/chatty ( 1315): uid=1000 system_server expire 24 lines
03-04 23:54:38.696 I/chatty ( 1315): uid=1000(system) Binder:1315_15 expire 8 lines
03-04 23:54:38.768 I/chatty ( 1315): uid=1000(system) PowerManagerSer expire 7 lines
03-04 23:54:38.813 I/chatty ( 1315): uid=1000(system) android.display expire 3 lines
03-04 23:54:39.492 I/chatty ( 1315): uid=1000(system) Binder:1315_8 expire 10 lines
03-04 23:54:39.574 I/chatty ( 1315): uid=1000(system) Binder:1315_E expire 10 lines
03-04 23:54:39.579 I/chatty ( 1315): uid=1000(system) Binder:1315_3 expire 6 lines
03-04 23:54:39.839 D/ActivityThread( 4420): Loading provider com.android.email.provider;com.android.email.notifier: com.android.email.provider.EmailProvider
03-04 23:54:40.271 I/chatty ( 1315): uid=1000(system) Binder:1315_13 expire 10 lines
03-04 23:54:40.423 I/chatty ( 1315): uid=1000(system) Binder:1315_10 expire 5 lines
03-04 23:54:40.641 I/chatty ( 1315): uid=1000(system) Binder:1315_2 expire 3 lines
03-04 23:54:41.786 W/ContextImpl( 1697): Calling a method in the system process without a qualified user: android.app.ContextImpl.bindService:1435 android.content.ContextWrapper.bindService:639 smartisanos.app.tracker.TrackerServiceConnection.connect:34 smartisanos.app.tracker.Agent.connectService:65 smartisanos.app.tracker.Agent.flush:388
03-04 23:55:12.174 I/chatty ( 1315): uid=1000(system) Binder:1315_9 expire 9 lines
03-04 23:55:12.723 I/chatty ( 1315): uid=1000(system) PackageManager expire 1 line
03-04 23:56:45.101 I/chatty ( 1315): uid=1000(system) Binder:1315_16 expire 5 lines
03-04 23:56:45.102 I/chatty ( 1315): uid=1000(system) ConnectivitySer expire 1 line
03-04 23:58:12.683 I/chatty ( 1315): uid=1000(system) Binder:1315_12 expire 8 lines
03-04 23:58:12.743 I/chatty ( 1315): uid=1000(system) Binder:1315_4 expire 6 lines
03-04 23:58:29.882 I/chatty ( 1315): uid=1000(system) Binder:1315_1F expire 3 lines
03-04 23:58:31.380 I/chatty ( 1315): uid=1000(system) NetworkPolicy expire 1 line
03-04 23:58:34.823 I/chatty ( 1315): uid=1000(system) Binder:1315_6 expire 3 lines
03-04 23:59:08.904 I/chatty ( 1315): uid=1000(system) Binder:1315_11 expire 7 lines
03-04 23:59:41.859 I/chatty ( 1315): uid=1000(system) Binder:1315_1C expire 8 lines
03-04 23:59:42.044 E/ActivityThread( 4953): Failed to find provider info for com.tencent.mm.coolassist.debugprovider
03-04 23:59:42.746 I/chatty ( 1315): uid=1000(system) ActivityManager expire 4 lines
03-04 23:59:44.269 W/ContextImpl( 1697): Calling a method in the system process without a qualified user: android.app.ContextImpl.bindService:1435 android.content.ContextWrapper.bindService:639 smartisanos.app.tracker.TrackerServiceConnection.connect:34 smartisanos.app.tracker.Agent.connectService:65 smartisanos.app.tracker.Agent.flush:388
03-04 23:59:47.425 I/chatty ( 1315): uid=1000(system) Binder:1315_1B expire 2 lines
03-04 23:59:47.475 I/chatty ( 1315): uid=1000(system) android.bg expire 4 lines
03-04 23:59:49.189 I/chatty ( 1315): uid=1000(system) Binder:1315_C expire 1 line
03-04 23:59:50.355 I/chatty ( 1315): uid=1000(system) Binder:1315_18 expire 13 lines
03-04 23:59:50.407 I/chatty ( 1315): uid=1000(system) Binder:1315_5 expire 7 lines
03-04 23:59:50.515 E/ActivityThread( 5237): Failed to find provider info for com.tencent.mm.coolassist.debugprovider
03-04 23:59:50.780 E/ActivityThread( 5237): Failed to find provider info for com.google.android.gsf.gservices
03-04 23:59:50.785 E/ActivityThread( 5237): Failed to find provider info for com.google.android.gsf.gservices
03-04 23:59:50.786 E/ActivityThread( 5237): Failed to find provider info for com.google.android.gms.phenotype
03-04 23:59:50.790 E/ActivityThread( 5237): Failed to find provider info for com.google.android.gsf.gservices
03-04 23:59:50.809 E/ActivityThread( 5237): Failed to find provider info for com.google.android.gsf.gservices
03-04 23:59:50.843 I/chatty ( 1315): uid=1000(system) Binder:1315_D expire 1 line
03-04 23:59:50.917 E/ActivityThread( 5237): Failed to find provider info for com.google.android.gsf.gservices
03-04 23:59:50.957 E/ActivityThread( 5237): Failed to find provider info for com.google.android.gsf.gservices
03-04 23:59:50.986 E/ActivityThread( 5237): Failed to find provider info for com.google.android.gsf.gservices
03-04 23:59:54.995 I/chatty ( 1315): uid=1000(system) android.io expire 8 lines
03-04 23:59:56.268 E/ActivityThread( 5237): Failed to find provider info for com.huawei.android.launcher.settings
03-04 23:59:56.998 E/ActivityThread( 5519): Failed to find provider info for com.tencent.mm.coolassist.debugprovider
03-05 00:00:00.116 I/chatty ( 1315): uid=1000(system) AlarmManager expire 3 lines
03-05 00:00:00.118 I/chatty ( 1315): uid=1000(system) Binder:1315_17 expire 9 lines
03-05 00:00:00.128 I/chatty ( 1315): uid=1000(system) android.bg expire 15 lines
03-05 00:00:00.163 I/chatty ( 1315): uid=1000(system) Binder:1315_19 expire 8 lines
03-05 00:00:00.483 I/chatty ( 1315): uid=1000(system) Binder:1315_9 expire 2 lines
03-05 00:00:00.491 I/chatty ( 1315): uid=1000(system) Binder:1315_13 expire 10 lines
03-05 00:00:00.762 I/chatty ( 1315): uid=1000(system) Binder:1315_B expire 10 lines
03-05 00:00:00.809 I/chatty ( 1315): uid=1000(system) Binder:1315_7 expire 1 line
03-05 00:00:00.825 I/chatty ( 1315): uid=1000(system) Binder:1315_C expire 3 lines
03-05 00:00:01.111 I/chatty ( 1315): uid=1000(system) Binder:1315_1F expire 7 lines
03-05 00:00:01.122 I/chatty ( 1315): uid=1000(system) Binder:1315_12 expire 6 lines
03-05 00:00:01.319 I/chatty ( 1315): uid=1000(system) Binder:1315_1 expire 10 lines
03-05 00:00:01.354 I/chatty ( 1315): uid=1000(system) Binder:1315_4 expire 2 lines
03-05 00:00:01.581 I/chatty ( 1315): uid=1000(system) Binder:1315_1D expire 10 lines
03-05 00:00:01.584 I/chatty ( 1315): uid=1000(system) Binder:1315_1C expire 2 lines
03-05 00:00:01.585 I/chatty ( 1315): uid=1000(system) ConnectivitySer expire 4 lines
03-05 00:00:01.640 I/chatty ( 1315): uid=1000(system) ActivityManager expire 15 lines
03-05 00:00:01.999 E/ActivityThread( 5815): Failed to find provider info for com.tencent.mm.coolassist.debugprovider
03-05 00:00:02.766 I/chatty ( 1315): uid=1000(system) Binder:1315_6 expire 10 lines
03-05 00:00:03.593 I/chatty ( 1315): uid=1000(system) Binder:1315_18 expire 9 lines
03-05 00:00:03.602 I/chatty ( 1315): uid=1000(system) Binder:1315_11 expire 5 lines
03-05 00:00:03.602 I/chatty ( 1315): uid=1000(system) NetworkStatsObs expire 2 lines
03-05 00:00:03.939 I/chatty ( 1315): uid=1000(system) Binder:1315_E expire 12 lines
03-05 00:00:04.074 I/chatty ( 1315): uid=1000(system) Binder:1315_8 expire 4 lines
03-05 00:00:04.112 I/chatty ( 1315): uid=1000(system) Binder:1315_3 expire 8 lines
03-05 00:00:05.246 I/chatty ( 1315): uid=1000(system) Binder:1315_1B expire 2 lines
03-05 00:00:05.493 E/ActivityThread( 6025): Failed to find provider info for com.tencent.mm.coolassist.debugprovider
03-05 00:00:05.547 I/chatty ( 1315): uid=1000(system) Binder:1315_1A expire 4 lines
